-- Table structure for table `ps_connections_page`
--

CREATE TABLE `ps_connections_page` (
  `id_connections` int(10) unsigned NOT NULL,
  `id_page` int(10) unsigned NOT NULL,
  `time_start` datetime NOT NULL,
  `time_end` datetime DEFAULT NULL,
  PRIMARY KEY (`id_connections`,`id_page`,`time_start`)
) ENGINE=InnoDB DEFAULT CHARSET=utf8;

--
-- Dumping data for table `ps_connections_page`
--


--
-- Table structure for table `ps_connections_source`
--

CREATE TABLE `ps_connections_source` (
  `id_connections_source` int(10) unsigned NOT NULL AUTO_INCREMENT,
  `id_connections` int(10) unsigned NOT NULL,
  `http_referer` varchar(255) DEFAULT NULL,
  `request_uri` varchar(255) DEFAULT NULL,
  `keywords` varchar(255) DEFAULT NULL,
  `date_add` datetime NOT NULL,
  PRIMARY KEY (`id_connections_source`),
  KEY `connections` (`id_connections`),
  KEY `orderby` (`date_add`),
  KEY `http_referer` (`http_referer`),
  KEY `request_uri` (`request_uri`)
) ENGINE=InnoDB AUTO_INCREMENT=327 DEFAULT CHARSET=utf8;

--
-- Dumping data for table `ps_connections_source`
--

INSERT INTO `ps_connections_source` VALUES (1,23,'https://demo1.leotheme.com/leo_rent_car/','demo1.leotheme.com/leo_rent_car_demo/en/home-2.html','','2022-04-28 08:46:46'),(2,31,'https://demo1.leotheme.com/leo_rent_car/','demo1.leotheme.com/leo_rent_car_demo/en/home-1.html','','2022-04-28 09:36:48'),(3,32,'https://demo1.leotheme.com/leo_rent_car/','demo1.leotheme.com/leo_rent_car_demo/en/home-2.html','','2022-04-28 09:36:49'),(4,32,'https://demo1.leotheme.com/leo_rent_car/','demo1.leotheme.com/leo_rent_car_demo/en/home-3.html','','2022-04-28 09:37:01'),(5,46,'https://www.nulledfrm.com/','demo1.leotheme.com/leo_rent_car_demo/en/home-2.html','','2022-04-28 11:40:59'),(6,67,'https://demo1.leotheme.com/leo_rent_car/','demo1.leotheme.com/leo_rent_car_demo/en/','','2022-04-28 15:04:56'),(7,76,'https://demo1.leotheme.com/leo_rent_car/','demo1.leotheme.com/leo_rent_car_demo/en/','','2022-04-28 16:39:30'),(8,77,'https://yandex.ru/','demo1.leotheme.com/leo_rent_car_demo/en/','','2022-04-28 17:21:08'),(9,78,'https://www.nulledfrm.com/','demo1.leotheme.com/leo_rent_car_demo/en/home-2.html','','2022-04-28 17:38:42'),(10,143,'https://demo1.leotheme.com/leo_rent_car/','demo1.leotheme.com/leo_rent_car_demo/en/','','2022-04-29 06:55:18'),(11,145,'https://thewareztr.org/','demo1.leotheme.com/leo_rent_car_demo/en/','','2022-04-29 07:00:45'),(12,156,'https://demo1.leotheme.com/leo_rent_car/','demo1.leotheme.com/leo_rent_car_demo/en/home-3.html','','2022-04-29 09:19:07'),(13,157,'https://demo1.leotheme.com/leo_rent_car/','demo1.leotheme.com/leo_rent_car_demo/en/home-1.html','','2022-04-29 09:37:32'),(14,157,'https://demo1.leotheme.com/leo_rent_car/','demo1.leotheme.com/leo_rent_car_demo/en/home-2.html','','2022-04-29 09:37:33'),(15,157,'https://demo1.leotheme.com/leo_rent_car/','demo1.leotheme.com/leo_rent_car_demo/en/home-3.html','','2022-04-29 09:37:33'),(16,157,'https://demo1.leotheme.com/leo_rent_car/','demo1.leotheme.com/leo_rent_car_demo/en/home-1.html','','2022-04-29 09:40:43'),(17,161,'http://demo1.leotheme.com/leo_rent_car/','demo1.leotheme.com/leo_rent_car_demo/en/','','2022-04-29 09:47:37'),(18,161,'http://demo1.leotheme.com/leo_rent_car/','demo1.leotheme.com/leo_rent_car_demo/en/home-1.html','','2022-04-29 09:47:39'),(19,161,'http://demo1.leotheme.com/leo_rent_car/','demo1.leotheme.com/leo_rent_car_demo/en/home-2.html','','2022-04-29 09:47:45'),(20,161,'http://demo1.leotheme.com/leo_rent_car/','demo1.leotheme.com/leo_rent_car_demo/en/home-3.html','','2022-04-29 09:48:02'),(21,162,'https://demo1.leotheme.com/leo_rent_car/','demo1.leotheme.com/leo_rent_car_demo/en/','','2022-04-29 09:58:54'),(22,164,'https://demo1.leotheme.com/leo_rent_car/','demo1.leotheme.com/leo_rent_car_demo/en/','','2022-04-29 09:59:03'),(23,157,'https://demo1.leotheme.com/leo_rent_car/','demo1.leotheme.com/leo_rent_car_demo/en/home-1.html','','2022-04-29 10:01:19'),(24,221,'https://demo1.leotheme.com/leo_rent_car/','demo1.leotheme.com/leo_rent_car_demo/en/home-1.html','','2022-04-29 13:50:00'),(25,237,'https://demo1.leotheme.com/leo_rent_car/','demo1.leotheme.com/leo_rent_car_demo/en/home-1.html','','2022-04-29 17:16:11'),(26,312,'https://demo1.leotheme.com/leo_rent_car/','demo1.leotheme.com/leo_rent_car_demo/en/home-1.html','','2022-04-29 23:24:25'),(27,405,'https://www.nulledfrm.com/','demo1.leotheme.com/leo_rent_car_demo/en/home-2.html','','2022-04-30 09:32:46'),(28,442,'https://demo1.leotheme.com/leo_rent_car/','demo1.leotheme.com/leo_rent_car_demo/en/','','2022-04-30 16:32:14'),(29,448,'https://demo1.leotheme.com/leo_rent_car/','demo1.leotheme.com/leo_rent_car_demo/en/home-1.html','','2022-04-30 17:58:17'),(30,449,'https://demo1.leotheme.com/leo_rent_car/','demo1.leotheme.com/leo_rent_car_demo/en/home-1.html','','2022-04-30 17:58:17'),(31,449,'https://demo1.leotheme.com/leo_rent_car/','demo1.leotheme.com/leo_rent_car_demo/en/home-1.html','','2022-04-30 17:59:03'),(32,468,'https://yandex.ru/','demo1.leotheme.com/leo_rent_car_demo/en/','','2022-04-30 22:36:28'),(33,469,'https://demo1.leotheme.com/leo_rent_car/','demo1.leotheme.com/leo_rent_car_demo/en/home-1.html','','2022-04-30 23:33:25'),(34,510,'https://demo1.leotheme.com/leo_rent_car/','demo1.leotheme.com/leo_rent_car_demo/en/home-2.html','','2022-05-01 08:58:29'),(35,510,'https://demo1.leotheme.com/leo_rent_car/','demo1.leotheme.com/leo_rent_car_demo/en/home-2.html','','2022-05-01 09:20:07'),(36,518,'https://demo1.leotheme.com/leo_rent_car/','demo1.leotheme.com/leo_rent_car_demo/en/home-1.html','','2022-05-01 11:02:37'),(37,532,'https://www.nulledfrm.com/','demo1.leotheme.com/leo_rent_car_demo/en/home-2.html','','2022-05-01 15:40:06'),(38,541,'https://demo1.leotheme.com/leo_rent_car/','demo1.leotheme.com/leo_rent_car_demo/en/','','2022-05-01 17:35:17'),(39,548,'https://demo1.leotheme.com/leo_rent_car/','demo1.leotheme.com/leo_rent_car_demo/en/home-2.html','','2022-05-01 18:40:19'),(40,553,'https://www.nulledfrm.com/','demo1.leotheme.com/leo_rent_car_demo/en/home-2.html','','2022-05-01 19:22:45'),(41,593,'https://yandex.ru/','demo1.leotheme.com/leo_rent_car_demo/en/','','2022-05-02 02:51:47'),(42,594,'https://demo1.leotheme.com/leo_rent_car/','demo1.leotheme.com/leo_rent_car_demo/en/home-1.html','','2022-05-02 03:26:47'),(43,598,'https://demo1.leotheme.com/leo_rent_car/','demo1.leotheme.com/leo_rent_car_demo/en/home-2.html','','2022-05-02 04:22:21'),(44,602,'https://demo1.leotheme.com/leo_rent_car/','demo1.leotheme.com/leo_rent_car_demo/en/home-2.html','','2022-05-02 05:21:39'),(45,602,'https://demo1.leotheme.com/leo_rent_car/','demo1.leotheme.com/leo_rent_car_demo/en/home-3.html','','2022-05-02 05:22:43'),(46,815,'https://demo1.leotheme.com/leo_rent_car/','demo1.leotheme.com/leo_rent_car_demo/en/home-1.html','','2022-05-02 07:47:34'),(47,866,'https://demo1.leotheme.com/leo_rent_car/','demo1.leotheme.com/leo_rent_car_demo/en/home-1.html','','2022-05-02 08:51:28'),(48,1641,'https://demo1.leotheme.com/leo_rent_car/','demo1.leotheme.com/leo_rent_car_demo/en/home-1.html','','2022-05-03 03:08:37'),(49,1642,'https://demo1.leotheme.com/leo_rent_car/','demo1.leotheme.com/leo_rent_car_demo/en/home-1.html','','2022-05-03 03:08:37'),(50,1660,'https://demo1.leotheme.com/leo_rent_car/','demo1.leotheme.com/leo_rent_car_demo/en/','','2022-05-03 05:59:50'),(51,1664,'https://demo1.leotheme.com/leo_rent_car/','demo1.leotheme.com/leo_rent_car_demo/en/home-1.html','','2022-05-03 06:28:55'),(52,1675,'https://demo1.leotheme.com/leo_rent_car/','demo1.leotheme.com/leo_rent_car_demo/en/home-1.html','','2022-05-03 09:02:16'),(53,1675,'https://demo1.leotheme.com/leo_rent_car/','demo1.leotheme.com/leo_rent_car_demo/en/home-2.html','','2022-05-03 09:02:16'),(54,1675,'https://demo1.leotheme.com/leo_rent_car/','demo1.leotheme.com/leo_rent_car_demo/en/home-3.html','','2022-05-03 09:02:17'),(55,1676,'https://demo1.leotheme.com/leo_rent_car/','demo1.leotheme.com/leo_rent_car_demo/en/home-2.html','','2022-05-03 09:02:26'),(56,1676,'https://demo1.leotheme.com/leo_rent_car/','demo1.leotheme.com/leo_rent_car_demo/en/home-1.html','','2022-05-03 09:02:28'),(57,1713,'https://demo1.leotheme.com/leo_rent_car/','demo1.leotheme.com/leo_rent_car_demo/en/home-1.html','','2022-05-03 12:39:09'),(58,1727,'https://demo1.leotheme.com/','demo1.leotheme.com/leo_rent_car_demo/en/home-1.html','','2022-05-03 15:25:48'),(59,1735,'https://demo1.leotheme.com/leo_rent_car/','demo1.leotheme.com/leo_rent_car_demo/en/home-1.html','','2022-05-03 16:53:25'),(60,1735,'https://demo1.leotheme.com/leo_rent_car/','demo1.leotheme.com/leo_rent_car_demo/en/home-1.html','','2022-05-03 16:53:54'),(61,1735,'https://demo1.leotheme.com/leo_rent_car/','demo1.leotheme.com/leo_rent_car_demo/en/home-1.html','','2022-05-03 16:53:58'),(62,1802,'https://demo1.leotheme.com/leo_rent_car/','demo1.leotheme.com/leo_rent_car_demo/en/','','2022-05-04 07:16:40'),(63,1806,'https://demo1.leotheme.com/leo_rent_car/','demo1.leotheme.com/leo_rent_car_demo/en/','','2022-05-04 07:49:35'),(64,1816,'https://demo1.leotheme.com/leo_rent_car/','demo1.leotheme.com/leo_rent_car_demo/en/home-2.html','','2022-05-04 09:39:47'),(65,1825,'https://demo1.leotheme.com/leo_rent_car/','demo1.leotheme.com/leo_rent_car_demo/en/','','2022-05-04 10:32:14'),(66,1882,'https://demo1.leotheme.com/leo_rent_car/','demo1.leotheme.com/leo_rent_car_demo/en/home-2.html','','2022-05-04 19:09:24'),(67,1905,'https://demo1.leotheme.com/leo_rent_car/','demo1.leotheme.com/leo_rent_car_demo/en/home-1.html','','2022-05-04 23:43:49'),(68,1926,'https://demo1.leotheme.com/leo_rent_car/','demo1.leotheme.com/leo_rent_car_demo/en/home-1.html','','2022-05-05 03:17:35'),(69,1928,'https://demo1.leotheme.com/leo_rent_car/','demo1.leotheme.com/leo_rent_car_demo/en/home-3.html','','2022-05-05 03:42:02'),(70,1928,'https://demo1.leotheme.com/leo_rent_car/','demo1.leotheme.com/leo_rent_car_demo/en/home-3.html','','2022-05-05 03:43:00'),(71,1944,'https://demo1.leotheme.com/leo_rent_car/','demo1.leotheme.com/leo_rent_car_demo/en/home-1.html','','2022-05-05 06:05:08'),(72,1944,'https://demo1.leotheme.com/leo_rent_car/','demo1.leotheme.com/leo_rent_car_demo/en/home-1.html','','2022-05-05 06:05:31'),(73,1951,'https://demo1.leotheme.com/leo_rent_car/','demo1.leotheme.com/leo_rent_car_demo/en/home-3.html','','2022-05-05 07:15:57'),(74,1970,'https://demo1.leotheme.com/leo_rent_car/','demo1.leotheme.com/leo_rent_car_demo/en/home-1.html','','2022-05-05 09:44:36'),(75,1974,'https://demo1.leotheme.com/leo_rent_car/','demo1.leotheme.com/leo_rent_car_demo/en/home-3.html','','2022-05-05 09:53:11'),(76,1974,'https://demo1.leotheme.com/leo_rent_car/','demo1.leotheme.com/leo_rent_car_demo/en/home-1.html','','2022-05-05 09:53:58'),(77,1982,'https://demo1.leotheme.com/leo_rent_car/','demo1.leotheme.com/leo_rent_car_demo/en/home-2.html','','2022-05-05 11:17:52'),(78,1999,'https://demo1.leotheme.com/leo_rent_car/','demo1.leotheme.com/leo_rent_car_demo/en/','','2022-05-05 14:40:27'),(79,2003,'https://demo1.leotheme.com/leo_rent_car/','demo1.leotheme.com/leo_rent_car_demo/en/home-1.html','','2022-05-05 15:42:40'),(80,2004,'https://demo1.leotheme.com/leo_rent_car/','demo1.leotheme.com/leo_rent_car_demo/en/home-1.html','','2022-05-05 15:42:41'),(81,2006,'https://demo1.leotheme.com/leo_rent_car/','demo1.leotheme.com/leo_rent_car_demo/en/home-2.html','','2022-05-05 15:49:31'),(82,2006,'https://demo1.leotheme.com/leo_rent_car/','demo1.leotheme.com/leo_rent_car_demo/en/home-2.html','','2022-05-05 15:50:06'),(83,2019,'https://demo1.leotheme.com/leo_rent_car/','demo1.leotheme.com/leo_rent_car_demo/en/home-1.html','','2022-05-05 17:20:19'),(84,2019,'https://demo1.leotheme.com/leo_rent_car/','demo1.leotheme.com/leo_rent_car_demo/en/home-2.html','','2022-05-05 17:20:46'),(85,2019,'https://demo1.leotheme.com/leo_rent_car/','demo1.leotheme.com/leo_rent_car_demo/en/home-3.html','','2022-05-05 17:20:49'),(86,2038,'https://yandex.ru/','demo1.leotheme.com/leo_rent_car_demo/en/','','2022-05-05 20:44:14'),(87,2056,'https://demo1.leotheme.com/leo_rent_car/','demo1.leotheme.com/leo_rent_car_demo/en/home-3.html','','2022-05-06 01:01:54'),(88,2056,'https://demo1.leotheme.com/leo_rent_car/','demo1.leotheme.com/leo_rent_car_demo/en/home-1.html','','2022-05-06 01:02:13'),(89,2056,'https://demo1.leotheme.com/leo_rent_car/','demo1.leotheme.com/leo_rent_car_demo/en/home-1.html','','2022-05-06 01:02:14'),(90,2057,'https://demo1.leotheme.com/leo_rent_car/','demo1.leotheme.com/leo_rent_car_demo/en/home-1.html','','2022-05-06 01:21:47'),(91,2058,'https://demo1.leotheme.com/leo_rent_car/','demo1.leotheme.com/leo_rent_car_demo/en/home-1.html','','2022-05-06 01:21:48'),(92,2019,'https://demo1.leotheme.com/leo_rent_car/','demo1.leotheme.com/leo_rent_car_demo/en/home-1.html','','2022-05-06 05:47:52'),(93,2071,'https://demo1.leotheme.com/leo_rent_car/','demo1.leotheme.com/leo_rent_car_demo/en/home-1.html','','2022-05-06 06:07:42'),(94,2120,'https://demo1.leotheme.com/leo_rent_car/','demo1.leotheme.com/leo_rent_car_demo/en/home-1.html','','2022-05-06 13:22:47'),(95,2121,'https://demo1.leotheme.com/leo_rent_car/','demo1.leotheme.com/leo_rent_car_demo/en/home-1.html','','2022-05-06 13:22:48'),(96,2137,'https://demo1.leotheme.com/leo_rent_car/','demo1.leotheme.com/leo_rent_car_demo/en/home-1.html','','2022-05-06 16:29:29'),(97,2137,'https://demo1.leotheme.com/leo_rent_car/','demo1.leotheme.com/leo_rent_car_demo/en/home-2.html','','2022-05-06 16:29:30'),(98,2137,'https://demo1.leotheme.com/leo_rent_car/','demo1.leotheme.com/leo_rent_car_demo/en/home-3.html','','2022-05-06 16:29:31'),(99,2138,'https://demo1.leotheme.com/leo_rent_car/','demo1.leotheme.com/leo_rent_car_demo/en/home-1.html','','2022-05-06 16:30:17'),(100,2151,'https://yandex.ru/','demo1.leotheme.com/leo_rent_car_demo/en/','','2022-05-06 21:14:19'),(101,2201,'https://demo1.leotheme.com/','demo1.leotheme.com/leo_rent_car_demo/en/','','2022-05-07 04:22:14'),(102,2203,'https://demo1.leotheme.com/leo_rent_car/','demo1.leotheme.com/leo_rent_car_demo/en/home-1.html','','2022-05-07 04:32:16'),(103,2203,'https://demo1.leotheme.com/leo_rent_car/','demo1.leotheme.com/leo_rent_car_demo/en/home-2.html','','2022-05-07 04:33:34'),(104,2205,'https://demo1.leotheme.com/','demo1.leotheme.com/leo_rent_car_demo/en/','','2022-05-07 04:47:28'),(105,2206,'https://demo1.leotheme.com/leo_rent_car/','demo1.leotheme.com/leo_rent_car_demo/en/home-1.html','','2022-05-07 05:19:55'),(106,2223,'https://demo1.leotheme.com/leo_rent_car/','demo1.leotheme.com/leo_rent_car_demo/en/','','2022-05-07 08:39:32'),(107,2236,'https://thewareztr.org/','demo1.leotheme.com/leo_rent_car_demo/en/','','2022-05-07 11:56:13'),(108,2239,'https://demo1.leotheme.com/','demo1.leotheme.com/leo_rent_car_demo/en/','','2022-05-07 12:11:48'),(109,2242,'https://demo1.leotheme.com/leo_rent_car/','demo1.leotheme.com/leo_rent_car_demo/en/home-1.html','','2022-05-07 12:18:44'),(110,2242,'https://demo1.leotheme.com/leo_rent_car/','demo1.leotheme.com/leo_rent_car_demo/en/home-1.html','','2022-05-07 12:32:06'),(111,2242,'https://demo1.leotheme.com/leo_rent_car/','demo1.leotheme.com/leo_rent_car_demo/en/home-1.html','','2022-05-07 12:32:12'),(112,2259,'https://demo1.leotheme.com/leo_rent_car/','demo1.leotheme.com/leo_rent_car_demo/en/home-1.html','','2022-05-07 13:59:23'),(113,2260,'https://demo1.leotheme.com/leo_rent_car/','demo1.leotheme.com/leo_rent_car_demo/en/home-1.html','','2022-05-07 13:59:24'),(114,2261,'https://demo1.leotheme.com/leo_rent_car/','demo1.leotheme.com/leo_rent_car_demo/en/home-1.html','','2022-05-07 13:59:24'),(115,2271,'https://thewareztr.org/','demo1.leotheme.com/leo_rent_car_demo/en/','','2022-05-07 15:05:59'),(116,2279,'https://www.nulledfrm.com/','demo1.leotheme.com/leo_rent_car_demo/en/home-2.html','','2022-05-07 16:47:33'),(117,2280,'https://www.nulledfrm.com/','demo1.leotheme.com/leo_rent_car_demo/en/home-2.html','','2022-05-07 16:59:56'),(118,2298,'https://demo1.leotheme.com/leo_rent_car/','demo1.leotheme.com/leo_rent_car_demo/en/home-1.html','','2022-05-07 21:30:32'),(119,2242,'https://demo1.leotheme.com/leo_rent_car/','demo1.leotheme.com/leo_rent_car_demo/en/home-1.html','','2022-05-07 23:52:00'),(120,2242,'https://demo1.leotheme.com/leo_rent_car/','demo1.leotheme.com/leo_rent_car_demo/en/home-1.html','','2022-05-07 23:52:01'),(121,2242,'https://demo1.leotheme.com/leo_rent_car/','demo1.leotheme.com/leo_rent_car_demo/en/home-1.html','','2022-05-07 23:57:58'),(122,2242,'https://demo1.leotheme.com/leo_rent_car/','demo1.leotheme.com/leo_rent_car_demo/en/home-2.html','','2022-05-07 23:59:26'),(123,2242,'https://demo1.leotheme.com/leo_rent_car/','demo1.leotheme.com/leo_rent_car_demo/en/home-3.html','','2022-05-08 00:00:04'),(124,2242,'https://demo1.leotheme.com/leo_rent_car/','demo1.leotheme.com/leo_rent_car_demo/en/home-1.html','','2022-05-08 00:10:02'),(125,2308,'https://demo1.leotheme.com/leo_rent_car/','demo1.leotheme.com/leo_rent_car_demo/en/home-1.html','','2022-05-08 01:21:23'),(126,2351,'https://demo1.leotheme.com/leo_rent_car/','demo1.leotheme.com/leo_rent_car_demo/en/home-2.html','','2022-05-08 06:45:10'),(127,2351,'https://demo1.leotheme.com/leo_rent_car/','demo1.leotheme.com/leo_rent_car_demo/en/home-1.html','','2022-05-08 06:46:16'),(128,2351,'https://demo1.leotheme.com/leo_rent_car/','demo1.leotheme.com/leo_rent_car_demo/en/home-1.html','','2022-05-08 06:49:12'),(129,2351,'https://demo1.leotheme.com/leo_rent_car/','demo1.leotheme.com/leo_rent_car_demo/en/home-3.html','','2022-05-08 06:49:21'),(130,2363,'https://demo1.leotheme.com/leo_rent_car/','demo1.leotheme.com/leo_rent_car_demo/en/home-2.html','','2022-05-08 08:23:53'),(131,2366,'https://demo1.leotheme.com/leo_rent_car/','demo1.leotheme.com/leo_rent_car_demo/en/','','2022-05-08 10:40:09'),(132,2372,'https://demo1.leotheme.com/leo_rent_car/','demo1.leotheme.com/leo_rent_car_demo/en/','','2022-05-08 10:48:20'),(133,2379,'https://www.nulledfrm.com/','demo1.leotheme.com/leo_rent_car_demo/en/home-2.html','','2022-05-08 11:09:13'),(134,2379,'https://www.nulledfrm.com/','demo1.leotheme.com/leo_rent_car_demo/en/home-2.html','','2022-05-08 11:26:50'),(135,2382,'https://demo1.leotheme.com/leo_rent_car/','demo1.leotheme.com/leo_rent_car_demo/en/home-2.html','','2022-05-08 11:44:51'),(136,2478,'https://demo1.leotheme.com/leo_rent_car/','demo1.leotheme.com/leo_rent_car_demo/en/home-1.html','','2022-05-09 03:33:33'),(137,2489,'https://demo1.leotheme.com/leo_rent_car/','demo1.leotheme.com/leo_rent_car_demo/en/','','2022-05-09 05:01:51'),(138,2489,'https://demo1.leotheme.com/leo_rent_car/','demo1.leotheme.com/leo_rent_car_demo/en/','','2022-05-09 05:02:20'),(139,2497,'https://demo1.leotheme.com/leo_rent_car/','demo1.leotheme.com/leo_rent_car_demo/en/home-2.html','','2022-05-09 08:06:10'),(140,2497,'https://demo1.leotheme.com/leo_rent_car/','demo1.leotheme.com/leo_rent_car_demo/en/home-2.html','','2022-05-09 08:10:42'),(141,2497,'https://demo1.leotheme.com/leo_rent_car/','demo1.leotheme.com/leo_rent_car_demo/en/home-2.html','','2022-05-09 08:22:37'),(142,2502,'https://demo1.leotheme.com/leo_rent_car/','demo1.leotheme.com/leo_rent_car_demo/en/','','2022-05-09 09:48:46'),(143,2509,'https://demo1.leotheme.com/leo_rent_car/','demo1.leotheme.com/leo_rent_car_demo/en/home-1.html','','2022-05-09 10:30:57'),(144,2546,'https://demo1.leotheme.com/leo_rent_car/','demo1.leotheme.com/leo_rent_car_demo/en/home-1.html','','2022-05-09 18:49:39'),(145,2546,'https://demo1.leotheme.com/leo_rent_car/','demo1.leotheme.com/leo_rent_car_demo/en/home-1.html','','2022-05-09 18:51:16'),(146,2548,'https://demo1.leotheme.com/leo_rent_car/','demo1.leotheme.com/leo_rent_car_demo/en/','','2022-05-09 19:09:35'),(147,2585,'https://demo1.leotheme.com/leo_rent_car/','demo1.leotheme.com/leo_rent_car_demo/en/','','2022-05-10 02:32:32'),(148,2587,'https://demo1.leotheme.com/leo_rent_car/','demo1.leotheme.com/leo_rent_car_demo/en/','','2022-05-10 02:33:21'),(149,2593,'https://demo1.leotheme.com/leo_rent_car/','demo1.leotheme.com/leo_rent_car_demo/en/home-1.html','','2022-05-10 03:14:59'),(150,2594,'https://demo1.leotheme.com/leo_rent_car/','demo1.leotheme.com/leo_rent_car_demo/en/home-2.html','','2022-05-10 03:14:59'),(151,2594,'https://demo1.leotheme.com/leo_rent_car/','demo1.leotheme.com/leo_rent_car_demo/en/home-3.html','','2022-05-10 03:15:01'),(152,2594,'https://demo1.leotheme.com/leo_rent_car/','demo1.leotheme.com/leo_rent_car_demo/en/home-2.html','','2022-05-10 03:22:27'),(153,2594,'https://demo1.leotheme.com/leo_rent_car/','demo1.leotheme.com/leo_rent_car_demo/en/home-2.html','','2022-05-10 03:48:55'),(154,2606,'https://demo1.leotheme.com/leo_rent_car/','demo1.leotheme.com/leo_rent_car_demo/en/home-1.html','','2022-05-10 05:07:15'),(155,2607,'https://demo1.leotheme.com/leo_rent_car/','demo1.leotheme.com/leo_rent_car_demo/en/home-1.html','','2022-05-10 05:10:30'),(156,2608,'https://demo1.leotheme.com/leo_rent_car/','demo1.leotheme.com/leo_rent_car_demo/en/home-1.html','','2022-05-10 05:13:42'),(157,2609,'https://demo1.leotheme.com/leo_rent_car/','demo1.leotheme.com/leo_rent_car_demo/en/home-3.html','','2022-05-10 05:13:43'),(158,2615,'https://demo1.leotheme.com/leo_rent_car/','demo1.leotheme.com/leo_rent_car_demo/en/home-2.html','','2022-05-10 07:08:58'),(159,2615,'https://demo1.leotheme.com/leo_rent_car/','demo1.leotheme.com/leo_rent_car_demo/en/home-1.html','','2022-05-10 07:09:30'),(160,2646,'https://demo1.leotheme.com/leo_rent_car/','demo1.leotheme.com/leo_rent_car_demo/en/home-1.html','','2022-05-10 14:07:19'),(161,2649,'https://demo1.leotheme.com/leo_rent_car/','demo1.leotheme.com/leo_rent_car_demo/en/home-1.html','','2022-05-10 16:08:27'),(162,2687,'https://demo1.leotheme.com/leo_rent_car/','demo1.leotheme.com/leo_rent_car_demo/en/','','2022-05-10 23:37:26'),(163,2702,'https://demo1.leotheme.com/leo_rent_car/','demo1.leotheme.com/leo_rent_car_demo/en/home-3.html','','2022-05-11 00:28:38'),(164,2702,'https://demo1.leotheme.com/leo_rent_car/','demo1.leotheme.com/leo_rent_car_demo/en/home-2.html','','2022-05-11 00:28:42'),(165,2702,'https://demo1.leotheme.com/leo_rent_car/','demo1.leotheme.com/leo_rent_car_demo/en/home-1.html','','2022-05-11 00:28:44'),(166,2741,'https://demo1.leotheme.com/leo_rent_car/','demo1.leotheme.com/leo_rent_car_demo/en/home-1.html','','2022-05-11 05:56:51'),(167,2748,'https://demo1.leotheme.com/leo_rent_car/','demo1.leotheme.com/leo_rent_car_demo/en/home-1.html','','2022-05-11 07:23:39'),(168,2753,'https://demo1.leotheme.com/leo_rent_car/','demo1.leotheme.com/leo_rent_car_demo/en/home-1.html','','2022-05-11 08:16:44'),(169,2753,'https://demo1.leotheme.com/leo_rent_car/','demo1.leotheme.com/leo_rent_car_demo/en/home-1.html','','2022-05-11 08:17:34'),(170,2753,'https://demo1.leotheme.com/leo_rent_car/','demo1.leotheme.com/leo_rent_car_demo/en/home-1.html','','2022-05-11 08:17:58'),(171,2754,'https://demo1.leotheme.com/leo_rent_car/','demo1.leotheme.com/leo_rent_car_demo/en/home-1.html','','2022-05-11 08:22:14'),(172,2646,'https://demo1.leotheme.com/leo_rent_car/','demo1.leotheme.com/leo_rent_car_demo/en/home-1.html','','2022-05-11 09:51:26'),(173,2646,'https://demo1.leotheme.com/leo_rent_car/','demo1.leotheme.com/leo_rent_car_demo/en/home-1.html','','2022-05-11 09:51:44'),(174,2767,'https://demo1.leotheme.com/leo_rent_car/','demo1.leotheme.com/leo_rent_car_demo/en/home-1.html','','2022-05-11 10:29:23'),(175,2787,'https://www.nulledfrm.com/','demo1.leotheme.com/leo_rent_car_demo/en/home-2.html','','2022-05-11 15:20:38'),(176,2798,'https://www.nulledfrm.com/','demo1.leotheme.com/leo_rent_car_demo/en/home-2.html','','2022-05-11 17:35:43'),(177,2818,'https://demo1.leotheme.com/leo_rent_car/','demo1.leotheme.com/leo_rent_car_demo/en/home-2.html','','2022-05-11 22:25:07'),(178,2855,'https://demo1.leotheme.com/leo_rent_car/','demo1.leotheme.com/leo_rent_car_demo/en/home-1.html','','2022-05-12 07:02:03'),(179,2860,'https://www.google.it/','demo1.leotheme.com/leo_rent_car_demo/it/','','2022-05-12 07:21:24'),(180,2855,'https://demo1.leotheme.com/leo_rent_car/','demo1.leotheme.com/leo_rent_car_demo/en/home-2.html','','2022-05-12 07:33:55'),(181,2863,'https://demo1.leotheme.com/leo_rent_car/','demo1.leotheme.com/leo_rent_car_demo/en/','','2022-05-12 07:51:39'),(182,2874,'https://yandex.ru/','demo1.leotheme.com/leo_rent_car_demo/en/','','2022-05-12 10:10:12'),(183,2882,'https://www.nulledfrm.com/','demo1.leotheme.com/leo_rent_car_demo/en/home-2.html','','2022-05-12 12:25:49'),(184,2938,'https://www.nulledfrm.com/','demo1.leotheme.com/leo_rent_car_demo/en/home-2.html','','2022-05-13 03:36:35'),(185,3008,'https://yandex.ru/','demo1.leotheme.com/leo_rent_car_demo/en/','','2022-05-13 20:04:32'),(186,3043,'https://demo1.leotheme.com/leo_rent_car/','demo1.leotheme.com/leo_rent_car_demo/en/home-1.html','','2022-05-14 03:01:10'),(187,3044,'https://demo1.leotheme.com/leo_rent_car/','demo1.leotheme.com/leo_rent_car_demo/en/','','2022-05-14 03:16:54'),(188,3073,'https://demo1.leotheme.com/leo_rent_car/','demo1.leotheme.com/leo_rent_car_demo/en/home-1.html','','2022-05-14 05:56:04'),(189,3112,'https://demo1.leotheme.com/leo_rent_car/','demo1.leotheme.com/leo_rent_car_demo/en/home-1.html','','2022-05-14 11:34:54'),(190,3123,'https://demo1.leotheme.com/leo_rent_car/','demo1.leotheme.com/leo_rent_car_demo/en/','','2022-05-14 13:48:47'),(191,3135,'https://thewareztr.org/','demo1.leotheme.com/leo_rent_car_demo/en/','','2022-05-14 16:45:24'),(192,3183,'https://demo1.leotheme.com/leo_rent_car/','demo1.leotheme.com/leo_rent_car_demo/en/','','2022-05-14 22:26:55'),(193,3199,'https://demo1.leotheme.com/leo_rent_car/','demo1.leotheme.com/leo_rent_car_demo/en/','','2022-05-14 22:41:17'),(194,3227,'https://demo1.leotheme.com/leo_rent_car/','demo1.leotheme.com/leo_rent_car_demo/en/','','2022-05-14 23:04:02'),(195,3242,'https://demo1.leotheme.com/leo_rent_car/','demo1.leotheme.com/leo_rent_car_demo/en/','','2022-05-14 23:16:54'),(196,3248,'https://demo1.leotheme.com/leo_rent_car/','demo1.leotheme.com/leo_rent_car_demo/en/','','2022-05-15 00:04:57'),(197,3251,'https://demo1.leotheme.com/leo_rent_car/','demo1.leotheme.com/leo_rent_car_demo/en/','','2022-05-15 00:30:19'),(198,3253,'https://demo1.leotheme.com/leo_rent_car/','demo1.leotheme.com/leo_rent_car_demo/en/','','2022-05-15 00:43:46'),(199,2754,'https://demo1.leotheme.com/leo_rent_car/','demo1.leotheme.com/leo_rent_car_demo/en/home-1.html','','2022-05-15 07:45:19'),(200,3307,'https://demo1.leotheme.com/leo_rent_car/','demo1.leotheme.com/leo_rent_car_demo/en/home-1.html','','2022-05-15 12:26:25'),(201,3317,'https://demo1.leotheme.com/leo_rent_car/','demo1.leotheme.com/leo_rent_car_demo/en/','','2022-05-15 13:44:40'),(202,3315,'https://demo1.leotheme.com/leo_rent_car/','demo1.leotheme.com/leo_rent_car_demo/en/','','2022-05-15 13:44:40'),(203,3316,'https://demo1.leotheme.com/leo_rent_car/','demo1.leotheme.com/leo_rent_car_demo/en/','','2022-05-15 13:44:40'),(204,3318,'https://demo1.leotheme.com/leo_rent_car/','demo1.leotheme.com/leo_rent_car_demo/en/','','2022-05-15 13:44:40'),(205,3336,'https://demo1.leotheme.com/leo_rent_car/','demo1.leotheme.com/leo_rent_car_demo/en/','','2022-05-15 17:03:43'),(206,3337,'https://demo1.leotheme.com/leo_rent_car/','demo1.leotheme.com/leo_rent_car_demo/en/home-1.html','','2022-05-15 17:22:02'),(207,3337,'https://demo1.leotheme.com/leo_rent_car/','demo1.leotheme.com/leo_rent_car_demo/en/home-3.html','','2022-05-15 21:33:52'),(208,3410,'https://demo1.leotheme.com/leo_rent_car/','demo1.leotheme.com/leo_rent_car_demo/en/home-1.html','','2022-05-16 06:10:42'),(209,3416,'https://yandex.ru/','demo1.leotheme.com/leo_rent_car_demo/en/','','2022-05-16 07:18:04'),(210,3425,'https://demo1.leotheme.com/leo_rent_car/','demo1.leotheme.com/leo_rent_car_demo/en/','','2022-05-16 08:08:55'),(211,3442,'https://demo1.leotheme.com/leo_rent_car/','demo1.leotheme.com/leo_rent_car_demo/en/home-1.html','','2022-05-16 08:51:02'),(212,3456,'https://demo1.leotheme.com/leo_rent_car/','demo1.leotheme.com/leo_rent_car_demo/en/home-1.html','','2022-05-16 11:11:01'),(213,3459,'https://demo1.leotheme.com/leo_rent_car/','demo1.leotheme.com/leo_rent_car_demo/en/home-2.html','','2022-05-16 12:01:48'),(214,3494,'https://demo1.leotheme.com/leo_rent_car/','demo1.leotheme.com/leo_rent_car_demo/en/home-2.html','','2022-05-16 18:28:08'),(215,3514,'https://demo1.leotheme.com/leo_rent_car/','demo1.leotheme.com/leo_rent_car_demo/en/home-1.html','','2022-05-16 22:03:58'),(216,3545,'https://demo1.leotheme.com/leo_rent_car/','demo1.leotheme.com/leo_rent_car_demo/en/','','2022-05-17 04:44:24'),(217,3546,'https://demo1.leotheme.com/leo_rent_car/','demo1.leotheme.com/leo_rent_car_demo/en/','','2022-05-17 04:44:24'),(218,3556,'https://demo1.leotheme.com/leo_rent_car/','demo1.leotheme.com/leo_rent_car_demo/en/','','2022-05-17 06:38:35'),(219,3563,'https://demo1.leotheme.com/leo_rent_car/','demo1.leotheme.com/leo_rent_car_demo/en/','','2022-05-17 07:56:02'),(220,3566,'https://demo1.leotheme.com/leo_rent_car/','demo1.leotheme.com/leo_rent_car_demo/en/','','2022-05-17 08:10:35'),(221,3592,'https://demo1.leotheme.com/leo_rent_car/','demo1.leotheme.com/leo_rent_car_demo/en/','','2022-05-17 13:28:10'),(222,3595,'https://demo1.leotheme.com/leo_rent_car/','demo1.leotheme.com/leo_rent_car_demo/en/home-1.html','','2022-05-17 13:29:31'),(223,1675,'https://demo1.leotheme.com/leo_rent_car/','demo1.leotheme.com/leo_rent_car_demo/en/home-1.html','','2022-05-17 17:51:44'),(224,3658,'https://demo1.leotheme.com/leo_rent_car/','demo1.leotheme.com/leo_rent_car_demo/en/home-3.html','','2022-05-18 02:59:46'),(225,3710,'https://demo1.leotheme.com/leo_rent_car/','demo1.leotheme.com/leo_rent_car_demo/en/home-1.html','','2022-05-18 11:00:55'),(226,3714,'https://www.nulledfrm.com/','demo1.leotheme.com/leo_rent_car_demo/en/home-2.html','','2022-05-18 11:28:50'),(227,3837,'https://demo1.leotheme.com/leo_rent_car/','demo1.leotheme.com/leo_rent_car_demo/en/','','2022-05-18 20:01:12'),(228,3837,'https://demo1.leotheme.com/leo_rent_car/','demo1.leotheme.com/leo_rent_car_demo/en/','','2022-05-18 20:02:01'),(229,3842,'https://demo1.leotheme.com/leo_rent_car/','demo1.leotheme.com/leo_rent_car_demo/en/home-2.html','','2022-05-18 20:40:48'),(230,3842,'https://demo1.leotheme.com/leo_rent_car/','demo1.leotheme.com/leo_rent_car_demo/en/home-2.html','','2022-05-18 20:41:19'),(231,3842,'https://demo1.leotheme.com/leo_rent_car/','demo1.leotheme.com/leo_rent_car_demo/en/home-3.html','','2022-05-18 20:49:20'),(232,3897,'https://demo1.leotheme.com/leo_rent_car/','demo1.leotheme.com/leo_rent_car_demo/en/home-1.html','','2022-05-19 00:46:13'),(233,3897,'https://demo1.leotheme.com/leo_rent_car/','demo1.leotheme.com/leo_rent_car_demo/en/home-3.html','','2022-05-19 00:46:15'),(234,3897,'https://demo1.leotheme.com/leo_rent_car/','demo1.leotheme.com/leo_rent_car_demo/en/home-2.html','','2022-05-19 00:46:17'),(235,3902,'https://demo1.leotheme.com/leo_rent_car/','demo1.leotheme.com/leo_rent_car_demo/en/','','2022-05-19 02:13:51'),(236,3905,'https://demo1.leotheme.com/leo_rent_car/','demo1.leotheme.com/leo_rent_car_demo/en/home-3.html','','2022-05-19 02:38:33'),(237,3908,'https://demo1.leotheme.com/leo_rent_car/','demo1.leotheme.com/leo_rent_car_demo/en/home-1.html','','2022-05-19 02:50:06'),(238,3920,'https://demo1.leotheme.com/leo_rent_car/','demo1.leotheme.com/leo_rent_car_demo/en/home-1.html','','2022-05-19 05:04:18'),(239,3920,'https://demo1.leotheme.com/leo_rent_car/','demo1.leotheme.com/leo_rent_car_demo/en/home-1.html','','2022-05-19 05:04:44'),(240,3924,'https://demo1.leotheme.com/leo_rent_car/','demo1.leotheme.com/leo_rent_car_demo/en/home-2.html','','2022-05-19 05:54:58'),(241,3924,'https://demo1.leotheme.com/leo_rent_car/','demo1.leotheme.com/leo_rent_car_demo/en/home-1.html','','2022-05-19 05:59:31'),(242,3942,'https://demo1.leotheme.com/leo_rent_car/','demo1.leotheme.com/leo_rent_car_demo/en/home-1.html','','2022-05-19 09:00:28'),(243,3954,'https://demo1.leotheme.com/leo_rent_car/','demo1.leotheme.com/leo_rent_car_demo/en/home-2.html','','2022-05-19 11:05:44'),(244,3954,'https://demo1.leotheme.com/leo_rent_car/','demo1.leotheme.com/leo_rent_car_demo/en/home-1.html','','2022-05-19 11:06:21'),(245,3954,'https://demo1.leotheme.com/leo_rent_car/','demo1.leotheme.com/leo_rent_car_demo/en/home-3.html','','2022-05-19 11:06:46'),(246,3964,'https://demo1.leotheme.com/leo_rent_car/','demo1.leotheme.com/leo_rent_car_demo/en/home-1.html','','2022-05-19 13:06:52'),(247,3978,'https://demo1.leotheme.com/leo_rent_car/','demo1.leotheme.com/leo_rent_car_demo/en/home-1.html','','2022-05-19 16:34:48'),(248,4003,'https://demo1.leotheme.com/','demo1.leotheme.com/leo_rent_car_demo/en/home-1.html','','2022-05-19 20:21:36'),(249,4013,'https://demo1.leotheme.com/leo_rent_car/','demo1.leotheme.com/leo_rent_car_demo/en/home-1.html','','2022-05-19 21:37:55'),(250,4051,'https://demo1.leotheme.com/leo_rent_car/','demo1.leotheme.com/leo_rent_car_demo/en/home-1.html','','2022-05-20 06:16:05'),(251,4057,'https://demo1.leotheme.com/leo_rent_car/','demo1.leotheme.com/leo_rent_car_demo/en/home-1.html','','2022-05-20 07:08:17'),(252,4070,'https://demo1.leotheme.com/leo_rent_car/','demo1.leotheme.com/leo_rent_car_demo/en/','','2022-05-20 10:23:32'),(253,4091,'https://demo1.leotheme.com/leo_rent_car/','demo1.leotheme.com/leo_rent_car_demo/en/','','2022-05-20 14:03:26'),(254,4134,'https://demo1.leotheme.com/leo_rent_car/','demo1.leotheme.com/leo_rent_car_demo/en/','','2022-05-20 23:23:35'),(255,4152,'https://www.nulledfrm.com/','demo1.leotheme.com/leo_rent_car_demo/en/home-2.html','','2022-05-21 03:51:59'),(256,4152,'https://demo1.leotheme.com/leo_rent_car/','demo1.leotheme.com/leo_rent_car_demo/en/','','2022-05-21 06:00:24'),(257,4174,'https://e.mail.ru/','demo1.leotheme.com/leo_rent_car_demo/en/home-2.html','','2022-05-21 07:52:52'),(258,4190,'https://demo1.leotheme.com/leo_rent_car/','demo1.leotheme.com/leo_rent_car_demo/en/home-1.html','','2022-05-21 10:11:13'),(259,4191,'https://demo1.leotheme.com/leo_rent_car/','demo1.leotheme.com/leo_rent_car_demo/en/home-1.html','','2022-05-21 10:13:09'),(260,4191,'https://demo1.leotheme.com/leo_rent_car/','demo1.leotheme.com/leo_rent_car_demo/en/home-2.html','','2022-05-21 10:13:10'),(261,4191,'https://demo1.leotheme.com/leo_rent_car/','demo1.leotheme.com/leo_rent_car_demo/en/home-3.html','','2022-05-21 10:13:13'),(262,4192,'https://demo1.leotheme.com/leo_rent_car/','demo1.leotheme.com/leo_rent_car_demo/en/','','2022-05-21 10:31:58'),(263,4197,'https://demo1.leotheme.com/leo_rent_car/','demo1.leotheme.com/leo_rent_car_demo/en/','','2022-05-21 10:32:57'),(264,4214,'https://demo1.leotheme.com/leo_rent_car/','demo1.leotheme.com/leo_rent_car_demo/en/home-3.html','','2022-05-21 13:56:57'),(265,4267,'https://demo1.leotheme.com/leo_rent_car/','demo1.leotheme.com/leo_rent_car_demo/en/','','2022-05-22 02:44:18'),(266,4324,'https://demo1.leotheme.com/leo_rent_car/','demo1.leotheme.com/leo_rent_car_demo/en/home-1.html','','2022-05-22 05:35:29'),(267,4325,'https://demo1.leotheme.com/leo_rent_car/','demo1.leotheme.com/leo_rent_car_demo/en/home-1.html','','2022-05-22 05:35:29'),(268,4325,'https://demo1.leotheme.com/leo_rent_car/','demo1.leotheme.com/leo_rent_car_demo/en/home-1.html','','2022-05-22 05:36:13'),(269,4345,'https://yandex.ru/','demo1.leotheme.com/leo_rent_car_demo/en/','','2022-05-22 12:29:04'),(270,4353,'https://demo1.leotheme.com/leo_rent_car/','demo1.leotheme.com/leo_rent_car_demo/en/home-2.html','','2022-05-22 13:48:42'),(271,4353,'https://demo1.leotheme.com/leo_rent_car/','demo1.leotheme.com/leo_rent_car_demo/en/home-1.html','','2022-05-22 13:49:20'),(272,4360,'https://demo1.leotheme.com/leo_rent_car/','demo1.leotheme.com/leo_rent_car_demo/en/','','2022-05-22 14:24:07'),(273,4367,'https://demo1.leotheme.com/leo_rent_car/','demo1.leotheme.com/leo_rent_car_demo/en/','','2022-05-22 16:09:17'),(274,4419,'https://demo1.leotheme.com/leo_rent_car/','demo1.leotheme.com/leo_rent_car_demo/en/home-1.html','','2022-05-23 02:26:50'),(275,4446,'https://demo1.leotheme.com/leo_rent_car/','demo1.leotheme.com/leo_rent_car_demo/en/','','2022-05-23 07:49:19'),(276,4447,'https://demo1.leotheme.com/leo_rent_car/','demo1.leotheme.com/leo_rent_car_demo/en/','','2022-05-23 08:10:35'),(277,4468,'https://www.nulledfrm.com/','demo1.leotheme.com/leo_rent_car_demo/en/home-2.html','','2022-05-23 11:23:07'),(278,4475,'https://www.nulledfrm.com/','demo1.leotheme.com/leo_rent_car_demo/en/home-2.html','','2022-05-23 11:39:59'),(279,4479,'https://demo1.leotheme.com/leo_rent_car/','demo1.leotheme.com/leo_rent_car_demo/en/home-1.html','','2022-05-23 12:11:45'),(280,4480,'https://demo1.leotheme.com/leo_rent_car/','demo1.leotheme.com/leo_rent_car_demo/en/home-1.html','','2022-05-23 12:11:46'),(281,4480,'https://demo1.leotheme.com/leo_rent_car/','demo1.leotheme.com/leo_rent_car_demo/en/home-1.html','','2022-05-23 12:14:57'),(282,4487,'https://www.google.com/','demo1.leotheme.com/leo_rent_car_demo/en/home-1.html','','2022-05-23 14:09:33'),(283,4487,'https://www.google.com/','demo1.leotheme.com/leo_rent_car_demo/en/home-1.html','','2022-05-23 14:10:44'),(284,4487,'https://www.nulledfrm.com/','demo1.leotheme.com/leo_rent_car_demo/en/home-2.html','','2022-05-23 14:11:14'),(285,4487,'https://www.nulledfrm.com/','demo1.leotheme.com/leo_rent_car_demo/en/home-2.html','','2022-05-23 14:14:45'),(286,4487,'https://demo1.leotheme.com/leo_rent_car/','demo1.leotheme.com/leo_rent_car_demo/en/','','2022-05-23 14:16:12'),(287,4497,'https://demo1.leotheme.com/leo_rent_car/','demo1.leotheme.com/leo_rent_car_demo/en/home-2.html','','2022-05-23 16:33:56'),(288,4501,'https://www.google.com/','demo1.leotheme.com/leo_rent_car_demo/en/3_manu1','','2022-05-23 18:06:17'),(289,4545,'https://demo1.leotheme.com/leo_rent_car/','demo1.leotheme.com/leo_rent_car_demo/en/home-1.html','','2022-05-24 00:57:44'),(290,4546,'https://demo1.leotheme.com/leo_rent_car/','demo1.leotheme.com/leo_rent_car_demo/en/home-2.html','','2022-05-24 00:57:46'),(291,4560,'https://demo1.leotheme.com/leo_rent_car/','demo1.leotheme.com/leo_rent_car_demo/en/home-2.html','','2022-05-24 03:55:01'),(292,4576,'https://yandex.ru/','demo1.leotheme.com/leo_rent_car_demo/en/','','2022-05-24 06:27:20'),(293,4581,'https://demo1.leotheme.com/leo_rent_car/','demo1.leotheme.com/leo_rent_car_demo/en/home-1.html','','2022-05-24 07:05:53'),(294,4591,'https://demo1.leotheme.com/leo_rent_car/','demo1.leotheme.com/leo_rent_car_demo/en/','','2022-05-24 09:25:16'),(295,4598,'https://demo1.leotheme.com/leo_rent_car/','demo1.leotheme.com/leo_rent_car_demo/en/','','2022-05-24 11:00:46'),(296,4599,'https://demo1.leotheme.com/leo_rent_car/','demo1.leotheme.com/leo_rent_car_demo/en/','','2022-05-24 11:03:00'),(297,4646,'https://demo1.leotheme.com/leo_rent_car/','demo1.leotheme.com/leo_rent_car_demo/en/home-2.html','','2022-05-24 16:49:15'),(298,4649,'https://demo1.leotheme.com/leo_rent_car/','demo1.leotheme.com/leo_rent_car_demo/en/home-2.html','','2022-05-24 16:57:05'),(299,4649,'https://demo1.leotheme.com/leo_rent_car/','demo1.leotheme.com/leo_rent_car_demo/en/home-2.html','','2022-05-24 16:57:37'),(300,4684,'https://demo1.leotheme.com/leo_rent_car/','demo1.leotheme.com/leo_rent_car_demo/en/home-2.html','','2022-05-25 00:17:25'),(301,4700,'https://demo1.leotheme.com/leo_rent_car/','demo1.leotheme.com/leo_rent_car_demo/en/home-1.html','','2022-05-25 03:41:29'),(302,4709,'https://demo1.leotheme.com/leo_rent_car/','demo1.leotheme.com/leo_rent_car_demo/en/','','2022-05-25 04:47:14'),(303,4710,'https://demo1.leotheme.com/leo_rent_car/','demo1.leotheme.com/leo_rent_car_demo/en/home-1.html','','2022-05-25 04:58:33'),(304,4710,'https://demo1.leotheme.com/leo_rent_car/','demo1.leotheme.com/leo_rent_car_demo/en/home-3.html','','2022-05-25 04:58:35'),(305,4710,'https://demo1.leotheme.com/leo_rent_car/','demo1.leotheme.com/leo_rent_car_demo/en/home-2.html','','2022-05-25 04:58:36'),(306,4722,'https://demo1.leotheme.com/leo_rent_car/','demo1.leotheme.com/leo_rent_car_demo/en/home-1.html','','2022-05-25 06:36:18'),(307,4723,'https://demo1.leotheme.com/leo_rent_car/','demo1.leotheme.com/leo_rent_car_demo/en/home-1.html','','2022-05-25 06:47:13'),(308,4724,'https://www.nulledfrm.com/','demo1.leotheme.com/leo_rent_car_demo/en/home-2.html','','2022-05-25 06:49:10'),(309,4724,'https://www.nulledfrm.com/','demo1.leotheme.com/leo_rent_car_demo/en/home-2.html','','2022-05-25 06:54:59'),(310,4724,'https://www.nulledfrm.com/','demo1.leotheme.com/leo_rent_car_demo/en/home-2.html','','2022-05-25 06:59:21'),(311,4722,'https://demo1.leotheme.com/leo_rent_car/','demo1.leotheme.com/leo_rent_car_demo/en/home-1.html','','2022-05-25 10:54:41'),(312,4724,'https://demo1.leotheme.com/leo_rent_car/','demo1.leotheme.com/leo_rent_car_demo/en/home-1.html','','2022-05-25 11:54:56'),(313,4724,'https://demo1.leotheme.com/leo_rent_car/','demo1.leotheme.com/leo_rent_car_demo/en/home-1.html','','2022-05-25 11:54:57'),(314,4859,'https://www.leotheme.com/','demo1.leotheme.com/leo_rent_car_demo/en/home-1.html','','2022-05-25 12:24:42'),(315,4859,'https://www.leotheme.com/','demo1.leotheme.com/leo_rent_car_demo/en/home-1.html','','2022-05-25 12:24:48'),(316,4859,'https://www.leotheme.com/','demo1.leotheme.com/leo_rent_car_demo/en/home-1.html','','2022-05-25 12:25:32'),(317,4862,'https://demo1.leotheme.com/leo_rent_car/','demo1.leotheme.com/leo_rent_car_demo/en/','','2022-05-25 12:45:31'),(318,4870,'https://www.leotheme.com/','demo1.leotheme.com/leo_rent_car_demo/en/home-1.html','','2022-05-25 14:13:21'),(319,4887,'https://www.nulledfrm.com/','demo1.leotheme.com/leo_rent_car_demo/en/home-2.html','','2022-05-25 15:38:59'),(320,4928,'https://www.nulledfrm.com/','demo1.leotheme.com/leo_rent_car_demo/en/home-2.html','','2022-05-25 19:37:49'),(321,4988,'https://www.nulledfrm.com/','demo1.leotheme.com/leo_rent_car_demo/en/home-2.html','','2022-05-26 01:18:24'),(322,4996,'https://demo1.leotheme.com/leo_rent_car/','demo1.leotheme.com/leo_rent_car_demo/en/home-1.html','','2022-05-26 02:24:50'),(323,4997,'https://demo1.leotheme.com/leo_rent_car/','demo1.leotheme.com/leo_rent_car_demo/en/home-1.html','','2022-05-26 02:33:29'),(324,5022,'https://demo1.leotheme.com/leo_rent_car/','demo1.leotheme.com/leo_rent_car_demo/en/home-2.html','','2022-05-26 08:08:09'),(325,5032,'https://demo1.leotheme.com/leo_rent_car/','demo1.leotheme.com/leo_rent_car_demo/en/','','2022-05-26 10:29:19'),(326,5103,'https://demo1.leotheme.com/leo_rent_car/','demo1.leotheme.com/leo_rent_car_demo/en/home-1.html','','2022-05-26 22:33:54');

--
-- Table structure for table `ps_contact`
--

CREATE TABLE `ps_contact` (
  `id_contact` int(10) unsigned NOT NULL AUTO_INCREMENT,
  `email` varchar(255) NOT NULL,
  `customer_service` tinyint(1) NOT NULL DEFAULT 0,
  `position` tinyint(2) unsigned NOT NULL DEFAULT 0,
  PRIMARY KEY (`id_contact`)
) ENGINE=InnoDB AUTO_INCREMENT=3 DEFAULT CHARSET=utf8;

--
-- Dumping data for table `ps_contact`
--

INSERT INTO `ps_contact` VALUES (1,'demo@demo.com',1,0),(2,'demo@demo.com',1,0);

--
-- Table structure for table `ps_contact_lang`
--

CREATE TABLE `ps_contact_lang` (
  `id_contact` int(10) unsigned NOT NULL,
  `id_lang` int(10) unsigned NOT NULL,
  `name` varchar(255) NOT NULL,
  `description` text DEFAULT NULL,
  PRIMARY KEY (`id_contact`,`id_lang`)
) ENGINE=InnoDB DEFAULT CHARSET=utf8;

--
-- Dumping data for table `ps_contact_lang`
--

INSERT INTO `ps_contact_lang` VALUES (1,1,'Webmaster','If a technical problem occurs on this website'),(1,2,'Webmaster','En cas de problème technique sur ce site'),(1,3,'Webmaster','Falls ein technisches Problem auf der Webseite auftritt'),(1,4,'Webmaster','Se si verifica un problema tecnico su questo sito web'),(1,5,'Webmaster','Si se produce un problema técnico en este sitio web'),(1,6,'المسؤل عن الموقع:','في حالة حدوث مشكلة فنية على هذا الموقع'),(2,1,'Customer service','For any question about a product, an order'),(2,2,'Service client','Pour toute question sur un produit ou une commande'),(2,3,'Kundenservice','Bei Fragen zu einem Artikel oder einer Bestellung'),(2,4,'Servizio clienti','Per qualsiasi domanda su un prodotto, un ordine'),(2,5,'Servicio al cliente','Para cualquier pregunta sobre un artículo o un pedido'),(2,6,'خدمة العملاء','عن أي سؤال حول منتج، طلب');

--
-- Table structure for table `ps_contact_shop`
--

CREATE TABLE `ps_contact_shop` (
  `id_contact` int(11) unsigned NOT NULL,
  `id_shop` int(11) unsigned NOT NULL,
  PRIMARY KEY (`id_contact`,`id_shop`),
  KEY `id_shop` (`id_shop`)
) ENGINE=InnoDB DEFAULT CHARSET=utf8;

--
-- Dumping data for table `ps_contact_shop`
--

INSERT INTO `ps_contact_shop` VALUES (1,1),(2,1);

--
-- Table structure for table `ps_country`
--

CREATE TABLE `ps_country` (
  `id_country` int(10) unsigned NOT NULL AUTO_INCREMENT,
  `id_zone` int(10) unsigned NOT NULL,
  `id_currency` int(10) unsigned NOT NULL DEFAULT 0,
  `iso_code` varchar(3) NOT NULL,
  `call_prefix` int(10) NOT NULL DEFAULT 0,
  `active` tinyint(1) unsigned NOT NULL DEFAULT 0,
  `contains_states` tinyint(1) NOT NULL DEFAULT 0,
  `need_identification_number` tinyint(1) NOT NULL DEFAULT 0,
  `need_zip_code` tinyint(1) NOT NULL DEFAULT 1,
  `zip_code_format` varchar(12) NOT NULL DEFAULT '',
  `display_tax_label` tinyint(1) NOT NULL,
  PRIMARY KEY (`id_country`),
  KEY `country_iso_code` (`iso_code`),
  KEY `country_` (`id_zone`)
) ENGINE=InnoDB AUTO_INCREMENT=245 DEFAULT CHARSET=utf8;

--
-- Dumping data for table `ps_country`
--

INSERT INTO `ps_country` VALUES (1,1,0,'DE',49,0,0,0,1,'NNNNN',1),(2,1,0,'AT',43,0,0,0,1,'NNNN',1),(3,1,0,'BE',32,0,0,0,1,'NNNN',1),(4,2,0,'CA',1,0,1,0,1,'LNL NLN',0),(5,3,0,'CN',86,0,0,0,1,'NNNNNN',1),(6,1,0,'ES',34,0,0,1,1,'NNNNN',1),(7,1,0,'FI',358,0,0,0,1,'NNNNN',1),(8,1,0,'FR',33,0,0,0,1,'NNNNN',1),(9,1,0,'GR',30,0,0,0,1,'NNNNN',1),(10,1,0,'IT',39,0,1,0,1,'NNNNN',1),(11,3,0,'JP',81,0,1,0,1,'NNN-NNNN',1),(12,1,0,'LU',352,0,0,0,1,'NNNN',1),(13,1,0,'NL',31,0,0,0,1,'NNNN LL',1),(14,1,0,'PL',48,0,0,0,1,'NN-NNN',1),(15,1,0,'PT',351,0,0,0,1,'NNNN-NNN',1),(16,1,0,'CZ',420,0,0,0,1,'NNN NN',1),(17,1,0,'GB',44,0,0,0,1,'',1),(18,1,0,'SE',46,0,0,0,1,'NNN NN',1),(19,7,0,'CH',41,0,0,0,1,'NNNN',1),(20,1,0,'DK',45,0,0,0,1,'NNNN',1),(21,2,0,'US',1,1,1,0,1,'NNNNN',0),(22,3,0,'HK',852,0,0,0,0,'',1),(23,7,0,'NO',47,0,0,0,1,'NNNN',1),(24,5,0,'AU',61,0,1,0,1,'NNNN',1),(25,3,0,'SG',65,0,0,0,1,'NNNNNN',1),(26,1,0,'IE',353,0,0,0,0,'',1),(27,5,0,'NZ',64,0,0,0,1,'NNNN',1),(28,3,0,'KR',82,0,0,0,1,'NNN-NNN',1),(29,3,0,'IL',972,0,0,0,1,'NNNNNNN',1),(30,4,0,'ZA',27,0,0,0,1,'NNNN',1),(31,4,0,'NG',234,0,0,0,1,'',1),(32,4,0,'CI',225,0,0,0,1,'',1),(33,4,0,'TG',228,0,0,0,1,'',1),(34,6,0,'BO',591,0,0,0,1,'',1),(35,4,0,'MU',230,0,0,0,1,'',1),(36,1,0,'RO',40,0,0,0,1,'NNNNNN',1),(37,1,0,'SK',421,0,0,0,1,'NNN NN',1),(38,4,0,'DZ',213,0,0,0,1,'NNNNN',1),(39,2,0,'AS',0,0,0,0,1,'',1),(40,7,0,'AD',376,0,0,0,1,'CNNN',1),(41,4,0,'AO',244,0,0,0,0,'',1),(42,8,0,'AI',0,0,0,0,1,'',1),(43,2,0,'AG',0,0,0,0,1,'',1),(44,6,0,'AR',54,0,1,0,1,'LNNNNLLL',1),(45,3,0,'AM',374,0,0,0,1,'NNNN',1),(46,8,0,'AW',297,0,0,0,1,'',1),(47,3,0,'AZ',994,0,0,0,1,'CNNNN',1),(48,2,0,'BS',0,0,0,0,1,'',1),(49,3,0,'BH',973,0,0,0,1,'',1),(50,3,0,'BD',880,0,0,0,1,'NNNN',1),(51,2,0,'BB',0,0,0,0,1,'CNNNNN',1),(52,7,0,'BY',0,0,0,0,1,'NNNNNN',1),(53,8,0,'BZ',501,0,0,0,0,'',1),(54,4,0,'BJ',229,0,0,0,0,'',1),(55,2,0,'BM',0,0,0,0,1,'',1),(56,3,0,'BT',975,0,0,0,1,'',1),(57,4,0,'BW',267,0,0,0,1,'',1),(58,6,0,'BR',55,0,0,0,1,'NNNNN-NNN',1),(59,3,0,'BN',673,0,0,0,1,'LLNNNN',1),(60,4,0,'BF',226,0,0,0,1,'',1),(61,3,0,'MM',95,0,0,0,1,'',1),(62,4,0,'BI',257,0,0,0,1,'',1),(63,3,0,'KH',855,0,0,0,1,'NNNNN',1),(64,4,0,'CM',237,0,0,0,1,'',1),(65,4,0,'CV',238,0,0,0,1,'NNNN',1),(66,4,0,'CF',236,0,0,0,1,'',1),(67,4,0,'TD',235,0,0,0,1,'',1),(68,6,0,'CL',56,0,0,0,1,'NNN-NNNN',1),(69,6,0,'CO',57,0,0,0,1,'NNNNNN',1),(70,4,0,'KM',269,0,0,0,1,'',1),(71,4,0,'CD',242,0,0,0,1,'',1),(72,4,0,'CG',243,0,0,0,1,'',1),(73,8,0,'CR',506,0,0,0,1,'NNNNN',1),(74,7,0,'HR',385,0,0,0,1,'NNNNN',1),(75,8,0,'CU',53,0,0,0,1,'',1),(76,1,0,'CY',357,0,0,0,1,'NNNN',1),(77,4,0,'DJ',253,0,0,0,1,'',1),(78,8,0,'DM',0,0,0,0,1,'',1),(79,8,0,'DO',0,0,0,0,1,'',1),(80,3,0,'TL',670,0,0,0,1,'',1),(81,6,0,'EC',593,0,0,0,1,'CNNNNNN',1),(82,4,0,'EG',20,0,0,0,1,'NNNNN',1),(83,8,0,'SV',503,0,0,0,1,'',1),(84,4,0,'GQ',240,0,0,0,1,'',1),(85,4,0,'ER',291,0,0,0,1,'',1),(86,1,0,'EE',372,0,0,0,1,'NNNNN',1),(87,4,0,'ET',251,0,0,0,1,'',1),(88,8,0,'FK',0,0,0,0,1,'LLLL NLL',1),(89,7,0,'FO',298,0,0,0,1,'',1),(90,5,0,'FJ',679,0,0,0,1,'',1),(91,4,0,'GA',241,0,0,0,1,'',1),(92,4,0,'GM',220,0,0,0,1,'',1),(93,3,0,'GE',995,0,0,0,1,'NNNN',1),(94,4,0,'GH',233,0,0,0,1,'',1),(95,8,0,'GD',0,0,0,0,1,'',1),(96,7,0,'GL',299,0,0,0,1,'',1),(97,7,0,'GI',350,0,0,0,1,'',1),(98,8,0,'GP',590,0,0,0,1,'',1),(99,5,0,'GU',0,0,0,0,1,'',1),(100,8,0,'GT',502,0,0,0,1,'',1),(101,7,0,'GG',0,0,0,0,1,'LLN NLL',1),(102,4,0,'GN',224,0,0,0,1,'',1),(103,4,0,'GW',245,0,0,0,1,'',1),(104,6,0,'GY',592,0,0,0,1,'',1),(105,8,0,'HT',509,0,0,0,1,'',1),(106,5,0,'HM',0,0,0,0,1,'',1),(107,7,0,'VA',379,0,0,0,1,'NNNNN',1),(108,8,0,'HN',504,0,0,0,1,'',1),(109,7,0,'IS',354,0,0,0,1,'NNN',1),(110,3,0,'IN',91,0,0,0,1,'NNN NNN',1),(111,3,0,'ID',62,0,1,0,1,'NNNNN',1),(112,3,0,'IR',98,0,0,0,1,'NNNNN-NNNNN',1),(113,3,0,'IQ',964,0,0,0,1,'NNNNN',1),(114,7,0,'IM',0,0,0,0,1,'CN NLL',1),(115,8,0,'JM',0,0,0,0,1,'',1),(116,7,0,'JE',0,0,0,0,1,'CN NLL',1),(117,3,0,'JO',962,0,0,0,1,'',1),(118,3,0,'KZ',7,0,0,0,1,'NNNNNN',1),(119,4,0,'KE',254,0,0,0,1,'',1),(120,5,0,'KI',686,0,0,0,1,'',1),(121,3,0,'KP',850,0,0,0,1,'',1),(122,3,0,'KW',965,0,0,0,1,'',1),(123,3,0,'KG',996,0,0,0,1,'',1),(124,3,0,'LA',856,0,0,0,1,'',1),(125,1,0,'LV',371,0,0,0,1,'C-NNNN',1),(126,3,0,'LB',961,0,0,0,1,'',1),(127,4,0,'LS',266,0,0,0,1,'',1),(128,4,0,'LR',231,0,0,0,1,'',1),(129,4,0,'LY',218,0,0,0,1,'',1),(130,1,0,'LI',423,0,0,0,1,'NNNN',1),(131,1,0,'LT',370,0,0,0,1,'NNNNN',1),(132,3,0,'MO',853,0,0,0,0,'',1),(133,7,0,'MK',389,0,0,0,1,'',1),(134,4,0,'MG',261,0,0,0,1,'',1),(135,4,0,'MW',265,0,0,0,1,'',1),(136,3,0,'MY',60,0,0,0,1,'NNNNN',1),(137,3,0,'MV',960,0,0,0,1,'',1),(138,4,0,'ML',223,0,0,0,1,'',1),(139,1,0,'MT',356,0,0,0,1,'LLL NNNN',1),(140,5,0,'MH',692,0,0,0,1,'',1),(141,8,0,'MQ',596,0,0,0,1,'',1),(142,4,0,'MR',222,0,0,0,1,'',1),(143,1,0,'HU',36,0,0,0,1,'NNNN',1),(144,4,0,'YT',262,0,0,0,1,'',1),(145,2,0,'MX',52,0,1,1,1,'NNNNN',1),(146,5,0,'FM',691,0,0,0,1,'',1),(147,7,0,'MD',373,0,0,0,1,'C-NNNN',1),(148,7,0,'MC',377,0,0,0,1,'980NN',1),(149,3,0,'MN',976,0,0,0,1,'',1),(150,7,0,'ME',382,0,0,0,1,'NNNNN',1),(151,8,0,'MS',0,0,0,0,1,'',1),(152,4,0,'MA',212,0,0,0,1,'NNNNN',1),(153,4,0,'MZ',258,0,0,0,1,'',1),(154,4,0,'NA',264,0,0,0,1,'',1),(155,5,0,'NR',674,0,0,0,1,'',1),(156,3,0,'NP',977,0,0,0,1,'',1),(157,8,0,'AN',599,0,0,0,1,'',1),(158,5,0,'NC',687,0,0,0,1,'',1),(159,8,0,'NI',505,0,0,0,1,'NNNNNN',1),(160,4,0,'NE',227,0,0,0,1,'',1),(161,5,0,'NU',683,0,0,0,1,'',1),(162,5,0,'NF',0,0,0,0,1,'',1),(163,5,0,'MP',0,0,0,0,1,'',1),(164,3,0,'OM',968,0,0,0,1,'',1),(165,3,0,'PK',92,0,0,0,1,'',1),(166,5,0,'PW',680,0,0,0,1,'',1),(167,3,0,'PS',0,0,0,0,1,'',1),(168,8,0,'PA',507,0,0,0,1,'NNNNNN',1),(169,5,0,'PG',675,0,0,0,1,'',1),(170,6,0,'PY',595,0,0,0,1,'',1),(171,6,0,'PE',51,0,0,0,1,'',1),(172,3,0,'PH',63,0,0,0,1,'NNNN',1),(173,5,0,'PN',0,0,0,0,1,'LLLL NLL',1),(174,8,0,'PR',0,0,0,0,1,'NNNNN',1),(175,3,0,'QA',974,0,0,0,1,'',1),(176,4,0,'RE',262,0,0,0,1,'',1),(177,7,0,'RU',7,0,0,0,1,'NNNNNN',1),(178,4,0,'RW',250,0,0,0,1,'',1),(179,8,0,'BL',0,0,0,0,1,'',1),(180,8,0,'KN',0,0,0,0,1,'',1),(181,8,0,'LC',0,0,0,0,1,'',1),(182,8,0,'MF',0,0,0,0,1,'',1),(183,8,0,'PM',508,0,0,0,1,'',1),(184,8,0,'VC',0,0,0,0,1,'',1),(185,5,0,'WS',685,0,0,0,1,'',1),(186,7,0,'SM',378,0,0,0,1,'NNNNN',1),(187,4,0,'ST',239,0,0,0,1,'',1),(188,3,0,'SA',966,0,0,0,1,'',1),(189,4,0,'SN',221,0,0,0,1,'',1),(190,7,0,'RS',381,0,0,0,1,'NNNNN',1),(191,4,0,'SC',248,0,0,0,1,'',1),(192,4,0,'SL',232,0,0,0,1,'',1),(193,1,0,'SI',386,0,0,0,1,'C-NNNN',1),(194,5,0,'SB',677,0,0,0,1,'',1),(195,4,0,'SO',252,0,0,0,1,'',1),(196,8,0,'GS',0,0,0,0,1,'LLLL NLL',1),(197,3,0,'LK',94,0,0,0,1,'NNNNN',1),(198,4,0,'SD',249,0,0,0,1,'',1),(199,8,0,'SR',597,0,0,0,1,'',1),(200,7,0,'SJ',0,0,0,0,1,'',1),(201,4,0,'SZ',268,0,0,0,1,'',1),(202,3,0,'SY',963,0,0,0,1,'',1),(203,3,0,'TW',886,0,0,0,1,'NNNNN',1),(204,3,0,'TJ',992,0,0,0,1,'',1),(205,4,0,'TZ',255,0,0,0,1,'',1),(206,3,0,'TH',66,0,0,0,1,'NNNNN',1),(207,5,0,'TK',690,0,0,0,1,'',1),(208,5,0,'TO',676,0,0,0,1,'',1),(209,6,0,'TT',0,0,0,0,1,'',1),(210,4,0,'TN',216,0,0,0,1,'',1),(211,7,0,'TR',90,0,0,0,1,'NNNNN',1),(212,3,0,'TM',993,0,0,0,1,'',1),(213,8,0,'TC',0,0,0,0,1,'LLLL NLL',1),(214,5,0,'TV',688,0,0,0,1,'',1),(215,4,0,'UG',256,0,0,0,1,'',1),(216,1,0,'UA',380,0,0,0,1,'NNNNN',1),(217,3,0,'AE',971,0,0,0,1,'',1),(218,6,0,'UY',598,0,0,0,1,'',1),(219,3,0,'UZ',998,0,0,0,1,'',1),(220,5,0,'VU',678,0,0,0,1,'',1),(221,6,0,'VE',58,0,0,0,1,'',1),(222,3,0,'VN',84,0,0,0,1,'NNNNNN',1),(223,2,0,'VG',0,0,0,0,1,'CNNNN',1),(224,2,0,'VI',0,0,0,0,1,'',1),(225,5,0,'WF',681,0,0,0,1,'',1),(226,4,0,'EH',0,0,0,0,1,'',1),(227,3,0,'YE',967,0,0,0,1,'',1),(228,4,0,'ZM',260,0,0,0,1,'',1),(229,4,0,'ZW',263,0,0,0,1,'',1),(230,7,0,'AL',355,0,0,0,1,'NNNN',1),(231,3,0,'AF',93,0,0,0,1,'NNNN',1),(232,5,0,'AQ',0,0,0,0,1,'',1),(233,1,0,'BA',387,0,0,0,1,'',1),(234,5,0,'BV',0,0,0,0,1,'',1),(235,5,0,'IO',0,0,0,0,1,'LLLL NLL',1),(236,1,0,'BG',359,0,0,0,1,'NNNN',1),(237,8,0,'KY',0,0,0,0,1,'',1),(238,3,0,'CX',0,0,0,0,1,'',1),(239,3,0,'CC',0,0,0,0,1,'',1),(240,5,0,'CK',682,0,0,0,1,'',1),(241,6,0,'GF',594,0,0,0,1,'',1),(242,5,0,'PF',689,0,0,0,1,'',1),(243,5,0,'TF',0,0,0,0,1,'',1),(244,7,0,'AX',0,0,0,0,1,'NNNNN',1);

--
-- Table structure for table `ps_country_lang`
--

CREATE TABLE `ps_country_lang` (
  `id_country` int(10) unsigned NOT NULL,
  `id_lang` int(10) unsigned NOT NULL,
  `name` varchar(64) NOT NULL,
  PRIMARY KEY (`id_country`,`id_lang`)
) ENGINE=InnoDB DEFAULT CHARSET=utf8;

--
-- Dumping data for table `ps_country_lang`
--

INSERT INTO `ps_country_lang` VALUES (1,1,'Germany'),(1,2,'Allemagne'),(1,3,'Deutschland'),(1,4,'Germania'),(1,5,'Alemania'),(1,6,'ألمانيا'),(2,1,'Austria'),(2,2,'Autriche'),(2,3,'Österreich'),(2,4,'Austria'),(2,5,'Austria'),(2,6,'النمسا'),(3,1,'Belgium'),(3,2,'Belgique'),(3,3,'Belgien'),(3,4,'Belgio'),(3,5,'Bélgica'),(3,6,'بلجيكا'),(4,1,'Canada'),(4,2,'Canada'),(4,3,'Kanada'),(4,4,'Canada'),(4,5,'Canadá'),(4,6,'كندا'),(5,1,'China'),(5,2,'Chine'),(5,3,'China'),(5,4,'Cina'),(5,5,'China'),(5,6,'الصين'),(6,1,'Spain'),(6,2,'Espagne'),(6,3,'Spanien'),(6,4,'Spagna'),(6,5,'España'),(6,6,'إسبانيا'),(7,1,'Finland'),(7,2,'Finlande'),(7,3,'Finnland'),(7,4,'Finlandia'),(7,5,'Finlandia'),(7,6,'فنلندا'),(8,1,'France'),(8,2,'France'),(8,3,'Frankreich'),(8,4,'Francia'),(8,5,'Francia'),(8,6,'فرنسا'),(9,1,'Greece'),(9,2,'Grèce'),(9,3,'Griechenland'),(9,4,'Grecia'),(9,5,'Grecia'),(9,6,'اليونان'),(10,1,'Italy'),(10,2,'Italie'),(10,3,'Italien'),(10,4,'Italia'),(10,5,'Italia'),(10,6,'إيطاليا'),(11,1,'Japan'),(11,2,'Japon'),(11,3,'Japan'),(11,4,'Giappone'),(11,5,'Japón'),(11,6,'اليابان'),(12,1,'Luxembourg'),(12,2,'Luxembourg'),(12,3,'Luxemburg'),(12,4,'Lussemburgo'),(12,5,'Luxemburgo'),(12,6,'لوكسمبورغ'),(13,1,'Netherlands'),(13,2,'Pays-Bas'),(13,3,'Niederlande'),(13,4,'Paesi Bassi'),(13,5,'Países Bajos'),(13,6,'هولندا'),(14,1,'Poland'),(14,2,'Pologne'),(14,3,'Polen'),(14,4,'Polonia'),(14,5,'Polonia'),(14,6,'بولندا'),(15,1,'Portugal'),(15,2,'Portugal'),(15,3,'Portugal'),(15,4,'Portogallo'),(15,5,'Portugal'),(15,6,'البرتغال'),(16,1,'Czech Republic'),(16,2,'République Tchèque'),(16,3,'Tschechische Republik'),(16,4,'Repubblica Ceca'),(16,5,'República Checa'),(16,6,'جمهورية التشيك'),(17,1,'United Kingdom'),(17,2,'Royaume-Uni'),(17,3,'Vereinigtes Königreich'),(17,4,'Regno Unito'),(17,5,'Reino Unido'),(17,6,'المملكة المتحدة'),(18,1,'Sweden'),(18,2,'Suède'),(18,3,'Schweden'),(18,4,'Svezia'),(18,5,'Suecia'),(18,6,'السويد'),(19,1,'Switzerland'),(19,2,'Suisse'),(19,3,'Schweiz'),(19,4,'Svizzera'),(19,5,'Suiza'),(19,6,'سويسرا'),(20,1,'Denmark'),(20,2,'Danemark'),(20,3,'Dänemark'),(20,4,'Danimarca'),(20,5,'Dinamarca'),(20,6,'الدانمرك'),(21,1,'United States'),(21,2,'États-Unis'),(21,3,'Vereinigte Staaten'),(21,4,'Stati Uniti'),(21,5,'Estados Unidos'),(21,6,'الولايات المتحدة'),(22,1,'Hong Kong SAR China'),(22,2,'R.A.S. Chinoise De Hong Kong'),(22,3,'Sonderverwaltungszone Hongkong'),(22,4,'RAS Di Hong Kong'),(22,5,'RAE De Hong Kong (China)'),(22,6,'هونغ كونغ الصينية'),(23,1,'Norway'),(23,2,'Norvège'),(23,3,'Norwegen'),(23,4,'Norvegia'),(23,5,'Noruega'),(23,6,'النرويج'),(24,1,'Australia'),(24,2,'Australie'),(24,3,'Australien'),(24,4,'Australia'),(24,5,'Australia'),(24,6,'أستراليا'),(25,1,'Singapore'),(25,2,'Singapour'),(25,3,'Singapur'),(25,4,'Singapore'),(25,5,'Singapur'),(25,6,'سنغافورة'),(26,1,'Ireland'),(26,2,'Irlande'),(26,3,'Irland'),(26,4,'Irlanda'),(26,5,'Irlanda'),(26,6,'أيرلندا'),(27,1,'New Zealand'),(27,2,'Nouvelle-Zélande'),(27,3,'Neuseeland'),(27,4,'Nuova Zelanda'),(27,5,'Nueva Zelanda'),(27,6,'نيوزيلاندا'),(28,1,'South Korea'),(28,2,'Corée Du Sud'),(28,3,'Republik Korea'),(28,4,'Corea Del Sud'),(28,5,'Corea Del Sur'),(28,6,'كوريا الجنوبية'),(29,1,'Israel'),(29,2,'Israël'),(29,3,'Israel'),(29,4,'Israele'),(29,5,'Israel'),(29,6,'إسرائيل'),(30,1,'South Africa'),(30,2,'Afrique Du Sud'),(30,3,'Südafrika'),(30,4,'Sudafrica'),(30,5,'Sudáfrica'),(30,6,'جنوب أفريقيا'),(31,1,'Nigeria'),(31,2,'Nigéria'),(31,3,'Nigeria'),(31,4,'Nigeria'),(31,5,'Nigeria'),(31,6,'نيجيريا'),(32,1,'Côte D’Ivoire'),(32,2,'Côte D’Ivoire'),(32,3,'Côte D’Ivoire'),(32,4,'Costa D’Avorio'),(32,5,'Costa De Marfil'),(32,6,'ساحل العاج'),(33,1,'Togo'),(33,2,'Togo'),(33,3,'Togo'),(33,4,'Togo'),(33,5,'Togo'),(33,6,'توجو'),(34,1,'Bolivia'),(34,2,'Bolivie'),(34,3,'Bolivien'),(34,4,'Bolivia'),(34,5,'Bolivia'),(34,6,'بوليفيا'),(35,1,'Mauritius'),(35,2,'Maurice'),(35,3,'Mauritius'),(35,4,'Mauritius'),(35,5,'Mauricio'),(35,6,'موريشيوس'),(36,1,'Romania'),(36,2,'Roumanie'),(36,3,'Rumänien'),(36,4,'Romania'),(36,5,'Rumanía'),(36,6,'رومانيا'),(37,1,'Slovakia'),(37,2,'Slovaquie'),(37,3,'Slowakei'),(37,4,'Slovacchia'),(37,5,'Eslovaquia'),(37,6,'سلوفاكيا'),(38,1,'Algeria'),(38,2,'Algérie'),(38,3,'Algerien'),(38,4,'Algeria'),(38,5,'Argelia'),(38,6,'الجزائر'),(39,1,'American Samoa'),(39,2,'Samoa Américaines'),(39,3,'Amerikanisch-Samoa'),(39,4,'Samoa Americane'),(39,5,'Samoa Americana'),(39,6,'ساموا الأمريكية'),(40,1,'Andorra'),(40,2,'Andorre'),(40,3,'Andorra'),(40,4,'Andorra'),(40,5,'Andorra'),(40,6,'أندورا'),(41,1,'Angola'),(41,2,'Angola'),(41,3,'Angola'),(41,4,'Angola'),(41,5,'Angola'),(41,6,'أنغولا'),(42,1,'Anguilla'),(42,2,'Anguilla'),(42,3,'Anguilla'),(42,4,'Anguilla'),(42,5,'Anguila'),(42,6,'أنغويلا'),(43,1,'Antigua & Barbuda'),(43,2,'Antigua-et-Barbuda'),(43,3,'Antigua Und Barbuda'),(43,4,'Antigua E Barbuda'),(43,5,'Antigua Y Barbuda'),(43,6,'أنتيغوا وبربودا'),(44,1,'Argentina'),(44,2,'Argentine'),(44,3,'Argentinien'),(44,4,'Argentina'),(44,5,'Argentina'),(44,6,'الأرجنتين'),(45,1,'Armenia'),(45,2,'Arménie'),(45,3,'Armenien'),(45,4,'Armenia'),(45,5,'Armenia'),(45,6,'أرمينيا'),(46,1,'Aruba'),(46,2,'Aruba'),(46,3,'Aruba'),(46,4,'Aruba'),(46,5,'Aruba'),(46,6,'آروبا'),(47,1,'Azerbaijan'),(47,2,'Azerbaïdjan'),(47,3,'Aserbaidschan'),(47,4,'Azerbaigian'),(47,5,'Azerbaiyán'),(47,6,'أذربيجان'),(48,1,'Bahamas'),(48,2,'Bahamas'),(48,3,'Bahamas'),(48,4,'Bahamas'),(48,5,'Bahamas'),(48,6,'الباهاما'),(49,1,'Bahrain'),(49,2,'Bahreïn'),(49,3,'Bahrain'),(49,4,'Bahrein'),(49,5,'Baréin'),(49,6,'البحرين'),(50,1,'Bangladesh'),(50,2,'Bangladesh'),(50,3,'Bangladesch'),(50,4,'Bangladesh'),(50,5,'Bangladés'),(50,6,'بنجلاديش'),(51,1,'Barbados'),(51,2,'Barbade'),(51,3,'Barbados'),(51,4,'Barbados'),(51,5,'Barbados'),(51,6,'بربادوس'),(52,1,'Belarus'),(52,2,'Biélorussie'),(52,3,'Belarus'),(52,4,'Bielorussia'),(52,5,'Bielorrusia'),(52,6,'روسيا البيضاء'),(53,1,'Belize'),(53,2,'Belize'),(53,3,'Belize'),(53,4,'Belize'),(53,5,'Belice'),(53,6,'بليز'),(54,1,'Benin'),(54,2,'Bénin'),(54,3,'Benin'),(54,4,'Benin'),(54,5,'Benín'),(54,6,'بنين'),(55,1,'Bermuda'),(55,2,'Bermudes'),(55,3,'Bermuda'),(55,4,'Bermuda'),(55,5,'Bermudas'),(55,6,'برمودا'),(56,1,'Bhutan'),(56,2,'Bhoutan'),(56,3,'Bhutan'),(56,4,'Bhutan'),(56,5,'Bután'),(56,6,'بوتان'),(57,1,'Botswana'),(57,2,'Botswana'),(57,3,'Botsuana'),(57,4,'Botswana'),(57,5,'Botsuana'),(57,6,'بتسوانا'),(58,1,'Brazil'),(58,2,'Brésil'),(58,3,'Brasilien'),(58,4,'Brasile'),(58,5,'Brasil'),(58,6,'البرازيل'),(59,1,'Brunei'),(59,2,'Brunéi Darussalam'),(59,3,'Brunei Darussalam'),(59,4,'Brunei'),(59,5,'Brunéi'),(59,6,'بروناي'),(60,1,'Burkina Faso'),(60,2,'Burkina Faso'),(60,3,'Burkina Faso'),(60,4,'Burkina Faso'),(60,5,'Burkina Faso'),(60,6,'بوركينا فاسو'),(61,1,'Myanmar (Burma)'),(61,2,'Myanmar'),(61,3,'Myanmar'),(61,4,'Myanmar (Birmania)'),(61,5,'Myanmar (Birmania)'),(61,6,'ميانمار -بورما'),(62,1,'Burundi'),(62,2,'Burundi'),(62,3,'Burundi'),(62,4,'Burundi'),(62,5,'Burundi'),(62,6,'بوروندي'),(63,1,'Cambodia'),(63,2,'Cambodge'),(63,3,'Kambodscha'),(63,4,'Cambogia'),(63,5,'Camboya'),(63,6,'كمبوديا'),(64,1,'Cameroon'),(64,2,'Cameroun'),(64,3,'Kamerun'),(64,4,'Camerun'),(64,5,'Camerún'),(64,6,'الكاميرون'),(65,1,'Cape Verde'),(65,2,'Cap-Vert'),(65,3,'Kap Verde'),(65,4,'Capo Verde'),(65,5,'Cabo Verde'),(65,6,'الرأس الأخضر'),(66,1,'Central African Republic'),(66,2,'République Centrafricaine'),(66,3,'Zentralafrikanische Republik'),(66,4,'Repubblica Centrafricana'),(66,5,'República Centroafricana'),(66,6,'جمهورية أفريقيا الوسطى'),(67,1,'Chad'),(67,2,'Tchad'),(67,3,'Tschad'),(67,4,'Ciad'),(67,5,'Chad'),(67,6,'تشاد'),(68,1,'Chile'),(68,2,'Chili'),(68,3,'Chile'),(68,4,'Cile'),(68,5,'Chile'),(68,6,'شيلي'),(69,1,'Colombia'),(69,2,'Colombie'),(69,3,'Kolumbien'),(69,4,'Colombia'),(69,5,'Colombia'),(69,6,'كولومبيا'),(70,1,'Comoros'),(70,2,'Comores'),(70,3,'Komoren'),(70,4,'Comore'),(70,5,'Comoras'),(70,6,'جزر القمر'),(71,1,'Congo - Kinshasa'),(71,2,'Congo-Kinshasa'),(71,3,'Kongo-Kinshasa'),(71,4,'Congo - Kinshasa'),(71,5,'República Democrática Del Congo'),(71,6,'الكونغو - كينشاسا'),(72,1,'Congo - Brazzaville'),(72,2,'Congo-Brazzaville'),(72,3,'Kongo-Brazzaville'),(72,4,'Congo-Brazzaville'),(72,5,'República Del Congo'),(72,6,'الكونغو - برازافيل'),(73,1,'Costa Rica'),(73,2,'Costa Rica'),(73,3,'Costa Rica'),(73,4,'Costa Rica'),(73,5,'Costa Rica'),(73,6,'كوستاريكا'),(74,1,'Croatia'),(74,2,'Croatie'),(74,3,'Kroatien'),(74,4,'Croazia'),(74,5,'Croacia'),(74,6,'كرواتيا'),(75,1,'Cuba'),(75,2,'Cuba'),(75,3,'Kuba'),(75,4,'Cuba'),(75,5,'Cuba'),(75,6,'كوبا'),(76,1,'Cyprus'),(76,2,'Chypre'),(76,3,'Zypern'),(76,4,'Cipro'),(76,5,'Chipre'),(76,6,'قبرص'),(77,1,'Djibouti'),(77,2,'Djibouti'),(77,3,'Dschibuti'),(77,4,'Gibuti'),(77,5,'Yibuti'),(77,6,'جيبوتي'),(78,1,'Dominica'),(78,2,'Dominique'),(78,3,'Dominica'),(78,4,'Dominica'),(78,5,'Dominica'),(78,6,'دومينيكا'),(79,1,'Dominican Republic'),(79,2,'République Dominicaine'),(79,3,'Dominikanische Republik'),(79,4,'Repubblica Dominicana'),(79,5,'República Dominicana'),(79,6,'جمهورية الدومينيك'),(80,1,'Timor-Leste'),(80,2,'Timor Oriental'),(80,3,'Timor-Leste'),(80,4,'Timor Est'),(80,5,'Timor Oriental'),(80,6,'تيمور الشرقية'),(81,1,'Ecuador'),(81,2,'Équateur'),(81,3,'Ecuador'),(81,4,'Ecuador'),(81,5,'Ecuador'),(81,6,'الإكوادور'),(82,1,'Egypt'),(82,2,'Égypte'),(82,3,'Ägypten'),(82,4,'Egitto'),(82,5,'Egipto'),(82,6,'مصر'),(83,1,'El Salvador'),(83,2,'El Salvador'),(83,3,'El Salvador'),(83,4,'El Salvador'),(83,5,'El Salvador'),(83,6,'السلفادور'),(84,1,'Equatorial Guinea'),(84,2,'Guinée équatoriale'),(84,3,'Äquatorialguinea'),(84,4,'Guinea Equatoriale'),(84,5,'Guinea Ecuatorial'),(84,6,'غينيا الإستوائية'),(85,1,'Eritrea'),(85,2,'Érythrée'),(85,3,'Eritrea'),(85,4,'Eritrea'),(85,5,'Eritrea'),(85,6,'أريتريا'),(86,1,'Estonia'),(86,2,'Estonie'),(86,3,'Estland'),(86,4,'Estonia'),(86,5,'Estonia'),(86,6,'أستونيا'),(87,1,'Ethiopia'),(87,2,'Éthiopie'),(87,3,'Äthiopien'),(87,4,'Etiopia'),(87,5,'Etiopía'),(87,6,'إثيوبيا'),(88,1,'Falkland Islands'),(88,2,'Îles Malouines'),(88,3,'Falklandinseln'),(88,4,'Isole Falkland'),(88,5,'Islas Malvinas'),(88,6,'جزر فوكلاند'),(89,1,'Faroe Islands'),(89,2,'Îles Féroé'),(89,3,'Färöer'),(89,4,'Isole Faroe'),(89,5,'Islas Feroe'),(89,6,'جزر فارو'),(90,1,'Fiji'),(90,2,'Fidji'),(90,3,'Fidschi'),(90,4,'Figi'),(90,5,'Fiyi'),(90,6,'فيجي'),(91,1,'Gabon'),(91,2,'Gabon'),(91,3,'Gabun'),(91,4,'Gabon'),(91,5,'Gabón'),(91,6,'الجابون'),(92,1,'Gambia'),(92,2,'Gambie'),(92,3,'Gambia'),(92,4,'Gambia'),(92,5,'Gambia'),(92,6,'غامبيا'),(93,1,'Georgia'),(93,2,'Géorgie'),(93,3,'Georgien'),(93,4,'Georgia'),(93,5,'Georgia'),(93,6,'جورجيا'),(94,1,'Ghana'),(94,2,'Ghana'),(94,3,'Ghana'),(94,4,'Ghana'),(94,5,'Ghana'),(94,6,'غانا'),(95,1,'Grenada'),(95,2,'Grenade'),(95,3,'Grenada'),(95,4,'Grenada'),(95,5,'Granada'),(95,6,'غرينادا'),(96,1,'Greenland'),(96,2,'Groenland'),(96,3,'Grönland'),(96,4,'Groenlandia'),(96,5,'Groenlandia'),(96,6,'غرينلاند'),(97,1,'Gibraltar'),(97,2,'Gibraltar'),(97,3,'Gibraltar'),(97,4,'Gibilterra'),(97,5,'Gibraltar'),(97,6,'جبل طارق'),(98,1,'Guadeloupe'),(98,2,'Guadeloupe'),(98,3,'Guadeloupe'),(98,4,'Guadalupa'),(98,5,'Guadalupe'),(98,6,'جوادلوب'),(99,1,'Guam'),(99,2,'Guam'),(99,3,'Guam'),(99,4,'Guam'),(99,5,'Guam'),(99,6,'غوام'),(100,1,'Guatemala'),(100,2,'Guatemala'),(100,3,'Guatemala'),(100,4,'Guatemala'),(100,5,'Guatemala'),(100,6,'غواتيمالا'),(101,1,'Guernsey'),(101,2,'Guernesey'),(101,3,'Guernsey'),(101,4,'Guernsey'),(101,5,'Guernesey'),(101,6,'غيرنزي'),(102,1,'Guinea'),(102,2,'Guinée'),(102,3,'Guinea'),(102,4,'Guinea'),(102,5,'Guinea'),(102,6,'غينيا'),(103,1,'Guinea-Bissau'),(103,2,'Guinée-Bissau'),(103,3,'Guinea-Bissau'),(103,4,'Guinea-Bissau'),(103,5,'Guinea-Bisáu'),(103,6,'غينيا بيساو'),(104,1,'Guyana'),(104,2,'Guyana'),(104,3,'Guyana'),(104,4,'Guyana'),(104,5,'Guyana'),(104,6,'غيانا'),(105,1,'Haiti'),(105,2,'Haïti'),(105,3,'Haiti'),(105,4,'Haiti'),(105,5,'Haití'),(105,6,'هايتي'),(106,1,'Heard & McDonald Islands'),(106,2,'Îles Heard Et McDonald'),(106,3,'Heard- Und McDonald-Inseln'),(106,4,'Isole Heard Ed Isole McDonald'),(106,5,'Islas Heard Y McDonald'),(106,6,'جزيرة هيرد وجزر ماكدونالد'),(107,1,'Vatican City'),(107,2,'État De La Cité Du Vatican'),(107,3,'Vatikanstadt'),(107,4,'Città Del Vaticano'),(107,5,'Ciudad Del Vaticano'),(107,6,'الفاتيكان'),(108,1,'Honduras'),(108,2,'Honduras'),(108,3,'Honduras'),(108,4,'Honduras'),(108,5,'Honduras'),(108,6,'هندوراس'),(109,1,'Iceland'),(109,2,'Islande'),(109,3,'Island'),(109,4,'Islanda'),(109,5,'Islandia'),(109,6,'أيسلندا'),(110,1,'India'),(110,2,'Inde'),(110,3,'Indien'),(110,4,'India'),(110,5,'India'),(110,6,'الهند'),(111,1,'Indonesia'),(111,2,'Indonésie'),(111,3,'Indonesien'),(111,4,'Indonesia'),(111,5,'Indonesia'),(111,6,'أندونيسيا'),(112,1,'Iran'),(112,2,'Iran'),(112,3,'Iran'),(112,4,'Iran'),(112,5,'Irán'),(112,6,'إيران'),(113,1,'Iraq'),(113,2,'Irak'),(113,3,'Irak'),(113,4,'Iraq'),(113,5,'Iraq'),(113,6,'العراق'),(114,1,'Isle Of Man'),(114,2,'Île De Man'),(114,3,'Isle Of Man'),(114,4,'Isola Di Man'),(114,5,'Isla De Man'),(114,6,'جزيرة مان'),(115,1,'Jamaica'),(115,2,'Jamaïque'),(115,3,'Jamaika'),(115,4,'Giamaica'),(115,5,'Jamaica'),(115,6,'جامايكا'),(116,1,'Jersey'),(116,2,'Jersey'),(116,3,'Jersey'),(116,4,'Jersey'),(116,5,'Jersey'),(116,6,'جيرسي'),(117,1,'Jordan'),(117,2,'Jordanie'),(117,3,'Jordanien'),(117,4,'Giordania'),(117,5,'Jordania'),(117,6,'الأردن'),(118,1,'Kazakhstan'),(118,2,'Kazakhstan'),(118,3,'Kasachstan'),(118,4,'Kazakistan'),(118,5,'Kazajistán'),(118,6,'كازاخستان'),(119,1,'Kenya'),(119,2,'Kenya'),(119,3,'Kenia'),(119,4,'Kenya'),(119,5,'Kenia'),(119,6,'كينيا'),(120,1,'Kiribati'),(120,2,'Kiribati'),(120,3,'Kiribati'),(120,4,'Kiribati'),(120,5,'Kiribati'),(120,6,'كيريباتي'),(121,1,'North Korea'),(121,2,'Corée Du Nord'),(121,3,'Demokratische Volksrepublik Korea'),(121,4,'Corea Del Nord'),(121,5,'Corea Del Norte'),(121,6,'كوريا الشمالية'),(122,1,'Kuwait'),(122,2,'Koweït'),(122,3,'Kuwait'),(122,4,'Kuwait'),(122,5,'Kuwait'),(122,6,'الكويت'),(123,1,'Kyrgyzstan'),(123,2,'Kirghizistan'),(123,3,'Kirgisistan'),(123,4,'Kirghizistan'),(123,5,'Kirguistán'),(123,6,'قرغيزستان'),(124,1,'Laos'),(124,2,'Laos'),(124,3,'Laos'),(124,4,'Laos'),(124,5,'Laos'),(124,6,'لاوس'),(125,1,'Latvia'),(125,2,'Lettonie'),(125,3,'Lettland'),(125,4,'Lettonia'),(125,5,'Letonia'),(125,6,'لاتفيا'),(126,1,'Lebanon'),(126,2,'Liban'),(126,3,'Libanon'),(126,4,'Libano'),(126,5,'Líbano'),(126,6,'لبنان'),(127,1,'Lesotho'),(127,2,'Lesotho'),(127,3,'Lesotho'),(127,4,'Lesotho'),(127,5,'Lesoto'),(127,6,'ليسوتو'),(128,1,'Liberia'),(128,2,'Libéria'),(128,3,'Liberia'),(128,4,'Liberia'),(128,5,'Liberia'),(128,6,'ليبيريا'),(129,1,'Libya'),(129,2,'Libye'),(129,3,'Libyen'),(129,4,'Libia'),(129,5,'Libia'),(129,6,'ليبيا'),(130,1,'Liechtenstein'),(130,2,'Liechtenstein'),(130,3,'Liechtenstein'),(130,4,'Liechtenstein'),(130,5,'Liechtenstein'),(130,6,'ليختنشتاين'),(131,1,'Lithuania'),(131,2,'Lituanie'),(131,3,'Litauen'),(131,4,'Lituania'),(131,5,'Lituania'),(131,6,'ليتوانيا'),(132,1,'Macau SAR China'),(132,2,'R.A.S. Chinoise De Macao'),(132,3,'Sonderverwaltungsregion Macau'),(132,4,'RAS Di Macao'),(132,5,'RAE De Macao (China)'),(132,6,'مكاو الصينية (منطقة إدارية خاصة)'),(133,1,'Macedonia'),(133,2,'Macédoine'),(133,3,'Mazedonien'),(133,4,'Repubblica Di Macedonia'),(133,5,'Macedonia'),(133,6,'مقدونيا'),(134,1,'Madagascar'),(134,2,'Madagascar'),(134,3,'Madagaskar'),(134,4,'Madagascar'),(134,5,'Madagascar'),(134,6,'مدغشقر'),(135,1,'Malawi'),(135,2,'Malawi'),(135,3,'Malawi'),(135,4,'Malawi'),(135,5,'Malaui'),(135,6,'ملاوي'),(136,1,'Malaysia'),(136,2,'Malaisie'),(136,3,'Malaysia'),(136,4,'Malesia'),(136,5,'Malasia'),(136,6,'ماليزيا'),(137,1,'Maldives'),(137,2,'Maldives'),(137,3,'Malediven'),(137,4,'Maldive'),(137,5,'Maldivas'),(137,6,'جزر المالديف'),(138,1,'Mali'),(138,2,'Mali'),(138,3,'Mali'),(138,4,'Mali'),(138,5,'Mali'),(138,6,'مالي'),(139,1,'Malta'),(139,2,'Malte'),(139,3,'Malta'),(139,4,'Malta'),(139,5,'Malta'),(139,6,'مالطا'),(140,1,'Marshall Islands'),(140,2,'Îles Marshall'),(140,3,'Marshallinseln'),(140,4,'Isole Marshall'),(140,5,'Islas Marshall'),(140,6,'جزر المارشال'),(141,1,'Martinique'),(141,2,'Martinique'),(141,3,'Martinique'),(141,4,'Martinica'),(141,5,'Martinica'),(141,6,'مارتينيك'),(142,1,'Mauritania'),(142,2,'Mauritanie'),(142,3,'Mauretanien'),(142,4,'Mauritania'),(142,5,'Mauritania'),(142,6,'موريتانيا'),(143,1,'Hungary'),(143,2,'Hongrie'),(143,3,'Ungarn'),(143,4,'Ungheria'),(143,5,'Hungría'),(143,6,'هنغاريا'),(144,1,'Mayotte'),(144,2,'Mayotte'),(144,3,'Mayotte'),(144,4,'Mayotte'),(144,5,'Mayotte'),(144,6,'مايوت'),(145,1,'Mexico'),(145,2,'Mexique'),(145,3,'Mexiko'),(145,4,'Messico'),(145,5,'México'),(145,6,'المكسيك'),(146,1,'Micronesia'),(146,2,'États Fédérés De Micronésie'),(146,3,'Mikronesien'),(146,4,'Micronesia'),(146,5,'Micronesia'),(146,6,'ميكرونيزيا'),(147,1,'Moldova'),(147,2,'Moldavie'),(147,3,'Republik Moldau'),(147,4,'Moldavia'),(147,5,'Moldavia'),(147,6,'مولدافيا'),(148,1,'Monaco'),(148,2,'Monaco'),(148,3,'Monaco'),(148,4,'Monaco'),(148,5,'Mónaco'),(148,6,'موناكو'),(149,1,'Mongolia'),(149,2,'Mongolie'),(149,3,'Mongolei'),(149,4,'Mongolia'),(149,5,'Mongolia'),(149,6,'منغوليا'),(150,1,'Montenegro'),(150,2,'Monténégro'),(150,3,'Montenegro'),(150,4,'Montenegro'),(150,5,'Montenegro'),(150,6,'الجبل الأسود'),(151,1,'Montserrat'),(151,2,'Montserrat'),(151,3,'Montserrat'),(151,4,'Montserrat'),(151,5,'Montserrat'),(151,6,'مونتسرات'),(152,1,'Morocco'),(152,2,'Maroc'),(152,3,'Marokko'),(152,4,'Marocco'),(152,5,'Marruecos'),(152,6,'المغرب'),(153,1,'Mozambique'),(153,2,'Mozambique'),(153,3,'Mosambik'),(153,4,'Mozambico'),(153,5,'Mozambique'),(153,6,'موزمبيق'),(154,1,'Namibia'),(154,2,'Namibie'),(154,3,'Namibia'),(154,4,'Namibia'),(154,5,'Namibia'),(154,6,'ناميبيا'),(155,1,'Nauru'),(155,2,'Nauru'),(155,3,'Nauru'),(155,4,'Nauru'),(155,5,'Nauru'),(155,6,'ناورو'),(156,1,'Nepal'),(156,2,'Népal'),(156,3,'Nepal'),(156,4,'Nepal'),(156,5,'Nepal'),(156,6,'نيبال'),(157,1,'Netherlands Antilles'),(157,2,'Antilles Néerlandaises'),(157,3,'Niederländische Antillen'),(157,4,'Antille Olandesi'),(157,5,'Antillas Neerlandesas'),(157,6,'جزر الأنتيل الهولندية'),(158,1,'New Caledonia'),(158,2,'Nouvelle-Calédonie'),(158,3,'Neukaledonien'),(158,4,'Nuova Caledonia'),(158,5,'Nueva Caledonia'),(158,6,'كاليدونيا الجديدة'),(159,1,'Nicaragua'),(159,2,'Nicaragua'),(159,3,'Nicaragua'),(159,4,'Nicaragua'),(159,5,'Nicaragua'),(159,6,'نيكاراغوا'),(160,1,'Niger'),(160,2,'Niger'),(160,3,'Niger'),(160,4,'Niger'),(160,5,'Níger'),(160,6,'النيجر'),(161,1,'Niue'),(161,2,'Niue'),(161,3,'Niue'),(161,4,'Niue'),(161,5,'Isla Niue'),(161,6,'نيوي'),(162,1,'Norfolk Island'),(162,2,'Île Norfolk'),(162,3,'Norfolkinsel'),(162,4,'Isola Norfolk'),(162,5,'Isla Norfolk'),(162,6,'جزيرة نورفوك'),(163,1,'Northern Mariana Islands'),(163,2,'Îles Mariannes Du Nord'),(163,3,'Nördliche Marianen'),(163,4,'Isole Marianne Settentrionali'),(163,5,'Islas Marianas Del Norte'),(163,6,'جزر ماريانا الشمالية'),(164,1,'Oman'),(164,2,'Oman'),(164,3,'Oman'),(164,4,'Oman'),(164,5,'Omán'),(164,6,'عُمان'),(165,1,'Pakistan'),(165,2,'Pakistan'),(165,3,'Pakistan'),(165,4,'Pakistan'),(165,5,'Pakistán'),(165,6,'باكستان'),(166,1,'Palau'),(166,2,'Palaos'),(166,3,'Palau'),(166,4,'Palau'),(166,5,'Palau'),(166,6,'بالاو'),(167,1,'Palestinian Territories'),(167,2,'Territoires Palestiniens'),(167,3,'Palästinensische Autonomiegebiete'),(167,4,'Territori Palestinesi'),(167,5,'Territorios Palestinos'),(167,6,'الأراضي الفلسطينية'),(168,1,'Panama'),(168,2,'Panama'),(168,3,'Panama'),(168,4,'Panamá'),(168,5,'Panamá'),(168,6,'بنما'),(169,1,'Papua New Guinea'),(169,2,'Papouasie-Nouvelle-Guinée'),(169,3,'Papua-Neuguinea'),(169,4,'Papua Nuova Guinea'),(169,5,'Papúa Nueva Guinea'),(169,6,'بابوا غينيا الجديدة'),(170,1,'Paraguay'),(170,2,'Paraguay'),(170,3,'Paraguay'),(170,4,'Paraguay'),(170,5,'Paraguay'),(170,6,'باراغواي'),(171,1,'Peru'),(171,2,'Pérou'),(171,3,'Peru'),(171,4,'Perù'),(171,5,'Perú'),(171,6,'بيرو'),(172,1,'Philippines'),(172,2,'Philippines'),(172,3,'Philippinen'),(172,4,'Filippine'),(172,5,'Filipinas'),(172,6,'الفلبين'),(173,1,'Pitcairn Islands'),(173,2,'Pitcairn'),(173,3,'Pitcairninseln'),(173,4,'Isole Pitcairn'),(173,5,'Islas Pitcairn'),(173,6,'جزر بيتكيرن'),(174,1,'Puerto Rico'),(174,2,'Porto Rico'),(174,3,'Puerto Rico'),(174,4,'Portorico'),(174,5,'Puerto Rico'),(174,6,'بورتوريكو'),(175,1,'Qatar'),(175,2,'Qatar'),(175,3,'Katar'),(175,4,'Qatar'),(175,5,'Catar'),(175,6,'قطر'),(176,1,'Réunion'),(176,2,'La Réunion'),(176,3,'Réunion'),(176,4,'Réunion'),(176,5,'Reunión'),(176,6,'روينيون'),(177,1,'Russia'),(177,2,'Russie'),(177,3,'Russische Föderation'),(177,4,'Federazione Russa'),(177,5,'Rusia'),(177,6,'روسيا'),(178,1,'Rwanda'),(178,2,'Rwanda'),(178,3,'Ruanda'),(178,4,'Ruanda'),(178,5,'Ruanda'),(178,6,'رواندا'),(179,1,'St. Barthélemy'),(179,2,'Saint-Barthélemy'),(179,3,'St. Barthélemy'),(179,4,'Saint-Barthélemy'),(179,5,'San Bartolomé'),(179,6,'سان بارتليمي'),(180,1,'St. Kitts & Nevis'),(180,2,'Saint-Christophe-et-Niévès'),(180,3,'St. Kitts Und Nevis'),(180,4,'Saint Kitts E Nevis'),(180,5,'San Cristóbal Y Nieves'),(180,6,'سانت كيتس ونيفيس'),(181,1,'St. Lucia'),(181,2,'Sainte-Lucie'),(181,3,'St. Lucia'),(181,4,'Saint Lucia'),(181,5,'Santa Lucía'),(181,6,'سانت لوسيا'),(182,1,'St. Martin'),(182,2,'Saint-Martin (partie Française)'),(182,3,'St. Martin'),(182,4,'Saint Martin'),(182,5,'San Martín'),(182,6,'سانت مارتن'),(183,1,'St. Pierre & Miquelon'),(183,2,'Saint-Pierre-et-Miquelon'),(183,3,'St. Pierre Und Miquelon'),(183,4,'Saint Pierre E Miquelon'),(183,5,'San Pedro Y Miquelón'),(183,6,'سانت بيير وميكولون'),(184,1,'St. Vincent & Grenadines'),(184,2,'Saint-Vincent-et-les-Grenadines'),(184,3,'St. Vincent Und Die Grenadinen'),(184,4,'Saint Vincent E Grenadines'),(184,5,'San Vicente Y Las Granadinas'),(184,6,'سانت فنسنت وغرنادين'),(185,1,'Samoa'),(185,2,'Samoa'),(185,3,'Samoa'),(185,4,'Samoa'),(185,5,'Samoa'),(185,6,'ساموا'),(186,1,'San Marino'),(186,2,'Saint-Marin'),(186,3,'San Marino'),(186,4,'San Marino'),(186,5,'San Marino'),(186,6,'سان مارينو'),(187,1,'São Tomé & Príncipe'),(187,2,'Sao Tomé-et-Principe'),(187,3,'São Tomé Und Príncipe'),(187,4,'São Tomé E Príncipe'),(187,5,'Santo Tomé Y Príncipe'),(187,6,'ساو تومي وبرينسيبي'),(188,1,'Saudi Arabia'),(188,2,'Arabie Saoudite'),(188,3,'Saudi-Arabien'),(188,4,'Arabia Saudita'),(188,5,'Arabia Saudí'),(188,6,'المملكة العربية السعودية'),(189,1,'Senegal'),(189,2,'Sénégal'),(189,3,'Senegal'),(189,4,'Senegal'),(189,5,'Senegal'),(189,6,'السنغال'),(190,1,'Serbia'),(190,2,'Serbie'),(190,3,'Serbien'),(190,4,'Serbia'),(190,5,'Serbia'),(190,6,'صربيا'),(191,1,'Seychelles'),(191,2,'Seychelles'),(191,3,'Seychellen'),(191,4,'Seychelles'),(191,5,'Seychelles'),(191,6,'سيشل'),(192,1,'Sierra Leone'),(192,2,'Sierra Leone'),(192,3,'Sierra Leone'),(192,4,'Sierra Leone'),(192,5,'Sierra Leona'),(192,6,'سيراليون'),(193,1,'Slovenia'),(193,2,'Slovénie'),(193,3,'Slowenien'),(193,4,'Slovenia'),(193,5,'Eslovenia'),(193,6,'سلوفينيا'),(194,1,'Solomon Islands'),(194,2,'Îles Salomon'),(194,3,'Salomonen'),(194,4,'Isole Solomon'),(194,5,'Islas Salomón'),(194,6,'جزر سليمان'),(195,1,'Somalia'),(195,2,'Somalie'),(195,3,'Somalia'),(195,4,'Somalia'),(195,5,'Somalia'),(195,6,'الصومال'),(196,1,'South Georgia & South Sandwich Islands'),(196,2,'Îles Géorgie Du Sud Et Sandwich Du Sud'),(196,3,'Südgeorgien Und Die Südlichen Sandwichinseln'),(196,4,'Georgia Del Sud E Isole Sandwich Meridionali'),(196,5,'Islas Georgia Del Sur Y Sandwich Del Sur'),(196,6,'جورجيا الجنوبية وجزر ساندويتش الجنوبية'),(197,1,'Sri Lanka'),(197,2,'Sri Lanka'),(197,3,'Sri Lanka'),(197,4,'Sri Lanka'),(197,5,'Sri Lanka'),(197,6,'سريلانكا'),(198,1,'Sudan'),(198,2,'Soudan'),(198,3,'Sudan'),(198,4,'Sudan'),(198,5,'Sudán'),(198,6,'السودان'),(199,1,'Suriname'),(199,2,'Suriname'),(199,3,'Suriname'),(199,4,'Suriname'),(199,5,'Surinam'),(199,6,'سورينام'),(200,1,'Svalbard & Jan Mayen'),(200,2,'Svalbard Et Jan Mayen'),(200,3,'Svalbard Und Jan Mayen'),(200,4,'Svalbard E Jan Mayen'),(200,5,'Svalbard Y Jan Mayen'),(200,6,'سفالبارد وجان مايان'),(201,1,'Swaziland'),(201,2,'Swaziland'),(201,3,'Swasiland'),(201,4,'Swaziland'),(201,5,'Suazilandia'),(201,6,'سوازيلاند'),(202,1,'Syria'),(202,2,'Syrie'),(202,3,'Syrien'),(202,4,'Siria'),(202,5,'Siria'),(202,6,'سوريا'),(203,1,'Taiwan'),(203,2,'Taïwan'),(203,3,'Taiwan'),(203,4,'Taiwan'),(203,5,'Taiwán'),(203,6,'تايوان'),(204,1,'Tajikistan'),(204,2,'Tadjikistan'),(204,3,'Tadschikistan'),(204,4,'Tagikistan'),(204,5,'Tayikistán'),(204,6,'طاجكستان'),(205,1,'Tanzania'),(205,2,'Tanzanie'),(205,3,'Tansania'),(205,4,'Tanzania'),(205,5,'Tanzania'),(205,6,'تانزانيا'),(206,1,'Thailand'),(206,2,'Thaïlande'),(206,3,'Thailand'),(206,4,'Tailandia'),(206,5,'Tailandia'),(206,6,'تايلاند'),(207,1,'Tokelau'),(207,2,'Tokelau'),(207,3,'Tokelau'),(207,4,'Tokelau'),(207,5,'Tokelau'),(207,6,'توكيلو'),(208,1,'Tonga'),(208,2,'Tonga'),(208,3,'Tonga'),(208,4,'Tonga'),(208,5,'Tonga'),(208,6,'تونغا'),(209,1,'Trinidad & Tobago'),(209,2,'Trinité-et-Tobago'),(209,3,'Trinidad Und Tobago'),(209,4,'Trinidad E Tobago'),(209,5,'Trinidad Y Tobago'),(209,6,'ترينيداد وتوباغو'),(210,1,'Tunisia'),(210,2,'Tunisie'),(210,3,'Tunesien'),(210,4,'Tunisia'),(210,5,'Túnez'),(210,6,'تونس'),(211,1,'Turkey'),(211,2,'Turquie'),(211,3,'Türkei'),(211,4,'Turchia'),(211,5,'Turquía'),(211,6,'تركيا'),(212,1,'Turkmenistan'),(212,2,'Turkménistan'),(212,3,'Turkmenistan'),(212,4,'Turkmenistan'),(212,5,'Turkmenistán'),(212,6,'تركمانستان'),(213,1,'Turks & Caicos Islands'),(213,2,'Îles Turques-et-Caïques'),(213,3,'Turks- Und Caicosinseln'),(213,4,'Isole Turks E Caicos'),(213,5,'Islas Turcas Y Caicos'),(213,6,'جزر الترك وجايكوس'),(214,1,'Tuvalu'),(214,2,'Tuvalu'),(214,3,'Tuvalu'),(214,4,'Tuvalu'),(214,5,'Tuvalu'),(214,6,'توفالو'),(215,1,'Uganda'),(215,2,'Ouganda'),(215,3,'Uganda'),(215,4,'Uganda'),(215,5,'Uganda'),(215,6,'أوغندا'),(216,1,'Ukraine'),(216,2,'Ukraine'),(216,3,'Ukraine'),(216,4,'Ucraina'),(216,5,'Ucrania'),(216,6,'أوكرانيا'),(217,1,'United Arab Emirates'),(217,2,'Émirats Arabes Unis'),(217,3,'Vereinigte Arabische Emirate'),(217,4,'Emirati Arabi Uniti'),(217,5,'Emiratos Árabes Unidos'),(217,6,'الإمارات العربية المتحدة'),(218,1,'Uruguay'),(218,2,'Uruguay'),(218,3,'Uruguay'),(218,4,'Uruguay'),(218,5,'Uruguay'),(218,6,'أورغواي'),(219,1,'Uzbekistan'),(219,2,'Ouzbékistan'),(219,3,'Usbekistan'),(219,4,'Uzbekistan'),(219,5,'Uzbekistán'),(219,6,'أوزبكستان'),(220,1,'Vanuatu'),(220,2,'Vanuatu'),(220,3,'Vanuatu'),(220,4,'Vanuatu'),(220,5,'Vanuatu'),(220,6,'فانواتو'),(221,1,'Venezuela'),(221,2,'Venezuela'),(221,3,'Venezuela'),(221,4,'Venezuela'),(221,5,'Venezuela'),(221,6,'فنزويلا'),(222,1,'Vietnam'),(222,2,'Vietnam'),(222,3,'Vietnam'),(222,4,'Vietnam'),(222,5,'Vietnam'),(222,6,'فيتنام'),(223,1,'British Virgin Islands'),(223,2,'Îles Vierges Britanniques'),(223,3,'Britische Jungferninseln'),(223,4,'Isole Vergini Britanniche'),(223,5,'Islas Vírgenes Británicas'),(223,6,'جزر فرجين البريطانية'),(224,1,'U.S. Virgin Islands'),(224,2,'Îles Vierges Des États-Unis'),(224,3,'Amerikanische Jungferninseln'),(224,4,'Isole Vergini Americane'),(224,5,'Islas Vírgenes De EE. UU.'),(224,6,'جزر فرجين الأمريكية'),(225,1,'Wallis & Futuna'),(225,2,'Wallis-et-Futuna'),(225,3,'Wallis Und Futuna'),(225,4,'Wallis E Futuna'),(225,5,'Wallis Y Futuna'),(225,6,'جزر والس وفوتونا'),(226,1,'Western Sahara'),(226,2,'Sahara Occidental'),(226,3,'Westsahara'),(226,4,'Sahara Occidentale'),(226,5,'Sáhara Occidental'),(226,6,'الصحراء الغربية'),(227,1,'Yemen'),(227,2,'Yémen'),(227,3,'Jemen'),(227,4,'Yemen'),(227,5,'Yemen'),(227,6,'اليمن'),(228,1,'Zambia'),(228,2,'Zambie'),(228,3,'Sambia'),(228,4,'Zambia'),(228,5,'Zambia'),(228,6,'زامبيا'),(229,1,'Zimbabwe'),(229,2,'Zimbabwe'),(229,3,'Simbabwe'),(229,4,'Zimbabwe'),(229,5,'Zimbabue'),(229,6,'زيمبابوي'),(230,1,'Albania'),(230,2,'Albanie'),(230,3,'Albanien'),(230,4,'Albania'),(230,5,'Albania'),(230,6,'ألبانيا'),(231,1,'Afghanistan'),(231,2,'Afghanistan'),(231,3,'Afghanistan'),(231,4,'Afghanistan'),(231,5,'Afganistán'),(231,6,'أفغانستان'),(232,1,'Antarctica'),(232,2,'Antarctique'),(232,3,'Antarktis'),(232,4,'Antartide'),(232,5,'Antártida'),(232,6,'أنتاركتيكا'),(233,1,'Bosnia & Herzegovina'),(233,2,'Bosnie-Herzégovine'),(233,3,'Bosnien Und Herzegowina'),(233,4,'Bosnia-Erzegovina'),(233,5,'Bosnia-Herzegovina'),(233,6,'البوسنة والهرسك'),(234,1,'Bouvet Island'),(234,2,'Île Bouvet'),(234,3,'Bouvetinsel'),(234,4,'Isola Bouvet'),(234,5,'Isla Bouvet'),(234,6,'جزيرة بوفيه'),(235,1,'British Indian Ocean Territory'),(235,2,'Territoire Britannique De L’océan Indien'),(235,3,'Britisches Territorium Im Indischen Ozean'),(235,4,'Territorio Britannico Dell’Oceano Indiano'),(235,5,'Territorio Británico Del Océano Índico'),(235,6,'الإقليم البريطاني في المحيط الهندي'),(236,1,'Bulgaria'),(236,2,'Bulgarie'),(236,3,'Bulgarien'),(236,4,'Bulgaria'),(236,5,'Bulgaria'),(236,6,'بلغاريا'),(237,1,'Cayman Islands'),(237,2,'Îles Caïmans'),(237,3,'Kaimaninseln'),(237,4,'Isole Cayman'),(237,5,'Islas Caimán'),(237,6,'جزر الكايمن'),(238,1,'Christmas Island'),(238,2,'Île Christmas'),(238,3,'Weihnachtsinsel'),(238,4,'Isola Di Christmas'),(238,5,'Isla Christmas'),(238,6,'جزيرة الكريسماس'),(239,1,'Cocos (Keeling) Islands'),(239,2,'Îles Cocos'),(239,3,'Kokosinseln'),(239,4,'Isole Cocos'),(239,5,'Islas Cocos'),(239,6,'جزر كوكوس'),(240,1,'Cook Islands'),(240,2,'Îles Cook'),(240,3,'Cookinseln'),(240,4,'Isole Cook'),(240,5,'Islas Cook'),(240,6,'جزر كوك'),(241,1,'French Guiana'),(241,2,'Guyane Française'),(241,3,'Französisch-Guayana'),(241,4,'Guiana Francese'),(241,5,'Guayana Francesa'),(241,6,'غويانا الفرنسية'),(242,1,'French Polynesia'),(242,2,'Polynésie Française'),(242,3,'Französisch-Polynesien'),(242,4,'Polinesia Francese'),(242,5,'Polinesia Francesa'),(242,6,'بولينيزيا الفرنسية'),(243,1,'French Southern Territories'),(243,2,'Terres Australes Françaises'),(243,3,'Französische Süd- Und Antarktisgebiete'),(243,4,'Territori Australi Francesi'),(243,5,'Territorios Australes Franceses'),(243,6,'المقاطعات الجنوبية الفرنسية'),(244,1,'Åland Islands'),(244,2,'Îles Åland'),(244,3,'Åland-Inseln'),(244,4,'Isole Aland'),(244,5,'Islas Åland'),(244,6,'جزر آلاند');

--
-- Table structure for table `ps_country_shop`
--

CREATE TABLE `ps_country_shop` (
  `id_country` int(11) unsigned NOT NULL,
  `id_shop` int(11) unsigned NOT NULL,
  PRIMARY KEY (`id_country`,`id_shop`),
  KEY `id_shop` (`id_shop`)
) ENGINE=InnoDB DEFAULT CHARSET=utf8;

--
-- Dumping data for table `ps_country_shop`
--

INSERT INTO `ps_country_shop` VALUES (1,1),(2,1),(3,1),(4,1),(5,1),(6,1),(7,1),(8,1),(9,1),(10,1),(11,1),(12,1),(13,1),(14,1),(15,1),(16,1),(17,1),(18,1),(19,1),(20,1),(21,1),(22,1),(23,1),(24,1),(25,1),(26,1),(27,1),(28,1),(29,1),(30,1),(31,1),(32,1),(33,1),(34,1),(35,1),(36,1),(37,1),(38,1),(39,1),(40,1),(41,1),(42,1),(43,1),(44,1),(45,1),(46,1),(47,1),(48,1),(49,1),(50,1),(51,1),(52,1),(53,1),(54,1),(55,1),(56,1),(57,1),(58,1),(59,1),(60,1),(61,1),(62,1),(63,1),(64,1),(65,1),(66,1),(67,1),(68,1),(69,1),(70,1),(71,1),(72,1),(73,1),(74,1),(75,1),(76,1),(77,1),(78,1),(79,1),(80,1),(81,1),(82,1),(83,1),(84,1),(85,1),(86,1),(87,1),(88,1),(89,1),(90,1),(91,1),(92,1),(93,1),(94,1),(95,1),(96,1),(97,1),(98,1),(99,1),(100,1),(101,1),(102,1),(103,1),(104,1),(105,1),(106,1),(107,1),(108,1),(109,1),(110,1),(111,1),(112,1),(113,1),(114,1),(115,1),(116,1),(117,1),(118,1),(119,1),(120,1),(121,1),(122,1),(123,1),(124,1),(125,1),(126,1),(127,1),(128,1),(129,1),(130,1),(131,1),(132,1),(133,1),(134,1),(135,1),(136,1),(137,1),(138,1),(139,1),(140,1),(141,1),(142,1),(143,1),(144,1),(145,1),(146,1),(147,1),(148,1),(149,1),(150,1),(151,1),(152,1),(153,1),(154,1),(155,1),(156,1),(157,1),(158,1),(159,1),(160,1),(161,1),(162,1),(163,1),(164,1),(165,1),(166,1),(167,1),(168,1),(169,1),(170,1),(171,1),(172,1),(173,1),(174,1),(175,1),(176,1),(177,1),(178,1),(179,1),(180,1),(181,1),(182,1),(183,1),(184,1),(185,1),(186,1),(187,1),(188,1),(189,1),(190,1),(191,1),(192,1),(193,1),(194,1),(195,1),(196,1),(197,1),(198,1),(199,1),(200,1),(201,1),(202,1),(203,1),(204,1),(205,1),(206,1),(207,1),(208,1),(209,1),(210,1),(211,1),(212,1),(213,1),(214,1),(215,1),(216,1),(217,1),(218,1),(219,1),(220,1),(221,1),(222,1),(223,1),(224,1),(225,1),(226,1),(227,1),(228,1),(229,1),(230,1),(231,1),(232,1),(233,1),(234,1),(235,1),(236,1),(237,1),(238,1),(239,1),(240,1),(241,1),(242,1),(243,1),(244,1);

--
-- Table structure for table `ps_cronjobs`
--

CREATE TABLE `ps_cronjobs` (
  `id_cronjob` int(10) NOT NULL AUTO_INCREMENT,
  `id_module` int(10) DEFAULT NULL,
  `description` text DEFAULT NULL,
  `task` text DEFAULT NULL,
  `hour` int(11) DEFAULT -1,
  `day` int(11) DEFAULT -1,
  `month` int(11) DEFAULT -1,
  `day_of_week` int(11) DEFAULT -1,
  `updated_at` datetime DEFAULT NULL,
  `one_shot` tinyint(1) NOT NULL DEFAULT 0,
  `active` tinyint(1) DEFAULT 0,
  `id_shop` int(11) DEFAULT 0,
  `id_shop_group` int(11) DEFAULT 0,
  PRIMARY KEY (`id_cronjob`),
  KEY `id_module` (`id_module`)
) ENGINE=InnoDB DEFAULT CHARSET=utf8;

--
-- Dumping data for table `ps_cronjobs`
--


--
-- Table structure for table `ps_currency`
--

CREATE TABLE `ps_currency` (
  `id_currency` int(10) unsigned NOT NULL AUTO_INCREMENT,
  `name` varchar(64) NOT NULL,
  `iso_code` varchar(3) NOT NULL DEFAULT '0',
  `numeric_iso_code` varchar(3) NOT NULL DEFAULT '0',
  `precision` int(2) NOT NULL DEFAULT 6,
  `conversion_rate` decimal(13,6) NOT NULL,
  `deleted` tinyint(1) unsigned NOT NULL DEFAULT 0,
  `active` tinyint(1) unsigned NOT NULL DEFAULT 1,
  PRIMARY KEY (`id_currency`),
  KEY `currency_iso_code` (`iso_code`)
) ENGINE=InnoDB AUTO_INCREMENT=3 DEFAULT CHARSET=utf8;

--
-- Dumping data for table `ps_currency`
--

INSERT INTO `ps_currency` VALUES (1,'US Dollar','USD','840',2,1.000000,0,1),(2,'Euro','EUR','978',2,0.842202,0,1);

--
-- Table structure for table `ps_currency_lang`
--

CREATE TABLE `ps_currency_lang` (
  `id_currency` int(10) unsigned NOT NULL,
  `id_lang` int(10) unsigned NOT NULL,
  `name` varchar(255) NOT NULL,
  `symbol` varchar(255) NOT NULL,
  PRIMARY KEY (`id_currency`,`id_lang`)
) ENGINE=InnoDB DEFAULT CHARSET=utf8;

--
-- Dumping data for table `ps_currency_lang`
--

INSERT INTO `ps_currency_lang` VALUES (1,1,'US Dollar','$'),(1,2,'US Dollar','$'),(1,3,'US Dollar','$'),(1,4,'US Dollar','$'),(1,5,'US Dollar','$'),(1,6,'US Dollar','$'),(2,1,'Euro','€'),(2,2,'Euro','€'),(2,3,'Euro','€'),(2,4,'Euro','€'),(2,5,'Euro','€'),(2,6,'Euro','€');

--
-- Table structure for table `ps_currency_shop`
--

CREATE TABLE `ps_currency_shop` (
  `id_currency` int(11) unsigned NOT NULL,
  `id_shop` int(11) unsigned NOT NULL,
  `conversion_rate` decimal(13,6) NOT NULL,
  PRIMARY KEY (`id_currency`,`id_shop`),
  KEY `id_shop` (`id_shop`)
) ENGINE=InnoDB DEFAULT CHARSET=utf8;

--
-- Dumping data for table `ps_currency_shop`
--

INSERT INTO `ps_currency_shop` VALUES (1,1,1.000000),(2,1,0.842202);

--
-- Table structure for table `ps_customer`
--

CREATE TABLE `ps_customer` (
  `id_customer` int(10) unsigned NOT NULL AUTO_INCREMENT,
  `id_shop_group` int(11) unsigned NOT NULL DEFAULT 1,
  `id_shop` int(11) unsigned NOT NULL DEFAULT 1,
  `id_gender` int(10) unsigned NOT NULL,
  `id_default_group` int(10) unsigned NOT NULL DEFAULT 1,
  `id_lang` int(10) unsigned DEFAULT NULL,
  `id_risk` int(10) unsigned NOT NULL DEFAULT 1,
  `company` varchar(255) DEFAULT NULL,
  `siret` varchar(14) DEFAULT NULL,
  `ape` varchar(5) DEFAULT NULL,
  `firstname` varchar(255) NOT NULL,
  `lastname` varchar(255) NOT NULL,
  `email` varchar(255) NOT NULL,
  `passwd` varchar(255) NOT NULL,
  `last_passwd_gen` timestamp NOT NULL DEFAULT current_timestamp(),
  `birthday` date DEFAULT NULL,
  `newsletter` tinyint(1) unsigned NOT NULL DEFAULT 0,
  `ip_registration_newsletter` varchar(15) DEFAULT NULL,
  `newsletter_date_add` datetime DEFAULT NULL,
  `optin` tinyint(1) unsigned NOT NULL DEFAULT 0,
  `website` varchar(128) DEFAULT NULL,
  `outstanding_allow_amount` decimal(20,6) NOT NULL DEFAULT 0.000000,
  `show_public_prices` tinyint(1) unsigned NOT NULL DEFAULT 0,
  `max_payment_days` int(10) unsigned NOT NULL DEFAULT 60,
  `secure_key` varchar(32) NOT NULL DEFAULT '-1',
  `note` text DEFAULT NULL,
  `active` tinyint(1) unsigned NOT NULL DEFAULT 0,
  `is_guest` tinyint(1) NOT NULL DEFAULT 0,
  `deleted` tinyint(1) NOT NULL DEFAULT 0,
  `date_add` datetime NOT NULL,
  `date_upd` datetime NOT NULL,
  `reset_password_token` varchar(40) DEFAULT NULL,
  `reset_password_validity` datetime DEFAULT NULL,
  PRIMARY KEY (`id_customer`),
  KEY `customer_email` (`email`),
  KEY `customer_login` (`email`,`passwd`),
  KEY `id_customer_passwd` (`id_customer`,`passwd`),
  KEY `id_gender` (`id_gender`),
  KEY `id_shop_group` (`id_shop_group`),
  KEY `id_shop` (`id_shop`,`date_add`)
) ENGINE=InnoDB AUTO_INCREMENT=80 DEFAULT CHARSET=utf8;

--
-- Dumping data for table `ps_customer`
--

INSERT INTO `ps_customer` VALUES (1,1,1,1,3,1,0,NULL,NULL,NULL,'John','DOE','pub@prestashop.com','78b4b4e3291abac84e45a1b2347e049e','2018-08-01 01:34:24','1970-01-15',1,NULL,'2013-12-13 08:19:15',1,NULL,0.000000,0,0,'741b9b278009f34836abe34eca893274',NULL,1,0,0,'2018-08-01 09:34:24','2018-08-01 09:34:24',NULL,'0000-00-00 00:00:00'),(2,1,1,1,3,1,0,NULL,NULL,NULL,'proo','Mr','demo@demo.com','$2y$10$FYTR2xYSljm.10PPYGRIXuL17q5qVU15GWQPtZzV5tmsuTUKbPDE.','2018-08-03 22:13:17','0000-00-00',1,NULL,'2018-08-04 06:13:17',1,NULL,0.000000,0,0,'588175be89d8e3ea7ece59f181560f00',NULL,1,0,0,'2018-08-04 06:13:17','2018-08-04 06:13:17',NULL,'0000-00-00 00:00:00'),(3,1,1,2,2,1,0,NULL,NULL,NULL,'dev','dev','demo@demo.com2','$2y$10$9rj2yc1L5kt06rNF5A9O6OX1BXSjw14pfyqH9ZqQxbQyY9NiKSEiu','2020-08-04 15:09:19','0000-00-00',1,NULL,'2020-08-04 23:09:19',1,NULL,0.000000,0,0,'3f68bdc9e13ad4246803cba2eee7b727',NULL,1,1,0,'2020-08-04 23:09:19','2020-08-04 23:09:19',NULL,'0000-00-00 00:00:00'),(4,1,1,1,2,1,0,'','','','Tomas','Morato','reialison@gmail.com','$2y$10$27XA.xyxN3vLCDF3GalOqOXp6RcuFkiXebNp.uRN8x5u4sHWsQZlS','2020-08-15 15:02:49','0000-00-00',0,'','0000-00-00 00:00:00',0,'',0.000000,0,0,'34e127bcdc170187d5968699f84eab1d','',1,1,0,'2020-08-15 23:02:49','2020-08-15 23:02:49','','0000-00-00 00:00:00'),(5,1,1,1,2,1,0,'','','','asdasd','asdasdas','asdasd@asdasda.com','$2y$10$UzUbpRmr9tdTEgiFS2jjp.h/bDcbW1PzPDJ89y3b1RqgPBqM0mtFq','2020-08-18 05:06:31','0000-00-00',0,'','0000-00-00 00:00:00',0,'',0.000000,0,0,'88b222978e570fcfbc1444dc54ac7e75','',1,1,0,'2020-08-18 13:06:31','2020-08-18 13:06:31','','0000-00-00 00:00:00'),(6,1,1,1,2,1,0,'','','','laafissi','tariq','tariqabulmo@gmail.com','$2y$10$2FdTDhL.P3osiHMHafyM6e.VRsreT2mHvLVYEUf5yVfJuqUSO0pye','2020-08-18 12:33:30','0000-00-00',0,'','0000-00-00 00:00:00',0,'',0.000000,0,0,'91fa5bc4382454867eee00a37d835df2','',1,1,0,'2020-08-18 20:33:30','2020-08-18 20:33:30','','0000-00-00 00:00:00'),(7,1,1,1,3,1,0,'','','','poiu','poiu','poiu@poiu.com','$2y$10$Q4bmhXvo360zu.MB7S1jnuswB8Xi0DZFqSvcSO3efLfo0fGUgpIuS','2020-08-23 18:14:59','0000-00-00',0,'','0000-00-00 00:00:00',0,'',0.000000,0,0,'70ab272687de5223e5d4898d00bf6b10','',1,0,0,'2020-08-24 02:14:59','2020-08-24 02:14:59','','0000-00-00 00:00:00'),(8,1,1,1,3,1,0,NULL,NULL,NULL,'yassine','bouassida','yassinoubou93@gmail.com','$2y$10$V8vqcA.L8YP4xRKYGxi8e.hEGlgwohoGYxsxhfU3p0CRCGvIhWySK','2020-08-27 01:52:02','0000-00-00',0,NULL,'0000-00-00 00:00:00',0,NULL,0.000000,0,0,'c6a155d41aacce08fc9e7a3166daae18',NULL,1,0,0,'2020-08-27 09:52:02','2020-08-27 09:55:47',NULL,'0000-00-00 00:00:00'),(9,1,1,1,3,1,0,'','','','Yogesh','Jangid','bhatiyani2016@gmail.com','$2y$10$mgy2KjjjBZrvcCqIAPS60.gGy5DfZ7FSaXowT3xnR0eYlLxM5Jx6.','2020-08-28 06:49:51','1994-05-03',1,'','2020-08-28 14:49:51',1,'',0.000000,0,0,'b4f74087a4cf7175c440a107aafe791a','',1,0,0,'2020-08-28 14:49:51','2020-08-28 14:49:51','','0000-00-00 00:00:00'),(10,1,1,1,2,1,0,'','','','kjdjk','jdsdskj','jkdsjf@dfssfd.pl','$2y$10$qaR2503zAeEqfaY1AuYXJOqljujpeIlw.xFD6NiOmY7aylFjOyfRi','2020-08-28 07:36:46','0000-00-00',0,'','0000-00-00 00:00:00',0,'',0.000000,0,0,'7a3902c36cb9764f625e39a6357225bc','',1,1,0,'2020-08-28 15:36:46','2020-08-28 15:36:46','','0000-00-00 00:00:00'),(11,1,1,1,3,1,0,'','','','ram','krishna','ramganesh3538@gmail.com','$2y$10$d4moP3UtPAZaVAC7s.W7qun7T3lEi.jD6wSVO6GdGnmUz.HSIvQfu','2020-09-02 16:12:34','1995-06-24',0,'','0000-00-00 00:00:00',0,'',0.000000,0,0,'dcd2bb2f6d4aaac8064d85df8ca07037','',1,0,0,'2020-09-03 00:12:34','2020-09-03 00:12:34','','0000-00-00 00:00:00'),(12,1,1,1,2,1,0,'','','','bbhfhfc','gfcnbvnbv','gfhfjhgfghf@hotmail.com','$2y$10$WQqKwTe7mEH.udsx1dhA7.8Ywm65zkp4MGmOw8/ht6L4rmNdyhO3O','2020-09-27 07:31:50','0000-00-00',0,'','0000-00-00 00:00:00',0,'',0.000000,0,0,'b847b15f67248e86ed62c87dd196bb1f','',1,1,0,'2020-09-27 15:31:50','2020-09-27 15:31:50','','0000-00-00 00:00:00'),(13,1,1,0,3,1,0,'','','','Sebas','Luna','josebaluna@gmail.com','$2y$10$RJc6m9Q2dlHtwRR3.Zgose1vko0I/fODc9QRJdqT.bshVs9auDAk.','2020-09-29 23:08:57','0000-00-00',0,'','0000-00-00 00:00:00',0,'',0.000000,0,0,'209547b0156c0ede317be70591dfba7b','',1,0,0,'2020-09-30 07:08:57','2020-09-30 07:08:57','','0000-00-00 00:00:00'),(14,1,1,0,3,1,0,'','','','Jautos','Effe','jautosenquiries@gmail.com','$2y$10$nb/zcY.vFF1fkzCTqMYCJe39TkE6Y7SZI1e9EZJeY57f9S92keTiu','2020-10-02 02:36:29','0000-00-00',1,'','2020-10-02 10:36:29',1,'',0.000000,0,0,'69fb73acf834e843682dfbe1507cee07','',1,0,0,'2020-10-02 10:36:29','2020-10-02 10:36:29','','0000-00-00 00:00:00'),(15,1,1,1,3,1,0,'','','','Lois','Ayala','voqy@mailinator.com','$2y$10$PhY3T0jzZWosyHi5fgVS2.53hD1GcUFWf5BBmtAq2NOw4KXqrzHf.','2020-11-17 22:18:41','0000-00-00',0,'','0000-00-00 00:00:00',0,'',0.000000,0,0,'0a3d55d5389c163047722e93d5e3179d','',1,0,0,'2020-11-18 05:18:41','2020-11-18 05:18:41','','0000-00-00 00:00:00'),(16,1,1,0,2,5,0,'','','','a','a','administracion@logbiz.biz','$2y$10$cANZQRI1lpg15K/3PuY31uMjKbte90XH9Ug/XKP/GcRx.1bN7qyhy','2020-11-19 21:02:28','0000-00-00',0,'','0000-00-00 00:00:00',0,'',0.000000,0,0,'5983d0c1749441ba57ac3a0baeadc687','',1,1,0,'2020-11-20 04:02:28','2020-11-20 04:02:28','','0000-00-00 00:00:00'),(17,1,1,1,3,1,0,'','','','TESTT','KH','kh@gmail.com','$2y$10$XAgsaFIFYJLkyW5HffTrX.e3FXI3.GMpri1isYcJTN7hfdgJn34DS','2020-11-20 02:57:00','0000-00-00',0,'','0000-00-00 00:00:00',0,'',0.000000,0,0,'55992f5dcc514104f968908e20d915b5','',1,0,0,'2020-11-20 09:57:00','2020-11-20 09:57:00','','0000-00-00 00:00:00'),(18,1,1,1,3,1,0,'','','','CHARALAMPOS','KIKIDOPOULOS','musclebody@freemail.gr','$2y$10$z99Both7dr1byue/QuB1/.kTfIjYDL/p4nQciTQU3oH80G2.2bXjW','2020-11-21 12:09:05','0000-00-00',0,'','0000-00-00 00:00:00',0,'',0.000000,0,0,'1a260fe23e10122587723f4fc36dbe85','',1,0,0,'2020-11-21 19:09:05','2020-11-21 19:09:05','','0000-00-00 00:00:00'),(19,1,1,2,2,1,0,'','','','Ijj','Hugg','jghi@gnt.com','$2y$10$0KAjI6DV9FMc2rZS34hZZuCF5Hx.Y2bJSpnl5s/BnjyXE7D1.Mjj2','2020-12-03 02:59:22','0000-00-00',0,'','0000-00-00 00:00:00',0,'',0.000000,0,0,'bed393022ccadab517358c0b8697aaaa','',1,1,0,'2020-12-03 09:59:22','2020-12-03 09:59:22','','0000-00-00 00:00:00'),(20,1,1,0,3,1,0,'','','','AZIZ','ZAGHARI','celioaz@gmail.com','$2y$10$Jtt1aHG8YazOL9rjct6upObYmi1DGu/AW98QdF0zRBCwmwX56P2Qy','2020-12-10 01:24:47','0000-00-00',0,'','0000-00-00 00:00:00',0,'',0.000000,0,0,'a95c5711049428812eeae1a7b1d38ade','',1,0,0,'2020-12-10 08:24:47','2020-12-10 08:24:47','','0000-00-00 00:00:00'),(21,1,1,1,2,1,0,'','','','dgfhfjhdsgd','gdhf','afdgsfhgda@adgsfha.de','$2y$10$PLulJ9edjEt98P63grqeE.O97ypeETdwM4y5g3Q6Ty2vbQsKk7Og2','2020-12-17 07:05:43','1990-09-09',0,'','0000-00-00 00:00:00',1,'',0.000000,0,0,'91656d26a72db2287669b840690de6bb','',1,1,0,'2020-12-17 14:05:43','2020-12-17 14:05:43','','0000-00-00 00:00:00'),(22,1,1,1,2,1,0,'','','','Ghb','Fccc','bbv@hgb.com','$2y$10$S2XoyZnFIw7MAzZGM2vV0e6n3jA6X3kAzUU3IeLwZiC6PKZNqtl.u','2021-01-22 21:44:11','0000-00-00',0,'','0000-00-00 00:00:00',0,'',0.000000,0,0,'f245f5c4f2530bdb8f23f8e3d0bf3046','',1,1,0,'2021-01-23 04:44:11','2021-01-23 04:44:11','','0000-00-00 00:00:00'),(23,1,1,1,3,1,0,'','','','Kamil','Boda','boda@int.pl','$2y$10$A.prhKGi6X1CF6KN7t238O3cyh6OQRv2kJuqaufVoCrmbyEgCEpw2','2021-01-26 04:56:05','1995-05-07',0,'','0000-00-00 00:00:00',1,'',0.000000,0,0,'8f12e5316c13c18e7742b58fb67cacc5','',1,0,0,'2021-01-26 11:56:05','2021-01-26 11:56:05','','0000-00-00 00:00:00'),(24,1,1,1,2,6,0,NULL,NULL,NULL,'abood','abood','aboodmadi@gmail.com','$2y$10$G4tcpsSG5LMHQlsi5kSQT.W/CkR257s8iqeebU/UH9TvJP2CcnENa','2021-01-29 19:47:16','1999-05-31',1,NULL,'2021-01-30 02:47:16',0,NULL,0.000000,0,0,'0e3f59910a96f9daa9c06964bf0f289a',NULL,1,1,0,'2021-01-30 02:47:16','2021-01-30 08:27:17',NULL,'0000-00-00 00:00:00'),(25,1,1,1,2,1,0,NULL,NULL,NULL,'Дмитрий','Ст','info@stommater.by','$2y$10$Hg1dD5eK/Ao.pCbngaM31OIlT1RjF8E1J5EcZUT4m.teq5h5NYQDC','2021-02-10 19:34:58','0000-00-00',0,NULL,'0000-00-00 00:00:00',0,NULL,0.000000,0,0,'4a9f7967e54a2eb2c4e44c05834aeaf8',NULL,1,1,0,'2021-02-11 02:34:58','2021-03-10 10:47:57',NULL,'0000-00-00 00:00:00'),(26,1,1,1,2,1,0,'','','','yakup','ayata','yakupcanayata@gmail.com','$2y$10$PD9Ok9tQ4M2HyEf8NMH3HuokOUjjCw1wcJStdXZyB8NV9f.6wl82W','2021-02-12 02:25:29','1971-11-11',0,'','0000-00-00 00:00:00',0,'',0.000000,0,0,'f66246d3e26e7a4f69fc3df89014e1d2','',1,1,0,'2021-02-12 09:25:29','2021-02-12 09:25:29','','0000-00-00 00:00:00'),(27,1,1,1,2,1,0,'','','','Eric','Sena','ericsenna@gmail.com','$2y$10$HmriOOEyzM87KSNrndTVYu.0nnDlG6./43S1wrP7U2GbJBuPVNH9u','2021-02-12 02:32:36','0000-00-00',1,'','2021-02-12 09:32:36',1,'',0.000000,0,0,'0ee1df3923d0e5b5729a98f0b60c9f22','',1,1,0,'2021-02-12 09:32:36','2021-02-12 09:32:36','','0000-00-00 00:00:00'),(28,1,1,1,3,1,0,NULL,NULL,NULL,'mahedi','jshshsj','mahedihasanszoom@gmail.com','$2y$10$FC.AzOnp2p54DaB5D14ZiuuqSNIY2zq.g9ShliMBBW/emP/31pdyu','2021-02-15 03:58:43','2012-05-18',1,NULL,'2021-02-15 10:58:44',1,NULL,0.000000,0,0,'0c8c7f765d182285ad2c1839dd308581',NULL,1,0,0,'2021-02-15 10:58:43','2021-02-15 10:58:44',NULL,'0000-00-00 00:00:00'),(29,1,1,2,2,1,0,'','','','bb','bbb','bbbb@gmail.com','$2y$10$0pbv.QAYfoGr28UE8IFDKO7jeaDkPITtkgH5ijvaLyfxY1w.HD8IK','2021-02-26 18:17:17','2000-04-02',0,'','0000-00-00 00:00:00',0,'',0.000000,0,0,'52231144087215601c3c9bcccf777b1c','',1,1,0,'2021-02-27 01:17:17','2021-02-27 01:17:17','','0000-00-00 00:00:00'),(30,1,1,0,2,1,0,'','','','asdas','dddd','a@b.com','$2y$10$GQa8Bf7qxNm5ZwcXZTyekukY6EFWE5a.50DkRFRt7VBl5HHbi/RhC','2021-03-05 03:48:26','0000-00-00',0,'','0000-00-00 00:00:00',0,'',0.000000,0,0,'8283698124235405c5fbbffe6c1db519','',1,1,0,'2021-03-05 10:48:26','2021-03-05 10:48:26','','0000-00-00 00:00:00'),(31,1,1,1,2,1,0,'','','','FRANK','FRANK','valdiviaone@hotmail.com','$2y$10$zuifvDO0V1Wpeqlt7QZn.uuLSSxtOvFqt8v21qCvqvsX67.5tiSdi','2021-03-05 08:30:45','0000-00-00',1,'','2021-03-05 15:30:45',1,'',0.000000,0,0,'f4b99255d05f7073d15ee59e71e041bd','',1,1,0,'2021-03-05 15:30:45','2021-03-05 15:30:45','','0000-00-00 00:00:00'),(32,1,1,0,3,1,0,'','','','Tuan','Vu','xuantuan211088@gmail.com','$2y$10$yN6PrzN9fIFb6/mtDnGtDOr8O2QWOtphltotbDE9447cIwRpx7P3q','2021-03-07 15:39:18','0000-00-00',0,'','0000-00-00 00:00:00',0,'',0.000000,0,0,'832f690309145b2f4c35755826f932fe','',1,0,0,'2021-03-07 22:39:18','2021-03-07 22:39:18','','0000-00-00 00:00:00'),(33,1,1,1,2,1,0,'','','','Jelena','tim','radjenovicmilos@gmail.com','$2y$10$7U0mQzi4CSv/k2VBaNuI/.AWQg0lxDLtz2qWJkFgpXCPTZVqMDr5u','2021-03-15 07:57:21','0000-00-00',0,'','0000-00-00 00:00:00',0,'',0.000000,0,0,'06b308cbdb882857b7feacf1309e5fc1','',1,1,0,'2021-03-15 14:57:21','2021-03-15 14:57:21','','0000-00-00 00:00:00'),(34,1,1,0,3,1,0,'','','','test','test','test@test.fr','$2y$10$mMSrMUPta3mXeUvHLlh5reXUtDrtdVrKmqZ/hdW.HkNE.rJiaoya2','2021-03-16 04:17:51','0000-00-00',0,'','0000-00-00 00:00:00',0,'',0.000000,0,0,'0cd7b07fe0b1a18a2edbf1e5b20d6740','',1,0,0,'2021-03-16 11:17:51','2021-03-16 11:17:51','','0000-00-00 00:00:00'),(35,1,1,0,3,1,0,'','','','budi','hsdec','budirx78@gmail.com','$2y$10$yJERA/pEL3ccdAfpfBF6BOG4bqhGkCo8fw0vggKK25yR/2aaGBfC6','2021-03-28 02:04:30','0000-00-00',0,'','0000-00-00 00:00:00',0,'',0.000000,0,0,'c9d2d6e92a410c7b35f9dad2d1c60fe3','',1,0,0,'2021-03-28 10:04:30','2021-03-28 10:04:30','','0000-00-00 00:00:00'),(36,1,1,1,2,5,0,'','','','hyhy','hyhy','me@gmail.com','$2y$10$LmI.6s3OgTfadvQJjg4gn.2jMGoYi6TTeaf2KhJd4nR8EhZ8NEL6y','2021-04-06 20:10:16','0000-00-00',0,'','0000-00-00 00:00:00',0,'',0.000000,0,0,'65f67c1e484b23c7eea412ddd6b6d544','',1,1,0,'2021-04-07 04:10:16','2021-04-07 04:10:16','','0000-00-00 00:00:00'),(37,1,1,1,3,1,0,'','','','sdf','sdf','admin@demo.com','$2y$10$BiiMGOuz3xMwOCbwSXUPGeavuFIJ0FUyBxRrRJJPH.XVcpwxBESDS','2021-04-07 22:31:57','2000-01-01',0,'','0000-00-00 00:00:00',0,'',0.000000,0,0,'1e354e332037a65ccbf5ec5c2340ddbd','',1,0,0,'2021-04-08 06:31:57','2021-04-08 06:31:57','','0000-00-00 00:00:00'),(38,1,1,1,3,1,0,'','','','test','test','florimsalihuarchi@gmail.com','$2y$10$OVNJ/Vi2VspaLOqNuzlus.cvXUPPvYKx/eNqRzoJzGeBnJSMUdmem','2021-04-16 11:27:51','1970-05-31',0,'','0000-00-00 00:00:00',1,'',0.000000,0,0,'46afe633bc0caaeb003d5562d77b5f0c','',1,0,0,'2021-04-16 19:27:51','2021-04-16 19:27:51','','0000-00-00 00:00:00'),(39,1,1,1,3,1,0,'','','','test','test','asdfasd@hotmail.com','$2y$10$s6BqJuGozhrKlINTqPNwFug.E37RNXdcr1V0yiVakYidijQv2kNna','2021-04-29 06:45:14','0000-00-00',0,'','0000-00-00 00:00:00',0,'',0.000000,0,0,'36b5cc5cb52dd14021ba8d28cc5dc37f','',1,0,0,'2021-04-29 14:45:14','2021-04-29 14:45:14','','0000-00-00 00:00:00'),(40,1,1,0,3,1,0,'','','','TEST','TESTT','test@test.com','$2y$10$UrpwxkUzCDOpGc7fOhOTpulsldohoCx/0xKplT6XID4916XEDpBsO','2021-06-11 18:36:22','1981-01-01',0,'','0000-00-00 00:00:00',0,'',0.000000,0,0,'22c17a07f19a638a841fb687f552d196','',1,0,0,'2021-06-12 02:36:22','2021-06-12 02:36:22','','0000-00-00 00:00:00'),(41,1,1,1,2,1,0,'','','','ffgfgfg','gffgfg','sdasdad@dsdff.com','$2y$10$qZmJv4Y8ODh5N34rTfzOLehOdkUPtHJqQtmwT9s52wBPYOcMDpT8m','2021-06-24 08:49:59','1986-01-01',1,'','2021-06-24 16:49:59',1,'',0.000000,0,0,'a9327ba88f492018fa3458ace2ab7dc0','',1,1,0,'2021-06-24 16:49:59','2021-06-24 16:49:59','','0000-00-00 00:00:00'),(42,1,1,1,3,1,0,'','','','ffgfgfg','gdfgdfg','dgdfgdfg@dsfsdf.com','$2y$10$EDqq7hekMn.JEYn3hkiSfuqVB7D3cq4I81esO//FILC9QkyCDgQU2','2021-06-29 10:10:58','1986-05-09',1,'','2021-06-29 18:10:58',1,'',0.000000,0,0,'61229474e1962894b24ae5de5cd29ee5','',1,0,0,'2021-06-29 18:10:58','2021-06-29 18:10:58','','0000-00-00 00:00:00'),(43,1,1,1,2,1,0,NULL,NULL,NULL,'asdasd','asdasd','asdasd@gmail.com','$2y$10$QzBGboVOaymfSeFlwNMWVuaItSFa38DtS8MzMtXx1iSmivGZuaLMS','2021-07-06 05:20:53','0000-00-00',0,NULL,'0000-00-00 00:00:00',0,NULL,0.000000,0,0,'9ce9e1e748ffbcff63f3b2c8d3318cd2',NULL,1,1,0,'2021-07-06 13:20:53','2021-07-06 13:20:54',NULL,'0000-00-00 00:00:00'),(44,1,1,0,3,1,0,'','','','fas','jih','ih@yahooc.om','$2y$10$u4U6hEfB9rbGUcL6PNg8EOTSU7JodLtSYQOFIU53Ec/CXn0b1DJcG','2021-08-03 15:39:23','0000-00-00',0,'','0000-00-00 00:00:00',0,'',0.000000,0,0,'f34a8c2b24d4a577312ce76b02cb7ba8','',1,0,0,'2021-08-03 23:39:23','2021-08-03 23:39:23','','0000-00-00 00:00:00'),(45,1,1,1,2,1,0,'','','','aytaç','gogu','aytacgogu62@gmail.com','$2y$10$D49G9jZtAzYoQOjSRl4eROwlX8.ZTFZw7Db3tjwOkKvgUZboyn0T.','2021-09-01 14:42:29','1997-04-19',0,'','0000-00-00 00:00:00',1,'',0.000000,0,0,'23692069ee52924c695c80e3cc5047ed','',1,1,0,'2021-09-01 22:42:29','2021-09-01 22:42:29','','0000-00-00 00:00:00'),(46,1,1,1,2,1,0,'','','','adasda','adsasda','asds@ansd.bg','$2y$10$PGQWZoeh3Xf7vBANxJAUKOO8rut4aO.zXHHpriFj5zO8ach.ly7XK','2021-09-08 10:49:20','0000-00-00',0,'','0000-00-00 00:00:00',0,'',0.000000,0,0,'f0e4b9cb28ff7d5961c91564faadb09b','',1,1,0,'2021-09-08 18:49:20','2021-09-08 18:49:20','','0000-00-00 00:00:00'),(47,1,1,1,2,1,0,'','','','test','test','test123456789412348965@test.com','$2y$10$sFloBZ8TbG7hgmUfV7hcKe901eyrCBCCyAXXjI819rYpBhKG1wQCS','2021-09-10 18:53:18','0000-00-00',0,'','0000-00-00 00:00:00',0,'',0.000000,0,0,'d35b88c3496c43c4a204c42ed694df2d','',1,1,0,'2021-09-11 02:53:18','2021-09-11 02:53:18','','0000-00-00 00:00:00'),(48,1,1,1,3,1,0,'','','','Patrick','Orsos','orsospatrick08@gmail.com','$2y$10$G0DG/4Xt4KENB7SQGZkN0.QAvbBgO7vwoZKx76agMU49ACAzkOA06','2021-09-15 07:01:30','0000-00-00',0,'','0000-00-00 00:00:00',0,'',0.000000,0,0,'8ae9efc8c8390efab1b9979bfe12550f','',1,0,0,'2021-09-15 15:01:30','2021-09-15 15:01:30','','0000-00-00 00:00:00'),(49,1,1,1,3,1,0,'','','','Dan','Tom','adsdad@adsd.pl','$2y$10$QGp//1sh2u8aQn44/D7J.uwUxqx0k.Y53bLeDmpUnAGS6Jgvlp/W2','2021-09-23 02:37:22','0000-00-00',0,'','0000-00-00 00:00:00',0,'',0.000000,0,0,'89a5c13737192b8ffa005686f070af58','',1,0,0,'2021-09-23 10:37:22','2021-09-23 10:37:22','','0000-00-00 00:00:00'),(50,1,1,1,3,1,0,'','','','Dan','Tom','bamibol863@soulsuns.com','$2y$10$AlljvvpiYW8CKkoaw.8qYORGDkIuSfxWagxmAPjTKjFNHnkq0tcZu','2021-09-23 03:09:52','0000-00-00',0,'','0000-00-00 00:00:00',0,'',0.000000,0,0,'5b1e3d3adf50f3205e0ccca985003e2d','',1,0,0,'2021-09-23 11:09:52','2021-09-23 11:09:52','','0000-00-00 00:00:00'),(51,1,1,0,3,1,0,'','','','test','sbd','test@gmail.com','$2y$10$GtkaU8N06r2P/xfuVW3GFuywPez/CV1gEu2MOoqVPZz38Qsa.C3N2','2021-10-03 19:04:13','0000-00-00',0,'','0000-00-00 00:00:00',0,'',0.000000,0,0,'a70c84135bc5feb60481f83b9e76b42d','',1,0,0,'2021-10-04 03:04:13','2021-10-04 03:04:13','','0000-00-00 00:00:00'),(52,1,1,1,2,1,0,'','','','John','Brredon','bredon@mail.com','$2y$10$M8NBc4tT1jKuEa0GLUKafeUxIpvao5vIQbQFCNvTo5HCzHSOmau6K','2021-10-14 02:48:06','0000-00-00',1,'','2021-10-14 10:48:06',1,'',0.000000,0,0,'446d539106fe16b473652125b180d182','',1,1,0,'2021-10-14 10:48:06','2021-10-14 10:48:06','','0000-00-00 00:00:00'),(53,1,1,1,2,1,0,'','','','Arif','Billah','emran.alarif8@gmail.com','$2y$10$Qg83ye5adfDojHLOh4YsbuLhYvYYy60YndVQ9Rjvvelj2GOHSd/gG','2021-10-25 21:53:03','0000-00-00',0,'','0000-00-00 00:00:00',0,'',0.000000,0,0,'523bf32ae10ae2721e264980285f70a3','',1,1,0,'2021-10-26 05:53:03','2021-10-26 05:53:03','','0000-00-00 00:00:00'),(54,1,1,2,2,1,0,'','','','u','u','salmaskaik@gmail.com','$2y$10$o8yc8amPlwaZ6yjfUWflAePWEvKADp/mn.q6UjF3yHjkfj4xk3gYG','2021-11-09 02:13:03','1989-11-03',1,'','2021-11-09 09:13:03',1,'',0.000000,0,0,'23f3b639fce14535adacedc3ad6739ed','',1,1,0,'2021-11-09 09:13:03','2021-11-09 09:13:03','','0000-00-00 00:00:00'),(55,1,1,1,2,1,0,'','','','Ifkrk','Eurkk','djkdke@jeuzi.fr','$2y$10$uESwGgNJ8zFSs/Yo.2g12O93rSkCNf0xCMIFOfZZt6IpXLNDRZHcm','2021-11-11 00:23:39','1998-12-06',0,'','0000-00-00 00:00:00',0,'',0.000000,0,0,'0ec5f40f126d445c7985a961922a1cd2','',1,1,0,'2021-11-11 07:23:39','2021-11-11 07:23:39','','0000-00-00 00:00:00'),(56,1,1,1,2,1,0,'','','','Yaya','Ahah','sh@gmail.com','$2y$10$SQeR5hQ3vcP2rJszXjSLx..GEIbNoNxtxRiH5Ud.HI3PILqzRXGRO','2021-11-12 10:33:32','0000-00-00',0,'','0000-00-00 00:00:00',0,'',0.000000,0,0,'aeb2842165f6b58339a2a4c88803dd7b','',1,1,0,'2021-11-12 17:33:32','2021-11-12 17:33:32','','0000-00-00 00:00:00'),(57,1,1,1,2,1,0,'','','','da','ad','asd@yahoo.com','$2y$10$oOJWm7BoufhX5.JOR8Zkge1lCPrfrmZyBUcdn6IE.GMdRjeymvR/y','2021-11-18 08:30:24','0000-00-00',0,'','0000-00-00 00:00:00',0,'',0.000000,0,0,'e2c4e95070195f21aa94f1c90c00339e','',1,1,0,'2021-11-18 15:30:24','2021-11-18 15:30:24','','0000-00-00 00:00:00'),(58,1,1,0,3,1,0,'','','','Sklep','Wrocław','makarony7@wp.pl','$2y$10$oEZAcfCyVPJ.fC/7Xw0Doev9kmTttjhQMfE/BKEayCvQsV667nIvq','2021-11-23 01:20:49','0000-00-00',0,'','0000-00-00 00:00:00',0,'',0.000000,0,0,'4f31f238e323485f800bfbf9659ce78e','',1,0,0,'2021-11-23 08:20:49','2021-11-23 08:20:49','','0000-00-00 00:00:00'),(59,1,1,0,3,1,0,'','','','sfdsfs','fdfdf','dfsfsd@gmail.com','$2y$10$XD72EJ8o3EmfCkvMftxSV.ukXDoiGicHyjiozivL9JJV6uFDikJpi','2021-11-28 01:30:51','2002-04-16',0,'','0000-00-00 00:00:00',0,'',0.000000,0,0,'91654a9a6fda6654c489e0d9d24b4190','',1,0,0,'2021-11-28 08:30:51','2021-11-28 08:30:51','','0000-00-00 00:00:00'),(60,1,1,1,2,4,0,'','','','w','qw','diemmedia@libero.it','$2y$10$TAkEEqlTx6QC57hUwVDOuem2PdPy1QG5.bsdnX7aU47VLmbVdDX76','2021-11-30 06:55:45','2000-05-01',0,'','0000-00-00 00:00:00',0,'',0.000000,0,0,'30bc588d4a4a1de4057f7ac51ce66c71','',1,1,0,'2021-11-30 13:55:45','2021-11-30 13:55:45','','0000-00-00 00:00:00'),(61,1,1,0,2,1,0,'','','','stedsfs','sasd','sdsada@adad.com','$2y$10$C2O2E62EobXUZNfweHUb5.Q4XtGoO2jjHV5qBEjyAlpGoN/5Hcwey','2021-12-04 19:21:12','0000-00-00',0,'','0000-00-00 00:00:00',0,'',0.000000,0,0,'ebf24f42e729c23731e4d888446dfcfc','',1,1,0,'2021-12-05 02:21:12','2021-12-05 02:21:12','','0000-00-00 00:00:00'),(62,1,1,1,2,1,0,'','','','Francisco','Marin','francisco.saavedra.marin@gmail.com','$2y$10$0jkYp1VfNuI106DmRE8dauAbb9mtSNmmcrsDnRaW.oqSsMnCchcee','2021-12-08 00:49:14','0000-00-00',0,'','0000-00-00 00:00:00',0,'',0.000000,0,0,'8c223e0bcb48838edfce89be0acfe088','',1,1,0,'2021-12-08 07:49:14','2021-12-08 07:49:14','','0000-00-00 00:00:00'),(63,1,1,0,3,1,0,'','','','Christian','H','hxris09@gmail.com','$2y$10$JclAw7xcXPf3fn62mxv0JuxwURxHfkphZ1vwlT.1jbEHFJeBbph82','2021-12-08 20:44:02','0000-00-00',0,'','0000-00-00 00:00:00',0,'',0.000000,0,0,'a40f777351641c24ad6b1a7f0ea56c60','',1,0,0,'2021-12-09 03:44:02','2021-12-09 03:44:02','','0000-00-00 00:00:00'),(64,1,1,1,2,1,0,'','','','asdad','asd','asdasd@asd.com','$2y$10$RavmXPJ.edreqnwYNzIFOeyM5LdVOYgy9XgXfGc.SXDFqgWgN8H5u','2021-12-20 00:37:12','2000-05-31',0,'','0000-00-00 00:00:00',0,'',0.000000,0,0,'41047462cf7b6bb471da9bc1057d8e20','',1,1,0,'2021-12-20 07:37:12','2021-12-20 07:37:12','','0000-00-00 00:00:00'),(65,1,1,1,3,1,0,'','','','Ad','em','adem@gmail.com','$2y$10$Lgwb9vwoOzhDpBOAMis0.uKhCTnkzagLYBq.vh8jMLYO7ET36Iuni','2021-12-25 05:03:17','0000-00-00',0,'','0000-00-00 00:00:00',0,'',0.000000,0,0,'603b119ce51e1c653789f1419e072cc8','',1,0,0,'2021-12-25 12:03:17','2021-12-25 12:03:17','','0000-00-00 00:00:00'),(66,1,1,0,3,1,0,'','','','Guetta Desire','ALLOU','allouguetta@gmail.com','$2y$10$oGkhZEqKOKN.kjZFgJF4vOa2eYxUmmErB6aY1VyHzPxivKyE2WCeq','2021-12-28 21:21:05','0000-00-00',0,'','0000-00-00 00:00:00',0,'',0.000000,0,0,'53629bcf7c5efc61bccae644435f8dd4','',1,0,0,'2021-12-29 04:21:05','2021-12-29 04:21:05','','0000-00-00 00:00:00'),(67,1,1,1,2,1,0,NULL,NULL,NULL,'sdfsdf','fsgfg','ggfgf@gsvv.fr','$2y$10$otNycSAjRdZ2IRVaVI8E0u88kxwEwWSJDSLK8gWqWBYQbG5sR48oC','2021-12-29 00:41:27','0000-00-00',0,NULL,'0000-00-00 00:00:00',0,NULL,0.000000,0,0,'026bb4605170d105f713147a08c4e730',NULL,1,1,0,'2021-12-29 07:41:27','2021-12-29 07:54:24',NULL,'0000-00-00 00:00:00'),(68,1,1,1,2,1,0,'','','','Smith','Anderson','deo@demo.com','$2y$10$XoMO1MgNczMLFCxxkcq/XehBct1zx4Oa5KkZlrJO1P3JEwVu8lmmO','2022-01-04 04:23:32','0000-00-00',0,'','0000-00-00 00:00:00',0,'',0.000000,0,0,'f7d0afa0c9197f32be97d18719c12fd0','',1,1,0,'2022-01-04 11:23:32','2022-01-04 11:23:32','','0000-00-00 00:00:00'),(69,1,1,0,2,1,0,'','','','Павло','Безушко','pawlo0677@gmail.com','$2y$10$MfNky3c4sFvDGt3utfEdcuTMaDILtaFhTLimgOjwwrDji3V35pmRK','2022-01-16 00:26:07','0000-00-00',0,'','0000-00-00 00:00:00',0,'',0.000000,0,0,'5328a81ff76a4573cc8a778baf2ba31d','',1,1,0,'2022-01-16 07:26:07','2022-01-16 07:26:07','','0000-00-00 00:00:00'),(70,1,1,1,2,1,0,'','','','Mondi','Bregu','mondibregu@xyz.com','$2y$10$eyuzNoMYFFHyqDRxzIBYQuh1AxJFzeRaOiIj5FFn3aOOlIiWYWALy','2022-01-29 06:41:40','0000-00-00',0,'','0000-00-00 00:00:00',0,'',0.000000,0,0,'c5ea834711b7c24f855a64f47e075b93','',1,1,0,'2022-01-29 13:41:40','2022-01-29 13:41:40','','0000-00-00 00:00:00'),(71,1,1,0,2,1,0,'','','','Test','Testsen','test123@test.com','$2y$10$XsYgCWPXD8OFbQuPr4FdBuCyzFpBZRJP0oTS68Br/g6htGrK.Aopy','2022-02-09 02:43:51','0000-00-00',0,'','0000-00-00 00:00:00',0,'',0.000000,0,0,'0a80ba51a6bdb5a00cb99e0b9645dc50','',1,1,0,'2022-02-09 09:43:51','2022-02-09 09:43:51','','0000-00-00 00:00:00'),(72,1,1,0,3,6,0,'','','','tarek','insar','azouniazouni2@gmail.com','$2y$10$UaPWzkylXHuFtGhVHUPWYOFWAtllvXB0qahOqZZ9IlIGLQlmM102W','2022-02-10 01:15:13','0000-00-00',0,'','0000-00-00 00:00:00',0,'',0.000000,0,0,'3335277412115e4c07dc3e3af616c4fc','',1,0,0,'2022-02-10 08:15:13','2022-02-10 08:15:13','','0000-00-00 00:00:00'),(73,1,1,0,2,1,0,'','','','Test','Testsen','demo@fanamac.com','$2y$10$lGg6G7S3D8i4sLlsYknHWO.eaIs.2DIVUfM02Vc0lc/fET2CGHj1C','2022-02-11 00:06:56','0000-00-00',0,'','0000-00-00 00:00:00',0,'',0.000000,0,0,'9ca643e170fe42412d69187751971f8c','',1,1,0,'2022-02-11 07:06:56','2022-02-11 07:06:56','','0000-00-00 00:00:00'),(74,1,1,0,2,1,0,'','','','Radek','Charbuský','info@spcerky-piercing.cz','$2y$10$yV9Jn8jwvHHPQkfig0eJJuXhKbG6A1ppoxuSWgySmRbjCQs0WZzha','2022-02-17 23:50:44','0000-00-00',0,'','0000-00-00 00:00:00',0,'',0.000000,0,0,'7e686b748b03db57ddc85d8001edad19','',1,1,0,'2022-02-18 06:50:44','2022-02-18 06:50:44','','0000-00-00 00:00:00'),(75,1,1,0,2,1,0,'','','','demo','demo','demo@gmail.com','$2y$10$GtZr.iN12hk1Axty8w0aJuBb.uf16uOVy1PJqvDkwo56XUOKamxdK','2022-02-28 19:38:28','0000-00-00',0,'','0000-00-00 00:00:00',0,'',0.000000,0,0,'e68556b93fe69d82256de768d6057a94','',1,1,0,'2022-03-01 02:38:28','2022-03-01 02:38:28','','0000-00-00 00:00:00'),(76,1,1,1,3,1,0,'','','','Graziano','Santonocito','g.santonocito@pixelagency.it','$2y$10$9iNdLZD3OrmvYiHe4Tfm3eolnY8K./td8c9BJyK9FY761c0NWE98a','2022-03-08 01:03:42','0000-00-00',0,'','0000-00-00 00:00:00',1,'',0.000000,0,0,'1c7c4d8ef0c6295e333af5145b912940','',1,0,0,'2022-03-08 08:03:42','2022-03-08 08:03:42','','0000-00-00 00:00:00'),(77,1,1,1,3,1,0,'','','','dsgdfg','dsfgdfg','dfgdfg@dasdasd.pl','$2y$10$c3i.U/ID3RakB0MnhitE1.60Ef4vrAW1Jp49st/zf4E2bN.Rhi4vq','2022-03-15 02:40:40','0000-00-00',0,'','0000-00-00 00:00:00',0,'',0.000000,0,0,'7be9c9e2ea5a560f948de2146c20d431','',1,0,0,'2022-03-15 09:40:40','2022-03-15 09:40:40','','0000-00-00 00:00:00'),(78,1,1,0,3,1,0,'','','','Sal','Octavius','Virtueinprogress@gmail.com','$2y$10$Y.VulGEZ9naK0kY31R/2Y.coX1MAfpR.oMecJwgmDOsBaB.0Abb/6','2022-03-17 12:48:36','0000-00-00',0,'','0000-00-00 00:00:00',0,'',0.000000,0,0,'82916d54a090b084da8e9ea4fa289194','',1,0,0,'2022-03-17 19:48:36','2022-03-17 19:48:36','','0000-00-00 00:00:00'),(79,1,1,0,3,1,0,'','','','Marcos','Ochieng','marcosgav80@gmail.com','$2y$10$BkZ83hJcuJ38bLLnkZiBRudXE.OZ9T7P0NIIdnsOtFLiOgWGsj98W','2022-05-25 07:14:24','0000-00-00',0,'','0000-00-00 00:00:00',0,'',0.000000,0,0,'07089051fe37e1be859cfa40abf47b90','',1,0,0,'2022-05-25 15:14:24','2022-05-25 15:14:24','','0000-00-00 00:00:00');

--
-- Table structure for table `ps_customer_group`
--

CREATE TABLE `ps_customer_group` (
  `id_customer` int(10) unsigned NOT NULL,
  `id_group` int(10) unsigned NOT NULL,
  PRIMARY KEY (`id_customer`,`id_group`),
  KEY `customer_login` (`id_group`),
  KEY `id_customer` (`id_customer`)
) ENGINE=InnoDB DEFAULT CHARSET=utf8;

--
-- Dumping data for table `ps_customer_group`
--

INSERT INTO `ps_customer_group` VALUES (1,3),(2,3),(3,2),(4,2),(5,2),(6,2),(7,3),(8,3),(9,3),(10,2),(11,3),(12,2),(13,3),(14,3),(15,3),(16,2),(17,3),(18,3),(19,2),(20,3),(21,2),(22,2),(23,3),(24,2),(25,2),(26,2),(27,2),(28,3),(29,2),(30,2),(31,2),(32,3),(33,2),(34,3),(35,3),(36,2),(37,3),(38,3),(39,3),(40,3),(41,2),(42,3),(43,2),(44,3),(45,2),(46,2),(47,2),(48,3),(49,3),(50,3),(51,3),(52,2),(53,2),(54,2),(55,2),(56,2),(57,2),(58,3),(59,3),(60,2),(61,2),(62,2),(63,3),(64,2),(65,3),(66,3),(67,2),(68,2),(69,2),(70,2),(71,2),(72,3),(73,2),(74,2),(75,2),(76,3),(77,3),(78,3),(79,3);

--
-- Table structure for table `ps_customer_message`
--

CREATE TABLE `ps_customer_message` (
  `id_customer_message` int(10) unsigned NOT NULL AUTO_INCREMENT,
  `id_customer_thread` int(11) DEFAULT NULL,
  `id_employee` int(10) unsigned DEFAULT NULL,
  `message` mediumtext NOT NULL,
  `file_name` varchar(18) DEFAULT NULL,
  `ip_address` varchar(16) DEFAULT NULL,
  `user_agent` varchar(128) DEFAULT NULL,
  `date_add` datetime NOT NULL,
  `date_upd` datetime NOT NULL,
  `private` tinyint(4) NOT NULL DEFAULT 0,
  `read` tinyint(1) NOT NULL DEFAULT 0,
  PRIMARY KEY (`id_customer_message`),
  KEY `id_customer_thread` (`id_customer_thread`),
  KEY `id_employee` (`id_employee`)
) ENGINE=InnoDB AUTO_INCREMENT=3 DEFAULT CHARSET=utf8;

--
-- Dumping data for table `ps_customer_message`
--

INSERT INTO `ps_customer_message` VALUES (1,1,0,'Myio','','','','2021-01-23 04:45:43','2021-01-23 04:45:43',1,0),(2,2,0,'CALL ME','','','','2021-03-05 15:32:32','2021-03-05 15:32:32',1,0);

--
-- Table structure for table `ps_customer_message_sync_imap`
--

CREATE TABLE `ps_customer_message_sync_imap` (
  `md5_header` varbinary(32) NOT NULL,
  KEY `md5_header_index` (`md5_header`(4))
) ENGINE=InnoDB DEFAULT CHARSET=utf8;

--
-- Dumping data for table `ps_customer_message_sync_imap`
--


--
-- Table structure for table `ps_customer_session`
--

CREATE TABLE `ps_customer_session` (
  `id_customer_session` int(11) unsigned NOT NULL AUTO_INCREMENT,
  `id_customer` int(10) unsigned DEFAULT NULL,
  `token` varchar(40) DEFAULT NULL,
  PRIMARY KEY (`id_customer_session`)
) ENGINE=InnoDB AUTO_INCREMENT=86 DEFAULT CHARSET=utf8;

--
-- Dumping data for table `ps_customer_session`
--

INSERT INTO `ps_customer_session` VALUES (1,2,'6e049d8edab7877103aaad75f68b09614adc5511'),(2,2,'6e4822f96642a47fc32e992e98c7ec7e8ce83b64'),(3,3,'7d2ad5c66bcdfbf8bcaabab5caee6263d1ed72b0'),(4,4,'049436a5af0eaa873ba4d5783ee8e50f3b21c60d'),(5,5,'138a231b54e5614f28ff5b3431ac3b6d4daf1ffc'),(6,6,'11f0d76b0776c41e30c614961fb99f27a69d5f88'),(7,7,'f305429a73a9a7599b508433f53fa1fc8593f37d'),(8,8,'1f06ae082460ac02ed316f5bce82076a762d73a6'),(9,8,'479f0db236739ce6f9879fd6bbd577337fc2813e'),(10,9,'bd81a493a990e501a6b0900ef516079e5579b72f'),(11,10,'6b6661998642df859a85de9d5fda9f1a8fe1cd8e'),(12,11,'b1a858020b1df9489aa07d59c1fd1a13868e5d92'),(13,12,'434dd6140ae27e9bba8543dd54ba3f60b75aa1a6'),(14,13,'07532fb677c1fc8ab74ea7a824ff98194da6e314'),(15,14,'ebcae24e0e0e21478b9f0929f7fd32979e896a00'),(16,15,'54e78f83b70770d49e485fbebd2997e7c2a1bc48'),(17,16,'091722e191f1f576d570c0e424c9f284e1065893'),(18,17,'7e3bd8d54ee5ca44efadb88dabf7b604704b06fb'),(19,18,'4083e8f799a28aba8c18b81471dab08a2880163b'),(20,19,'4c104f04fd0e1b815637bb594f78effc5414d0e4'),(21,20,'2c9ebae7336fe8671567f846f9b9140f56e18081'),(22,21,'b632cd7d89b6ca70f78749e5bf77c7b32c6307d0'),(23,22,'b5f577641e2d00469e883c9def49c29b89a6d02d'),(24,23,'5b4d7f6fefa914dda1e758fe866e6e2a2c7187a9'),(25,24,'2c043f540744cdf216bb20a6932513677f01d8b5'),(26,25,'b6c31535f9a2426aee4d1ac86c3d8c47a9a0bd14'),(27,26,'d679cf83ddc7822d991c2a441ddc4739650f5b25'),(28,27,'5b033a21e3622b2577d59378d506db5bdbdb1b4e'),(29,28,'ebe160f9a6c3871af38d963dfc64069f9a2991dd'),(30,28,'7a4b0554feeb68106b4dcbd289f88bcc1913fd71'),(31,29,'75a7afd4e5449ce7d3789206d6716d540fa7db30'),(32,30,'b1f97cddfc57c8f72b2b5aea200689c1c7e603e9'),(33,31,'ae5156703a91168df4168750af81fdefbdba9fb9'),(34,32,'c51e57ab08e07bda88c30ac4d288eb9da383456d'),(35,25,'ba6db0004cb45ecaddc1d807f4943c37d3d31cef'),(36,33,'891898c520ca8da20c1bf9de23d3bf9413d66fc5'),(37,34,'09f8e254ea8cb83d7b659d43a77f8df887d11a14'),(38,35,'8059f39e129cbccf273a2642cf2c8b407059c98c'),(39,36,'b035ba44b57a05b2b425efd69c7b9cee8bb7bda5'),(40,37,'700ca4a28cc82b69665bf62daeadc58987841d6b'),(41,38,'c8a0a0c3c4fddec332c1175dcc2c6b02571dcbae'),(42,39,'67daccf16cd9622ad14d9a0cb89a7c674903f304'),(43,40,'27538e53de31b6ddcf39c98a023662909e42d70e'),(44,41,'3396e39eaf27e57891b5ac2df9c92ff757c86f4a'),(45,42,'67a4247edb40cb14d2e989821c6cee1beaf75575'),(46,43,'46b23fbbab6d8c6cf040ff0cca234f69f01ee592'),(47,43,'f449685feddb661e1329a6a9eb7f17bbc1b56c63'),(48,44,'9084b57790bf478748f85fa34a5ef462f287fe10'),(49,45,'bd34adc72fcf207ec3c983857bcb073c37880b71'),(50,46,'b0305f88e92ec2bd70eef2f90f73c4c98f36601e'),(51,47,'cfb01f293ad70f53f6de580d168a94ead54c4db0'),(52,48,'4ca19f33a7e3a8e4d45507b048becb14bf1abb1a'),(53,49,'03b987bfdeb450f5f46c3bdbc0a4ab8c838b3f28'),(54,50,'a83aefd947b1c1d3ba37c1664d8e956668d6dc18'),(55,51,'fb8238cccdaf3b6147118133ac152cd364ca18a8'),(56,52,'35f332ef473d7fd382d2f48c5f80e62ee5bd42a7'),(57,53,'183f3691950d883d79cb66474a217e74c6e6d639'),(58,54,'7dab1939e07954154f7b3fe121aecf9495f7a70f'),(59,55,'e136f823c1a709523be3ef013f112c39deab2880'),(60,56,'aec45be90e0dd1180886339e6b70035f95705f1a'),(61,57,'9b2480d71b5e49554d682d7ad1e9855a5ea1ce54'),(62,58,'5de49604071832cc2965a1b93dea0f58b752bfdf'),(63,59,'f2f5616896f6ba74e272277e6974acbeef83f957'),(64,60,'4d1755553f9bd6c2851de02c1cc1648fc1996aef'),(65,61,'123c3aee08304c196b8949118d4894b6bd80588d'),(66,62,'8c07d3fda4d80097df1ab4fefc74d5b69689440f'),(67,63,'34b961274ecaed04d84b4c33b6af809be271537b'),(68,64,'cdf6e96284935c2ff9e8400bb3559387ff728ba8'),(69,65,'30fca3a48dfa22222a1667388aa041c6f6f7bcbb'),(70,66,'87aa155eebc7663868bd29e7e7b8a5c1185c0d19'),(71,67,'790c17908aabe7027fe587705330e78789086ee8'),(72,67,'ff79c34506a61a553982ecb206b4e1521c665f74'),(73,68,'b322a094d441fcd6cd4cf7f1c286cfaa394ac76e'),(74,63,'474314f53f6677158a34540e6498743c94ce5cf0'),(75,69,'474fece67fc05bbea6c1d62a47e02858164727a9'),(76,70,'e67c638d3b6f48bda86a722bee785f7ca67bd4c5'),(77,71,'1ebdb8a56310de79460e77ae85a638bdc76edf5d'),(78,72,'bc95e27b25b465d2312e1e34693c145989dbe9ac'),(79,73,'13dba5071812a3afa36984e25850b35a36b3cc0b'),(80,74,'1bb11a5a64537c496ff0557b33d75f2efe4b1b70'),(81,75,'71c467ab1054f84923cccbe09c55ee490504ace9'),(82,76,'f3540474c082df04d843a8e741e45f7f78b224e6'),(83,77,'bdd67224236642df375d167f2d15fc608f8dd614'),(84,78,'9f0b93f7b1e5887abc8f20001679dab5d87f97f9'),(85,79,'d81a803c5b6e0ae0d71bc8de3e6a89e5e2cdf0f4');

--
-- Table structure for table `ps_customer_thread`
--

CREATE TABLE `ps_customer_thread` (
  `id_customer_thread` int(11) unsigned NOT NULL AUTO_INCREMENT,
  `id_shop` int(11) unsigned NOT NULL DEFAULT 1,
  `id_lang` int(10) unsigned NOT NULL,
  `id_contact` int(10) unsigned NOT NULL,
  `id_customer` int(10) unsigned DEFAULT NULL,
  `id_order` int(10) unsigned DEFAULT NULL,
  `id_product` int(10) unsigned DEFAULT NULL,
  `status` enum('open','closed','pending1','pending2') NOT NULL DEFAULT 'open',
  `email` varchar(255) NOT NULL,
  `token` varchar(12) DEFAULT NULL,
  `date_add` datetime NOT NULL,
  `date_upd` datetime NOT NULL,
  PRIMARY KEY (`id_customer_thread`),
  KEY `id_shop` (`id_shop`),
  KEY `id_lang` (`id_lang`),
  KEY `id_contact` (`id_contact`),
  KEY `id_customer` (`id_customer`),
  KEY `id_order` (`id_order`),
  KEY `id_product` (`id_product`)
) ENGINE=InnoDB AUTO_INCREMENT=3 DEFAULT CHARSET=utf8;

--
-- Dumping data for table `ps_customer_thread`
--

INSERT INTO `ps_customer_thread` VALUES (1,1,1,0,22,15,0,'open','bbv@hgb.com','rjsdd3TMGLvS','2021-01-23 04:45:43','2021-01-23 04:45:43'),(2,1,1,0,31,17,0,'open','valdiviaone@hotmail.com','CMQBzVz3kXN1','2021-03-05 15:32:31','2021-03-05 15:32:31');

--
-- Table structure for table `ps_customization`
--

CREATE TABLE `ps_customization` (
  `id_customization` int(10) unsigned NOT NULL AUTO_INCREMENT,
  `id_product_attribute` int(10) unsigned NOT NULL DEFAULT 0,
  `id_address_delivery` int(10) unsigned NOT NULL DEFAULT 0,
  `id_cart` int(10) unsigned NOT NULL,
  `id_product` int(10) NOT NULL,
  `quantity` int(10) NOT NULL,
  `quantity_refunded` int(11) NOT NULL DEFAULT 0,
  `quantity_returned` int(11) NOT NULL DEFAULT 0,
  `in_cart` tinyint(1) unsigned NOT NULL DEFAULT 0,
  PRIMARY KEY (`id_customization`,`id_cart`,`id_product`,`id_address_delivery`),
  KEY `id_product_attribute` (`id_product_attribute`),
  KEY `id_cart_product` (`id_cart`,`id_product`,`id_product_attribute`)
) ENGINE=InnoDB DEFAULT CHARSET=utf8;

--
-- Dumping data for table `ps_customization`
--


--
-- Table structure for table `ps_customization_field`
--

CREATE TABLE `ps_customization_field` (
  `id_customization_field` int(10) unsigned NOT NULL AUTO_INCREMENT,
  `id_product` int(10) unsigned NOT NULL,
  `type` tinyint(1) NOT NULL,
  `required` tinyint(1) NOT NULL,
  `is_module` tinyint(1) NOT NULL DEFAULT 0,
  `is_deleted` tinyint(1) NOT NULL DEFAULT 0,
  PRIMARY KEY (`id_customization_field`),
  KEY `id_product` (`id_product`)
) ENGINE=InnoDB DEFAULT CHARSET=utf8;

--
-- Dumping data for table `ps_customization_field`
--


--
-- Table structure for table `ps_customization_field_lang`
--

CREATE TABLE `ps_customization_field_lang` (
  `id_customization_field` int(10) unsigned NOT NULL,
  `id_lang` int(10) unsigned NOT NULL,
  `id_shop` int(10) unsigned NOT NULL DEFAULT 1,
  `name` varchar(255) NOT NULL,
  PRIMARY KEY (`id_customization_field`,`id_lang`,`id_shop`)
) ENGINE=InnoDB DEFAULT CHARSET=utf8;

--
-- Dumping data for table `ps_customization_field_lang`
--


--
-- Table structure for table `ps_customized_data`
--

CREATE TABLE `ps_customized_data` (
  `id_customization` int(10) unsigned NOT NULL,
  `type` tinyint(1) NOT NULL,
  `index` int(3) NOT NULL,
  `value` varchar(255) NOT NULL,
  `id_module` int(10) NOT NULL DEFAULT 0,
  `price` decimal(20,6) NOT NULL DEFAULT 0.000000,
  `weight` decimal(20,6) NOT NULL DEFAULT 0.000000,
  PRIMARY KEY (`id_customization`,`type`,`index`)
) ENGINE=InnoDB DEFAULT CHARSET=utf8;

--
-- Dumping data for table `ps_customized_data`
--


--
-- Table structure for table `ps_date_range`
--

CREATE TABLE `ps_date_range` (
  `id_date_range` int(10) unsigned NOT NULL AUTO_INCREMENT,
  `time_start` datetime NOT NULL,
  `time_end` datetime NOT NULL,
  PRIMARY KEY (`id_date_range`)
) ENGINE=InnoDB DEFAULT CHARSET=utf8;

--
-- Dumping data for table `ps_date_range`
--


--
-- Table structure for table `ps_delivery`
--

CREATE TABLE `ps_delivery` (
  `id_delivery` int(10) unsigned NOT NULL AUTO_INCREMENT,
  `id_shop` int(10) unsigned DEFAULT NULL,
  `id_shop_group` int(10) unsigned DEFAULT NULL,
  `id_carrier` int(10) unsigned NOT NULL,
  `id_range_price` int(10) unsigned DEFAULT NULL,
  `id_range_weight` int(10) unsigned DEFAULT NULL,
  `id_zone` int(10) unsigned NOT NULL,
  `price` decimal(20,6) NOT NULL,
  PRIMARY KEY (`id_delivery`),
  KEY `id_zone` (`id_zone`),
  KEY `id_carrier` (`id_carrier`,`id_zone`),
  KEY `id_range_price` (`id_range_price`),
  KEY `id_range_weight` (`id_range_weight`)
) ENGINE=InnoDB AUTO_INCREMENT=5 DEFAULT CHARSET=utf8;

--
-- Dumping data for table `ps_delivery`
--

INSERT INTO `ps_delivery` VALUES (1,NULL,NULL,2,0,1,1,5.000000),(2,NULL,NULL,2,0,1,2,5.000000),(3,NULL,NULL,2,1,0,1,5.000000),(4,NULL,NULL,2,1,0,2,5.000000);

--
-- Table structure for table `ps_emailsubscription`
--

CREATE TABLE `ps_emailsubscription` (
  `id` int(6) NOT NULL AUTO_INCREMENT,
  `id_shop` int(10) unsigned NOT NULL DEFAULT 1,
  `id_shop_group` int(10) unsigned NOT NULL DEFAULT 1,
  `email` varchar(255) NOT NULL,
  `newsletter_date_add` datetime DEFAULT NULL,
  `ip_registration_newsletter` varchar(15) NOT NULL,
  `http_referer` varchar(255) DEFAULT NULL,
  `active` tinyint(1) NOT NULL DEFAULT 0,
  PRIMARY KEY (`id`)
) ENGINE=InnoDB DEFAULT CHARSET=utf8;

--
-- Dumping data for table `ps_emailsubscription`
--


--
-- Table structure for table `ps_employee`
--

CREATE TABLE `ps_employee` (
  `id_employee` int(10) unsigned NOT NULL AUTO_INCREMENT,
  `id_profile` int(10) unsigned NOT NULL,
  `id_lang` int(10) unsigned NOT NULL DEFAULT 0,
  `lastname` varchar(255) NOT NULL,
  `firstname` varchar(255) NOT NULL,
  `email` varchar(255) NOT NULL,
  `passwd` varchar(255) NOT NULL,
  `last_passwd_gen` timestamp NOT NULL DEFAULT current_timestamp(),
  `stats_date_from` date DEFAULT NULL,
  `stats_date_to` date DEFAULT NULL,
  `stats_compare_from` date DEFAULT NULL,
  `stats_compare_to` date DEFAULT NULL,
  `stats_compare_option` int(1) unsigned NOT NULL DEFAULT 1,
  `preselect_date_range` varchar(32) DEFAULT NULL,
  `bo_color` varchar(32) DEFAULT NULL,
  `bo_theme` varchar(32) DEFAULT NULL,
  `bo_css` varchar(64) DEFAULT NULL,
  `default_tab` int(10) unsigned NOT NULL DEFAULT 0,
  `bo_width` int(10) unsigned NOT NULL DEFAULT 0,
  `bo_menu` tinyint(1) NOT NULL DEFAULT 1,
  `active` tinyint(1) unsigned NOT NULL DEFAULT 0,
  `optin` tinyint(1) unsigned NOT NULL DEFAULT 1,
  `id_last_order` int(10) unsigned NOT NULL DEFAULT 0,
  `id_last_customer_message` int(10) unsigned NOT NULL DEFAULT 0,
  `id_last_customer` int(10) unsigned NOT NULL DEFAULT 0,
  `last_connection_date` date DEFAULT NULL,
  `reset_password_token` varchar(40) DEFAULT NULL,
  `reset_password_validity` datetime DEFAULT NULL,
  PRIMARY KEY (`id_employee`),
  KEY `employee_login` (`email`,`passwd`),
  KEY `id_employee_passwd` (`id_employee`,`passwd`),
  KEY `id_profile` (`id_profile`)
) ENGINE=InnoDB AUTO_INCREMENT=2 DEFAULT CHARSET=utf8;

--
-- Dumping data for table `ps_employee`
--

INSERT INTO `ps_employee` VALUES (1,1,1,'Demo','Demo','demo@demo.com','$2y$10$IHGm5K7Px.9BVH/q1vgGr.htFheZVkb189/CDQW8ki6EgTgrK12JS','2020-08-05 18:23:10','2020-07-06','2020-08-06','0000-00-00','0000-00-00',1,NULL,NULL,'default','theme.css',1,0,1,1,1,22,0,47,'2022-04-04',NULL,'0000-00-00 00:00:00');

--
-- Table structure for table `ps_employee_session`
--

CREATE TABLE `ps_employee_session` (
  `id_employee_session` int(11) unsigned NOT NULL AUTO_INCREMENT,
  `id_employee` int(10) unsigned DEFAULT NULL,
  `token` varchar(40) DEFAULT NULL,
  PRIMARY KEY (`id_employee_session`)
) ENGINE=InnoDB AUTO_INCREMENT=16 DEFAULT CHARSET=utf8;

--
-- Dumping data for table `ps_employee_session`
--

INSERT INTO `ps_employee_session` VALUES (1,1,'7da3790bffdbfa6cee86cb9fe2fcbc83a99d7cae'),(2,1,'fb40d76630772edc2fe9df0ad44e38c2afb85a23'),(3,1,'f989ad9fe2c2f86383f4bc6462679ee088dd9d1f'),(4,1,'b27748a9d0e77d664a4df95d8713af6c19ef6d3d'),(5,1,'e3b4a0d8f87eea0362f9a915786e78e2c1fb8f7f'),(8,1,'84afc1b33acd09c7d7ccb2bf262a2df6fa963bfb'),(9,1,'756c2f99b38ce128fc66c9e3936bc73e0678f261'),(10,1,'0908616f2e484c6caffe3a92624d35ba64d451ff'),(11,1,'e6bde5ba42451e17908488f41762938cf5e46e86'),(12,1,'7862ef48a6f1247cfcafb74079bdfed927c77ecf'),(13,1,'8d2248fbbf76917dbb3fb578890489e3928e90a8'),(14,1,'c033d59145536a175206786b3725e706d8610103'),(15,1,'559e5e986be61f3555dd01399b28471f5c38037b');

--
-- Table structure for table `ps_employee_shop`
--

CREATE TABLE `ps_employee_shop` (
  `id_employee` int(11) unsigned NOT NULL,
  `id_shop` int(11) unsigned NOT NULL,
  PRIMARY KEY (`id_employee`,`id_shop`),
  KEY `id_shop` (`id_shop`)
) ENGINE=InnoDB DEFAULT CHARSET=utf8;

--
-- Dumping data for table `ps_employee_shop`
--

INSERT INTO `ps_employee_shop` VALUES (1,1);

--
-- Table structure for table `ps_feature`
--

CREATE TABLE `ps_feature` (
  `id_feature` int(10) unsigned NOT NULL AUTO_INCREMENT,
  `position` int(10) unsigned NOT NULL DEFAULT 0,
  PRIMARY KEY (`id_feature`)
) ENGINE=InnoDB AUTO_INCREMENT=6 DEFAULT CHARSET=utf8;

--
-- Dumping data for table `ps_feature`
--

INSERT INTO `ps_feature` VALUES (1,0),(2,1),(3,2),(4,3),(5,4);

--
-- Table structure for table `ps_feature_lang`
--

CREATE TABLE `ps_feature_lang` (
  `id_feature` int(10) unsigned NOT NULL,
  `id_lang` int(10) unsigned NOT NULL,
  `name` varchar(128) DEFAULT NULL,
  PRIMARY KEY (`id_feature`,`id_lang`),
  KEY `id_lang` (`id_lang`,`name`)
) ENGINE=InnoDB DEFAULT CHARSET=utf8;

--
-- Dumping data for table `ps_feature_lang`
--

INSERT INTO `ps_feature_lang` VALUES (3,1,'Color'),(1,1,'Compositions'),(5,1,'Frame Size'),(2,1,'Paper Type'),(4,1,'Size'),(1,2,'Composition'),(3,2,'Couleur'),(5,2,'Frame Size'),(2,2,'Paper Type'),(4,2,'Taille'),(3,3,'Farbe'),(5,3,'Frame Size'),(4,3,'Größe'),(2,3,'Paper Type'),(1,3,'Zusammensetzung'),(3,4,'Colore'),(1,4,'Composizioni'),(4,4,'Dimensione'),(5,4,'Frame Size'),(2,4,'Paper Type'),(3,5,'Color'),(1,5,'Composición'),(5,5,'Frame Size'),(2,5,'Paper Type'),(4,5,'Tamaño'),(5,6,'Frame Size'),(2,6,'Paper Type'),(4,6,'الحجم'),(3,6,'اللون:'),(1,6,'مكونات');

--
-- Table structure for table `ps_feature_product`
--

CREATE TABLE `ps_feature_product` (
  `id_feature` int(10) unsigned NOT NULL,
  `id_product` int(10) unsigned NOT NULL,
  `id_feature_value` int(10) unsigned NOT NULL,
  PRIMARY KEY (`id_feature`,`id_product`,`id_feature_value`),
  KEY `id_feature_value` (`id_feature_value`),
  KEY `id_product` (`id_product`)
) ENGINE=InnoDB DEFAULT CHARSET=utf8;

--
-- Dumping data for table `ps_feature_product`
--

INSERT INTO `ps_feature_product` VALUES (8,28,37),(8,29,37);

--
-- Table structure for table `ps_feature_shop`
--

CREATE TABLE `ps_feature_shop` (
  `id_feature` int(11) unsigned NOT NULL,
  `id_shop` int(11) unsigned NOT NULL,
  PRIMARY KEY (`id_feature`,`id_shop`),
  KEY `id_shop` (`id_shop`)
) ENGINE=InnoDB DEFAULT CHARSET=utf8;

--
-- Dumping data for table `ps_feature_shop`
--

INSERT INTO `ps_feature_shop` VALUES (1,1),(2,1),(3,1),(4,1),(5,1);

--
-- Table structure for table `ps_feature_value`
--

CREATE TABLE `ps_feature_value` (
  `id_feature_value` int(10) unsigned NOT NULL AUTO_INCREMENT,
  `id_feature` int(10) unsigned NOT NULL,
  `custom` tinyint(3) unsigned DEFAULT NULL,
  PRIMARY KEY (`id_feature_value`),
  KEY `feature` (`id_feature`)
) ENGINE=InnoDB AUTO_INCREMENT=19 DEFAULT CHARSET=utf8;

--
-- Dumping data for table `ps_feature_value`
--

INSERT INTO `ps_feature_value` VALUES (1,5,0),(2,5,0),(3,5,0),(4,5,0),(5,8,0),(6,8,0),(7,8,0),(8,8,0),(9,9,0),(10,9,0),(11,10,0),(12,10,0),(13,10,0),(14,10,0),(15,11,0),(16,11,0),(17,11,0),(18,11,0);

--
-- Table structure for table `ps_feature_value_lang`
--

CREATE TABLE `ps_feature_value_lang` (
  `id_feature_value` int(10) unsigned NOT NULL,
  `id_lang` int(10) unsigned NOT NULL,
  `value` varchar(255) DEFAULT NULL,
  PRIMARY KEY (`id_feature_value`,`id_lang`)
) ENGINE=InnoDB DEFAULT CHARSET=utf8;

--
-- Dumping data for table `ps_feature_value_lang`
--

INSERT INTO `ps_feature_value_lang` VALUES (1,1,'Polyester'),(1,2,'Polyester'),(1,3,'Polyester'),(1,4,'Poliestere'),(1,5,'Poliéster'),(1,6,'بوليستر'),(2,1,'Wool'),(2,2,'Laine'),(2,3,'Wolle'),(2,4,'Lana'),(2,5,'Lana'),(2,6,'صوف'),(3,1,'Elastane'),(3,2,'Elasthanne'),(3,3,'Elastan'),(3,4,'Elastan'),(3,5,'Elastano'),(3,6,'إلاستان'),(4,1,'Cotton'),(4,2,'Coton'),(4,3,'Baumwolle'),(4,4,'Cotone'),(4,5,'Algodón'),(4,6,'قطن'),(5,1,'Ruled'),(5,2,'Ruled'),(5,3,'Ruled'),(5,4,'Ruled'),(5,5,'Ruled'),(5,6,'Ruled'),(6,1,'Plain'),(6,2,'Plain'),(6,3,'Plain'),(6,4,'Plain'),(6,5,'Plain'),(6,6,'Plain'),(7,1,'Squarred'),(7,2,'Squarred'),(7,3,'Squarred'),(7,4,'Squarred'),(7,5,'Squarred'),(7,6,'Squarred'),(8,1,'Doted'),(8,2,'Doted'),(8,3,'Doted'),(8,4,'Doted'),(8,5,'Doted'),(8,6,'Doted'),(9,1,'White'),(9,2,'Blanc'),(9,3,'Weiß'),(9,4,'Bianco'),(9,5,'Blanco'),(9,6,'أبيض'),(10,1,'Black'),(10,2,'Noir'),(10,3,'Schwarz'),(10,4,'Nero'),(10,5,'Negro'),(10,6,'اسود'),(11,1,'S'),(11,2,'S'),(11,3,'S'),(11,4,'S'),(11,5,'S'),(11,6,'ص'),(12,1,'M'),(12,2,'M'),(12,3,'M'),(12,4,'M'),(12,5,'M'),(12,6,'م'),(13,1,'L'),(13,2,'L'),(13,3,'L'),(13,4,'L'),(13,5,'L'),(13,6,'ك'),(14,1,'XL'),(14,2,'XL'),(14,3,'XL'),(14,4,'XL'),(14,5,'XL'),(14,6,'XL'),(15,1,'40x60cm'),(15,2,'40x60cm'),(15,3,'40x60cm'),(15,4,'40x60cm'),(15,5,'40x60cm'),(15,6,'40x60cm'),(16,1,'60x90cm'),(16,2,'60x90cm'),(16,3,'60x90cm'),(16,4,'60x90cm'),(16,5,'60x90cm'),(16,6,'60x90cm'),(17,1,'80x120cm'),(17,2,'80x120cm'),(17,3,'80x120cm'),(17,4,'80x120cm'),(17,5,'80x120cm'),(17,6,'80x120cm'),(18,1,'80x120cm'),(18,2,'80x120cm'),(18,3,'80x120cm'),(18,4,'80x120cm'),(18,5,'80x120cm'),(18,6,'80x120cm');

--
-- Table structure for table `ps_gender`
--

CREATE TABLE `ps_gender` (
  `id_gender` int(11) NOT NULL AUTO_INCREMENT,
  `type` tinyint(1) NOT NULL,
  PRIMARY KEY (`id_gender`)
) ENGINE=InnoDB AUTO_INCREMENT=3 DEFAULT CHARSET=utf8;

--
-- Dumping data for table `ps_gender`
--

INSERT INTO `ps_gender` VALUES (1,0),(2,1);

--
-- Table structure for table `ps_gender_lang`
--

CREATE TABLE `ps_gender_lang` (
  `id_gender` int(10) unsigned NOT NULL,
  `id_lang` int(10) unsigned NOT NULL,
  `name` varchar(20) NOT NULL,
  PRIMARY KEY (`id_gender`,`id_lang`),
  KEY `id_gender` (`id_gender`)
) ENGINE=InnoDB DEFAULT CHARSET=utf8;

--
-- Dumping data for table `ps_gender_lang`
--

INSERT INTO `ps_gender_lang` VALUES (1,1,'Mr.'),(1,2,'M'),(1,3,'Herr'),(1,4,'Sig.'),(1,5,'Sr.'),(1,6,'السيد.'),(2,1,'Mrs.'),(2,2,'Mme'),(2,3,'Frau'),(2,4,'Sig.ra'),(2,5,'Sra.'),(2,6,'السيدة.');

--
-- Table structure for table `ps_group`
--

CREATE TABLE `ps_group` (
  `id_group` int(10) unsigned NOT NULL AUTO_INCREMENT,
  `reduction` decimal(17,2) NOT NULL DEFAULT 0.00,
  `price_display_method` tinyint(4) NOT NULL DEFAULT 0,
  `show_prices` tinyint(1) unsigned NOT NULL DEFAULT 1,
  `date_add` datetime NOT NULL,
  `date_upd` datetime NOT NULL,
  PRIMARY KEY (`id_group`)
) ENGINE=InnoDB AUTO_INCREMENT=4 DEFAULT CHARSET=utf8;

--
-- Dumping data for table `ps_group`
--

INSERT INTO `ps_group` VALUES (1,0.00,1,1,'2018-08-01 09:33:44','2020-08-06 02:23:10'),(2,0.00,1,1,'2018-08-01 09:33:45','2020-08-06 02:23:10'),(3,0.00,1,1,'2018-08-01 09:33:45','2020-08-06 02:23:10');

--
-- Table structure for table `ps_group_lang`
--

CREATE TABLE `ps_group_lang` (
  `id_group` int(10) unsigned NOT NULL,
  `id_lang` int(10) unsigned NOT NULL,
  `name` varchar(32) NOT NULL,
  PRIMARY KEY (`id_group`,`id_lang`)
) ENGINE=InnoDB DEFAULT CHARSET=utf8;

--
-- Dumping data for table `ps_group_lang`
--

INSERT INTO `ps_group_lang` VALUES (1,1,'Visitor'),(1,2,'Visiteur'),(1,3,'Besucher'),(1,4,'Visitatore'),(1,5,'Visitante'),(1,6,'زائر'),(2,1,'Guest'),(2,2,'Invité'),(2,3,'Gast'),(2,4,'Ospite'),(2,5,'Invitado'),(2,6,'زائر'),(3,1,'Customer'),(3,2,'Client'),(3,3,'Kunde'),(3,4,'Cliente'),(3,5,'Cliente'),(3,6,'العميل');

--
-- Table structure for table `ps_group_reduction`
--

CREATE TABLE `ps_group_reduction` (
  `id_group_reduction` mediumint(8) unsigned NOT NULL AUTO_INCREMENT,
  `id_group` int(10) unsigned NOT NULL,
  `id_category` int(10) unsigned NOT NULL,
  `reduction` decimal(4,3) NOT NULL,
  PRIMARY KEY (`id_group_reduction`),
  UNIQUE KEY `id_group` (`id_group`,`id_category`)
) ENGINE=InnoDB DEFAULT CHARSET=utf8;

--
-- Dumping data for table `ps_group_reduction`
--


--
-- Table structure for table `ps_group_shop`
--

CREATE TABLE `ps_group_shop` (
  `id_group` int(11) unsigned NOT NULL,
  `id_shop` int(11) unsigned NOT NULL,
  PRIMARY KEY (`id_group`,`id_shop`),
  KEY `id_shop` (`id_shop`)
) ENGINE=InnoDB DEFAULT CHARSET=utf8;

--
-- Dumping data for table `ps_group_shop`
--

INSERT INTO `ps_group_shop` VALUES (1,1),(2,1),(3,1);

--
-- Table structure for table `ps_gsitemap_sitemap`
--

CREATE TABLE `ps_gsitemap_sitemap` (
  `link` varchar(255) DEFAULT NULL,
  `id_shop` int(11) DEFAULT 0
) ENGINE=InnoDB DEFAULT CHARSET=utf8;

--
-- Dumping data for table `ps_gsitemap_sitemap`
--


--
-- Table structure for table `ps_guest`
--

CREATE TABLE `ps_guest` (
  `id_guest` int(10) unsigned NOT NULL AUTO_INCREMENT,
  `id_operating_system` int(10) unsigned DEFAULT NULL,
  `id_web_browser` int(10) unsigned DEFAULT NULL,
  `id_customer` int(10) unsigned DEFAULT NULL,
  `javascript` tinyint(1) DEFAULT 0,
  `screen_resolution_x` smallint(5) unsigned DEFAULT NULL,
  `screen_resolution_y` smallint(5) unsigned DEFAULT NULL,
  `screen_color` tinyint(3) unsigned DEFAULT NULL,
  `sun_java` tinyint(1) DEFAULT NULL,
  `adobe_flash` tinyint(1) DEFAULT NULL,
  `adobe_director` tinyint(1) DEFAULT NULL,
  `apple_quicktime` tinyint(1) DEFAULT NULL,
  `real_player` tinyint(1) DEFAULT NULL,
  `windows_media` tinyint(1) DEFAULT NULL,
  `accept_language` varchar(8) DEFAULT NULL,
  `mobile_theme` tinyint(1) NOT NULL DEFAULT 0,
  PRIMARY KEY (`id_guest`),
  KEY `id_customer` (`id_customer`),
  KEY `id_operating_system` (`id_operating_system`),
  KEY `id_web_browser` (`id_web_browser`)
) ENGINE=InnoDB AUTO_INCREMENT=5458 DEFAULT CHARSET=utf8;

--
-- Dumping data for table `ps_guest`
--

INSERT INTO `ps_guest` VALUES (1,0,0,0,0,0,0,0,0,0,0,0,0,0,'',0),(2,0,0,0,0,0,0,0,0,0,0,0,0,0,'',0),(3,0,0,0,0,0,0,0,0,0,0,0,0,0,'',0),(4,0,0,0,0,0,0,0,0,0,0,0,0,0,'',0),(5,0,0,0,0,0,0,0,0,0,0,0,0,0,'',0),(6,0,0,0,0,0,0,0,0,0,0,0,0,0,'',0),(7,0,0,0,0,0,0,0,0,0,0,0,0,0,'',0),(8,0,0,0,0,0,0,0,0,0,0,0,0,0,'',0),(9,0,0,0,0,0,0,0,0,0,0,0,0,0,'',0),(10,0,0,0,0,0,0,0,0,0,0,0,0,0,'',0),(11,0,0,0,0,0,0,0,0,0,0,0,0,0,'',0),(12,0,0,0,0,0,0,0,0,0,0,0,0,0,'',0),(13,0,0,0,0,0,0,0,0,0,0,0,0,0,'',0),(14,0,0,0,0,0,0,0,0,0,0,0,0,0,'',0),(15,0,0,0,0,0,0,0,0,0,0,0,0,0,'',0),(16,0,0,0,0,0,0,0,0,0,0,0,0,0,'',0),(17,0,0,0,0,0,0,0,0,0,0,0,0,0,'',0),(18,9,11,0,0,0,0,0,0,0,0,0,0,0,'',0),(19,0,0,0,0,0,0,0,0,0,0,0,0,0,'',0),(20,0,0,0,0,0,0,0,0,0,0,0,0,0,'',0),(21,0,0,0,0,0,0,0,0,0,0,0,0,0,'',0),(22,0,0,0,0,0,0,0,0,0,0,0,0,0,'',0),(23,6,11,0,0,0,0,0,0,0,0,0,0,0,'en',0),(24,0,0,0,0,0,0,0,0,0,0,0,0,0,'',0),(25,0,0,0,0,0,0,0,0,0,0,0,0,0,'',0),(26,0,0,0,0,0,0,0,0,0,0,0,0,0,'',0),(27,0,0,0,0,0,0,0,0,0,0,0,0,0,'',0),(28,0,0,0,0,0,0,0,0,0,0,0,0,0,'',0),(29,0,0,0,0,0,0,0,0,0,0,0,0,0,'',0),(30,0,0,0,0,0,0,0,0,0,0,0,0,0,'',0),(31,3,11,0,0,0,0,0,0,0,0,0,0,0,'ru',0),(32,3,11,0,0,0,0,0,0,0,0,0,0,0,'ru',0),(33,9,11,0,0,0,0,0,0,0,0,0,0,0,'',0),(34,0,0,0,0,0,0,0,0,0,0,0,0,0,'',0),(35,9,11,0,0,0,0,0,0,0,0,0,0,0,'',0),(36,0,0,0,0,0,0,0,0,0,0,0,0,0,'',0),(37,0,0,0,0,0,0,0,0,0,0,0,0,0,'',0),(38,0,0,0,0,0,0,0,0,0,0,0,0,0,'',0),(39,0,0,0,0,0,0,0,0,0,0,0,0,0,'',0),(40,9,11,0,0,0,0,0,0,0,0,0,0,0,'',0),(41,9,11,0,0,0,0,0,0,0,0,0,0,0,'',0),(42,0,0,0,0,0,0,0,0,0,0,0,0,0,'',0),(43,0,0,0,0,0,0,0,0,0,0,0,0,0,'',0),(44,0,0,0,0,0,0,0,0,0,0,0,0,0,'',0),(45,0,0,0,0,0,0,0,0,0,0,0,0,0,'',0),(46,0,0,0,0,0,0,0,0,0,0,0,0,0,'',0),(47,0,0,0,0,0,0,0,0,0,0,0,0,0,'',0),(48,6,11,0,0,0,0,0,0,0,0,0,0,0,'pl',0),(49,0,0,0,0,0,0,0,0,0,0,0,0,0,'',0),(50,0,0,0,0,0,0,0,0,0,0,0,0,0,'',0),(51,0,0,0,0,0,0,0,0,0,0,0,0,0,'',0),(52,0,0,0,0,0,0,0,0,0,0,0,0,0,'',0),(53,0,0,0,0,0,0,0,0,0,0,0,0,0,'',0),(54,0,0,0,0,0,0,0,0,0,0,0,0,0,'',0),(55,0,0,0,0,0,0,0,0,0,0,0,0,0,'',0),(56,0,0,0,0,0,0,0,0,0,0,0,0,0,'',0),(57,0,0,0,0,0,0,0,0,0,0,0,0,0,'',0),(58,0,0,0,0,0,0,0,0,0,0,0,0,0,'',0),(59,0,0,0,0,0,0,0,0,0,0,0,0,0,'',0),(60,0,0,0,0,0,0,0,0,0,0,0,0,0,'',0),(61,0,0,0,0,0,0,0,0,0,0,0,0,0,'',0),(62,0,0,0,0,0,0,0,0,0,0,0,0,0,'',0),(63,0,0,0,0,0,0,0,0,0,0,0,0,0,'',0),(64,0,0,0,0,0,0,0,0,0,0,0,0,0,'',0),(65,0,0,0,0,0,0,0,0,0,0,0,0,0,'',0),(66,0,0,0,0,0,0,0,0,0,0,0,0,0,'',0),(67,0,0,0,0,0,0,0,0,0,0,0,0,0,'',0),(68,0,0,0,0,0,0,0,0,0,0,0,0,0,'',0),(69,0,0,0,0,0,0,0,0,0,0,0,0,0,'',0),(70,7,11,0,0,0,0,0,0,0,0,0,0,0,'en',0),(71,7,11,0,0,0,0,0,0,0,0,0,0,0,'en',0),(72,7,11,0,0,0,0,0,0,0,0,0,0,0,'en',0),(73,7,11,0,0,0,0,0,0,0,0,0,0,0,'en',0),(74,7,11,0,0,0,0,0,0,0,0,0,0,0,'en',0),(75,7,11,0,0,0,0,0,0,0,0,0,0,0,'en',0),(76,9,11,0,0,0,0,0,0,0,0,0,0,0,'',0),(77,9,11,0,0,0,0,0,0,0,0,0,0,0,'',0),(78,0,0,0,0,0,0,0,0,0,0,0,0,0,'',0),(79,0,0,0,0,0,0,0,0,0,0,0,0,0,'',0),(80,7,11,0,0,0,0,0,0,0,0,0,0,0,'en',0),(81,3,11,0,0,0,0,0,0,0,0,0,0,0,'en',0),(82,7,11,0,0,0,0,0,0,0,0,0,0,0,'en',0),(83,0,0,0,0,0,0,0,0,0,0,0,0,0,'',0),(84,9,11,0,0,0,0,0,0,0,0,0,0,0,'',0),(85,0,0,0,0,0,0,0,0,0,0,0,0,0,'',0),(86,0,0,0,0,0,0,0,0,0,0,0,0,0,'',0),(87,9,11,0,0,0,0,0,0,0,0,0,0,0,'',0),(88,0,0,0,0,0,0,0,0,0,0,0,0,0,'',0),(89,0,0,0,0,0,0,0,0,0,0,0,0,0,'',0),(90,0,0,0,0,0,0,0,0,0,0,0,0,0,'',0),(91,0,0,0,0,0,0,0,0,0,0,0,0,0,'',0),(92,0,0,0,0,0,0,0,0,0,0,0,0,0,'',0),(93,0,0,0,0,0,0,0,0,0,0,0,0,0,'',0),(94,0,0,0,0,0,0,0,0,0,0,0,0,0,'',0),(95,0,0,0,0,0,0,0,0,0,0,0,0,0,'',0),(96,0,0,0,0,0,0,0,0,0,0,0,0,0,'',0),(97,0,0,0,0,0,0,0,0,0,0,0,0,0,'',0),(98,0,0,0,0,0,0,0,0,0,0,0,0,0,'',0),(99,7,1,0,0,0,0,0,0,0,0,0,0,0,'',0),(100,9,11,0,0,0,0,0,0,0,0,0,0,0,'',0),(101,0,0,0,0,0,0,0,0,0,0,0,0,0,'',0),(102,0,0,0,0,0,0,0,0,0,0,0,0,0,'',0),(103,0,0,0,0,0,0,0,0,0,0,0,0,0,'',0),(104,0,0,0,0,0,0,0,0,0,0,0,0,0,'',0),(105,0,0,0,0,0,0,0,0,0,0,0,0,0,'',0),(106,0,0,0,0,0,0,0,0,0,0,0,0,0,'',0),(107,0,0,0,0,0,0,0,0,0,0,0,0,0,'',0),(108,9,11,0,0,0,0,0,0,0,0,0,0,0,'',0),(109,0,0,0,0,0,0,0,0,0,0,0,0,0,'',0),(110,0,0,0,0,0,0,0,0,0,0,0,0,0,'',0),(111,0,11,0,0,0,0,0,0,0,0,0,0,0,'',0),(112,0,0,0,0,0,0,0,0,0,0,0,0,0,'',0),(113,0,0,0,0,0,0,0,0,0,0,0,0,0,'',0),(114,0,0,0,0,0,0,0,0,0,0,0,0,0,'',0),(115,0,0,0,0,0,0,0,0,0,0,0,0,0,'',0),(116,0,0,0,0,0,0,0,0,0,0,0,0,0,'',0),(117,0,0,0,0,0,0,0,0,0,0,0,0,0,'',0),(118,3,3,0,0,0,0,0,0,0,0,0,0,0,'fr',0),(119,9,11,0,0,0,0,0,0,0,0,0,0,0,'',0),(120,1,3,0,0,0,0,0,0,0,0,0,0,0,'',0),(121,7,1,0,0,0,0,0,0,0,0,0,0,0,'',0),(122,9,11,0,0,0,0,0,0,0,0,0,0,0,'',0),(123,0,0,0,0,0,0,0,0,0,0,0,0,0,'',0),(124,0,0,0,0,0,0,0,0,0,0,0,0,0,'',0),(125,5,11,0,0,0,0,0,0,0,0,0,0,0,'',0),(126,0,0,0,0,0,0,0,0,0,0,0,0,0,'',0),(127,0,0,0,0,0,0,0,0,0,0,0,0,0,'',0),(128,0,0,0,0,0,0,0,0,0,0,0,0,0,'',0),(129,0,0,0,0,0,0,0,0,0,0,0,0,0,'',0),(130,0,0,0,0,0,0,0,0,0,0,0,0,0,'',0),(131,0,0,0,0,0,0,0,0,0,0,0,0,0,'',0),(132,6,3,0,0,0,0,0,0,0,0,0,0,0,'',0),(133,0,0,0,0,0,0,0,0,0,0,0,0,0,'',0),(134,0,0,0,0,0,0,0,0,0,0,0,0,0,'',0),(135,0,0,0,0,0,0,0,0,0,0,0,0,0,'',0),(136,0,11,0,0,0,0,0,0,0,0,0,0,0,'',0),(137,0,0,0,0,0,0,0,0,0,0,0,0,0,'',0),(138,0,0,0,0,0,0,0,0,0,0,0,0,0,'',0),(139,0,0,0,0,0,0,0,0,0,0,0,0,0,'',0),(140,0,0,0,0,0,0,0,0,0,0,0,0,0,'',0),(141,9,11,0,0,0,0,0,0,0,0,0,0,0,'',0),(142,0,0,0,0,0,0,0,0,0,0,0,0,0,'',0),(143,0,0,0,0,0,0,0,0,0,0,0,0,0,'',0),(144,9,11,0,0,0,0,0,0,0,0,0,0,0,'',0),(145,0,0,0,0,0,0,0,0,0,0,0,0,0,'',0),(146,0,0,0,0,0,0,0,0,0,0,0,0,0,'',0),(147,0,0,0,0,0,0,0,0,0,0,0,0,0,'',0),(148,0,0,0,0,0,0,0,0,0,0,0,0,0,'',0),(149,6,3,0,0,0,0,0,0,0,0,0,0,0,'it',0),(150,0,0,0,0,0,0,0,0,0,0,0,0,0,'',0),(151,9,11,0,0,0,0,0,0,0,0,0,0,0,'tr',0),(152,0,0,0,0,0,0,0,0,0,0,0,0,0,'',0),(153,0,0,0,0,0,0,0,0,0,0,0,0,0,'',0),(154,9,11,0,0,0,0,0,0,0,0,0,0,0,'',0),(155,0,0,0,0,0,0,0,0,0,0,0,0,0,'',0),(156,0,0,0,0,0,0,0,0,0,0,0,0,0,'',0),(157,0,0,0,0,0,0,0,0,0,0,0,0,0,'',0),(158,0,0,0,0,0,0,0,0,0,0,0,0,0,'',0),(159,0,0,0,0,0,0,0,0,0,0,0,0,0,'',0),(160,0,0,0,0,0,0,0,0,0,0,0,0,0,'',0),(161,0,0,0,0,0,0,0,0,0,0,0,0,0,'',0),(162,6,11,0,0,0,0,0,0,0,0,0,0,0,'tr',0),(163,6,11,0,0,0,0,0,0,0,0,0,0,0,'tr',0),(164,0,0,0,0,0,0,0,0,0,0,0,0,0,'',0),(165,0,0,0,0,0,0,0,0,0,0,0,0,0,'',0),(166,0,0,0,0,0,0,0,0,0,0,0,0,0,'',0),(167,0,0,0,0,0,0,0,0,0,0,0,0,0,'en',0),(168,6,11,0,0,0,0,0,0,0,0,0,0,0,'tr',0),(169,6,11,0,0,0,0,0,0,0,0,0,0,0,'tr',0),(170,6,11,0,0,0,0,0,0,0,0,0,0,0,'tr',0),(171,0,0,0,0,0,0,0,0,0,0,0,0,0,'',0),(172,0,0,0,0,0,0,0,0,0,0,0,0,0,'',0),(173,0,0,0,0,0,0,0,0,0,0,0,0,0,'en',0),(174,0,0,0,0,0,0,0,0,0,0,0,0,0,'',0),(175,0,0,0,0,0,0,0,0,0,0,0,0,0,'',0),(176,7,1,0,0,0,0,0,0,0,0,0,0,0,'',0),(177,0,0,0,0,0,0,0,0,0,0,0,0,0,'',0),(178,0,0,0,0,0,0,0,0,0,0,0,0,0,'',0),(179,7,1,0,0,0,0,0,0,0,0,0,0,0,'',0),(180,0,0,0,0,0,0,0,0,0,0,0,0,0,'',0),(181,0,0,0,0,0,0,0,0,0,0,0,0,0,'',0),(182,0,0,0,0,0,0,0,0,0,0,0,0,0,'',0),(183,0,0,0,0,0,0,0,0,0,0,0,0,0,'',0),(184,0,0,0,0,0,0,0,0,0,0,0,0,0,'',0),(185,0,0,0,0,0,0,0,0,0,0,0,0,0,'',0),(186,0,0,0,0,0,0,0,0,0,0,0,0,0,'',0),(187,0,0,0,0,0,0,0,0,0,0,0,0,0,'',0),(188,0,0,0,0,0,0,0,0,0,0,0,0,0,'',0),(189,0,0,0,0,0,0,0,0,0,0,0,0,0,'',0),(190,0,0,0,0,0,0,0,0,0,0,0,0,0,'',0),(191,0,0,0,0,0,0,0,0,0,0,0,0,0,'',0),(192,0,0,0,0,0,0,0,0,0,0,0,0,0,'',0),(193,0,0,0,0,0,0,0,0,0,0,0,0,0,'',0),(194,0,0,0,0,0,0,0,0,0,0,0,0,0,'',0),(195,0,0,0,0,0,0,0,0,0,0,0,0,0,'',0),(196,0,0,0,0,0,0,0,0,0,0,0,0,0,'',0),(197,0,0,0,0,0,0,0,0,0,0,0,0,0,'',0),(198,0,0,0,0,0,0,0,0,0,0,0,0,0,'',0),(199,0,0,0,0,0,0,0,0,0,0,0,0,0,'',0),(200,0,0,0,0,0,0,0,0,0,0,0,0,0,'',0),(201,0,0,0,0,0,0,0,0,0,0,0,0,0,'',0),(202,0,0,0,0,0,0,0,0,0,0,0,0,0,'',0),(203,0,0,0,0,0,0,0,0,0,0,0,0,0,'',0),(204,0,0,0,0,0,0,0,0,0,0,0,0,0,'',0),(205,0,0,0,0,0,0,0,0,0,0,0,0,0,'',0),(206,0,0,0,0,0,0,0,0,0,0,0,0,0,'',0),(207,0,0,0,0,0,0,0,0,0,0,0,0,0,'',0),(208,0,0,0,0,0,0,0,0,0,0,0,0,0,'',0),(209,7,1,0,0,0,0,0,0,0,0,0,0,0,'',0),(210,0,0,0,0,0,0,0,0,0,0,0,0,0,'',0),(211,0,0,0,0,0,0,0,0,0,0,0,0,0,'',0),(212,0,0,0,0,0,0,0,0,0,0,0,0,0,'',0),(213,0,0,0,0,0,0,0,0,0,0,0,0,0,'',0),(214,0,0,0,0,0,0,0,0,0,0,0,0,0,'',0),(215,0,0,0,0,0,0,0,0,0,0,0,0,0,'',0),(216,9,11,0,0,0,0,0,0,0,0,0,0,0,'',0),(217,0,0,0,0,0,0,0,0,0,0,0,0,0,'',0),(218,0,0,0,0,0,0,0,0,0,0,0,0,0,'',0),(219,0,0,0,0,0,0,0,0,0,0,0,0,0,'',0),(220,0,0,0,0,0,0,0,0,0,0,0,0,0,'',0),(221,0,0,0,0,0,0,0,0,0,0,0,0,0,'',0),(222,0,0,0,0,0,0,0,0,0,0,0,0,0,'',0),(223,0,0,0,0,0,0,0,0,0,0,0,0,0,'',0),(224,0,0,0,0,0,0,0,0,0,0,0,0,0,'',0),(225,0,0,0,0,0,0,0,0,0,0,0,0,0,'',0),(226,6,11,0,0,0,0,0,0,0,0,0,0,0,'en',0),(227,0,0,0,0,0,0,0,0,0,0,0,0,0,'',0),(228,0,0,0,0,0,0,0,0,0,0,0,0,0,'',0),(229,0,0,0,0,0,0,0,0,0,0,0,0,0,'',0),(230,0,0,0,0,0,0,0,0,0,0,0,0,0,'',0),(231,0,0,0,0,0,0,0,0,0,0,0,0,0,'',0),(232,9,11,0,0,0,0,0,0,0,0,0,0,0,'',0),(233,0,0,0,0,0,0,0,0,0,0,0,0,0,'',0),(234,0,0,0,0,0,0,0,0,0,0,0,0,0,'',0),(235,0,0,0,0,0,0,0,0,0,0,0,0,0,'',0),(236,0,0,0,0,0,0,0,0,0,0,0,0,0,'',0),(237,9,11,0,0,0,0,0,0,0,0,0,0,0,'',0),(238,0,0,0,0,0,0,0,0,0,0,0,0,0,'',0),(239,7,1,0,0,0,0,0,0,0,0,0,0,0,'',0),(240,0,0,0,0,0,0,0,0,0,0,0,0,0,'',0),(241,0,0,0,0,0,0,0,0,0,0,0,0,0,'',0),(242,6,11,0,0,0,0,0,0,0,0,0,0,0,'es',0),(243,0,0,0,0,0,0,0,0,0,0,0,0,0,'',0),(244,0,0,0,0,0,0,0,0,0,0,0,0,0,'',0),(245,0,0,0,0,0,0,0,0,0,0,0,0,0,'',0),(246,0,0,0,0,0,0,0,0,0,0,0,0,0,'',0),(247,7,1,0,0,0,0,0,0,0,0,0,0,0,'',0),(248,0,0,0,0,0,0,0,0,0,0,0,0,0,'',0),(249,0,0,0,0,0,0,0,0,0,0,0,0,0,'',0),(250,9,11,0,0,0,0,0,0,0,0,0,0,0,'',0),(251,0,0,0,0,0,0,0,0,0,0,0,0,0,'',0),(252,0,0,0,0,0,0,0,0,0,0,0,0,0,'',0),(253,0,0,0,0,0,0,0,0,0,0,0,0,0,'',0),(254,0,0,0,0,0,0,0,0,0,0,0,0,0,'en',0),(255,0,0,0,0,0,0,0,0,0,0,0,0,0,'',0),(256,0,0,0,0,0,0,0,0,0,0,0,0,0,'en',0),(257,0,0,0,0,0,0,0,0,0,0,0,0,0,'en',0),(258,0,0,0,0,0,0,0,0,0,0,0,0,0,'en',0),(259,0,0,0,0,0,0,0,0,0,0,0,0,0,'en',0),(260,0,0,0,0,0,0,0,0,0,0,0,0,0,'en',0),(261,0,0,0,0,0,0,0,0,0,0,0,0,0,'en',0),(262,0,0,0,0,0,0,0,0,0,0,0,0,0,'en',0),(263,0,0,0,0,0,0,0,0,0,0,0,0,0,'en',0),(264,0,0,0,0,0,0,0,0,0,0,0,0,0,'en',0),(265,0,0,0,0,0,0,0,0,0,0,0,0,0,'en',0),(266,0,0,0,0,0,0,0,0,0,0,0,0,0,'en',0),(267,0,0,0,0,0,0,0,0,0,0,0,0,0,'en',0),(268,0,0,0,0,0,0,0,0,0,0,0,0,0,'en',0),(269,0,0,0,0,0,0,0,0,0,0,0,0,0,'en',0),(270,0,0,0,0,0,0,0,0,0,0,0,0,0,'en',0),(271,0,0,0,0,0,0,0,0,0,0,0,0,0,'en',0),(272,0,0,0,0,0,0,0,0,0,0,0,0,0,'en',0),(273,0,0,0,0,0,0,0,0,0,0,0,0,0,'en',0),(274,0,0,0,0,0,0,0,0,0,0,0,0,0,'en',0),(275,0,0,0,0,0,0,0,0,0,0,0,0,0,'en',0),(276,0,0,0,0,0,0,0,0,0,0,0,0,0,'en',0),(277,0,0,0,0,0,0,0,0,0,0,0,0,0,'en',0),(278,0,0,0,0,0,0,0,0,0,0,0,0,0,'en',0),(279,0,0,0,0,0,0,0,0,0,0,0,0,0,'en',0),(280,0,0,0,0,0,0,0,0,0,0,0,0,0,'en',0),(281,0,0,0,0,0,0,0,0,0,0,0,0,0,'en',0),(282,0,0,0,0,0,0,0,0,0,0,0,0,0,'en',0),(283,0,0,0,0,0,0,0,0,0,0,0,0,0,'en',0),(284,0,0,0,0,0,0,0,0,0,0,0,0,0,'en',0),(285,0,0,0,0,0,0,0,0,0,0,0,0,0,'en',0),(286,0,0,0,0,0,0,0,0,0,0,0,0,0,'en',0),(287,0,0,0,0,0,0,0,0,0,0,0,0,0,'en',0),(288,0,0,0,0,0,0,0,0,0,0,0,0,0,'en',0),(289,0,0,0,0,0,0,0,0,0,0,0,0,0,'en',0),(290,0,0,0,0,0,0,0,0,0,0,0,0,0,'en',0),(291,0,0,0,0,0,0,0,0,0,0,0,0,0,'en',0),(292,0,0,0,0,0,0,0,0,0,0,0,0,0,'en',0),(293,0,0,0,0,0,0,0,0,0,0,0,0,0,'en',0),(294,0,0,0,0,0,0,0,0,0,0,0,0,0,'en',0),(295,0,0,0,0,0,0,0,0,0,0,0,0,0,'en',0),(296,0,0,0,0,0,0,0,0,0,0,0,0,0,'en',0),(297,0,0,0,0,0,0,0,0,0,0,0,0,0,'en',0),(298,0,0,0,0,0,0,0,0,0,0,0,0,0,'en',0),(299,0,0,0,0,0,0,0,0,0,0,0,0,0,'en',0),(300,0,0,0,0,0,0,0,0,0,0,0,0,0,'en',0),(301,0,0,0,0,0,0,0,0,0,0,0,0,0,'en',0),(302,0,0,0,0,0,0,0,0,0,0,0,0,0,'en',0),(303,0,0,0,0,0,0,0,0,0,0,0,0,0,'en',0),(304,0,0,0,0,0,0,0,0,0,0,0,0,0,'',0),(305,0,0,0,0,0,0,0,0,0,0,0,0,0,'',0),(306,0,0,0,0,0,0,0,0,0,0,0,0,0,'',0),(307,0,0,0,0,0,0,0,0,0,0,0,0,0,'',0),(308,0,0,0,0,0,0,0,0,0,0,0,0,0,'',0),(309,0,0,0,0,0,0,0,0,0,0,0,0,0,'',0),(310,0,0,0,0,0,0,0,0,0,0,0,0,0,'',0),(311,0,0,0,0,0,0,0,0,0,0,0,0,0,'',0),(312,0,0,0,0,0,0,0,0,0,0,0,0,0,'',0),(313,0,0,0,0,0,0,0,0,0,0,0,0,0,'',0),(314,9,11,0,0,0,0,0,0,0,0,0,0,0,'',0),(315,0,0,0,0,0,0,0,0,0,0,0,0,0,'',0),(316,0,0,0,0,0,0,0,0,0,0,0,0,0,'',0),(317,0,0,0,0,0,0,0,0,0,0,0,0,0,'',0),(318,8,11,0,0,0,0,0,0,0,0,0,0,0,'fr',0),(319,0,0,0,0,0,0,0,0,0,0,0,0,0,'en',0),(320,0,0,0,0,0,0,0,0,0,0,0,0,0,'en',0),(321,0,0,0,0,0,0,0,0,0,0,0,0,0,'en',0),(322,0,0,0,0,0,0,0,0,0,0,0,0,0,'en',0),(323,0,0,0,0,0,0,0,0,0,0,0,0,0,'en',0),(324,0,0,0,0,0,0,0,0,0,0,0,0,0,'en',0),(325,7,1,0,0,0,0,0,0,0,0,0,0,0,'',0),(326,0,0,0,0,0,0,0,0,0,0,0,0,0,'',0),(327,0,0,0,0,0,0,0,0,0,0,0,0,0,'',0),(328,0,0,0,0,0,0,0,0,0,0,0,0,0,'',0),(329,0,0,0,0,0,0,0,0,0,0,0,0,0,'',0),(330,0,0,0,0,0,0,0,0,0,0,0,0,0,'',0),(331,0,0,0,0,0,0,0,0,0,0,0,0,0,'en',0),(332,0,0,0,0,0,0,0,0,0,0,0,0,0,'en',0),(333,0,0,0,0,0,0,0,0,0,0,0,0,0,'en',0),(334,0,0,0,0,0,0,0,0,0,0,0,0,0,'en',0),(335,0,0,0,0,0,0,0,0,0,0,0,0,0,'',0),(336,0,0,0,0,0,0,0,0,0,0,0,0,0,'',0),(337,0,0,0,0,0,0,0,0,0,0,0,0,0,'',0),(338,0,0,0,0,0,0,0,0,0,0,0,0,0,'',0),(339,5,10,0,0,0,0,0,0,0,0,0,0,0,'fr',0),(340,0,0,0,0,0,0,0,0,0,0,0,0,0,'',0),(341,0,0,0,0,0,0,0,0,0,0,0,0,0,'',0),(342,0,0,0,0,0,0,0,0,0,0,0,0,0,'',0),(343,0,0,0,0,0,0,0,0,0,0,0,0,0,'',0),(344,0,0,0,0,0,0,0,0,0,0,0,0,0,'',0),(345,0,0,0,0,0,0,0,0,0,0,0,0,0,'',0),(346,0,0,0,0,0,0,0,0,0,0,0,0,0,'',0),(347,0,0,0,0,0,0,0,0,0,0,0,0,0,'',0),(348,0,0,0,0,0,0,0,0,0,0,0,0,0,'',0),(349,0,0,0,0,0,0,0,0,0,0,0,0,0,'',0),(350,0,0,0,0,0,0,0,0,0,0,0,0,0,'',0),(351,0,0,0,0,0,0,0,0,0,0,0,0,0,'en',0),(352,0,0,0,0,0,0,0,0,0,0,0,0,0,'en',0),(353,0,0,0,0,0,0,0,0,0,0,0,0,0,'en',0),(354,0,0,0,0,0,0,0,0,0,0,0,0,0,'en',0),(355,0,0,0,0,0,0,0,0,0,0,0,0,0,'en',0),(356,0,0,0,0,0,0,0,0,0,0,0,0,0,'en',0),(357,0,0,0,0,0,0,0,0,0,0,0,0,0,'en',0),(358,0,0,0,0,0,0,0,0,0,0,0,0,0,'en',0),(359,0,0,0,0,0,0,0,0,0,0,0,0,0,'en',0),(360,0,0,0,0,0,0,0,0,0,0,0,0,0,'en',0),(361,0,0,0,0,0,0,0,0,0,0,0,0,0,'en',0),(362,0,0,0,0,0,0,0,0,0,0,0,0,0,'en',0),(363,0,0,0,0,0,0,0,0,0,0,0,0,0,'en',0),(364,0,0,0,0,0,0,0,0,0,0,0,0,0,'en',0),(365,0,0,0,0,0,0,0,0,0,0,0,0,0,'en',0),(366,0,0,0,0,0,0,0,0,0,0,0,0,0,'en',0),(367,0,0,0,0,0,0,0,0,0,0,0,0,0,'en',0),(368,0,0,0,0,0,0,0,0,0,0,0,0,0,'en',0),(369,0,0,0,0,0,0,0,0,0,0,0,0,0,'en',0),(370,0,0,0,0,0,0,0,0,0,0,0,0,0,'en',0),(371,0,0,0,0,0,0,0,0,0,0,0,0,0,'en',0),(372,0,0,0,0,0,0,0,0,0,0,0,0,0,'en',0),(373,0,0,0,0,0,0,0,0,0,0,0,0,0,'en',0),(374,0,0,0,0,0,0,0,0,0,0,0,0,0,'en',0),(375,0,0,0,0,0,0,0,0,0,0,0,0,0,'en',0),(376,0,0,0,0,0,0,0,0,0,0,0,0,0,'en',0),(377,0,0,0,0,0,0,0,0,0,0,0,0,0,'',0),(378,0,0,0,0,0,0,0,0,0,0,0,0,0,'en',0),(379,0,0,0,0,0,0,0,0,0,0,0,0,0,'en',0),(380,0,0,0,0,0,0,0,0,0,0,0,0,0,'en',0),(381,0,0,0,0,0,0,0,0,0,0,0,0,0,'en',0),(382,0,0,0,0,0,0,0,0,0,0,0,0,0,'en',0),(383,0,0,0,0,0,0,0,0,0,0,0,0,0,'en',0),(384,0,0,0,0,0,0,0,0,0,0,0,0,0,'en',0),(385,0,0,0,0,0,0,0,0,0,0,0,0,0,'en',0),(386,0,0,0,0,0,0,0,0,0,0,0,0,0,'en',0),(387,0,0,0,0,0,0,0,0,0,0,0,0,0,'en',0),(388,0,0,0,0,0,0,0,0,0,0,0,0,0,'en',0),(389,0,0,0,0,0,0,0,0,0,0,0,0,0,'en',0),(390,0,0,0,0,0,0,0,0,0,0,0,0,0,'',0),(391,0,0,0,0,0,0,0,0,0,0,0,0,0,'',0),(392,0,0,0,0,0,0,0,0,0,0,0,0,0,'',0),(393,0,0,0,0,0,0,0,0,0,0,0,0,0,'',0),(394,7,1,0,0,0,0,0,0,0,0,0,0,0,'',0),(395,0,0,0,0,0,0,0,0,0,0,0,0,0,'',0),(396,0,0,0,0,0,0,0,0,0,0,0,0,0,'',0),(397,0,0,0,0,0,0,0,0,0,0,0,0,0,'',0),(398,9,11,0,0,0,0,0,0,0,0,0,0,0,'',0),(399,0,0,0,0,0,0,0,0,0,0,0,0,0,'',0),(400,7,1,0,0,0,0,0,0,0,0,0,0,0,'',0),(401,0,0,0,0,0,0,0,0,0,0,0,0,0,'',0),(402,0,0,0,0,0,0,0,0,0,0,0,0,0,'',0),(403,0,0,0,0,0,0,0,0,0,0,0,0,0,'',0),(404,0,0,0,0,0,0,0,0,0,0,0,0,0,'',0),(405,0,0,0,0,0,0,0,0,0,0,0,0,0,'',0),(406,0,0,0,0,0,0,0,0,0,0,0,0,0,'',0),(407,0,0,0,0,0,0,0,0,0,0,0,0,0,'',0),(408,0,0,0,0,0,0,0,0,0,0,0,0,0,'',0),(409,0,0,0,0,0,0,0,0,0,0,0,0,0,'',0),(410,0,0,0,0,0,0,0,0,0,0,0,0,0,'',0),(411,0,0,0,0,0,0,0,0,0,0,0,0,0,'',0),(412,7,11,0,0,0,0,0,0,0,0,0,0,0,'fr',0),(413,0,0,0,0,0,0,0,0,0,0,0,0,0,'',0),(414,0,0,0,0,0,0,0,0,0,0,0,0,0,'',0),(415,0,0,0,0,0,0,0,0,0,0,0,0,0,'',0),(416,0,0,0,0,0,0,0,0,0,0,0,0,0,'',0),(417,0,0,0,0,0,0,0,0,0,0,0,0,0,'',0),(418,7,1,0,0,0,0,0,0,0,0,0,0,0,'',0),(419,0,0,0,0,0,0,0,0,0,0,0,0,0,'',0),(420,9,11,0,0,0,0,0,0,0,0,0,0,0,'',0),(421,0,0,0,0,0,0,0,0,0,0,0,0,0,'',0),(422,0,0,0,0,0,0,0,0,0,0,0,0,0,'',0),(423,0,0,0,0,0,0,0,0,0,0,0,0,0,'',0),(424,0,0,0,0,0,0,0,0,0,0,0,0,0,'',0),(425,9,11,0,0,0,0,0,0,0,0,0,0,0,'',0),(426,0,0,0,0,0,0,0,0,0,0,0,0,0,'',0),(427,0,0,0,0,0,0,0,0,0,0,0,0,0,'',0),(428,0,0,0,0,0,0,0,0,0,0,0,0,0,'',0),(429,0,0,0,0,0,0,0,0,0,0,0,0,0,'',0),(430,0,0,0,0,0,0,0,0,0,0,0,0,0,'',0),(431,0,0,0,0,0,0,0,0,0,0,0,0,0,'',0),(432,0,0,0,0,0,0,0,0,0,0,0,0,0,'',0),(433,0,0,0,0,0,0,0,0,0,0,0,0,0,'',0),(434,0,0,0,0,0,0,0,0,0,0,0,0,0,'',0),(435,0,0,0,0,0,0,0,0,0,0,0,0,0,'',0),(436,0,0,0,0,0,0,0,0,0,0,0,0,0,'en',0),(437,0,0,0,0,0,0,0,0,0,0,0,0,0,'',0),(438,0,0,0,0,0,0,0,0,0,0,0,0,0,'',0),(439,0,0,0,0,0,0,0,0,0,0,0,0,0,'',0),(440,7,1,0,0,0,0,0,0,0,0,0,0,0,'',0),(441,7,1,0,0,0,0,0,0,0,0,0,0,0,'',0),(442,0,0,0,0,0,0,0,0,0,0,0,0,0,'',0),(443,0,0,0,0,0,0,0,0,0,0,0,0,0,'',0),(444,0,0,0,0,0,0,0,0,0,0,0,0,0,'',0),(445,0,0,0,0,0,0,0,0,0,0,0,0,0,'',0),(446,0,0,0,0,0,0,0,0,0,0,0,0,0,'',0),(447,0,0,0,0,0,0,0,0,0,0,0,0,0,'',0),(448,0,0,0,0,0,0,0,0,0,0,0,0,0,'',0),(449,0,0,0,0,0,0,0,0,0,0,0,0,0,'',0),(450,0,0,0,0,0,0,0,0,0,0,0,0,0,'',0),(451,3,11,0,0,0,0,0,0,0,0,0,0,0,'ru',0),(452,0,0,0,0,0,0,0,0,0,0,0,0,0,'',0),(453,0,0,0,0,0,0,0,0,0,0,0,0,0,'',0),(454,0,0,0,0,0,0,0,0,0,0,0,0,0,'',0),(455,7,1,0,0,0,0,0,0,0,0,0,0,0,'',0),(456,7,1,0,0,0,0,0,0,0,0,0,0,0,'',0),(457,9,11,0,0,0,0,0,0,0,0,0,0,0,'en',0),(458,9,11,0,0,0,0,0,0,0,0,0,0,0,'en',0),(459,0,0,0,0,0,0,0,0,0,0,0,0,0,'',0),(460,0,0,0,0,0,0,0,0,0,0,0,0,0,'',0),(461,0,0,0,0,0,0,0,0,0,0,0,0,0,'',0),(462,9,11,0,0,0,0,0,0,0,0,0,0,0,'',0),(463,0,0,0,0,0,0,0,0,0,0,0,0,0,'',0),(464,0,0,0,0,0,0,0,0,0,0,0,0,0,'',0),(465,0,0,0,0,0,0,0,0,0,0,0,0,0,'',0),(466,0,0,0,0,0,0,0,0,0,0,0,0,0,'',0),(467,0,0,0,0,0,0,0,0,0,0,0,0,0,'',0),(468,0,0,0,0,0,0,0,0,0,0,0,0,0,'',0),(469,0,0,0,0,0,0,0,0,0,0,0,0,0,'',0),(470,0,0,0,0,0,0,0,0,0,0,0,0,0,'',0),(471,0,0,0,0,0,0,0,0,0,0,0,0,0,'',0),(472,0,0,0,0,0,0,0,0,0,0,0,0,0,'',0),(473,0,0,0,0,0,0,0,0,0,0,0,0,0,'',0),(474,7,1,0,0,0,0,0,0,0,0,0,0,0,'',0),(475,0,0,0,0,0,0,0,0,0,0,0,0,0,'',0),(476,9,11,0,0,0,0,0,0,0,0,0,0,0,'',0),(477,6,11,0,0,0,0,0,0,0,0,0,0,0,'en',0),(478,7,11,0,0,0,0,0,0,0,0,0,0,0,'fr',0),(479,0,0,0,0,0,0,0,0,0,0,0,0,0,'',0),(480,0,0,0,0,0,0,0,0,0,0,0,0,0,'',0),(481,0,0,0,0,0,0,0,0,0,0,0,0,0,'',0),(482,0,0,0,0,0,0,0,0,0,0,0,0,0,'',0),(483,0,0,0,0,0,0,0,0,0,0,0,0,0,'',0),(484,0,0,0,0,0,0,0,0,0,0,0,0,0,'',0),(485,0,0,0,0,0,0,0,0,0,0,0,0,0,'',0),(486,0,0,0,0,0,0,0,0,0,0,0,0,0,'',0),(487,0,0,0,0,0,0,0,0,0,0,0,0,0,'',0),(488,8,11,0,0,0,0,0,0,0,0,0,0,0,'fr',0),(489,0,0,0,0,0,0,0,0,0,0,0,0,0,'',0),(490,9,11,0,0,0,0,0,0,0,0,0,0,0,'',0),(491,0,0,0,0,0,0,0,0,0,0,0,0,0,'',0),(492,0,0,0,0,0,0,0,0,0,0,0,0,0,'',0),(493,0,0,0,0,0,0,0,0,0,0,0,0,0,'',0),(494,0,0,0,0,0,0,0,0,0,0,0,0,0,'',0),(495,9,11,0,0,0,0,0,0,0,0,0,0,0,'',0),(496,9,11,0,0,0,0,0,0,0,0,0,0,0,'',0),(497,0,0,0,0,0,0,0,0,0,0,0,0,0,'',0),(498,7,1,0,0,0,0,0,0,0,0,0,0,0,'',0),(499,0,0,0,0,0,0,0,0,0,0,0,0,0,'',0),(500,0,0,0,0,0,0,0,0,0,0,0,0,0,'',0),(501,0,0,0,0,0,0,0,0,0,0,0,0,0,'',0),(502,0,0,0,0,0,0,0,0,0,0,0,0,0,'',0),(503,0,0,0,0,0,0,0,0,0,0,0,0,0,'',0),(504,0,0,0,0,0,0,0,0,0,0,0,0,0,'',0),(505,0,0,0,0,0,0,0,0,0,0,0,0,0,'',0),(506,9,11,0,0,0,0,0,0,0,0,0,0,0,'',0),(507,0,0,0,0,0,0,0,0,0,0,0,0,0,'',0),(508,0,0,0,0,0,0,0,0,0,0,0,0,0,'',0),(509,0,0,0,0,0,0,0,0,0,0,0,0,0,'',0),(510,0,0,0,0,0,0,0,0,0,0,0,0,0,'',0),(511,0,0,0,0,0,0,0,0,0,0,0,0,0,'',0),(512,0,0,0,0,0,0,0,0,0,0,0,0,0,'',0),(513,0,0,0,0,0,0,0,0,0,0,0,0,0,'',0),(514,9,1,0,0,0,0,0,0,0,0,0,0,0,'',0),(515,0,0,0,0,0,0,0,0,0,0,0,0,0,'',0),(516,0,0,0,0,0,0,0,0,0,0,0,0,0,'',0),(517,0,0,0,0,0,0,0,0,0,0,0,0,0,'',0),(518,0,0,0,0,0,0,0,0,0,0,0,0,0,'',0),(519,0,0,0,0,0,0,0,0,0,0,0,0,0,'',0),(520,0,0,0,0,0,0,0,0,0,0,0,0,0,'',0),(521,0,0,0,0,0,0,0,0,0,0,0,0,0,'',0),(522,9,11,0,0,0,0,0,0,0,0,0,0,0,'ro',0),(523,0,0,0,0,0,0,0,0,0,0,0,0,0,'',0),(524,0,0,0,0,0,0,0,0,0,0,0,0,0,'',0),(525,9,11,0,0,0,0,0,0,0,0,0,0,0,'',0),(526,0,0,0,0,0,0,0,0,0,0,0,0,0,'',0),(527,0,0,0,0,0,0,0,0,0,0,0,0,0,'',0),(528,0,0,0,0,0,0,0,0,0,0,0,0,0,'',0),(529,0,0,0,0,0,0,0,0,0,0,0,0,0,'',0),(530,6,11,0,0,0,0,0,0,0,0,0,0,0,'en',0),(531,9,11,0,0,0,0,0,0,0,0,0,0,0,'',0),(532,9,11,0,0,0,0,0,0,0,0,0,0,0,'',0),(533,9,11,0,0,0,0,0,0,0,0,0,0,0,'',0),(534,0,0,0,0,0,0,0,0,0,0,0,0,0,'',0),(535,0,0,0,0,0,0,0,0,0,0,0,0,0,'',0),(536,0,0,0,0,0,0,0,0,0,0,0,0,0,'',0),(537,0,0,0,0,0,0,0,0,0,0,0,0,0,'',0),(538,0,0,0,0,0,0,0,0,0,0,0,0,0,'',0),(539,0,0,0,0,0,0,0,0,0,0,0,0,0,'',0),(540,0,0,0,0,0,0,0,0,0,0,0,0,0,'',0),(541,0,0,0,0,0,0,0,0,0,0,0,0,0,'',0),(542,9,11,0,0,0,0,0,0,0,0,0,0,0,'',0),(543,0,0,0,0,0,0,0,0,0,0,0,0,0,'',0),(544,0,0,0,0,0,0,0,0,0,0,0,0,0,'',0),(545,0,0,0,0,0,0,0,0,0,0,0,0,0,'',0),(546,0,0,0,0,0,0,0,0,0,0,0,0,0,'',0),(547,0,0,0,0,0,0,0,0,0,0,0,0,0,'',0),(548,0,0,0,0,0,0,0,0,0,0,0,0,0,'',0),(549,7,11,0,0,0,0,0,0,0,0,0,0,0,'es',0),(550,0,0,0,0,0,0,0,0,0,0,0,0,0,'',0),(551,0,0,0,0,0,0,0,0,0,0,0,0,0,'',0),(552,0,0,0,0,0,0,0,0,0,0,0,0,0,'',0),(553,0,0,0,0,0,0,0,0,0,0,0,0,0,'',0),(554,0,0,0,0,0,0,0,0,0,0,0,0,0,'',0),(555,0,0,0,0,0,0,0,0,0,0,0,0,0,'',0),(556,0,0,0,0,0,0,0,0,0,0,0,0,0,'',0),(557,0,0,0,0,0,0,0,0,0,0,0,0,0,'',0),(558,0,0,0,0,0,0,0,0,0,0,0,0,0,'',0),(559,0,0,0,0,0,0,0,0,0,0,0,0,0,'',0),(560,0,0,0,0,0,0,0,0,0,0,0,0,0,'',0),(561,0,0,0,0,0,0,0,0,0,0,0,0,0,'',0),(562,0,0,0,0,0,0,0,0,0,0,0,0,0,'',0),(563,0,0,0,0,0,0,0,0,0,0,0,0,0,'',0),(564,0,0,0,0,0,0,0,0,0,0,0,0,0,'',0),(565,0,0,0,0,0,0,0,0,0,0,0,0,0,'',0),(566,0,0,0,0,0,0,0,0,0,0,0,0,0,'',0),(567,0,0,0,0,0,0,0,0,0,0,0,0,0,'',0),(568,0,0,0,0,0,0,0,0,0,0,0,0,0,'',0),(569,0,0,0,0,0,0,0,0,0,0,0,0,0,'',0),(570,0,0,0,0,0,0,0,0,0,0,0,0,0,'',0),(571,0,0,0,0,0,0,0,0,0,0,0,0,0,'',0),(572,0,0,0,0,0,0,0,0,0,0,0,0,0,'',0),(573,0,0,0,0,0,0,0,0,0,0,0,0,0,'',0),(574,6,11,0,0,0,0,0,0,0,0,0,0,0,'en',0),(575,0,0,0,0,0,0,0,0,0,0,0,0,0,'',0),(576,0,0,0,0,0,0,0,0,0,0,0,0,0,'',0),(577,0,0,0,0,0,0,0,0,0,0,0,0,0,'',0),(578,0,0,0,0,0,0,0,0,0,0,0,0,0,'',0),(579,0,0,0,0,0,0,0,0,0,0,0,0,0,'',0),(580,0,0,0,0,0,0,0,0,0,0,0,0,0,'',0),(581,0,0,0,0,0,0,0,0,0,0,0,0,0,'',0),(582,0,0,0,0,0,0,0,0,0,0,0,0,0,'',0),(583,0,0,0,0,0,0,0,0,0,0,0,0,0,'',0),(584,0,0,0,0,0,0,0,0,0,0,0,0,0,'',0),(585,0,0,0,0,0,0,0,0,0,0,0,0,0,'',0),(586,0,0,0,0,0,0,0,0,0,0,0,0,0,'',0),(587,0,0,0,0,0,0,0,0,0,0,0,0,0,'',0),(588,0,0,0,0,0,0,0,0,0,0,0,0,0,'',0),(589,0,0,0,0,0,0,0,0,0,0,0,0,0,'',0),(590,7,1,0,0,0,0,0,0,0,0,0,0,0,'es',0),(591,0,0,0,0,0,0,0,0,0,0,0,0,0,'',0),(592,0,0,0,0,0,0,0,0,0,0,0,0,0,'',0),(593,0,0,0,0,0,0,0,0,0,0,0,0,0,'',0),(594,0,0,0,0,0,0,0,0,0,0,0,0,0,'',0),(595,6,3,0,0,0,0,0,0,0,0,0,0,0,'fr',0),(596,0,0,0,0,0,0,0,0,0,0,0,0,0,'',0),(597,0,0,0,0,0,0,0,0,0,0,0,0,0,'',0),(598,0,0,0,0,0,0,0,0,0,0,0,0,0,'',0),(599,0,0,0,0,0,0,0,0,0,0,0,0,0,'',0),(600,9,11,0,0,0,0,0,0,0,0,0,0,0,'',0),(601,0,0,0,0,0,0,0,0,0,0,0,0,0,'',0),(602,0,0,0,0,0,0,0,0,0,0,0,0,0,'',0),(603,0,0,0,0,0,0,0,0,0,0,0,0,0,'',0),(604,0,0,0,0,0,0,0,0,0,0,0,0,0,'',0),(605,9,1,0,0,0,0,0,0,0,0,0,0,0,'en',0),(606,0,0,0,0,0,0,0,0,0,0,0,0,0,'',0),(607,7,1,0,0,0,0,0,0,0,0,0,0,0,'',0),(608,0,0,0,0,0,0,0,0,0,0,0,0,0,'',0),(609,0,0,0,0,0,0,0,0,0,0,0,0,0,'',0),(610,0,0,0,0,0,0,0,0,0,0,0,0,0,'',0),(611,0,0,0,0,0,0,0,0,0,0,0,0,0,'',0),(612,0,0,0,0,0,0,0,0,0,0,0,0,0,'',0),(613,0,0,0,0,0,0,0,0,0,0,0,0,0,'',0),(614,0,0,0,0,0,0,0,0,0,0,0,0,0,'',0),(615,0,0,0,0,0,0,0,0,0,0,0,0,0,'',0),(616,0,0,0,0,0,0,0,0,0,0,0,0,0,'',0),(617,0,0,0,0,0,0,0,0,0,0,0,0,0,'',0),(618,0,0,0,0,0,0,0,0,0,0,0,0,0,'',0),(619,0,0,0,0,0,0,0,0,0,0,0,0,0,'',0),(620,0,0,0,0,0,0,0,0,0,0,0,0,0,'en',0),(621,0,0,0,0,0,0,0,0,0,0,0,0,0,'',0),(622,0,0,0,0,0,0,0,0,0,0,0,0,0,'',0),(623,0,0,0,0,0,0,0,0,0,0,0,0,0,'',0),(624,0,0,0,0,0,0,0,0,0,0,0,0,0,'',0),(625,0,0,0,0,0,0,0,0,0,0,0,0,0,'',0),(626,0,0,0,0,0,0,0,0,0,0,0,0,0,'',0),(627,9,1,0,0,0,0,0,0,0,0,0,0,0,'en',0),(628,9,11,0,0,0,0,0,0,0,0,0,0,0,'',0),(629,0,0,0,0,0,0,0,0,0,0,0,0,0,'',0),(630,7,1,0,0,0,0,0,0,0,0,0,0,0,'',0),(631,7,11,0,0,0,0,0,0,0,0,0,0,0,'fr',0),(632,0,0,0,0,0,0,0,0,0,0,0,0,0,'',0),(633,0,0,0,0,0,0,0,0,0,0,0,0,0,'',0),(634,7,1,0,0,0,0,0,0,0,0,0,0,0,'',0),(635,6,3,0,0,0,0,0,0,0,0,0,0,0,'en',0),(636,6,11,0,0,0,0,0,0,0,0,0,0,0,'en',0),(637,9,11,0,0,0,0,0,0,0,0,0,0,0,'',0),(638,0,0,0,0,0,0,0,0,0,0,0,0,0,'',0),(639,0,0,0,0,0,0,0,0,0,0,0,0,0,'',0),(640,6,11,0,0,0,0,0,0,0,0,0,0,0,'en',0),(641,0,0,0,0,0,0,0,0,0,0,0,0,0,'',0),(642,0,0,0,0,0,0,0,0,0,0,0,0,0,'',0),(643,9,11,0,0,0,0,0,0,0,0,0,0,0,'',0),(644,6,11,0,0,0,0,0,0,0,0,0,0,0,'en',0),(645,9,1,0,0,0,0,0,0,0,0,0,0,0,'en',0),(646,0,0,0,0,0,0,0,0,0,0,0,0,0,'',0),(647,9,11,0,0,0,0,0,0,0,0,0,0,0,'',0),(648,0,0,0,0,0,0,0,0,0,0,0,0,0,'',0),(649,0,0,0,0,0,0,0,0,0,0,0,0,0,'',0),(650,0,0,0,0,0,0,0,0,0,0,0,0,0,'',0),(651,0,0,0,0,0,0,0,0,0,0,0,0,0,'',0),(652,0,0,0,0,0,0,0,0,0,0,0,0,0,'',0),(653,0,0,0,0,0,0,0,0,0,0,0,0,0,'',0),(654,0,0,0,0,0,0,0,0,0,0,0,0,0,'',0),(655,0,0,0,0,0,0,0,0,0,0,0,0,0,'',0),(656,0,0,0,0,0,0,0,0,0,0,0,0,0,'',0),(657,0,0,0,0,0,0,0,0,0,0,0,0,0,'',0),(658,0,0,0,0,0,0,0,0,0,0,0,0,0,'',0),(659,0,0,0,0,0,0,0,0,0,0,0,0,0,'',0),(660,0,0,0,0,0,0,0,0,0,0,0,0,0,'',0),(661,0,0,0,0,0,0,0,0,0,0,0,0,0,'',0),(662,0,0,0,0,0,0,0,0,0,0,0,0,0,'',0),(663,0,0,0,0,0,0,0,0,0,0,0,0,0,'',0),(664,0,0,0,0,0,0,0,0,0,0,0,0,0,'',0),(665,0,0,0,0,0,0,0,0,0,0,0,0,0,'',0),(666,0,0,0,0,0,0,0,0,0,0,0,0,0,'',0),(667,0,0,0,0,0,0,0,0,0,0,0,0,0,'',0),(668,0,0,0,0,0,0,0,0,0,0,0,0,0,'',0),(669,0,0,0,0,0,0,0,0,0,0,0,0,0,'',0),(670,0,0,0,0,0,0,0,0,0,0,0,0,0,'',0),(671,0,0,0,0,0,0,0,0,0,0,0,0,0,'',0),(672,0,0,0,0,0,0,0,0,0,0,0,0,0,'',0),(673,0,0,0,0,0,0,0,0,0,0,0,0,0,'',0),(674,0,0,0,0,0,0,0,0,0,0,0,0,0,'',0),(675,0,0,0,0,0,0,0,0,0,0,0,0,0,'',0),(676,0,0,0,0,0,0,0,0,0,0,0,0,0,'',0),(677,0,0,0,0,0,0,0,0,0,0,0,0,0,'',0),(678,0,0,0,0,0,0,0,0,0,0,0,0,0,'',0),(679,0,0,0,0,0,0,0,0,0,0,0,0,0,'',0),(680,0,0,0,0,0,0,0,0,0,0,0,0,0,'',0),(681,0,0,0,0,0,0,0,0,0,0,0,0,0,'',0),(682,0,0,0,0,0,0,0,0,0,0,0,0,0,'',0),(683,0,0,0,0,0,0,0,0,0,0,0,0,0,'',0),(684,0,0,0,0,0,0,0,0,0,0,0,0,0,'',0),(685,0,0,0,0,0,0,0,0,0,0,0,0,0,'',0),(686,0,0,0,0,0,0,0,0,0,0,0,0,0,'',0),(687,0,0,0,0,0,0,0,0,0,0,0,0,0,'',0),(688,0,0,0,0,0,0,0,0,0,0,0,0,0,'',0),(689,0,0,0,0,0,0,0,0,0,0,0,0,0,'',0),(690,0,0,0,0,0,0,0,0,0,0,0,0,0,'',0),(691,0,0,0,0,0,0,0,0,0,0,0,0,0,'',0),(692,0,0,0,0,0,0,0,0,0,0,0,0,0,'',0),(693,0,0,0,0,0,0,0,0,0,0,0,0,0,'',0),(694,0,0,0,0,0,0,0,0,0,0,0,0,0,'',0),(695,0,0,0,0,0,0,0,0,0,0,0,0,0,'',0),(696,0,0,0,0,0,0,0,0,0,0,0,0,0,'',0),(697,0,0,0,0,0,0,0,0,0,0,0,0,0,'',0),(698,0,0,0,0,0,0,0,0,0,0,0,0,0,'',0),(699,0,0,0,0,0,0,0,0,0,0,0,0,0,'',0),(700,0,0,0,0,0,0,0,0,0,0,0,0,0,'',0),(701,0,0,0,0,0,0,0,0,0,0,0,0,0,'',0),(702,0,0,0,0,0,0,0,0,0,0,0,0,0,'',0),(703,0,0,0,0,0,0,0,0,0,0,0,0,0,'',0),(704,0,0,0,0,0,0,0,0,0,0,0,0,0,'',0),(705,0,0,0,0,0,0,0,0,0,0,0,0,0,'',0),(706,0,0,0,0,0,0,0,0,0,0,0,0,0,'',0),(707,0,0,0,0,0,0,0,0,0,0,0,0,0,'',0),(708,0,0,0,0,0,0,0,0,0,0,0,0,0,'',0),(709,0,0,0,0,0,0,0,0,0,0,0,0,0,'',0),(710,0,0,0,0,0,0,0,0,0,0,0,0,0,'',0),(711,0,0,0,0,0,0,0,0,0,0,0,0,0,'',0),(712,0,0,0,0,0,0,0,0,0,0,0,0,0,'',0),(713,0,0,0,0,0,0,0,0,0,0,0,0,0,'',0),(714,0,0,0,0,0,0,0,0,0,0,0,0,0,'',0),(715,0,0,0,0,0,0,0,0,0,0,0,0,0,'',0),(716,0,0,0,0,0,0,0,0,0,0,0,0,0,'',0),(717,0,0,0,0,0,0,0,0,0,0,0,0,0,'',0),(718,0,0,0,0,0,0,0,0,0,0,0,0,0,'',0),(719,0,0,0,0,0,0,0,0,0,0,0,0,0,'',0),(720,0,0,0,0,0,0,0,0,0,0,0,0,0,'',0),(721,0,0,0,0,0,0,0,0,0,0,0,0,0,'',0),(722,0,0,0,0,0,0,0,0,0,0,0,0,0,'',0),(723,0,0,0,0,0,0,0,0,0,0,0,0,0,'',0),(724,0,0,0,0,0,0,0,0,0,0,0,0,0,'',0),(725,0,0,0,0,0,0,0,0,0,0,0,0,0,'',0),(726,0,0,0,0,0,0,0,0,0,0,0,0,0,'',0),(727,0,0,0,0,0,0,0,0,0,0,0,0,0,'',0),(728,0,0,0,0,0,0,0,0,0,0,0,0,0,'',0),(729,0,0,0,0,0,0,0,0,0,0,0,0,0,'',0),(730,0,0,0,0,0,0,0,0,0,0,0,0,0,'',0),(731,0,0,0,0,0,0,0,0,0,0,0,0,0,'',0),(732,0,0,0,0,0,0,0,0,0,0,0,0,0,'',0),(733,0,0,0,0,0,0,0,0,0,0,0,0,0,'',0),(734,0,0,0,0,0,0,0,0,0,0,0,0,0,'',0),(735,0,0,0,0,0,0,0,0,0,0,0,0,0,'',0),(736,0,0,0,0,0,0,0,0,0,0,0,0,0,'',0),(737,0,0,0,0,0,0,0,0,0,0,0,0,0,'',0),(738,0,0,0,0,0,0,0,0,0,0,0,0,0,'',0),(739,0,0,0,0,0,0,0,0,0,0,0,0,0,'',0),(740,0,0,0,0,0,0,0,0,0,0,0,0,0,'',0),(741,0,0,0,0,0,0,0,0,0,0,0,0,0,'',0),(742,0,0,0,0,0,0,0,0,0,0,0,0,0,'',0),(743,0,0,0,0,0,0,0,0,0,0,0,0,0,'',0),(744,0,0,0,0,0,0,0,0,0,0,0,0,0,'',0),(745,0,0,0,0,0,0,0,0,0,0,0,0,0,'',0),(746,0,0,0,0,0,0,0,0,0,0,0,0,0,'',0),(747,0,0,0,0,0,0,0,0,0,0,0,0,0,'',0),(748,0,0,0,0,0,0,0,0,0,0,0,0,0,'',0),(749,0,0,0,0,0,0,0,0,0,0,0,0,0,'',0),(750,0,0,0,0,0,0,0,0,0,0,0,0,0,'',0),(751,0,0,0,0,0,0,0,0,0,0,0,0,0,'',0),(752,0,0,0,0,0,0,0,0,0,0,0,0,0,'',0),(753,0,0,0,0,0,0,0,0,0,0,0,0,0,'',0),(754,0,0,0,0,0,0,0,0,0,0,0,0,0,'',0),(755,0,0,0,0,0,0,0,0,0,0,0,0,0,'',0),(756,0,0,0,0,0,0,0,0,0,0,0,0,0,'',0),(757,0,0,0,0,0,0,0,0,0,0,0,0,0,'',0),(758,0,0,0,0,0,0,0,0,0,0,0,0,0,'',0),(759,0,0,0,0,0,0,0,0,0,0,0,0,0,'',0),(760,0,0,0,0,0,0,0,0,0,0,0,0,0,'',0),(761,0,0,0,0,0,0,0,0,0,0,0,0,0,'',0),(762,0,0,0,0,0,0,0,0,0,0,0,0,0,'',0),(763,0,0,0,0,0,0,0,0,0,0,0,0,0,'',0),(764,0,0,0,0,0,0,0,0,0,0,0,0,0,'',0),(765,0,0,0,0,0,0,0,0,0,0,0,0,0,'',0),(766,0,0,0,0,0,0,0,0,0,0,0,0,0,'',0),(767,0,0,0,0,0,0,0,0,0,0,0,0,0,'',0),(768,0,0,0,0,0,0,0,0,0,0,0,0,0,'',0),(769,0,0,0,0,0,0,0,0,0,0,0,0,0,'',0),(770,0,0,0,0,0,0,0,0,0,0,0,0,0,'',0),(771,0,0,0,0,0,0,0,0,0,0,0,0,0,'',0),(772,0,0,0,0,0,0,0,0,0,0,0,0,0,'',0),(773,0,0,0,0,0,0,0,0,0,0,0,0,0,'',0),(774,0,0,0,0,0,0,0,0,0,0,0,0,0,'',0),(775,0,0,0,0,0,0,0,0,0,0,0,0,0,'',0),(776,0,0,0,0,0,0,0,0,0,0,0,0,0,'',0),(777,0,0,0,0,0,0,0,0,0,0,0,0,0,'',0),(778,0,0,0,0,0,0,0,0,0,0,0,0,0,'',0),(779,0,0,0,0,0,0,0,0,0,0,0,0,0,'',0),(780,0,0,0,0,0,0,0,0,0,0,0,0,0,'',0),(781,0,0,0,0,0,0,0,0,0,0,0,0,0,'',0),(782,0,0,0,0,0,0,0,0,0,0,0,0,0,'',0),(783,0,0,0,0,0,0,0,0,0,0,0,0,0,'',0),(784,0,0,0,0,0,0,0,0,0,0,0,0,0,'',0),(785,0,0,0,0,0,0,0,0,0,0,0,0,0,'',0),(786,0,0,0,0,0,0,0,0,0,0,0,0,0,'',0),(787,0,0,0,0,0,0,0,0,0,0,0,0,0,'',0),(788,0,0,0,0,0,0,0,0,0,0,0,0,0,'',0),(789,0,0,0,0,0,0,0,0,0,0,0,0,0,'',0),(790,0,0,0,0,0,0,0,0,0,0,0,0,0,'',0),(791,0,0,0,0,0,0,0,0,0,0,0,0,0,'',0),(792,0,0,0,0,0,0,0,0,0,0,0,0,0,'',0),(793,0,0,0,0,0,0,0,0,0,0,0,0,0,'',0),(794,0,0,0,0,0,0,0,0,0,0,0,0,0,'',0),(795,0,0,0,0,0,0,0,0,0,0,0,0,0,'',0),(796,0,0,0,0,0,0,0,0,0,0,0,0,0,'',0),(797,0,0,0,0,0,0,0,0,0,0,0,0,0,'',0),(798,0,0,0,0,0,0,0,0,0,0,0,0,0,'',0),(799,0,0,0,0,0,0,0,0,0,0,0,0,0,'',0),(800,0,0,0,0,0,0,0,0,0,0,0,0,0,'',0),(801,0,0,0,0,0,0,0,0,0,0,0,0,0,'',0),(802,0,0,0,0,0,0,0,0,0,0,0,0,0,'',0),(803,0,0,0,0,0,0,0,0,0,0,0,0,0,'',0),(804,0,0,0,0,0,0,0,0,0,0,0,0,0,'',0),(805,0,0,0,0,0,0,0,0,0,0,0,0,0,'',0),(806,0,0,0,0,0,0,0,0,0,0,0,0,0,'',0),(807,0,0,0,0,0,0,0,0,0,0,0,0,0,'',0),(808,0,0,0,0,0,0,0,0,0,0,0,0,0,'',0),(809,0,0,0,0,0,0,0,0,0,0,0,0,0,'',0),(810,0,0,0,0,0,0,0,0,0,0,0,0,0,'',0),(811,0,0,0,0,0,0,0,0,0,0,0,0,0,'',0),(812,0,0,0,0,0,0,0,0,0,0,0,0,0,'',0),(813,0,0,0,0,0,0,0,0,0,0,0,0,0,'',0),(814,0,0,0,0,0,0,0,0,0,0,0,0,0,'',0),(815,0,0,0,0,0,0,0,0,0,0,0,0,0,'',0),(816,0,0,0,0,0,0,0,0,0,0,0,0,0,'',0),(817,0,0,0,0,0,0,0,0,0,0,0,0,0,'',0),(818,0,0,0,0,0,0,0,0,0,0,0,0,0,'',0),(819,0,0,0,0,0,0,0,0,0,0,0,0,0,'',0),(820,0,0,0,0,0,0,0,0,0,0,0,0,0,'',0),(821,0,0,0,0,0,0,0,0,0,0,0,0,0,'',0),(822,0,0,0,0,0,0,0,0,0,0,0,0,0,'',0),(823,0,0,0,0,0,0,0,0,0,0,0,0,0,'',0),(824,0,0,0,0,0,0,0,0,0,0,0,0,0,'',0),(825,0,0,0,0,0,0,0,0,0,0,0,0,0,'',0),(826,0,0,0,0,0,0,0,0,0,0,0,0,0,'',0),(827,0,0,0,0,0,0,0,0,0,0,0,0,0,'',0),(828,0,0,0,0,0,0,0,0,0,0,0,0,0,'',0),(829,0,0,0,0,0,0,0,0,0,0,0,0,0,'',0),(830,0,0,0,0,0,0,0,0,0,0,0,0,0,'',0),(831,0,0,0,0,0,0,0,0,0,0,0,0,0,'',0),(832,0,0,0,0,0,0,0,0,0,0,0,0,0,'',0),(833,0,0,0,0,0,0,0,0,0,0,0,0,0,'',0),(834,0,0,0,0,0,0,0,0,0,0,0,0,0,'',0),(835,0,0,0,0,0,0,0,0,0,0,0,0,0,'',0),(836,0,0,0,0,0,0,0,0,0,0,0,0,0,'',0),(837,0,0,0,0,0,0,0,0,0,0,0,0,0,'',0),(838,0,0,0,0,0,0,0,0,0,0,0,0,0,'',0),(839,0,0,0,0,0,0,0,0,0,0,0,0,0,'',0),(840,0,0,0,0,0,0,0,0,0,0,0,0,0,'',0),(841,0,0,0,0,0,0,0,0,0,0,0,0,0,'',0),(842,0,0,0,0,0,0,0,0,0,0,0,0,0,'',0),(843,0,0,0,0,0,0,0,0,0,0,0,0,0,'',0),(844,0,0,0,0,0,0,0,0,0,0,0,0,0,'',0),(845,0,0,0,0,0,0,0,0,0,0,0,0,0,'',0),(846,0,0,0,0,0,0,0,0,0,0,0,0,0,'',0),(847,0,0,0,0,0,0,0,0,0,0,0,0,0,'',0),(848,0,0,0,0,0,0,0,0,0,0,0,0,0,'',0),(849,0,0,0,0,0,0,0,0,0,0,0,0,0,'',0),(850,0,0,0,0,0,0,0,0,0,0,0,0,0,'',0),(851,0,0,0,0,0,0,0,0,0,0,0,0,0,'',0),(852,0,0,0,0,0,0,0,0,0,0,0,0,0,'',0),(853,0,0,0,0,0,0,0,0,0,0,0,0,0,'',0),(854,0,0,0,0,0,0,0,0,0,0,0,0,0,'',0),(855,0,0,0,0,0,0,0,0,0,0,0,0,0,'',0),(856,0,0,0,0,0,0,0,0,0,0,0,0,0,'',0),(857,6,11,0,0,0,0,0,0,0,0,0,0,0,'en',0),(858,0,0,0,0,0,0,0,0,0,0,0,0,0,'',0),(859,0,0,0,0,0,0,0,0,0,0,0,0,0,'',0),(860,9,11,0,0,0,0,0,0,0,0,0,0,0,'',0),(861,0,0,0,0,0,0,0,0,0,0,0,0,0,'',0),(862,0,0,0,0,0,0,0,0,0,0,0,0,0,'',0),(863,0,0,0,0,0,0,0,0,0,0,0,0,0,'en',0),(864,0,0,0,0,0,0,0,0,0,0,0,0,0,'en',0),(865,0,0,0,0,0,0,0,0,0,0,0,0,0,'en',0),(866,0,0,0,0,0,0,0,0,0,0,0,0,0,'en',0),(867,0,0,0,0,0,0,0,0,0,0,0,0,0,'en',0),(868,0,0,0,0,0,0,0,0,0,0,0,0,0,'en',0),(869,0,0,0,0,0,0,0,0,0,0,0,0,0,'en',0),(870,0,0,0,0,0,0,0,0,0,0,0,0,0,'en',0),(871,0,0,0,0,0,0,0,0,0,0,0,0,0,'en',0),(872,0,0,0,0,0,0,0,0,0,0,0,0,0,'en',0),(873,0,0,0,0,0,0,0,0,0,0,0,0,0,'en',0),(874,0,0,0,0,0,0,0,0,0,0,0,0,0,'en',0),(875,0,0,0,0,0,0,0,0,0,0,0,0,0,'en',0),(876,0,0,0,0,0,0,0,0,0,0,0,0,0,'en',0),(877,0,0,0,0,0,0,0,0,0,0,0,0,0,'en',0),(878,0,0,0,0,0,0,0,0,0,0,0,0,0,'en',0),(879,0,0,0,0,0,0,0,0,0,0,0,0,0,'en',0),(880,0,0,0,0,0,0,0,0,0,0,0,0,0,'en',0),(881,0,0,0,0,0,0,0,0,0,0,0,0,0,'en',0),(882,0,0,0,0,0,0,0,0,0,0,0,0,0,'en',0),(883,0,0,0,0,0,0,0,0,0,0,0,0,0,'en',0),(884,0,0,0,0,0,0,0,0,0,0,0,0,0,'en',0),(885,0,0,0,0,0,0,0,0,0,0,0,0,0,'en',0),(886,0,0,0,0,0,0,0,0,0,0,0,0,0,'en',0),(887,0,0,0,0,0,0,0,0,0,0,0,0,0,'en',0),(888,0,0,0,0,0,0,0,0,0,0,0,0,0,'en',0),(889,0,0,0,0,0,0,0,0,0,0,0,0,0,'en',0),(890,0,0,0,0,0,0,0,0,0,0,0,0,0,'en',0),(891,0,0,0,0,0,0,0,0,0,0,0,0,0,'en',0),(892,0,0,0,0,0,0,0,0,0,0,0,0,0,'en',0),(893,0,0,0,0,0,0,0,0,0,0,0,0,0,'en',0),(894,0,0,0,0,0,0,0,0,0,0,0,0,0,'en',0),(895,0,0,0,0,0,0,0,0,0,0,0,0,0,'en',0),(896,0,0,0,0,0,0,0,0,0,0,0,0,0,'en',0),(897,0,0,0,0,0,0,0,0,0,0,0,0,0,'en',0),(898,0,0,0,0,0,0,0,0,0,0,0,0,0,'en',0),(899,0,0,0,0,0,0,0,0,0,0,0,0,0,'en',0),(900,0,0,0,0,0,0,0,0,0,0,0,0,0,'en',0),(901,0,0,0,0,0,0,0,0,0,0,0,0,0,'en',0),(902,0,0,0,0,0,0,0,0,0,0,0,0,0,'en',0),(903,0,0,0,0,0,0,0,0,0,0,0,0,0,'en',0),(904,0,0,0,0,0,0,0,0,0,0,0,0,0,'en',0),(905,0,0,0,0,0,0,0,0,0,0,0,0,0,'en',0),(906,0,0,0,0,0,0,0,0,0,0,0,0,0,'en',0),(907,0,0,0,0,0,0,0,0,0,0,0,0,0,'en',0),(908,6,11,0,0,0,0,0,0,0,0,0,0,0,'en',0),(909,0,0,0,0,0,0,0,0,0,0,0,0,0,'',0),(910,0,0,0,0,0,0,0,0,0,0,0,0,0,'',0),(911,0,0,0,0,0,0,0,0,0,0,0,0,0,'',0),(912,8,3,0,0,0,0,0,0,0,0,0,0,0,'en',0),(913,0,0,0,0,0,0,0,0,0,0,0,0,0,'',0),(914,0,0,0,0,0,0,0,0,0,0,0,0,0,'',0),(915,0,0,0,0,0,0,0,0,0,0,0,0,0,'',0),(916,0,0,0,0,0,0,0,0,0,0,0,0,0,'',0),(917,7,1,0,0,0,0,0,0,0,0,0,0,0,'',0),(918,6,11,0,0,0,0,0,0,0,0,0,0,0,'en',0),(919,6,11,0,0,0,0,0,0,0,0,0,0,0,'en',0),(920,6,11,0,0,0,0,0,0,0,0,0,0,0,'en',0),(921,6,11,0,0,0,0,0,0,0,0,0,0,0,'en',0),(922,6,11,0,0,0,0,0,0,0,0,0,0,0,'en',0),(923,6,11,0,0,0,0,0,0,0,0,0,0,0,'en',0),(924,6,11,0,0,0,0,0,0,0,0,0,0,0,'en',0),(925,6,11,0,0,0,0,0,0,0,0,0,0,0,'en',0),(926,6,11,0,0,0,0,0,0,0,0,0,0,0,'en',0),(927,6,11,0,0,0,0,0,0,0,0,0,0,0,'en',0),(928,6,11,0,0,0,0,0,0,0,0,0,0,0,'en',0),(929,6,11,0,0,0,0,0,0,0,0,0,0,0,'en',0),(930,6,11,0,0,0,0,0,0,0,0,0,0,0,'en',0),(931,6,11,0,0,0,0,0,0,0,0,0,0,0,'en',0),(932,6,11,0,0,0,0,0,0,0,0,0,0,0,'en',0),(933,6,11,0,0,0,0,0,0,0,0,0,0,0,'en',0),(934,6,11,0,0,0,0,0,0,0,0,0,0,0,'en',0),(935,6,11,0,0,0,0,0,0,0,0,0,0,0,'en',0),(936,6,11,0,0,0,0,0,0,0,0,0,0,0,'en',0),(937,6,11,0,0,0,0,0,0,0,0,0,0,0,'en',0),(938,6,11,0,0,0,0,0,0,0,0,0,0,0,'en',0),(939,6,11,0,0,0,0,0,0,0,0,0,0,0,'en',0),(940,6,11,0,0,0,0,0,0,0,0,0,0,0,'en',0),(941,6,11,0,0,0,0,0,0,0,0,0,0,0,'en',0),(942,6,11,0,0,0,0,0,0,0,0,0,0,0,'en',0),(943,6,11,0,0,0,0,0,0,0,0,0,0,0,'en',0),(944,6,11,0,0,0,0,0,0,0,0,0,0,0,'en',0),(945,6,11,0,0,0,0,0,0,0,0,0,0,0,'en',0),(946,6,11,0,0,0,0,0,0,0,0,0,0,0,'en',0),(947,6,11,0,0,0,0,0,0,0,0,0,0,0,'en',0),(948,6,11,0,0,0,0,0,0,0,0,0,0,0,'en',0),(949,6,11,0,0,0,0,0,0,0,0,0,0,0,'en',0),(950,6,11,0,0,0,0,0,0,0,0,0,0,0,'en',0),(951,6,11,0,0,0,0,0,0,0,0,0,0,0,'en',0),(952,6,11,0,0,0,0,0,0,0,0,0,0,0,'en',0),(953,6,11,0,0,0,0,0,0,0,0,0,0,0,'en',0),(954,6,11,0,0,0,0,0,0,0,0,0,0,0,'en',0),(955,6,11,0,0,0,0,0,0,0,0,0,0,0,'en',0),(956,6,11,0,0,0,0,0,0,0,0,0,0,0,'en',0),(957,6,11,0,0,0,0,0,0,0,0,0,0,0,'en',0),(958,6,11,0,0,0,0,0,0,0,0,0,0,0,'en',0),(959,6,11,0,0,0,0,0,0,0,0,0,0,0,'en',0),(960,6,11,0,0,0,0,0,0,0,0,0,0,0,'en',0),(961,6,11,0,0,0,0,0,0,0,0,0,0,0,'en',0),(962,6,11,0,0,0,0,0,0,0,0,0,0,0,'en',0),(963,6,11,0,0,0,0,0,0,0,0,0,0,0,'en',0),(964,6,11,0,0,0,0,0,0,0,0,0,0,0,'en',0),(965,6,11,0,0,0,0,0,0,0,0,0,0,0,'en',0),(966,6,11,0,0,0,0,0,0,0,0,0,0,0,'en',0),(967,6,11,0,0,0,0,0,0,0,0,0,0,0,'en',0),(968,6,11,0,0,0,0,0,0,0,0,0,0,0,'en',0),(969,6,11,0,0,0,0,0,0,0,0,0,0,0,'en',0),(970,6,11,0,0,0,0,0,0,0,0,0,0,0,'en',0),(971,6,11,0,0,0,0,0,0,0,0,0,0,0,'en',0),(972,6,11,0,0,0,0,0,0,0,0,0,0,0,'en',0),(973,6,11,0,0,0,0,0,0,0,0,0,0,0,'en',0),(974,6,11,0,0,0,0,0,0,0,0,0,0,0,'en',0),(975,6,11,0,0,0,0,0,0,0,0,0,0,0,'en',0),(976,6,11,0,0,0,0,0,0,0,0,0,0,0,'en',0),(977,6,11,0,0,0,0,0,0,0,0,0,0,0,'en',0),(978,6,11,0,0,0,0,0,0,0,0,0,0,0,'en',0),(979,6,11,0,0,0,0,0,0,0,0,0,0,0,'en',0),(980,6,11,0,0,0,0,0,0,0,0,0,0,0,'en',0),(981,6,11,0,0,0,0,0,0,0,0,0,0,0,'en',0),(982,6,11,0,0,0,0,0,0,0,0,0,0,0,'en',0),(983,6,11,0,0,0,0,0,0,0,0,0,0,0,'en',0),(984,6,11,0,0,0,0,0,0,0,0,0,0,0,'en',0),(985,6,11,0,0,0,0,0,0,0,0,0,0,0,'en',0),(986,6,11,0,0,0,0,0,0,0,0,0,0,0,'en',0),(987,6,11,0,0,0,0,0,0,0,0,0,0,0,'en',0),(988,6,11,0,0,0,0,0,0,0,0,0,0,0,'en',0),(989,6,11,0,0,0,0,0,0,0,0,0,0,0,'en',0),(990,6,11,0,0,0,0,0,0,0,0,0,0,0,'en',0),(991,6,11,0,0,0,0,0,0,0,0,0,0,0,'en',0),(992,6,11,0,0,0,0,0,0,0,0,0,0,0,'en',0),(993,6,11,0,0,0,0,0,0,0,0,0,0,0,'en',0),(994,6,11,0,0,0,0,0,0,0,0,0,0,0,'en',0),(995,6,11,0,0,0,0,0,0,0,0,0,0,0,'en',0),(996,6,11,0,0,0,0,0,0,0,0,0,0,0,'en',0),(997,6,11,0,0,0,0,0,0,0,0,0,0,0,'en',0),(998,6,11,0,0,0,0,0,0,0,0,0,0,0,'en',0),(999,6,11,0,0,0,0,0,0,0,0,0,0,0,'en',0),(1000,6,11,0,0,0,0,0,0,0,0,0,0,0,'en',0),(1001,0,0,0,0,0,0,0,0,0,0,0,0,0,'en',0),(1002,0,0,0,0,0,0,0,0,0,0,0,0,0,'en',0),(1003,0,0,0,0,0,0,0,0,0,0,0,0,0,'en',0),(1004,0,0,0,0,0,0,0,0,0,0,0,0,0,'en',0),(1005,6,11,0,0,0,0,0,0,0,0,0,0,0,'en',0),(1006,0,0,0,0,0,0,0,0,0,0,0,0,0,'en',0),(1007,0,0,0,0,0,0,0,0,0,0,0,0,0,'en',0),(1008,0,0,0,0,0,0,0,0,0,0,0,0,0,'en',0),(1009,0,0,0,0,0,0,0,0,0,0,0,0,0,'en',0),(1010,6,11,0,0,0,0,0,0,0,0,0,0,0,'en',0),(1011,0,0,0,0,0,0,0,0,0,0,0,0,0,'en',0),(1012,0,0,0,0,0,0,0,0,0,0,0,0,0,'en',0),(1013,0,0,0,0,0,0,0,0,0,0,0,0,0,'en',0),(1014,6,11,0,0,0,0,0,0,0,0,0,0,0,'en',0),(1015,0,0,0,0,0,0,0,0,0,0,0,0,0,'en',0),(1016,0,0,0,0,0,0,0,0,0,0,0,0,0,'en',0),(1017,0,0,0,0,0,0,0,0,0,0,0,0,0,'en',0),(1018,6,11,0,0,0,0,0,0,0,0,0,0,0,'en',0),(1019,0,0,0,0,0,0,0,0,0,0,0,0,0,'en',0),(1020,0,0,0,0,0,0,0,0,0,0,0,0,0,'en',0),(1021,0,0,0,0,0,0,0,0,0,0,0,0,0,'en',0),(1022,0,0,0,0,0,0,0,0,0,0,0,0,0,'en',0),(1023,6,11,0,0,0,0,0,0,0,0,0,0,0,'en',0),(1024,0,0,0,0,0,0,0,0,0,0,0,0,0,'en',0),(1025,0,0,0,0,0,0,0,0,0,0,0,0,0,'en',0),(1026,0,0,0,0,0,0,0,0,0,0,0,0,0,'en',0),(1027,0,0,0,0,0,0,0,0,0,0,0,0,0,'en',0),(1028,6,11,0,0,0,0,0,0,0,0,0,0,0,'en',0),(1029,0,0,0,0,0,0,0,0,0,0,0,0,0,'en',0),(1030,0,0,0,0,0,0,0,0,0,0,0,0,0,'en',0),(1031,0,0,0,0,0,0,0,0,0,0,0,0,0,'en',0),(1032,6,11,0,0,0,0,0,0,0,0,0,0,0,'en',0),(1033,0,0,0,0,0,0,0,0,0,0,0,0,0,'en',0),(1034,0,0,0,0,0,0,0,0,0,0,0,0,0,'en',0),(1035,0,0,0,0,0,0,0,0,0,0,0,0,0,'en',0),(1036,0,0,0,0,0,0,0,0,0,0,0,0,0,'en',0),(1037,6,11,0,0,0,0,0,0,0,0,0,0,0,'en',0),(1038,0,0,0,0,0,0,0,0,0,0,0,0,0,'en',0),(1039,0,0,0,0,0,0,0,0,0,0,0,0,0,'en',0),(1040,0,0,0,0,0,0,0,0,0,0,0,0,0,'en',0),(1041,6,11,0,0,0,0,0,0,0,0,0,0,0,'en',0),(1042,0,0,0,0,0,0,0,0,0,0,0,0,0,'en',0),(1043,0,0,0,0,0,0,0,0,0,0,0,0,0,'en',0),(1044,0,0,0,0,0,0,0,0,0,0,0,0,0,'en',0),(1045,0,0,0,0,0,0,0,0,0,0,0,0,0,'en',0),(1046,0,0,0,0,0,0,0,0,0,0,0,0,0,'en',0),(1047,6,11,0,0,0,0,0,0,0,0,0,0,0,'en',0),(1048,0,0,0,0,0,0,0,0,0,0,0,0,0,'en',0),(1049,0,0,0,0,0,0,0,0,0,0,0,0,0,'en',0),(1050,0,0,0,0,0,0,0,0,0,0,0,0,0,'en',0),(1051,6,11,0,0,0,0,0,0,0,0,0,0,0,'en',0),(1052,0,0,0,0,0,0,0,0,0,0,0,0,0,'en',0),(1053,0,0,0,0,0,0,0,0,0,0,0,0,0,'en',0),(1054,0,0,0,0,0,0,0,0,0,0,0,0,0,'en',0),(1055,0,0,0,0,0,0,0,0,0,0,0,0,0,'en',0),(1056,6,11,0,0,0,0,0,0,0,0,0,0,0,'en',0),(1057,0,0,0,0,0,0,0,0,0,0,0,0,0,'en',0),(1058,0,0,0,0,0,0,0,0,0,0,0,0,0,'en',0),(1059,0,0,0,0,0,0,0,0,0,0,0,0,0,'en',0),(1060,0,0,0,0,0,0,0,0,0,0,0,0,0,'en',0),(1061,6,11,0,0,0,0,0,0,0,0,0,0,0,'en',0),(1062,6,11,0,0,0,0,0,0,0,0,0,0,0,'en',0),(1063,6,11,0,0,0,0,0,0,0,0,0,0,0,'en',0),(1064,6,11,0,0,0,0,0,0,0,0,0,0,0,'en',0),(1065,6,11,0,0,0,0,0,0,0,0,0,0,0,'en',0),(1066,6,11,0,0,0,0,0,0,0,0,0,0,0,'en',0),(1067,6,11,0,0,0,0,0,0,0,0,0,0,0,'en',0),(1068,6,11,0,0,0,0,0,0,0,0,0,0,0,'en',0),(1069,6,11,0,0,0,0,0,0,0,0,0,0,0,'en',0),(1070,6,11,0,0,0,0,0,0,0,0,0,0,0,'en',0),(1071,6,11,0,0,0,0,0,0,0,0,0,0,0,'en',0),(1072,6,11,0,0,0,0,0,0,0,0,0,0,0,'en',0),(1073,6,11,0,0,0,0,0,0,0,0,0,0,0,'en',0),(1074,6,11,0,0,0,0,0,0,0,0,0,0,0,'en',0),(1075,6,11,0,0,0,0,0,0,0,0,0,0,0,'en',0),(1076,6,11,0,0,0,0,0,0,0,0,0,0,0,'en',0),(1077,6,11,0,0,0,0,0,0,0,0,0,0,0,'en',0),(1078,6,11,0,0,0,0,0,0,0,0,0,0,0,'en',0),(1079,6,11,0,0,0,0,0,0,0,0,0,0,0,'en',0),(1080,6,11,0,0,0,0,0,0,0,0,0,0,0,'en',0),(1081,0,0,0,0,0,0,0,0,0,0,0,0,0,'',0),(1082,6,11,0,0,0,0,0,0,0,0,0,0,0,'en',0),(1083,0,0,0,0,0,0,0,0,0,0,0,0,0,'',0),(1084,0,0,0,0,0,0,0,0,0,0,0,0,0,'',0),(1085,0,0,0,0,0,0,0,0,0,0,0,0,0,'',0),(1086,6,11,0,0,0,0,0,0,0,0,0,0,0,'en',0),(1087,6,11,0,0,0,0,0,0,0,0,0,0,0,'en',0),(1088,6,11,0,0,0,0,0,0,0,0,0,0,0,'en',0),(1089,6,11,0,0,0,0,0,0,0,0,0,0,0,'en',0),(1090,6,11,0,0,0,0,0,0,0,0,0,0,0,'en',0),(1091,6,11,0,0,0,0,0,0,0,0,0,0,0,'en',0),(1092,6,11,0,0,0,0,0,0,0,0,0,0,0,'en',0),(1093,6,11,0,0,0,0,0,0,0,0,0,0,0,'en',0),(1094,6,11,0,0,0,0,0,0,0,0,0,0,0,'en',0),(1095,6,11,0,0,0,0,0,0,0,0,0,0,0,'en',0),(1096,6,11,0,0,0,0,0,0,0,0,0,0,0,'en',0),(1097,6,11,0,0,0,0,0,0,0,0,0,0,0,'en',0),(1098,6,11,0,0,0,0,0,0,0,0,0,0,0,'en',0),(1099,6,11,0,0,0,0,0,0,0,0,0,0,0,'en',0),(1100,6,11,0,0,0,0,0,0,0,0,0,0,0,'en',0),(1101,6,11,0,0,0,0,0,0,0,0,0,0,0,'en',0),(1102,6,11,0,0,0,0,0,0,0,0,0,0,0,'en',0),(1103,6,11,0,0,0,0,0,0,0,0,0,0,0,'en',0),(1104,6,11,0,0,0,0,0,0,0,0,0,0,0,'en',0),(1105,6,11,0,0,0,0,0,0,0,0,0,0,0,'en',0),(1106,6,11,0,0,0,0,0,0,0,0,0,0,0,'en',0),(1107,0,0,0,0,0,0,0,0,0,0,0,0,0,'',0),(1108,6,11,0,0,0,0,0,0,0,0,0,0,0,'en',0),(1109,6,11,0,0,0,0,0,0,0,0,0,0,0,'en',0),(1110,6,11,0,0,0,0,0,0,0,0,0,0,0,'en',0),(1111,6,11,0,0,0,0,0,0,0,0,0,0,0,'en',0),(1112,6,11,0,0,0,0,0,0,0,0,0,0,0,'en',0),(1113,6,11,0,0,0,0,0,0,0,0,0,0,0,'en',0),(1114,6,11,0,0,0,0,0,0,0,0,0,0,0,'en',0),(1115,6,11,0,0,0,0,0,0,0,0,0,0,0,'en',0),(1116,6,11,0,0,0,0,0,0,0,0,0,0,0,'en',0),(1117,6,11,0,0,0,0,0,0,0,0,0,0,0,'en',0),(1118,6,11,0,0,0,0,0,0,0,0,0,0,0,'en',0),(1119,6,11,0,0,0,0,0,0,0,0,0,0,0,'en',0),(1120,6,11,0,0,0,0,0,0,0,0,0,0,0,'en',0),(1121,6,11,0,0,0,0,0,0,0,0,0,0,0,'en',0),(1122,6,11,0,0,0,0,0,0,0,0,0,0,0,'en',0),(1123,6,11,0,0,0,0,0,0,0,0,0,0,0,'en',0),(1124,6,11,0,0,0,0,0,0,0,0,0,0,0,'en',0),(1125,6,11,0,0,0,0,0,0,0,0,0,0,0,'en',0),(1126,6,11,0,0,0,0,0,0,0,0,0,0,0,'en',0),(1127,6,11,0,0,0,0,0,0,0,0,0,0,0,'en',0),(1128,6,11,0,0,0,0,0,0,0,0,0,0,0,'en',0),(1129,6,11,0,0,0,0,0,0,0,0,0,0,0,'en',0),(1130,6,11,0,0,0,0,0,0,0,0,0,0,0,'en',0),(1131,6,11,0,0,0,0,0,0,0,0,0,0,0,'en',0),(1132,6,11,0,0,0,0,0,0,0,0,0,0,0,'en',0),(1133,6,11,0,0,0,0,0,0,0,0,0,0,0,'en',0),(1134,6,11,0,0,0,0,0,0,0,0,0,0,0,'en',0),(1135,6,11,0,0,0,0,0,0,0,0,0,0,0,'en',0),(1136,6,11,0,0,0,0,0,0,0,0,0,0,0,'en',0),(1137,6,11,0,0,0,0,0,0,0,0,0,0,0,'en',0),(1138,6,11,0,0,0,0,0,0,0,0,0,0,0,'en',0),(1139,6,11,0,0,0,0,0,0,0,0,0,0,0,'en',0),(1140,6,11,0,0,0,0,0,0,0,0,0,0,0,'en',0),(1141,6,11,0,0,0,0,0,0,0,0,0,0,0,'en',0),(1142,6,11,0,0,0,0,0,0,0,0,0,0,0,'en',0),(1143,6,11,0,0,0,0,0,0,0,0,0,0,0,'en',0),(1144,6,11,0,0,0,0,0,0,0,0,0,0,0,'en',0),(1145,6,11,0,0,0,0,0,0,0,0,0,0,0,'en',0),(1146,6,11,0,0,0,0,0,0,0,0,0,0,0,'en',0),(1147,6,11,0,0,0,0,0,0,0,0,0,0,0,'en',0),(1148,6,11,0,0,0,0,0,0,0,0,0,0,0,'en',0),(1149,6,11,0,0,0,0,0,0,0,0,0,0,0,'en',0),(1150,6,11,0,0,0,0,0,0,0,0,0,0,0,'en',0),(1151,6,11,0,0,0,0,0,0,0,0,0,0,0,'en',0),(1152,6,11,0,0,0,0,0,0,0,0,0,0,0,'en',0),(1153,6,11,0,0,0,0,0,0,0,0,0,0,0,'en',0),(1154,6,11,0,0,0,0,0,0,0,0,0,0,0,'en',0),(1155,6,11,0,0,0,0,0,0,0,0,0,0,0,'en',0),(1156,6,11,0,0,0,0,0,0,0,0,0,0,0,'en',0),(1157,6,11,0,0,0,0,0,0,0,0,0,0,0,'en',0),(1158,6,11,0,0,0,0,0,0,0,0,0,0,0,'en',0),(1159,6,11,0,0,0,0,0,0,0,0,0,0,0,'en',0),(1160,6,11,0,0,0,0,0,0,0,0,0,0,0,'en',0),(1161,6,11,0,0,0,0,0,0,0,0,0,0,0,'en',0),(1162,6,11,0,0,0,0,0,0,0,0,0,0,0,'en',0),(1163,6,11,0,0,0,0,0,0,0,0,0,0,0,'en',0),(1164,6,11,0,0,0,0,0,0,0,0,0,0,0,'en',0),(1165,6,11,0,0,0,0,0,0,0,0,0,0,0,'en',0),(1166,6,11,0,0,0,0,0,0,0,0,0,0,0,'en',0),(1167,6,11,0,0,0,0,0,0,0,0,0,0,0,'en',0),(1168,6,11,0,0,0,0,0,0,0,0,0,0,0,'en',0),(1169,6,11,0,0,0,0,0,0,0,0,0,0,0,'en',0),(1170,6,11,0,0,0,0,0,0,0,0,0,0,0,'en',0),(1171,6,11,0,0,0,0,0,0,0,0,0,0,0,'en',0),(1172,6,11,0,0,0,0,0,0,0,0,0,0,0,'en',0),(1173,6,11,0,0,0,0,0,0,0,0,0,0,0,'en',0),(1174,6,11,0,0,0,0,0,0,0,0,0,0,0,'en',0),(1175,6,11,0,0,0,0,0,0,0,0,0,0,0,'en',0),(1176,6,11,0,0,0,0,0,0,0,0,0,0,0,'en',0),(1177,6,11,0,0,0,0,0,0,0,0,0,0,0,'en',0),(1178,6,11,0,0,0,0,0,0,0,0,0,0,0,'en',0),(1179,6,11,0,0,0,0,0,0,0,0,0,0,0,'en',0),(1180,6,11,0,0,0,0,0,0,0,0,0,0,0,'en',0),(1181,6,11,0,0,0,0,0,0,0,0,0,0,0,'en',0),(1182,6,11,0,0,0,0,0,0,0,0,0,0,0,'en',0),(1183,6,11,0,0,0,0,0,0,0,0,0,0,0,'en',0),(1184,6,11,0,0,0,0,0,0,0,0,0,0,0,'en',0),(1185,6,11,0,0,0,0,0,0,0,0,0,0,0,'en',0),(1186,6,11,0,0,0,0,0,0,0,0,0,0,0,'en',0),(1187,6,11,0,0,0,0,0,0,0,0,0,0,0,'en',0),(1188,6,11,0,0,0,0,0,0,0,0,0,0,0,'en',0),(1189,6,11,0,0,0,0,0,0,0,0,0,0,0,'en',0),(1190,6,11,0,0,0,0,0,0,0,0,0,0,0,'en',0),(1191,6,11,0,0,0,0,0,0,0,0,0,0,0,'en',0),(1192,6,11,0,0,0,0,0,0,0,0,0,0,0,'en',0),(1193,6,11,0,0,0,0,0,0,0,0,0,0,0,'en',0),(1194,6,11,0,0,0,0,0,0,0,0,0,0,0,'en',0),(1195,6,11,0,0,0,0,0,0,0,0,0,0,0,'en',0),(1196,6,11,0,0,0,0,0,0,0,0,0,0,0,'en',0),(1197,6,11,0,0,0,0,0,0,0,0,0,0,0,'en',0),(1198,6,11,0,0,0,0,0,0,0,0,0,0,0,'en',0),(1199,6,11,0,0,0,0,0,0,0,0,0,0,0,'en',0),(1200,6,11,0,0,0,0,0,0,0,0,0,0,0,'en',0),(1201,6,11,0,0,0,0,0,0,0,0,0,0,0,'en',0),(1202,6,11,0,0,0,0,0,0,0,0,0,0,0,'en',0),(1203,6,11,0,0,0,0,0,0,0,0,0,0,0,'en',0),(1204,6,11,0,0,0,0,0,0,0,0,0,0,0,'en',0),(1205,6,11,0,0,0,0,0,0,0,0,0,0,0,'en',0),(1206,6,11,0,0,0,0,0,0,0,0,0,0,0,'en',0),(1207,6,11,0,0,0,0,0,0,0,0,0,0,0,'en',0),(1208,6,11,0,0,0,0,0,0,0,0,0,0,0,'en',0),(1209,6,11,0,0,0,0,0,0,0,0,0,0,0,'en',0),(1210,6,11,0,0,0,0,0,0,0,0,0,0,0,'en',0),(1211,6,11,0,0,0,0,0,0,0,0,0,0,0,'en',0),(1212,6,11,0,0,0,0,0,0,0,0,0,0,0,'en',0),(1213,6,11,0,0,0,0,0,0,0,0,0,0,0,'en',0),(1214,6,11,0,0,0,0,0,0,0,0,0,0,0,'en',0),(1215,6,11,0,0,0,0,0,0,0,0,0,0,0,'en',0),(1216,6,11,0,0,0,0,0,0,0,0,0,0,0,'en',0),(1217,6,11,0,0,0,0,0,0,0,0,0,0,0,'en',0),(1218,6,11,0,0,0,0,0,0,0,0,0,0,0,'en',0),(1219,6,11,0,0,0,0,0,0,0,0,0,0,0,'en',0),(1220,6,11,0,0,0,0,0,0,0,0,0,0,0,'en',0),(1221,6,11,0,0,0,0,0,0,0,0,0,0,0,'en',0),(1222,6,11,0,0,0,0,0,0,0,0,0,0,0,'en',0),(1223,6,11,0,0,0,0,0,0,0,0,0,0,0,'en',0),(1224,6,11,0,0,0,0,0,0,0,0,0,0,0,'en',0),(1225,6,11,0,0,0,0,0,0,0,0,0,0,0,'en',0),(1226,6,11,0,0,0,0,0,0,0,0,0,0,0,'en',0),(1227,6,11,0,0,0,0,0,0,0,0,0,0,0,'en',0),(1228,6,11,0,0,0,0,0,0,0,0,0,0,0,'en',0),(1229,6,11,0,0,0,0,0,0,0,0,0,0,0,'en',0),(1230,6,11,0,0,0,0,0,0,0,0,0,0,0,'en',0),(1231,6,11,0,0,0,0,0,0,0,0,0,0,0,'en',0),(1232,6,11,0,0,0,0,0,0,0,0,0,0,0,'en',0),(1233,6,11,0,0,0,0,0,0,0,0,0,0,0,'en',0),(1234,6,11,0,0,0,0,0,0,0,0,0,0,0,'en',0),(1235,6,11,0,0,0,0,0,0,0,0,0,0,0,'en',0),(1236,6,11,0,0,0,0,0,0,0,0,0,0,0,'en',0),(1237,6,11,0,0,0,0,0,0,0,0,0,0,0,'en',0),(1238,6,11,0,0,0,0,0,0,0,0,0,0,0,'en',0),(1239,6,11,0,0,0,0,0,0,0,0,0,0,0,'en',0),(1240,6,11,0,0,0,0,0,0,0,0,0,0,0,'en',0),(1241,6,11,0,0,0,0,0,0,0,0,0,0,0,'en',0),(1242,6,11,0,0,0,0,0,0,0,0,0,0,0,'en',0),(1243,6,11,0,0,0,0,0,0,0,0,0,0,0,'en',0),(1244,6,11,0,0,0,0,0,0,0,0,0,0,0,'en',0),(1245,6,11,0,0,0,0,0,0,0,0,0,0,0,'en',0),(1246,6,11,0,0,0,0,0,0,0,0,0,0,0,'en',0),(1247,6,11,0,0,0,0,0,0,0,0,0,0,0,'en',0),(1248,6,11,0,0,0,0,0,0,0,0,0,0,0,'en',0),(1249,6,11,0,0,0,0,0,0,0,0,0,0,0,'en',0),(1250,0,0,0,0,0,0,0,0,0,0,0,0,0,'',0),(1251,6,11,0,0,0,0,0,0,0,0,0,0,0,'en',0),(1252,6,11,0,0,0,0,0,0,0,0,0,0,0,'en',0),(1253,6,11,0,0,0,0,0,0,0,0,0,0,0,'en',0),(1254,6,11,0,0,0,0,0,0,0,0,0,0,0,'en',0),(1255,6,11,0,0,0,0,0,0,0,0,0,0,0,'en',0),(1256,6,11,0,0,0,0,0,0,0,0,0,0,0,'en',0),(1257,6,11,0,0,0,0,0,0,0,0,0,0,0,'en',0),(1258,6,11,0,0,0,0,0,0,0,0,0,0,0,'en',0),(1259,6,11,0,0,0,0,0,0,0,0,0,0,0,'en',0),(1260,6,11,0,0,0,0,0,0,0,0,0,0,0,'en',0),(1261,6,11,0,0,0,0,0,0,0,0,0,0,0,'en',0),(1262,6,11,0,0,0,0,0,0,0,0,0,0,0,'en',0),(1263,6,11,0,0,0,0,0,0,0,0,0,0,0,'en',0),(1264,6,11,0,0,0,0,0,0,0,0,0,0,0,'en',0),(1265,6,11,0,0,0,0,0,0,0,0,0,0,0,'en',0),(1266,6,11,0,0,0,0,0,0,0,0,0,0,0,'en',0),(1267,6,11,0,0,0,0,0,0,0,0,0,0,0,'en',0),(1268,6,11,0,0,0,0,0,0,0,0,0,0,0,'en',0),(1269,6,11,0,0,0,0,0,0,0,0,0,0,0,'en',0),(1270,6,11,0,0,0,0,0,0,0,0,0,0,0,'en',0),(1271,6,11,0,0,0,0,0,0,0,0,0,0,0,'en',0),(1272,6,11,0,0,0,0,0,0,0,0,0,0,0,'en',0),(1273,6,11,0,0,0,0,0,0,0,0,0,0,0,'en',0),(1274,6,11,0,0,0,0,0,0,0,0,0,0,0,'en',0),(1275,6,11,0,0,0,0,0,0,0,0,0,0,0,'en',0),(1276,6,11,0,0,0,0,0,0,0,0,0,0,0,'en',0),(1277,6,11,0,0,0,0,0,0,0,0,0,0,0,'en',0),(1278,6,11,0,0,0,0,0,0,0,0,0,0,0,'en',0),(1279,6,11,0,0,0,0,0,0,0,0,0,0,0,'en',0),(1280,6,11,0,0,0,0,0,0,0,0,0,0,0,'en',0),(1281,6,11,0,0,0,0,0,0,0,0,0,0,0,'en',0),(1282,6,11,0,0,0,0,0,0,0,0,0,0,0,'en',0),(1283,6,11,0,0,0,0,0,0,0,0,0,0,0,'en',0),(1284,6,11,0,0,0,0,0,0,0,0,0,0,0,'en',0),(1285,6,11,0,0,0,0,0,0,0,0,0,0,0,'en',0),(1286,6,11,0,0,0,0,0,0,0,0,0,0,0,'en',0),(1287,6,11,0,0,0,0,0,0,0,0,0,0,0,'en',0),(1288,6,11,0,0,0,0,0,0,0,0,0,0,0,'en',0),(1289,6,11,0,0,0,0,0,0,0,0,0,0,0,'en',0),(1290,6,11,0,0,0,0,0,0,0,0,0,0,0,'en',0),(1291,6,11,0,0,0,0,0,0,0,0,0,0,0,'en',0),(1292,6,11,0,0,0,0,0,0,0,0,0,0,0,'en',0),(1293,6,11,0,0,0,0,0,0,0,0,0,0,0,'en',0),(1294,6,11,0,0,0,0,0,0,0,0,0,0,0,'en',0),(1295,6,11,0,0,0,0,0,0,0,0,0,0,0,'en',0),(1296,6,11,0,0,0,0,0,0,0,0,0,0,0,'en',0),(1297,6,11,0,0,0,0,0,0,0,0,0,0,0,'en',0),(1298,6,11,0,0,0,0,0,0,0,0,0,0,0,'en',0),(1299,6,11,0,0,0,0,0,0,0,0,0,0,0,'en',0),(1300,6,11,0,0,0,0,0,0,0,0,0,0,0,'en',0),(1301,6,11,0,0,0,0,0,0,0,0,0,0,0,'en',0),(1302,6,11,0,0,0,0,0,0,0,0,0,0,0,'en',0),(1303,6,11,0,0,0,0,0,0,0,0,0,0,0,'en',0),(1304,6,11,0,0,0,0,0,0,0,0,0,0,0,'en',0),(1305,6,11,0,0,0,0,0,0,0,0,0,0,0,'en',0),(1306,6,11,0,0,0,0,0,0,0,0,0,0,0,'en',0),(1307,6,11,0,0,0,0,0,0,0,0,0,0,0,'en',0),(1308,6,11,0,0,0,0,0,0,0,0,0,0,0,'en',0),(1309,6,11,0,0,0,0,0,0,0,0,0,0,0,'en',0),(1310,6,11,0,0,0,0,0,0,0,0,0,0,0,'en',0),(1311,6,11,0,0,0,0,0,0,0,0,0,0,0,'en',0),(1312,6,11,0,0,0,0,0,0,0,0,0,0,0,'en',0),(1313,6,11,0,0,0,0,0,0,0,0,0,0,0,'en',0),(1314,6,11,0,0,0,0,0,0,0,0,0,0,0,'en',0),(1315,6,11,0,0,0,0,0,0,0,0,0,0,0,'en',0),(1316,6,11,0,0,0,0,0,0,0,0,0,0,0,'en',0),(1317,6,11,0,0,0,0,0,0,0,0,0,0,0,'en',0),(1318,6,11,0,0,0,0,0,0,0,0,0,0,0,'en',0),(1319,6,11,0,0,0,0,0,0,0,0,0,0,0,'en',0),(1320,6,11,0,0,0,0,0,0,0,0,0,0,0,'en',0),(1321,6,11,0,0,0,0,0,0,0,0,0,0,0,'en',0),(1322,6,11,0,0,0,0,0,0,0,0,0,0,0,'en',0),(1323,6,11,0,0,0,0,0,0,0,0,0,0,0,'en',0),(1324,6,11,0,0,0,0,0,0,0,0,0,0,0,'en',0),(1325,6,11,0,0,0,0,0,0,0,0,0,0,0,'en',0),(1326,6,11,0,0,0,0,0,0,0,0,0,0,0,'en',0),(1327,6,11,0,0,0,0,0,0,0,0,0,0,0,'en',0),(1328,6,11,0,0,0,0,0,0,0,0,0,0,0,'en',0),(1329,6,11,0,0,0,0,0,0,0,0,0,0,0,'en',0),(1330,6,11,0,0,0,0,0,0,0,0,0,0,0,'en',0),(1331,6,11,0,0,0,0,0,0,0,0,0,0,0,'en',0),(1332,6,11,0,0,0,0,0,0,0,0,0,0,0,'en',0),(1333,6,11,0,0,0,0,0,0,0,0,0,0,0,'en',0),(1334,6,11,0,0,0,0,0,0,0,0,0,0,0,'en',0),(1335,6,11,0,0,0,0,0,0,0,0,0,0,0,'en',0),(1336,6,11,0,0,0,0,0,0,0,0,0,0,0,'en',0),(1337,6,11,0,0,0,0,0,0,0,0,0,0,0,'en',0),(1338,6,11,0,0,0,0,0,0,0,0,0,0,0,'en',0),(1339,6,11,0,0,0,0,0,0,0,0,0,0,0,'en',0),(1340,6,11,0,0,0,0,0,0,0,0,0,0,0,'en',0),(1341,6,11,0,0,0,0,0,0,0,0,0,0,0,'en',0),(1342,6,11,0,0,0,0,0,0,0,0,0,0,0,'en',0),(1343,6,11,0,0,0,0,0,0,0,0,0,0,0,'en',0),(1344,6,11,0,0,0,0,0,0,0,0,0,0,0,'en',0),(1345,6,11,0,0,0,0,0,0,0,0,0,0,0,'en',0),(1346,6,11,0,0,0,0,0,0,0,0,0,0,0,'en',0),(1347,6,11,0,0,0,0,0,0,0,0,0,0,0,'en',0),(1348,6,11,0,0,0,0,0,0,0,0,0,0,0,'en',0),(1349,6,11,0,0,0,0,0,0,0,0,0,0,0,'en',0),(1350,6,11,0,0,0,0,0,0,0,0,0,0,0,'en',0),(1351,6,11,0,0,0,0,0,0,0,0,0,0,0,'en',0),(1352,6,11,0,0,0,0,0,0,0,0,0,0,0,'en',0),(1353,6,11,0,0,0,0,0,0,0,0,0,0,0,'en',0),(1354,6,11,0,0,0,0,0,0,0,0,0,0,0,'en',0),(1355,6,11,0,0,0,0,0,0,0,0,0,0,0,'en',0),(1356,6,11,0,0,0,0,0,0,0,0,0,0,0,'en',0),(1357,6,11,0,0,0,0,0,0,0,0,0,0,0,'en',0),(1358,6,11,0,0,0,0,0,0,0,0,0,0,0,'en',0),(1359,6,11,0,0,0,0,0,0,0,0,0,0,0,'en',0),(1360,6,11,0,0,0,0,0,0,0,0,0,0,0,'en',0),(1361,6,11,0,0,0,0,0,0,0,0,0,0,0,'en',0),(1362,6,11,0,0,0,0,0,0,0,0,0,0,0,'en',0),(1363,0,0,0,0,0,0,0,0,0,0,0,0,0,'',0),(1364,6,11,0,0,0,0,0,0,0,0,0,0,0,'en',0),(1365,6,11,0,0,0,0,0,0,0,0,0,0,0,'en',0),(1366,6,11,0,0,0,0,0,0,0,0,0,0,0,'en',0),(1367,6,11,0,0,0,0,0,0,0,0,0,0,0,'en',0),(1368,6,11,0,0,0,0,0,0,0,0,0,0,0,'en',0),(1369,6,11,0,0,0,0,0,0,0,0,0,0,0,'en',0),(1370,6,11,0,0,0,0,0,0,0,0,0,0,0,'en',0),(1371,6,11,0,0,0,0,0,0,0,0,0,0,0,'en',0),(1372,6,11,0,0,0,0,0,0,0,0,0,0,0,'en',0),(1373,6,11,0,0,0,0,0,0,0,0,0,0,0,'en',0),(1374,6,11,0,0,0,0,0,0,0,0,0,0,0,'en',0),(1375,6,11,0,0,0,0,0,0,0,0,0,0,0,'en',0),(1376,6,11,0,0,0,0,0,0,0,0,0,0,0,'en',0),(1377,6,11,0,0,0,0,0,0,0,0,0,0,0,'en',0),(1378,6,11,0,0,0,0,0,0,0,0,0,0,0,'en',0),(1379,6,11,0,0,0,0,0,0,0,0,0,0,0,'en',0),(1380,6,11,0,0,0,0,0,0,0,0,0,0,0,'en',0),(1381,6,11,0,0,0,0,0,0,0,0,0,0,0,'en',0),(1382,6,11,0,0,0,0,0,0,0,0,0,0,0,'en',0),(1383,6,11,0,0,0,0,0,0,0,0,0,0,0,'en',0),(1384,6,11,0,0,0,0,0,0,0,0,0,0,0,'en',0),(1385,6,11,0,0,0,0,0,0,0,0,0,0,0,'en',0),(1386,6,11,0,0,0,0,0,0,0,0,0,0,0,'en',0),(1387,6,11,0,0,0,0,0,0,0,0,0,0,0,'en',0),(1388,6,11,0,0,0,0,0,0,0,0,0,0,0,'en',0),(1389,6,11,0,0,0,0,0,0,0,0,0,0,0,'en',0),(1390,6,11,0,0,0,0,0,0,0,0,0,0,0,'en',0),(1391,6,11,0,0,0,0,0,0,0,0,0,0,0,'en',0),(1392,6,11,0,0,0,0,0,0,0,0,0,0,0,'en',0),(1393,6,11,0,0,0,0,0,0,0,0,0,0,0,'en',0),(1394,6,11,0,0,0,0,0,0,0,0,0,0,0,'en',0),(1395,6,11,0,0,0,0,0,0,0,0,0,0,0,'en',0),(1396,6,11,0,0,0,0,0,0,0,0,0,0,0,'en',0),(1397,6,11,0,0,0,0,0,0,0,0,0,0,0,'en',0),(1398,6,11,0,0,0,0,0,0,0,0,0,0,0,'en',0),(1399,6,11,0,0,0,0,0,0,0,0,0,0,0,'en',0),(1400,6,11,0,0,0,0,0,0,0,0,0,0,0,'en',0),(1401,6,11,0,0,0,0,0,0,0,0,0,0,0,'en',0),(1402,6,11,0,0,0,0,0,0,0,0,0,0,0,'en',0),(1403,6,11,0,0,0,0,0,0,0,0,0,0,0,'en',0),(1404,6,11,0,0,0,0,0,0,0,0,0,0,0,'en',0),(1405,6,11,0,0,0,0,0,0,0,0,0,0,0,'en',0),(1406,6,11,0,0,0,0,0,0,0,0,0,0,0,'en',0),(1407,6,11,0,0,0,0,0,0,0,0,0,0,0,'en',0),(1408,6,11,0,0,0,0,0,0,0,0,0,0,0,'en',0),(1409,6,11,0,0,0,0,0,0,0,0,0,0,0,'en',0),(1410,6,11,0,0,0,0,0,0,0,0,0,0,0,'en',0),(1411,6,11,0,0,0,0,0,0,0,0,0,0,0,'en',0),(1412,6,11,0,0,0,0,0,0,0,0,0,0,0,'en',0),(1413,6,11,0,0,0,0,0,0,0,0,0,0,0,'en',0),(1414,6,11,0,0,0,0,0,0,0,0,0,0,0,'en',0),(1415,6,11,0,0,0,0,0,0,0,0,0,0,0,'en',0),(1416,6,11,0,0,0,0,0,0,0,0,0,0,0,'en',0),(1417,6,11,0,0,0,0,0,0,0,0,0,0,0,'en',0),(1418,6,11,0,0,0,0,0,0,0,0,0,0,0,'en',0),(1419,6,11,0,0,0,0,0,0,0,0,0,0,0,'en',0),(1420,6,11,0,0,0,0,0,0,0,0,0,0,0,'en',0),(1421,6,11,0,0,0,0,0,0,0,0,0,0,0,'en',0),(1422,6,11,0,0,0,0,0,0,0,0,0,0,0,'en',0),(1423,6,11,0,0,0,0,0,0,0,0,0,0,0,'en',0),(1424,6,11,0,0,0,0,0,0,0,0,0,0,0,'en',0),(1425,6,11,0,0,0,0,0,0,0,0,0,0,0,'en',0),(1426,6,11,0,0,0,0,0,0,0,0,0,0,0,'en',0),(1427,6,11,0,0,0,0,0,0,0,0,0,0,0,'en',0),(1428,6,11,0,0,0,0,0,0,0,0,0,0,0,'en',0),(1429,6,11,0,0,0,0,0,0,0,0,0,0,0,'en',0),(1430,6,11,0,0,0,0,0,0,0,0,0,0,0,'en',0),(1431,6,11,0,0,0,0,0,0,0,0,0,0,0,'en',0),(1432,6,11,0,0,0,0,0,0,0,0,0,0,0,'en',0),(1433,6,11,0,0,0,0,0,0,0,0,0,0,0,'en',0),(1434,6,11,0,0,0,0,0,0,0,0,0,0,0,'en',0),(1435,6,11,0,0,0,0,0,0,0,0,0,0,0,'en',0),(1436,6,11,0,0,0,0,0,0,0,0,0,0,0,'en',0),(1437,6,11,0,0,0,0,0,0,0,0,0,0,0,'en',0),(1438,6,11,0,0,0,0,0,0,0,0,0,0,0,'en',0),(1439,6,11,0,0,0,0,0,0,0,0,0,0,0,'en',0),(1440,6,11,0,0,0,0,0,0,0,0,0,0,0,'en',0),(1441,6,11,0,0,0,0,0,0,0,0,0,0,0,'en',0),(1442,6,11,0,0,0,0,0,0,0,0,0,0,0,'en',0),(1443,6,11,0,0,0,0,0,0,0,0,0,0,0,'en',0),(1444,6,11,0,0,0,0,0,0,0,0,0,0,0,'en',0),(1445,6,11,0,0,0,0,0,0,0,0,0,0,0,'en',0),(1446,6,11,0,0,0,0,0,0,0,0,0,0,0,'en',0),(1447,6,11,0,0,0,0,0,0,0,0,0,0,0,'en',0),(1448,6,11,0,0,0,0,0,0,0,0,0,0,0,'en',0),(1449,6,11,0,0,0,0,0,0,0,0,0,0,0,'en',0),(1450,6,11,0,0,0,0,0,0,0,0,0,0,0,'en',0),(1451,6,11,0,0,0,0,0,0,0,0,0,0,0,'en',0),(1452,6,11,0,0,0,0,0,0,0,0,0,0,0,'en',0),(1453,6,11,0,0,0,0,0,0,0,0,0,0,0,'en',0),(1454,6,11,0,0,0,0,0,0,0,0,0,0,0,'en',0),(1455,6,11,0,0,0,0,0,0,0,0,0,0,0,'en',0),(1456,6,11,0,0,0,0,0,0,0,0,0,0,0,'en',0),(1457,6,11,0,0,0,0,0,0,0,0,0,0,0,'en',0),(1458,6,11,0,0,0,0,0,0,0,0,0,0,0,'en',0),(1459,6,11,0,0,0,0,0,0,0,0,0,0,0,'en',0),(1460,6,11,0,0,0,0,0,0,0,0,0,0,0,'en',0),(1461,6,11,0,0,0,0,0,0,0,0,0,0,0,'en',0),(1462,6,11,0,0,0,0,0,0,0,0,0,0,0,'en',0),(1463,6,11,0,0,0,0,0,0,0,0,0,0,0,'en',0),(1464,6,11,0,0,0,0,0,0,0,0,0,0,0,'en',0),(1465,6,11,0,0,0,0,0,0,0,0,0,0,0,'en',0),(1466,6,11,0,0,0,0,0,0,0,0,0,0,0,'en',0),(1467,6,11,0,0,0,0,0,0,0,0,0,0,0,'en',0),(1468,6,11,0,0,0,0,0,0,0,0,0,0,0,'en',0),(1469,6,11,0,0,0,0,0,0,0,0,0,0,0,'en',0),(1470,6,11,0,0,0,0,0,0,0,0,0,0,0,'en',0),(1471,6,11,0,0,0,0,0,0,0,0,0,0,0,'en',0),(1472,6,11,0,0,0,0,0,0,0,0,0,0,0,'en',0),(1473,6,11,0,0,0,0,0,0,0,0,0,0,0,'en',0),(1474,6,11,0,0,0,0,0,0,0,0,0,0,0,'en',0),(1475,6,11,0,0,0,0,0,0,0,0,0,0,0,'en',0),(1476,6,11,0,0,0,0,0,0,0,0,0,0,0,'en',0),(1477,6,11,0,0,0,0,0,0,0,0,0,0,0,'en',0),(1478,6,11,0,0,0,0,0,0,0,0,0,0,0,'en',0),(1479,6,11,0,0,0,0,0,0,0,0,0,0,0,'en',0),(1480,6,11,0,0,0,0,0,0,0,0,0,0,0,'en',0),(1481,6,11,0,0,0,0,0,0,0,0,0,0,0,'en',0),(1482,6,11,0,0,0,0,0,0,0,0,0,0,0,'en',0),(1483,6,11,0,0,0,0,0,0,0,0,0,0,0,'en',0),(1484,6,11,0,0,0,0,0,0,0,0,0,0,0,'en',0),(1485,6,11,0,0,0,0,0,0,0,0,0,0,0,'en',0),(1486,6,11,0,0,0,0,0,0,0,0,0,0,0,'en',0),(1487,6,11,0,0,0,0,0,0,0,0,0,0,0,'en',0),(1488,6,11,0,0,0,0,0,0,0,0,0,0,0,'en',0),(1489,6,11,0,0,0,0,0,0,0,0,0,0,0,'en',0),(1490,6,11,0,0,0,0,0,0,0,0,0,0,0,'en',0),(1491,6,11,0,0,0,0,0,0,0,0,0,0,0,'en',0),(1492,6,11,0,0,0,0,0,0,0,0,0,0,0,'en',0),(1493,6,11,0,0,0,0,0,0,0,0,0,0,0,'en',0),(1494,6,11,0,0,0,0,0,0,0,0,0,0,0,'en',0),(1495,6,11,0,0,0,0,0,0,0,0,0,0,0,'en',0),(1496,6,11,0,0,0,0,0,0,0,0,0,0,0,'en',0),(1497,6,11,0,0,0,0,0,0,0,0,0,0,0,'en',0),(1498,6,11,0,0,0,0,0,0,0,0,0,0,0,'en',0),(1499,6,11,0,0,0,0,0,0,0,0,0,0,0,'en',0),(1500,6,11,0,0,0,0,0,0,0,0,0,0,0,'en',0),(1501,6,11,0,0,0,0,0,0,0,0,0,0,0,'en',0),(1502,6,11,0,0,0,0,0,0,0,0,0,0,0,'en',0),(1503,6,11,0,0,0,0,0,0,0,0,0,0,0,'en',0),(1504,6,11,0,0,0,0,0,0,0,0,0,0,0,'en',0),(1505,6,11,0,0,0,0,0,0,0,0,0,0,0,'en',0),(1506,6,11,0,0,0,0,0,0,0,0,0,0,0,'en',0),(1507,6,11,0,0,0,0,0,0,0,0,0,0,0,'en',0),(1508,6,11,0,0,0,0,0,0,0,0,0,0,0,'en',0),(1509,6,11,0,0,0,0,0,0,0,0,0,0,0,'en',0),(1510,6,11,0,0,0,0,0,0,0,0,0,0,0,'en',0),(1511,6,11,0,0,0,0,0,0,0,0,0,0,0,'en',0),(1512,6,11,0,0,0,0,0,0,0,0,0,0,0,'en',0),(1513,6,11,0,0,0,0,0,0,0,0,0,0,0,'en',0),(1514,6,11,0,0,0,0,0,0,0,0,0,0,0,'en',0),(1515,6,11,0,0,0,0,0,0,0,0,0,0,0,'en',0),(1516,6,11,0,0,0,0,0,0,0,0,0,0,0,'en',0),(1517,6,11,0,0,0,0,0,0,0,0,0,0,0,'en',0),(1518,6,11,0,0,0,0,0,0,0,0,0,0,0,'en',0),(1519,6,11,0,0,0,0,0,0,0,0,0,0,0,'en',0),(1520,6,11,0,0,0,0,0,0,0,0,0,0,0,'en',0),(1521,6,11,0,0,0,0,0,0,0,0,0,0,0,'en',0),(1522,6,11,0,0,0,0,0,0,0,0,0,0,0,'en',0),(1523,6,11,0,0,0,0,0,0,0,0,0,0,0,'en',0),(1524,6,11,0,0,0,0,0,0,0,0,0,0,0,'en',0),(1525,6,11,0,0,0,0,0,0,0,0,0,0,0,'en',0),(1526,6,11,0,0,0,0,0,0,0,0,0,0,0,'en',0),(1527,6,11,0,0,0,0,0,0,0,0,0,0,0,'en',0),(1528,6,11,0,0,0,0,0,0,0,0,0,0,0,'en',0),(1529,6,11,0,0,0,0,0,0,0,0,0,0,0,'en',0),(1530,6,11,0,0,0,0,0,0,0,0,0,0,0,'en',0),(1531,6,11,0,0,0,0,0,0,0,0,0,0,0,'en',0),(1532,6,11,0,0,0,0,0,0,0,0,0,0,0,'en',0),(1533,6,11,0,0,0,0,0,0,0,0,0,0,0,'en',0),(1534,6,11,0,0,0,0,0,0,0,0,0,0,0,'en',0),(1535,6,11,0,0,0,0,0,0,0,0,0,0,0,'en',0),(1536,6,11,0,0,0,0,0,0,0,0,0,0,0,'en',0),(1537,6,11,0,0,0,0,0,0,0,0,0,0,0,'en',0),(1538,6,11,0,0,0,0,0,0,0,0,0,0,0,'en',0),(1539,6,11,0,0,0,0,0,0,0,0,0,0,0,'en',0),(1540,6,11,0,0,0,0,0,0,0,0,0,0,0,'en',0),(1541,6,11,0,0,0,0,0,0,0,0,0,0,0,'en',0),(1542,6,11,0,0,0,0,0,0,0,0,0,0,0,'en',0),(1543,6,11,0,0,0,0,0,0,0,0,0,0,0,'en',0),(1544,6,11,0,0,0,0,0,0,0,0,0,0,0,'en',0),(1545,6,11,0,0,0,0,0,0,0,0,0,0,0,'en',0),(1546,6,11,0,0,0,0,0,0,0,0,0,0,0,'en',0),(1547,6,11,0,0,0,0,0,0,0,0,0,0,0,'en',0),(1548,6,11,0,0,0,0,0,0,0,0,0,0,0,'en',0),(1549,6,11,0,0,0,0,0,0,0,0,0,0,0,'en',0),(1550,6,11,0,0,0,0,0,0,0,0,0,0,0,'en',0),(1551,6,11,0,0,0,0,0,0,0,0,0,0,0,'en',0),(1552,6,11,0,0,0,0,0,0,0,0,0,0,0,'en',0),(1553,6,11,0,0,0,0,0,0,0,0,0,0,0,'en',0),(1554,6,11,0,0,0,0,0,0,0,0,0,0,0,'en',0),(1555,6,11,0,0,0,0,0,0,0,0,0,0,0,'en',0),(1556,6,11,0,0,0,0,0,0,0,0,0,0,0,'en',0),(1557,6,11,0,0,0,0,0,0,0,0,0,0,0,'en',0),(1558,6,11,0,0,0,0,0,0,0,0,0,0,0,'en',0),(1559,6,11,0,0,0,0,0,0,0,0,0,0,0,'en',0),(1560,6,11,0,0,0,0,0,0,0,0,0,0,0,'en',0),(1561,6,11,0,0,0,0,0,0,0,0,0,0,0,'en',0),(1562,6,11,0,0,0,0,0,0,0,0,0,0,0,'en',0),(1563,6,11,0,0,0,0,0,0,0,0,0,0,0,'en',0),(1564,6,11,0,0,0,0,0,0,0,0,0,0,0,'en',0),(1565,6,11,0,0,0,0,0,0,0,0,0,0,0,'en',0),(1566,6,11,0,0,0,0,0,0,0,0,0,0,0,'en',0),(1567,0,0,0,0,0,0,0,0,0,0,0,0,0,'',0),(1568,0,0,0,0,0,0,0,0,0,0,0,0,0,'',0),(1569,0,0,0,0,0,0,0,0,0,0,0,0,0,'',0),(1570,0,0,0,0,0,0,0,0,0,0,0,0,0,'',0),(1571,0,0,0,0,0,0,0,0,0,0,0,0,0,'',0),(1572,0,0,0,0,0,0,0,0,0,0,0,0,0,'',0),(1573,0,0,0,0,0,0,0,0,0,0,0,0,0,'',0),(1574,0,0,0,0,0,0,0,0,0,0,0,0,0,'',0),(1575,0,0,0,0,0,0,0,0,0,0,0,0,0,'',0),(1576,0,0,0,0,0,0,0,0,0,0,0,0,0,'',0),(1577,0,0,0,0,0,0,0,0,0,0,0,0,0,'',0),(1578,0,0,0,0,0,0,0,0,0,0,0,0,0,'',0),(1579,0,0,0,0,0,0,0,0,0,0,0,0,0,'',0),(1580,0,0,0,0,0,0,0,0,0,0,0,0,0,'',0),(1581,0,0,0,0,0,0,0,0,0,0,0,0,0,'',0),(1582,0,0,0,0,0,0,0,0,0,0,0,0,0,'',0),(1583,0,0,0,0,0,0,0,0,0,0,0,0,0,'',0),(1584,0,0,0,0,0,0,0,0,0,0,0,0,0,'',0),(1585,0,0,0,0,0,0,0,0,0,0,0,0,0,'',0),(1586,9,11,0,0,0,0,0,0,0,0,0,0,0,'',0),(1587,0,0,0,0,0,0,0,0,0,0,0,0,0,'',0),(1588,0,0,0,0,0,0,0,0,0,0,0,0,0,'',0),(1589,0,0,0,0,0,0,0,0,0,0,0,0,0,'',0),(1590,0,0,0,0,0,0,0,0,0,0,0,0,0,'',0),(1591,0,0,0,0,0,0,0,0,0,0,0,0,0,'',0),(1592,0,0,0,0,0,0,0,0,0,0,0,0,0,'',0),(1593,0,0,0,0,0,0,0,0,0,0,0,0,0,'',0),(1594,0,0,0,0,0,0,0,0,0,0,0,0,0,'',0),(1595,0,0,0,0,0,0,0,0,0,0,0,0,0,'',0),(1596,9,1,0,0,0,0,0,0,0,0,0,0,0,'en',0),(1597,0,0,0,0,0,0,0,0,0,0,0,0,0,'',0),(1598,0,0,0,0,0,0,0,0,0,0,0,0,0,'',0),(1599,0,0,0,0,0,0,0,0,0,0,0,0,0,'',0),(1600,0,0,0,0,0,0,0,0,0,0,0,0,0,'',0),(1601,0,0,0,0,0,0,0,0,0,0,0,0,0,'',0),(1602,0,0,0,0,0,0,0,0,0,0,0,0,0,'',0),(1603,0,0,0,0,0,0,0,0,0,0,0,0,0,'',0),(1604,0,0,0,0,0,0,0,0,0,0,0,0,0,'',0),(1605,0,0,0,0,0,0,0,0,0,0,0,0,0,'',0),(1606,7,1,0,0,0,0,0,0,0,0,0,0,0,'',0),(1607,7,1,0,0,0,0,0,0,0,0,0,0,0,'',0),(1608,0,0,0,0,0,0,0,0,0,0,0,0,0,'',0),(1609,0,0,0,0,0,0,0,0,0,0,0,0,0,'',0),(1610,0,0,0,0,0,0,0,0,0,0,0,0,0,'',0),(1611,0,0,0,0,0,0,0,0,0,0,0,0,0,'',0),(1612,0,0,0,0,0,0,0,0,0,0,0,0,0,'',0),(1613,0,0,0,0,0,0,0,0,0,0,0,0,0,'',0),(1614,0,0,0,0,0,0,0,0,0,0,0,0,0,'',0),(1615,0,0,0,0,0,0,0,0,0,0,0,0,0,'',0),(1616,0,0,0,0,0,0,0,0,0,0,0,0,0,'',0),(1617,0,0,0,0,0,0,0,0,0,0,0,0,0,'',0),(1618,0,0,0,0,0,0,0,0,0,0,0,0,0,'',0),(1619,0,0,0,0,0,0,0,0,0,0,0,0,0,'',0),(1620,7,1,0,0,0,0,0,0,0,0,0,0,0,'',0),(1621,0,0,0,0,0,0,0,0,0,0,0,0,0,'',0),(1622,0,0,0,0,0,0,0,0,0,0,0,0,0,'',0),(1623,0,0,0,0,0,0,0,0,0,0,0,0,0,'',0),(1624,0,0,0,0,0,0,0,0,0,0,0,0,0,'',0),(1625,0,0,0,0,0,0,0,0,0,0,0,0,0,'',0),(1626,0,0,0,0,0,0,0,0,0,0,0,0,0,'',0),(1627,0,0,0,0,0,0,0,0,0,0,0,0,0,'',0),(1628,9,11,0,0,0,0,0,0,0,0,0,0,0,'',0),(1629,0,0,0,0,0,0,0,0,0,0,0,0,0,'',0),(1630,0,0,0,0,0,0,0,0,0,0,0,0,0,'',0),(1631,0,0,0,0,0,0,0,0,0,0,0,0,0,'',0),(1632,0,0,0,0,0,0,0,0,0,0,0,0,0,'',0),(1633,0,0,0,0,0,0,0,0,0,0,0,0,0,'',0),(1634,0,0,0,0,0,0,0,0,0,0,0,0,0,'',0),(1635,0,0,0,0,0,0,0,0,0,0,0,0,0,'',0),(1636,0,0,0,0,0,0,0,0,0,0,0,0,0,'',0),(1637,0,0,0,0,0,0,0,0,0,0,0,0,0,'',0),(1638,0,0,0,0,0,0,0,0,0,0,0,0,0,'',0),(1639,0,0,0,0,0,0,0,0,0,0,0,0,0,'',0),(1640,0,0,0,0,0,0,0,0,0,0,0,0,0,'',0),(1641,0,0,0,0,0,0,0,0,0,0,0,0,0,'',0),(1642,0,0,0,0,0,0,0,0,0,0,0,0,0,'',0),(1643,0,0,0,0,0,0,0,0,0,0,0,0,0,'',0),(1644,0,0,0,0,0,0,0,0,0,0,0,0,0,'',0),(1645,0,0,0,0,0,0,0,0,0,0,0,0,0,'',0),(1646,0,0,0,0,0,0,0,0,0,0,0,0,0,'',0),(1647,0,0,0,0,0,0,0,0,0,0,0,0,0,'',0),(1648,0,0,0,0,0,0,0,0,0,0,0,0,0,'',0),(1649,0,0,0,0,0,0,0,0,0,0,0,0,0,'',0),(1650,0,0,0,0,0,0,0,0,0,0,0,0,0,'',0),(1651,0,0,0,0,0,0,0,0,0,0,0,0,0,'',0),(1652,0,0,0,0,0,0,0,0,0,0,0,0,0,'',0),(1653,0,0,0,0,0,0,0,0,0,0,0,0,0,'',0),(1654,0,0,0,0,0,0,0,0,0,0,0,0,0,'',0),(1655,0,0,0,0,0,0,0,0,0,0,0,0,0,'',0),(1656,0,0,0,0,0,0,0,0,0,0,0,0,0,'',0),(1657,0,0,0,0,0,0,0,0,0,0,0,0,0,'',0),(1658,0,0,0,0,0,0,0,0,0,0,0,0,0,'',0),(1659,0,0,0,0,0,0,0,0,0,0,0,0,0,'',0),(1660,0,0,0,0,0,0,0,0,0,0,0,0,0,'',0),(1661,9,1,0,0,0,0,0,0,0,0,0,0,0,'en',0),(1662,0,0,0,0,0,0,0,0,0,0,0,0,0,'',0),(1663,0,0,0,0,0,0,0,0,0,0,0,0,0,'',0),(1664,9,1,0,0,0,0,0,0,0,0,0,0,0,'en',0),(1665,0,0,0,0,0,0,0,0,0,0,0,0,0,'',0),(1666,0,0,0,0,0,0,0,0,0,0,0,0,0,'',0),(1667,0,0,0,0,0,0,0,0,0,0,0,0,0,'',0),(1668,0,0,0,0,0,0,0,0,0,0,0,0,0,'',0),(1669,0,0,0,0,0,0,0,0,0,0,0,0,0,'',0),(1670,0,0,0,0,0,0,0,0,0,0,0,0,0,'',0),(1671,0,0,0,0,0,0,0,0,0,0,0,0,0,'',0),(1672,0,0,0,0,0,0,0,0,0,0,0,0,0,'',0),(1673,0,0,0,0,0,0,0,0,0,0,0,0,0,'',0),(1674,0,0,0,0,0,0,0,0,0,0,0,0,0,'',0),(1675,3,3,0,0,0,0,0,0,0,0,0,0,0,'fr',0),(1676,0,0,0,0,0,0,0,0,0,0,0,0,0,'',0),(1677,0,0,0,0,0,0,0,0,0,0,0,0,0,'',0),(1678,7,1,0,0,0,0,0,0,0,0,0,0,0,'',0),(1679,0,0,0,0,0,0,0,0,0,0,0,0,0,'',0),(1680,0,0,0,0,0,0,0,0,0,0,0,0,0,'',0),(1681,0,0,0,0,0,0,0,0,0,0,0,0,0,'',0),(1682,0,0,0,0,0,0,0,0,0,0,0,0,0,'',0),(1683,6,11,0,0,0,0,0,0,0,0,0,0,0,'en',0),(1684,6,11,0,0,0,0,0,0,0,0,0,0,0,'en',0),(1685,0,0,0,0,0,0,0,0,0,0,0,0,0,'',0),(1686,0,0,0,0,0,0,0,0,0,0,0,0,0,'',0),(1687,0,0,0,0,0,0,0,0,0,0,0,0,0,'',0),(1688,0,0,0,0,0,0,0,0,0,0,0,0,0,'',0),(1689,0,0,0,0,0,0,0,0,0,0,0,0,0,'',0),(1690,9,1,0,0,0,0,0,0,0,0,0,0,0,'en',0),(1691,0,0,0,0,0,0,0,0,0,0,0,0,0,'',0),(1692,0,0,0,0,0,0,0,0,0,0,0,0,0,'',0),(1693,9,11,0,0,0,0,0,0,0,0,0,0,0,'',0),(1694,0,0,0,0,0,0,0,0,0,0,0,0,0,'',0),(1695,0,0,0,0,0,0,0,0,0,0,0,0,0,'',0),(1696,0,0,0,0,0,0,0,0,0,0,0,0,0,'',0),(1697,0,0,0,0,0,0,0,0,0,0,0,0,0,'',0),(1698,0,0,0,0,0,0,0,0,0,0,0,0,0,'',0),(1699,0,0,0,0,0,0,0,0,0,0,0,0,0,'',0),(1700,0,0,0,0,0,0,0,0,0,0,0,0,0,'',0),(1701,0,0,0,0,0,0,0,0,0,0,0,0,0,'',0),(1702,7,11,0,0,0,0,0,0,0,0,0,0,0,'it',0),(1703,7,1,0,0,0,0,0,0,0,0,0,0,0,'',0),(1704,0,0,0,0,0,0,0,0,0,0,0,0,0,'',0),(1705,0,0,0,0,0,0,0,0,0,0,0,0,0,'',0),(1706,6,11,0,0,0,0,0,0,0,0,0,0,0,'en',0),(1707,0,0,0,0,0,0,0,0,0,0,0,0,0,'',0),(1708,0,0,0,0,0,0,0,0,0,0,0,0,0,'',0),(1709,0,0,0,0,0,0,0,0,0,0,0,0,0,'',0),(1710,0,0,0,0,0,0,0,0,0,0,0,0,0,'',0),(1711,0,0,0,0,0,0,0,0,0,0,0,0,0,'',0),(1712,0,0,0,0,0,0,0,0,0,0,0,0,0,'',0),(1713,0,0,0,0,0,0,0,0,0,0,0,0,0,'',0),(1714,0,0,0,0,0,0,0,0,0,0,0,0,0,'',0),(1715,0,0,0,0,0,0,0,0,0,0,0,0,0,'',0),(1716,0,0,0,0,0,0,0,0,0,0,0,0,0,'',0),(1717,6,11,0,0,0,0,0,0,0,0,0,0,0,'tr',0),(1718,8,11,0,0,0,0,0,0,0,0,0,0,0,'en',0),(1719,0,0,0,0,0,0,0,0,0,0,0,0,0,'',0),(1720,0,0,0,0,0,0,0,0,0,0,0,0,0,'',0),(1721,0,0,0,0,0,0,0,0,0,0,0,0,0,'',0),(1722,0,0,0,0,0,0,0,0,0,0,0,0,0,'',0),(1723,0,0,0,0,0,0,0,0,0,0,0,0,0,'',0),(1724,0,0,0,0,0,0,0,0,0,0,0,0,0,'',0),(1725,0,0,0,0,0,0,0,0,0,0,0,0,0,'',0),(1726,7,1,0,0,0,0,0,0,0,0,0,0,0,'',0),(1727,0,0,0,0,0,0,0,0,0,0,0,0,0,'',0),(1728,0,0,0,0,0,0,0,0,0,0,0,0,0,'',0),(1729,0,0,0,0,0,0,0,0,0,0,0,0,0,'',0),(1730,0,0,0,0,0,0,0,0,0,0,0,0,0,'',0),(1731,0,0,0,0,0,0,0,0,0,0,0,0,0,'',0),(1732,0,0,0,0,0,0,0,0,0,0,0,0,0,'',0),(1733,0,0,0,0,0,0,0,0,0,0,0,0,0,'',0),(1734,0,0,0,0,0,0,0,0,0,0,0,0,0,'',0),(1735,0,0,0,0,0,0,0,0,0,0,0,0,0,'',0),(1736,9,11,0,0,0,0,0,0,0,0,0,0,0,'',0),(1737,9,11,0,0,0,0,0,0,0,0,0,0,0,'',0),(1738,0,0,0,0,0,0,0,0,0,0,0,0,0,'',0),(1739,0,0,0,0,0,0,0,0,0,0,0,0,0,'',0),(1740,0,0,0,0,0,0,0,0,0,0,0,0,0,'',0),(1741,0,0,0,0,0,0,0,0,0,0,0,0,0,'',0),(1742,0,0,0,0,0,0,0,0,0,0,0,0,0,'',0),(1743,0,0,0,0,0,0,0,0,0,0,0,0,0,'',0),(1744,0,0,0,0,0,0,0,0,0,0,0,0,0,'',0),(1745,0,0,0,0,0,0,0,0,0,0,0,0,0,'',0),(1746,0,0,0,0,0,0,0,0,0,0,0,0,0,'',0),(1747,0,0,0,0,0,0,0,0,0,0,0,0,0,'',0),(1748,7,1,0,0,0,0,0,0,0,0,0,0,0,'',0),(1749,0,0,0,0,0,0,0,0,0,0,0,0,0,'',0),(1750,0,0,0,0,0,0,0,0,0,0,0,0,0,'',0),(1751,0,0,0,0,0,0,0,0,0,0,0,0,0,'',0),(1752,0,0,0,0,0,0,0,0,0,0,0,0,0,'',0),(1753,0,0,0,0,0,0,0,0,0,0,0,0,0,'',0),(1754,0,0,0,0,0,0,0,0,0,0,0,0,0,'',0),(1755,0,0,0,0,0,0,0,0,0,0,0,0,0,'',0),(1756,7,1,0,0,0,0,0,0,0,0,0,0,0,'it',0),(1757,0,0,0,0,0,0,0,0,0,0,0,0,0,'',0),(1758,0,0,0,0,0,0,0,0,0,0,0,0,0,'',0),(1759,0,0,0,0,0,0,0,0,0,0,0,0,0,'',0),(1760,0,0,0,0,0,0,0,0,0,0,0,0,0,'en',0),(1761,9,1,0,0,0,0,0,0,0,0,0,0,0,'en',0),(1762,0,0,0,0,0,0,0,0,0,0,0,0,0,'',0),(1763,0,0,0,0,0,0,0,0,0,0,0,0,0,'',0),(1764,0,0,0,0,0,0,0,0,0,0,0,0,0,'',0),(1765,0,0,0,0,0,0,0,0,0,0,0,0,0,'',0),(1766,0,0,0,0,0,0,0,0,0,0,0,0,0,'',0),(1767,0,0,0,0,0,0,0,0,0,0,0,0,0,'',0),(1768,0,0,0,0,0,0,0,0,0,0,0,0,0,'',0),(1769,7,1,0,0,0,0,0,0,0,0,0,0,0,'',0),(1770,0,0,0,0,0,0,0,0,0,0,0,0,0,'',0),(1771,0,0,0,0,0,0,0,0,0,0,0,0,0,'',0),(1772,0,0,0,0,0,0,0,0,0,0,0,0,0,'',0),(1773,7,1,0,0,0,0,0,0,0,0,0,0,0,'',0),(1774,0,0,0,0,0,0,0,0,0,0,0,0,0,'',0),(1775,0,0,0,0,0,0,0,0,0,0,0,0,0,'',0),(1776,0,0,0,0,0,0,0,0,0,0,0,0,0,'',0),(1777,9,1,0,0,0,0,0,0,0,0,0,0,0,'en',0),(1778,6,11,0,0,0,0,0,0,0,0,0,0,0,'es',0),(1779,9,11,0,0,0,0,0,0,0,0,0,0,0,'',0),(1780,9,11,0,0,0,0,0,0,0,0,0,0,0,'',0),(1781,0,0,0,0,0,0,0,0,0,0,0,0,0,'',0),(1782,0,0,0,0,0,0,0,0,0,0,0,0,0,'',0),(1783,0,0,0,0,0,0,0,0,0,0,0,0,0,'',0),(1784,0,0,0,0,0,0,0,0,0,0,0,0,0,'',0),(1785,0,0,0,0,0,0,0,0,0,0,0,0,0,'',0),(1786,0,0,0,0,0,0,0,0,0,0,0,0,0,'',0),(1787,0,0,0,0,0,0,0,0,0,0,0,0,0,'',0),(1788,0,0,0,0,0,0,0,0,0,0,0,0,0,'',0),(1789,0,0,0,0,0,0,0,0,0,0,0,0,0,'',0),(1790,7,1,0,0,0,0,0,0,0,0,0,0,0,'',0),(1791,0,0,0,0,0,0,0,0,0,0,0,0,0,'',0),(1792,0,0,0,0,0,0,0,0,0,0,0,0,0,'',0),(1793,0,0,0,0,0,0,0,0,0,0,0,0,0,'',0),(1794,0,0,0,0,0,0,0,0,0,0,0,0,0,'',0),(1795,0,0,0,0,0,0,0,0,0,0,0,0,0,'',0),(1796,7,1,0,0,0,0,0,0,0,0,0,0,0,'',0),(1797,7,1,0,0,0,0,0,0,0,0,0,0,0,'',0),(1798,0,0,0,0,0,0,0,0,0,0,0,0,0,'',0),(1799,0,0,0,0,0,0,0,0,0,0,0,0,0,'',0),(1800,0,0,0,0,0,0,0,0,0,0,0,0,0,'',0),(1801,0,0,0,0,0,0,0,0,0,0,0,0,0,'',0),(1802,0,0,0,0,0,0,0,0,0,0,0,0,0,'',0),(1803,0,0,0,0,0,0,0,0,0,0,0,0,0,'',0),(1804,0,0,0,0,0,0,0,0,0,0,0,0,0,'',0),(1805,9,11,0,0,0,0,0,0,0,0,0,0,0,'',0),(1806,0,0,0,0,0,0,0,0,0,0,0,0,0,'',0),(1807,9,11,0,0,0,0,0,0,0,0,0,0,0,'',0),(1808,0,0,0,0,0,0,0,0,0,0,0,0,0,'',0),(1809,0,0,0,0,0,0,0,0,0,0,0,0,0,'',0),(1810,0,0,0,0,0,0,0,0,0,0,0,0,0,'',0),(1811,0,0,0,0,0,0,0,0,0,0,0,0,0,'',0),(1812,0,0,0,0,0,0,0,0,0,0,0,0,0,'',0),(1813,8,11,0,0,0,0,0,0,0,0,0,0,0,'fr',0),(1814,9,11,0,0,0,0,0,0,0,0,0,0,0,'',0),(1815,0,0,0,0,0,0,0,0,0,0,0,0,0,'',0),(1816,0,0,0,0,0,0,0,0,0,0,0,0,0,'',0),(1817,9,11,0,0,0,0,0,0,0,0,0,0,0,'',0),(1818,0,0,0,0,0,0,0,0,0,0,0,0,0,'',0),(1819,0,0,0,0,0,0,0,0,0,0,0,0,0,'',0),(1820,0,0,0,0,0,0,0,0,0,0,0,0,0,'',0),(1821,0,0,0,0,0,0,0,0,0,0,0,0,0,'',0),(1822,7,1,0,0,0,0,0,0,0,0,0,0,0,'',0),(1823,0,0,0,0,0,0,0,0,0,0,0,0,0,'',0),(1824,6,11,0,0,0,0,0,0,0,0,0,0,0,'tr',0),(1825,0,0,0,0,0,0,0,0,0,0,0,0,0,'',0),(1826,0,0,0,0,0,0,0,0,0,0,0,0,0,'',0),(1827,0,0,0,0,0,0,0,0,0,0,0,0,0,'',0),(1828,0,0,0,0,0,0,0,0,0,0,0,0,0,'',0),(1829,0,0,0,0,0,0,0,0,0,0,0,0,0,'',0),(1830,0,0,0,0,0,0,0,0,0,0,0,0,0,'',0),(1831,9,11,0,0,0,0,0,0,0,0,0,0,0,'',0),(1832,0,0,0,0,0,0,0,0,0,0,0,0,0,'',0),(1833,0,0,0,0,0,0,0,0,0,0,0,0,0,'',0),(1834,0,0,0,0,0,0,0,0,0,0,0,0,0,'',0),(1835,7,1,0,0,0,0,0,0,0,0,0,0,0,'',0),(1836,0,0,0,0,0,0,0,0,0,0,0,0,0,'',0),(1837,0,0,0,0,0,0,0,0,0,0,0,0,0,'',0),(1838,0,0,0,0,0,0,0,0,0,0,0,0,0,'',0),(1839,0,0,0,0,0,0,0,0,0,0,0,0,0,'',0),(1840,0,0,0,0,0,0,0,0,0,0,0,0,0,'',0),(1841,0,0,0,0,0,0,0,0,0,0,0,0,0,'',0),(1842,0,0,0,0,0,0,0,0,0,0,0,0,0,'',0),(1843,0,0,0,0,0,0,0,0,0,0,0,0,0,'',0),(1844,0,0,0,0,0,0,0,0,0,0,0,0,0,'',0),(1845,0,0,0,0,0,0,0,0,0,0,0,0,0,'',0),(1846,6,11,0,0,0,0,0,0,0,0,0,0,0,'en',0),(1847,6,11,0,0,0,0,0,0,0,0,0,0,0,'en',0),(1848,6,11,0,0,0,0,0,0,0,0,0,0,0,'en',0),(1849,6,11,0,0,0,0,0,0,0,0,0,0,0,'en',0),(1850,7,1,0,0,0,0,0,0,0,0,0,0,0,'ru',0),(1851,0,0,0,0,0,0,0,0,0,0,0,0,0,'',0),(1852,0,0,0,0,0,0,0,0,0,0,0,0,0,'',0),(1853,0,0,0,0,0,0,0,0,0,0,0,0,0,'',0),(1854,0,0,0,0,0,0,0,0,0,0,0,0,0,'',0),(1855,0,0,0,0,0,0,0,0,0,0,0,0,0,'',0),(1856,9,1,0,0,0,0,0,0,0,0,0,0,0,'de',0),(1857,0,0,0,0,0,0,0,0,0,0,0,0,0,'',0),(1858,0,0,0,0,0,0,0,0,0,0,0,0,0,'',0),(1859,0,0,0,0,0,0,0,0,0,0,0,0,0,'',0),(1860,7,3,0,0,0,0,0,0,0,0,0,0,0,'en',0),(1861,9,11,0,0,0,0,0,0,0,0,0,0,0,'',0),(1862,0,0,0,0,0,0,0,0,0,0,0,0,0,'',0),(1863,0,0,0,0,0,0,0,0,0,0,0,0,0,'',0),(1864,0,0,0,0,0,0,0,0,0,0,0,0,0,'',0),(1865,0,0,0,0,0,0,0,0,0,0,0,0,0,'',0),(1866,9,11,0,0,0,0,0,0,0,0,0,0,0,'',0),(1867,0,0,0,0,0,0,0,0,0,0,0,0,0,'',0),(1868,9,11,0,0,0,0,0,0,0,0,0,0,0,'',0),(1869,0,0,0,0,0,0,0,0,0,0,0,0,0,'',0),(1870,6,11,0,0,0,0,0,0,0,0,0,0,0,'fr',0),(1871,6,11,0,0,0,0,0,0,0,0,0,0,0,'fr',0),(1872,6,11,0,0,0,0,0,0,0,0,0,0,0,'fr',0),(1873,0,0,0,0,0,0,0,0,0,0,0,0,0,'',0),(1874,0,0,0,0,0,0,0,0,0,0,0,0,0,'',0),(1875,6,11,0,0,0,0,0,0,0,0,0,0,0,'fr',0),(1876,0,0,0,0,0,0,0,0,0,0,0,0,0,'',0),(1877,0,0,0,0,0,0,0,0,0,0,0,0,0,'',0),(1878,0,0,0,0,0,0,0,0,0,0,0,0,0,'',0),(1879,0,0,0,0,0,0,0,0,0,0,0,0,0,'',0),(1880,0,0,0,0,0,0,0,0,0,0,0,0,0,'',0),(1881,0,0,0,0,0,0,0,0,0,0,0,0,0,'',0),(1882,0,0,0,0,0,0,0,0,0,0,0,0,0,'',0),(1883,0,0,0,0,0,0,0,0,0,0,0,0,0,'',0),(1884,0,0,0,0,0,0,0,0,0,0,0,0,0,'',0),(1885,0,0,0,0,0,0,0,0,0,0,0,0,0,'',0),(1886,7,1,0,0,0,0,0,0,0,0,0,0,0,'',0),(1887,0,0,0,0,0,0,0,0,0,0,0,0,0,'',0),(1888,0,0,0,0,0,0,0,0,0,0,0,0,0,'',0),(1889,0,0,0,0,0,0,0,0,0,0,0,0,0,'',0),(1890,0,0,0,0,0,0,0,0,0,0,0,0,0,'',0),(1891,0,0,0,0,0,0,0,0,0,0,0,0,0,'',0),(1892,0,0,0,0,0,0,0,0,0,0,0,0,0,'',0),(1893,0,0,0,0,0,0,0,0,0,0,0,0,0,'',0),(1894,0,0,0,0,0,0,0,0,0,0,0,0,0,'',0),(1895,0,0,0,0,0,0,0,0,0,0,0,0,0,'',0),(1896,0,0,0,0,0,0,0,0,0,0,0,0,0,'',0),(1897,0,0,0,0,0,0,0,0,0,0,0,0,0,'',0),(1898,0,0,0,0,0,0,0,0,0,0,0,0,0,'',0),(1899,0,0,0,0,0,0,0,0,0,0,0,0,0,'',0),(1900,0,0,0,0,0,0,0,0,0,0,0,0,0,'',0),(1901,0,0,0,0,0,0,0,0,0,0,0,0,0,'',0),(1902,0,0,0,0,0,0,0,0,0,0,0,0,0,'',0),(1903,0,0,0,0,0,0,0,0,0,0,0,0,0,'',0),(1904,0,0,0,0,0,0,0,0,0,0,0,0,0,'',0),(1905,0,0,0,0,0,0,0,0,0,0,0,0,0,'',0),(1906,9,11,0,0,0,0,0,0,0,0,0,0,0,'',0),(1907,0,0,0,0,0,0,0,0,0,0,0,0,0,'',0),(1908,0,0,0,0,0,0,0,0,0,0,0,0,0,'',0),(1909,0,0,0,0,0,0,0,0,0,0,0,0,0,'',0),(1910,0,0,0,0,0,0,0,0,0,0,0,0,0,'',0),(1911,0,0,0,0,0,0,0,0,0,0,0,0,0,'',0),(1912,0,0,0,0,0,0,0,0,0,0,0,0,0,'',0),(1913,0,0,0,0,0,0,0,0,0,0,0,0,0,'',0),(1914,0,0,0,0,0,0,0,0,0,0,0,0,0,'',0),(1915,0,0,0,0,0,0,0,0,0,0,0,0,0,'',0),(1916,0,0,0,0,0,0,0,0,0,0,0,0,0,'',0),(1917,0,0,0,0,0,0,0,0,0,0,0,0,0,'',0),(1918,0,0,0,0,0,0,0,0,0,0,0,0,0,'',0),(1919,0,0,0,0,0,0,0,0,0,0,0,0,0,'',0),(1920,0,0,0,0,0,0,0,0,0,0,0,0,0,'',0),(1921,0,0,0,0,0,0,0,0,0,0,0,0,0,'',0),(1922,0,0,0,0,0,0,0,0,0,0,0,0,0,'',0),(1923,0,0,0,0,0,0,0,0,0,0,0,0,0,'',0),(1924,7,1,0,0,0,0,0,0,0,0,0,0,0,'',0),(1925,0,0,0,0,0,0,0,0,0,0,0,0,0,'',0),(1926,0,0,0,0,0,0,0,0,0,0,0,0,0,'',0),(1927,0,0,0,0,0,0,0,0,0,0,0,0,0,'',0),(1928,0,0,0,0,0,0,0,0,0,0,0,0,0,'',0),(1929,6,11,0,0,0,0,0,0,0,0,0,0,0,'pl',0),(1930,0,0,0,0,0,0,0,0,0,0,0,0,0,'',0),(1931,0,0,0,0,0,0,0,0,0,0,0,0,0,'pl',0),(1932,0,0,0,0,0,0,0,0,0,0,0,0,0,'',0),(1933,0,0,0,0,0,0,0,0,0,0,0,0,0,'',0),(1934,0,0,0,0,0,0,0,0,0,0,0,0,0,'',0),(1935,0,0,0,0,0,0,0,0,0,0,0,0,0,'',0),(1936,0,0,0,0,0,0,0,0,0,0,0,0,0,'',0),(1937,0,0,0,0,0,0,0,0,0,0,0,0,0,'',0),(1938,0,0,0,0,0,0,0,0,0,0,0,0,0,'',0),(1939,0,0,0,0,0,0,0,0,0,0,0,0,0,'',0),(1940,0,0,0,0,0,0,0,0,0,0,0,0,0,'',0),(1941,0,0,0,0,0,0,0,0,0,0,0,0,0,'',0),(1942,0,0,0,0,0,0,0,0,0,0,0,0,0,'',0),(1943,0,0,0,0,0,0,0,0,0,0,0,0,0,'',0),(1944,0,0,0,0,0,0,0,0,0,0,0,0,0,'',0),(1945,0,0,0,0,0,0,0,0,0,0,0,0,0,'',0),(1946,0,0,0,0,0,0,0,0,0,0,0,0,0,'',0),(1947,0,0,0,0,0,0,0,0,0,0,0,0,0,'',0),(1948,0,0,0,0,0,0,0,0,0,0,0,0,0,'',0),(1949,0,0,0,0,0,0,0,0,0,0,0,0,0,'',0),(1950,0,0,0,0,0,0,0,0,0,0,0,0,0,'',0),(1951,0,0,0,0,0,0,0,0,0,0,0,0,0,'',0),(1952,7,1,0,0,0,0,0,0,0,0,0,0,0,'ru',0),(1953,0,0,0,0,0,0,0,0,0,0,0,0,0,'',0),(1954,0,0,0,0,0,0,0,0,0,0,0,0,0,'',0),(1955,7,1,0,0,0,0,0,0,0,0,0,0,0,'',0),(1956,0,0,0,0,0,0,0,0,0,0,0,0,0,'',0),(1957,0,0,0,0,0,0,0,0,0,0,0,0,0,'',0),(1958,0,0,0,0,0,0,0,0,0,0,0,0,0,'',0),(1959,0,0,0,0,0,0,0,0,0,0,0,0,0,'',0),(1960,0,0,0,0,0,0,0,0,0,0,0,0,0,'',0),(1961,0,0,0,0,0,0,0,0,0,0,0,0,0,'',0),(1962,0,0,0,0,0,0,0,0,0,0,0,0,0,'',0),(1963,0,0,0,0,0,0,0,0,0,0,0,0,0,'',0),(1964,0,0,0,0,0,0,0,0,0,0,0,0,0,'',0),(1965,9,11,0,0,0,0,0,0,0,0,0,0,0,'',0),(1966,0,0,0,0,0,0,0,0,0,0,0,0,0,'',0),(1967,0,0,0,0,0,0,0,0,0,0,0,0,0,'',0),(1968,0,0,0,0,0,0,0,0,0,0,0,0,0,'',0),(1969,7,11,0,0,0,0,0,0,0,0,0,0,0,'fr',0),(1970,0,0,0,0,0,0,0,0,0,0,0,0,0,'',0),(1971,0,0,0,0,0,0,0,0,0,0,0,0,0,'',0),(1972,7,1,0,0,0,0,0,0,0,0,0,0,0,'',0),(1973,7,1,0,0,0,0,0,0,0,0,0,0,0,'',0),(1974,6,11,0,0,0,0,0,0,0,0,0,0,0,'un',0),(1975,0,0,0,0,0,0,0,0,0,0,0,0,0,'',0),(1976,9,11,0,0,0,0,0,0,0,0,0,0,0,'en',0),(1977,0,0,0,0,0,0,0,0,0,0,0,0,0,'',0),(1978,0,0,0,0,0,0,0,0,0,0,0,0,0,'',0),(1979,0,0,0,0,0,0,0,0,0,0,0,0,0,'',0),(1980,0,0,0,0,0,0,0,0,0,0,0,0,0,'',0),(1981,0,0,0,0,0,0,0,0,0,0,0,0,0,'',0),(1982,7,1,0,0,0,0,0,0,0,0,0,0,0,'',0),(1983,0,0,0,0,0,0,0,0,0,0,0,0,0,'',0),(1984,0,0,0,0,0,0,0,0,0,0,0,0,0,'',0),(1985,0,0,0,0,0,0,0,0,0,0,0,0,0,'',0),(1986,9,11,0,0,0,0,0,0,0,0,0,0,0,'',0),(1987,0,0,0,0,0,0,0,0,0,0,0,0,0,'',0),(1988,0,0,0,0,0,0,0,0,0,0,0,0,0,'',0),(1989,0,0,0,0,0,0,0,0,0,0,0,0,0,'',0),(1990,0,0,0,0,0,0,0,0,0,0,0,0,0,'',0),(1991,6,11,0,0,0,0,0,0,0,0,0,0,0,'en',0),(1992,0,0,0,0,0,0,0,0,0,0,0,0,0,'',0),(1993,0,0,0,0,0,0,0,0,0,0,0,0,0,'',0),(1994,0,0,0,0,0,0,0,0,0,0,0,0,0,'',0),(1995,0,0,0,0,0,0,0,0,0,0,0,0,0,'',0),(1996,0,0,0,0,0,0,0,0,0,0,0,0,0,'',0),(1997,0,0,0,0,0,0,0,0,0,0,0,0,0,'',0),(1998,6,11,0,0,0,0,0,0,0,0,0,0,0,'es',0),(1999,0,0,0,0,0,0,0,0,0,0,0,0,0,'',0),(2000,0,0,0,0,0,0,0,0,0,0,0,0,0,'',0),(2001,0,0,0,0,0,0,0,0,0,0,0,0,0,'',0),(2002,0,0,0,0,0,0,0,0,0,0,0,0,0,'',0),(2003,0,0,0,0,0,0,0,0,0,0,0,0,0,'',0),(2004,0,0,0,0,0,0,0,0,0,0,0,0,0,'',0),(2005,0,0,0,0,0,0,0,0,0,0,0,0,0,'',0),(2006,7,1,0,0,0,0,0,0,0,0,0,0,0,'',0),(2007,0,0,0,0,0,0,0,0,0,0,0,0,0,'',0),(2008,0,0,0,0,0,0,0,0,0,0,0,0,0,'',0),(2009,0,0,0,0,0,0,0,0,0,0,0,0,0,'',0),(2010,0,0,0,0,0,0,0,0,0,0,0,0,0,'',0),(2011,0,0,0,0,0,0,0,0,0,0,0,0,0,'',0),(2012,0,0,0,0,0,0,0,0,0,0,0,0,0,'en',0),(2013,0,0,0,0,0,0,0,0,0,0,0,0,0,'',0),(2014,0,0,0,0,0,0,0,0,0,0,0,0,0,'',0),(2015,0,0,0,0,0,0,0,0,0,0,0,0,0,'',0),(2016,0,0,0,0,0,0,0,0,0,0,0,0,0,'',0),(2017,6,11,0,0,0,0,0,0,0,0,0,0,0,'ru',0),(2018,9,11,0,0,0,0,0,0,0,0,0,0,0,'',0),(2019,0,0,0,0,0,0,0,0,0,0,0,0,0,'',0),(2020,0,0,0,0,0,0,0,0,0,0,0,0,0,'',0),(2021,7,11,0,0,0,0,0,0,0,0,0,0,0,'fr',0),(2022,0,0,0,0,0,0,0,0,0,0,0,0,0,'',0),(2023,0,0,0,0,0,0,0,0,0,0,0,0,0,'',0),(2024,0,0,0,0,0,0,0,0,0,0,0,0,0,'',0),(2025,0,0,0,0,0,0,0,0,0,0,0,0,0,'',0),(2026,0,0,0,0,0,0,0,0,0,0,0,0,0,'',0),(2027,0,0,0,0,0,0,0,0,0,0,0,0,0,'',0),(2028,0,0,0,0,0,0,0,0,0,0,0,0,0,'',0),(2029,7,1,0,0,0,0,0,0,0,0,0,0,0,'en',0),(2030,0,0,0,0,0,0,0,0,0,0,0,0,0,'',0),(2031,0,0,0,0,0,0,0,0,0,0,0,0,0,'',0),(2032,0,0,0,0,0,0,0,0,0,0,0,0,0,'',0),(2033,0,0,0,0,0,0,0,0,0,0,0,0,0,'',0),(2034,0,0,0,0,0,0,0,0,0,0,0,0,0,'',0),(2035,9,11,0,0,0,0,0,0,0,0,0,0,0,'',0),(2036,9,11,0,0,0,0,0,0,0,0,0,0,0,'',0),(2037,0,0,0,0,0,0,0,0,0,0,0,0,0,'',0),(2038,0,0,0,0,0,0,0,0,0,0,0,0,0,'',0),(2039,0,0,0,0,0,0,0,0,0,0,0,0,0,'',0),(2040,9,11,0,0,0,0,0,0,0,0,0,0,0,'',0),(2041,0,0,0,0,0,0,0,0,0,0,0,0,0,'',0),(2042,0,0,0,0,0,0,0,0,0,0,0,0,0,'',0),(2043,0,0,0,0,0,0,0,0,0,0,0,0,0,'',0),(2044,0,0,0,0,0,0,0,0,0,0,0,0,0,'',0),(2045,0,0,0,0,0,0,0,0,0,0,0,0,0,'',0),(2046,0,0,0,0,0,0,0,0,0,0,0,0,0,'',0),(2047,6,11,0,0,0,0,0,0,0,0,0,0,0,'en',0),(2048,6,11,0,0,0,0,0,0,0,0,0,0,0,'en',0),(2049,0,0,0,0,0,0,0,0,0,0,0,0,0,'',0),(2050,0,0,0,0,0,0,0,0,0,0,0,0,0,'',0),(2051,0,0,0,0,0,0,0,0,0,0,0,0,0,'',0),(2052,9,11,0,0,0,0,0,0,0,0,0,0,0,'fr',0),(2053,9,11,0,0,0,0,0,0,0,0,0,0,0,'fr',0),(2054,0,0,0,0,0,0,0,0,0,0,0,0,0,'',0),(2055,6,11,0,0,0,0,0,0,0,0,0,0,0,'en',0),(2056,0,0,0,0,0,0,0,0,0,0,0,0,0,'',0),(2057,0,0,0,0,0,0,0,0,0,0,0,0,0,'',0),(2058,0,0,0,0,0,0,0,0,0,0,0,0,0,'',0),(2059,0,0,0,0,0,0,0,0,0,0,0,0,0,'',0),(2060,0,0,0,0,0,0,0,0,0,0,0,0,0,'',0),(2061,0,0,0,0,0,0,0,0,0,0,0,0,0,'',0),(2062,0,0,0,0,0,0,0,0,0,0,0,0,0,'',0),(2063,0,0,0,0,0,0,0,0,0,0,0,0,0,'',0),(2064,0,0,0,0,0,0,0,0,0,0,0,0,0,'',0),(2065,0,0,0,0,0,0,0,0,0,0,0,0,0,'',0),(2066,0,0,0,0,0,0,0,0,0,0,0,0,0,'',0),(2067,0,0,0,0,0,0,0,0,0,0,0,0,0,'',0),(2068,6,11,0,0,0,0,0,0,0,0,0,0,0,'tr',0),(2069,0,0,0,0,0,0,0,0,0,0,0,0,0,'',0),(2070,0,0,0,0,0,0,0,0,0,0,0,0,0,'',0),(2071,0,0,0,0,0,0,0,0,0,0,0,0,0,'',0),(2072,0,0,0,0,0,0,0,0,0,0,0,0,0,'',0),(2073,0,0,0,0,0,0,0,0,0,0,0,0,0,'',0),(2074,9,11,0,0,0,0,0,0,0,0,0,0,0,'',0),(2075,0,0,0,0,0,0,0,0,0,0,0,0,0,'',0),(2076,0,0,0,0,0,0,0,0,0,0,0,0,0,'',0),(2077,0,0,0,0,0,0,0,0,0,0,0,0,0,'',0),(2078,0,0,0,0,0,0,0,0,0,0,0,0,0,'',0),(2079,0,0,0,0,0,0,0,0,0,0,0,0,0,'',0),(2080,9,11,0,0,0,0,0,0,0,0,0,0,0,'',0),(2081,0,0,0,0,0,0,0,0,0,0,0,0,0,'',0),(2082,0,0,0,0,0,0,0,0,0,0,0,0,0,'',0),(2083,9,11,0,0,0,0,0,0,0,0,0,0,0,'',0),(2084,0,0,0,0,0,0,0,0,0,0,0,0,0,'',0),(2085,0,0,0,0,0,0,0,0,0,0,0,0,0,'',0),(2086,0,0,0,0,0,0,0,0,0,0,0,0,0,'',0),(2087,6,11,0,0,0,0,0,0,0,0,0,0,0,'en',0),(2088,0,0,0,0,0,0,0,0,0,0,0,0,0,'',0),(2089,0,0,0,0,0,0,0,0,0,0,0,0,0,'',0),(2090,0,0,0,0,0,0,0,0,0,0,0,0,0,'',0),(2091,0,0,0,0,0,0,0,0,0,0,0,0,0,'',0),(2092,0,0,0,0,0,0,0,0,0,0,0,0,0,'',0),(2093,0,0,0,0,0,0,0,0,0,0,0,0,0,'',0),(2094,0,0,0,0,0,0,0,0,0,0,0,0,0,'',0),(2095,0,0,0,0,0,0,0,0,0,0,0,0,0,'',0),(2096,0,0,0,0,0,0,0,0,0,0,0,0,0,'',0),(2097,0,0,0,0,0,0,0,0,0,0,0,0,0,'',0),(2098,0,0,0,0,0,0,0,0,0,0,0,0,0,'',0),(2099,0,0,0,0,0,0,0,0,0,0,0,0,0,'',0),(2100,0,0,0,0,0,0,0,0,0,0,0,0,0,'',0),(2101,0,0,0,0,0,0,0,0,0,0,0,0,0,'',0),(2102,9,11,0,0,0,0,0,0,0,0,0,0,0,'',0),(2103,0,0,0,0,0,0,0,0,0,0,0,0,0,'',0),(2104,0,0,0,0,0,0,0,0,0,0,0,0,0,'',0),(2105,9,11,0,0,0,0,0,0,0,0,0,0,0,'id',0),(2106,7,1,0,0,0,0,0,0,0,0,0,0,0,'th',0),(2107,7,1,0,0,0,0,0,0,0,0,0,0,0,'th',0),(2108,7,1,0,0,0,0,0,0,0,0,0,0,0,'',0),(2109,7,3,0,0,0,0,0,0,0,0,0,0,0,'fr',0),(2110,9,11,0,0,0,0,0,0,0,0,0,0,0,'',0),(2111,0,0,0,0,0,0,0,0,0,0,0,0,0,'',0),(2112,0,0,0,0,0,0,0,0,0,0,0,0,0,'',0),(2113,0,0,0,0,0,0,0,0,0,0,0,0,0,'',0),(2114,0,0,0,0,0,0,0,0,0,0,0,0,0,'',0),(2115,0,0,0,0,0,0,0,0,0,0,0,0,0,'',0),(2116,0,0,0,0,0,0,0,0,0,0,0,0,0,'',0),(2117,0,0,0,0,0,0,0,0,0,0,0,0,0,'',0),(2118,0,0,0,0,0,0,0,0,0,0,0,0,0,'',0),(2119,0,0,0,0,0,0,0,0,0,0,0,0,0,'',0),(2120,6,11,0,0,0,0,0,0,0,0,0,0,0,'en',0),(2121,0,0,0,0,0,0,0,0,0,0,0,0,0,'',0),(2122,0,0,0,0,0,0,0,0,0,0,0,0,0,'',0),(2123,9,11,0,0,0,0,0,0,0,0,0,0,0,'',0),(2124,0,0,0,0,0,0,0,0,0,0,0,0,0,'',0),(2125,0,0,0,0,0,0,0,0,0,0,0,0,0,'',0),(2126,0,0,0,0,0,0,0,0,0,0,0,0,0,'',0),(2127,9,11,0,0,0,0,0,0,0,0,0,0,0,'',0),(2128,6,11,0,0,0,0,0,0,0,0,0,0,0,'ru',0),(2129,0,0,0,0,0,0,0,0,0,0,0,0,0,'',0),(2130,0,0,0,0,0,0,0,0,0,0,0,0,0,'en',0),(2131,0,0,0,0,0,0,0,0,0,0,0,0,0,'en',0),(2132,0,0,0,0,0,0,0,0,0,0,0,0,0,'en',0),(2133,0,0,0,0,0,0,0,0,0,0,0,0,0,'en',0),(2134,0,0,0,0,0,0,0,0,0,0,0,0,0,'en',0),(2135,0,0,0,0,0,0,0,0,0,0,0,0,0,'en',0),(2136,0,0,0,0,0,0,0,0,0,0,0,0,0,'en',0),(2137,0,0,0,0,0,0,0,0,0,0,0,0,0,'en',0),(2138,0,0,0,0,0,0,0,0,0,0,0,0,0,'en',0),(2139,0,0,0,0,0,0,0,0,0,0,0,0,0,'en',0),(2140,0,0,0,0,0,0,0,0,0,0,0,0,0,'en',0),(2141,0,0,0,0,0,0,0,0,0,0,0,0,0,'en',0),(2142,0,0,0,0,0,0,0,0,0,0,0,0,0,'en',0),(2143,0,0,0,0,0,0,0,0,0,0,0,0,0,'en',0),(2144,0,0,0,0,0,0,0,0,0,0,0,0,0,'en',0),(2145,0,0,0,0,0,0,0,0,0,0,0,0,0,'en',0),(2146,0,0,0,0,0,0,0,0,0,0,0,0,0,'en',0),(2147,0,0,0,0,0,0,0,0,0,0,0,0,0,'en',0),(2148,0,0,0,0,0,0,0,0,0,0,0,0,0,'en',0),(2149,0,0,0,0,0,0,0,0,0,0,0,0,0,'en',0),(2150,0,0,0,0,0,0,0,0,0,0,0,0,0,'',0),(2151,0,0,0,0,0,0,0,0,0,0,0,0,0,'',0),(2152,7,1,0,0,0,0,0,0,0,0,0,0,0,'',0),(2153,0,0,0,0,0,0,0,0,0,0,0,0,0,'',0),(2154,0,0,0,0,0,0,0,0,0,0,0,0,0,'',0),(2155,0,0,0,0,0,0,0,0,0,0,0,0,0,'',0),(2156,0,0,0,0,0,0,0,0,0,0,0,0,0,'',0),(2157,0,0,0,0,0,0,0,0,0,0,0,0,0,'',0),(2158,0,0,0,0,0,0,0,0,0,0,0,0,0,'',0),(2159,9,11,0,0,0,0,0,0,0,0,0,0,0,'',0),(2160,7,1,0,0,0,0,0,0,0,0,0,0,0,'',0),(2161,0,0,0,0,0,0,0,0,0,0,0,0,0,'',0),(2162,0,0,0,0,0,0,0,0,0,0,0,0,0,'',0),(2163,9,11,0,0,0,0,0,0,0,0,0,0,0,'',0),(2164,0,0,0,0,0,0,0,0,0,0,0,0,0,'',0),(2165,0,0,0,0,0,0,0,0,0,0,0,0,0,'',0),(2166,0,0,0,0,0,0,0,0,0,0,0,0,0,'',0),(2167,0,0,0,0,0,0,0,0,0,0,0,0,0,'',0),(2168,0,0,0,0,0,0,0,0,0,0,0,0,0,'',0),(2169,6,11,0,0,0,0,0,0,0,0,0,0,0,'en',0),(2170,6,11,0,0,0,0,0,0,0,0,0,0,0,'en',0),(2171,0,0,0,0,0,0,0,0,0,0,0,0,0,'',0),(2172,0,0,0,0,0,0,0,0,0,0,0,0,0,'',0),(2173,0,0,0,0,0,0,0,0,0,0,0,0,0,'',0),(2174,0,0,0,0,0,0,0,0,0,0,0,0,0,'',0),(2175,0,0,0,0,0,0,0,0,0,0,0,0,0,'',0),(2176,0,0,0,0,0,0,0,0,0,0,0,0,0,'',0),(2177,9,11,0,0,0,0,0,0,0,0,0,0,0,'',0),(2178,0,0,0,0,0,0,0,0,0,0,0,0,0,'',0),(2179,0,0,0,0,0,0,0,0,0,0,0,0,0,'',0),(2180,9,11,0,0,0,0,0,0,0,0,0,0,0,'',0),(2181,0,0,0,0,0,0,0,0,0,0,0,0,0,'',0),(2182,0,0,0,0,0,0,0,0,0,0,0,0,0,'',0),(2183,0,0,0,0,0,0,0,0,0,0,0,0,0,'',0),(2184,0,0,0,0,0,0,0,0,0,0,0,0,0,'',0),(2185,7,1,0,0,0,0,0,0,0,0,0,0,0,'',0),(2186,0,0,0,0,0,0,0,0,0,0,0,0,0,'',0),(2187,6,11,0,0,0,0,0,0,0,0,0,0,0,'el',0),(2188,7,1,0,0,0,0,0,0,0,0,0,0,0,'fr-fr',0),(2189,0,0,0,0,0,0,0,0,0,0,0,0,0,'',0),(2190,0,0,0,0,0,0,0,0,0,0,0,0,0,'',0),(2191,0,0,0,0,0,0,0,0,0,0,0,0,0,'',0),(2192,0,0,0,0,0,0,0,0,0,0,0,0,0,'',0),(2193,9,11,0,0,0,0,0,0,0,0,0,0,0,'',0),(2194,0,0,0,0,0,0,0,0,0,0,0,0,0,'',0),(2195,0,0,0,0,0,0,0,0,0,0,0,0,0,'',0),(2196,0,0,0,0,0,0,0,0,0,0,0,0,0,'',0),(2197,0,0,0,0,0,0,0,0,0,0,0,0,0,'',0),(2198,9,11,0,0,0,0,0,0,0,0,0,0,0,'',0),(2199,9,11,0,0,0,0,0,0,0,0,0,0,0,'',0),(2200,0,0,0,0,0,0,0,0,0,0,0,0,0,'',0),(2201,0,0,0,0,0,0,0,0,0,0,0,0,0,'',0),(2202,5,11,0,0,0,0,0,0,0,0,0,0,0,'en',0),(2203,0,0,0,0,0,0,0,0,0,0,0,0,0,'',0),(2204,0,0,0,0,0,0,0,0,0,0,0,0,0,'',0),(2205,0,0,0,0,0,0,0,0,0,0,0,0,0,'',0),(2206,0,0,0,0,0,0,0,0,0,0,0,0,0,'',0),(2207,0,0,0,0,0,0,0,0,0,0,0,0,0,'',0),(2208,0,0,0,0,0,0,0,0,0,0,0,0,0,'',0),(2209,0,0,0,0,0,0,0,0,0,0,0,0,0,'',0),(2210,0,0,0,0,0,0,0,0,0,0,0,0,0,'',0),(2211,0,0,0,0,0,0,0,0,0,0,0,0,0,'',0),(2212,0,0,0,0,0,0,0,0,0,0,0,0,0,'',0),(2213,0,0,0,0,0,0,0,0,0,0,0,0,0,'',0),(2214,0,0,0,0,0,0,0,0,0,0,0,0,0,'',0),(2215,0,0,0,0,0,0,0,0,0,0,0,0,0,'en',0),(2216,0,0,0,0,0,0,0,0,0,0,0,0,0,'en',0),(2217,0,0,0,0,0,0,0,0,0,0,0,0,0,'en',0),(2218,0,0,0,0,0,0,0,0,0,0,0,0,0,'en',0),(2219,0,0,0,0,0,0,0,0,0,0,0,0,0,'en',0),(2220,0,0,0,0,0,0,0,0,0,0,0,0,0,'',0),(2221,0,0,0,0,0,0,0,0,0,0,0,0,0,'en',0),(2222,0,0,0,0,0,0,0,0,0,0,0,0,0,'en',0),(2223,0,0,0,0,0,0,0,0,0,0,0,0,0,'en',0),(2224,0,0,0,0,0,0,0,0,0,0,0,0,0,'en',0),(2225,0,0,0,0,0,0,0,0,0,0,0,0,0,'en',0),(2226,0,0,0,0,0,0,0,0,0,0,0,0,0,'en',0),(2227,0,0,0,0,0,0,0,0,0,0,0,0,0,'en',0),(2228,0,0,0,0,0,0,0,0,0,0,0,0,0,'en',0),(2229,0,0,0,0,0,0,0,0,0,0,0,0,0,'en',0),(2230,0,0,0,0,0,0,0,0,0,0,0,0,0,'en',0),(2231,0,0,0,0,0,0,0,0,0,0,0,0,0,'en',0),(2232,0,0,0,0,0,0,0,0,0,0,0,0,0,'en',0),(2233,0,0,0,0,0,0,0,0,0,0,0,0,0,'en',0),(2234,0,0,0,0,0,0,0,0,0,0,0,0,0,'en',0),(2235,0,0,0,0,0,0,0,0,0,0,0,0,0,'en',0),(2236,0,0,0,0,0,0,0,0,0,0,0,0,0,'en',0),(2237,0,0,0,0,0,0,0,0,0,0,0,0,0,'en',0),(2238,0,0,0,0,0,0,0,0,0,0,0,0,0,'en',0),(2239,0,0,0,0,0,0,0,0,0,0,0,0,0,'en',0),(2240,0,0,0,0,0,0,0,0,0,0,0,0,0,'',0),(2241,0,0,0,0,0,0,0,0,0,0,0,0,0,'',0),(2242,0,0,0,0,0,0,0,0,0,0,0,0,0,'',0),(2243,9,11,0,0,0,0,0,0,0,0,0,0,0,'',0),(2244,0,0,0,0,0,0,0,0,0,0,0,0,0,'en',0),(2245,9,11,0,0,0,0,0,0,0,0,0,0,0,'nl',0),(2246,5,10,0,0,0,0,0,0,0,0,0,0,0,'fr',0),(2247,0,0,0,0,0,0,0,0,0,0,0,0,0,'',0),(2248,0,0,0,0,0,0,0,0,0,0,0,0,0,'',0),(2249,0,0,0,0,0,0,0,0,0,0,0,0,0,'',0),(2250,9,11,0,0,0,0,0,0,0,0,0,0,0,'',0),(2251,0,0,0,0,0,0,0,0,0,0,0,0,0,'',0),(2252,7,1,0,0,0,0,0,0,0,0,0,0,0,'en',0),(2253,9,11,0,0,0,0,0,0,0,0,0,0,0,'',0),(2254,6,11,0,0,0,0,0,0,0,0,0,0,0,'zh',0),(2255,0,0,0,0,0,0,0,0,0,0,0,0,0,'',0),(2256,7,1,0,0,0,0,0,0,0,0,0,0,0,'en',0),(2257,7,11,0,0,0,0,0,0,0,0,0,0,0,'sk',0),(2258,0,0,0,0,0,0,0,0,0,0,0,0,0,'',0),(2259,0,0,0,0,0,0,0,0,0,0,0,0,0,'',0),(2260,0,0,0,0,0,0,0,0,0,0,0,0,0,'',0),(2261,0,0,0,0,0,0,0,0,0,0,0,0,0,'',0),(2262,0,0,0,0,0,0,0,0,0,0,0,0,0,'',0),(2263,7,1,0,0,0,0,0,0,0,0,0,0,0,'',0),(2264,0,0,0,0,0,0,0,0,0,0,0,0,0,'',0),(2265,0,0,0,0,0,0,0,0,0,0,0,0,0,'',0),(2266,0,0,0,0,0,0,0,0,0,0,0,0,0,'',0),(2267,0,0,0,0,0,0,0,0,0,0,0,0,0,'',0),(2268,0,0,0,0,0,0,0,0,0,0,0,0,0,'',0),(2269,0,0,0,0,0,0,0,0,0,0,0,0,0,'',0),(2270,0,0,0,0,0,0,0,0,0,0,0,0,0,'en',0),(2271,0,0,0,0,0,0,0,0,0,0,0,0,0,'',0),(2272,0,0,0,0,0,0,0,0,0,0,0,0,0,'',0),(2273,9,11,0,0,0,0,0,0,0,0,0,0,0,'',0),(2274,6,11,0,0,0,0,0,0,0,0,0,0,0,'en',0),(2275,9,11,0,0,0,0,0,0,0,0,0,0,0,'',0),(2276,0,0,0,0,0,0,0,0,0,0,0,0,0,'',0),(2277,0,0,0,0,0,0,0,0,0,0,0,0,0,'',0),(2278,0,0,0,0,0,0,0,0,0,0,0,0,0,'',0),(2279,7,1,0,0,0,0,0,0,0,0,0,0,0,'',0),(2280,0,0,0,0,0,0,0,0,0,0,0,0,0,'',0),(2281,0,0,0,0,0,0,0,0,0,0,0,0,0,'',0),(2282,0,0,0,0,0,0,0,0,0,0,0,0,0,'',0),(2283,7,1,0,0,0,0,0,0,0,0,0,0,0,'',0),(2284,0,0,0,0,0,0,0,0,0,0,0,0,0,'',0),(2285,0,0,0,0,0,0,0,0,0,0,0,0,0,'',0),(2286,0,0,0,0,0,0,0,0,0,0,0,0,0,'',0),(2287,6,11,0,0,0,0,0,0,0,0,0,0,0,'tr',0),(2288,0,0,0,0,0,0,0,0,0,0,0,0,0,'',0),(2289,7,1,0,0,0,0,0,0,0,0,0,0,0,'en',0),(2290,0,0,0,0,0,0,0,0,0,0,0,0,0,'',0),(2291,0,0,0,0,0,0,0,0,0,0,0,0,0,'',0),(2292,6,11,0,0,0,0,0,0,0,0,0,0,0,'zh',0),(2293,9,11,0,0,0,0,0,0,0,0,0,0,0,'',0),(2294,0,0,0,0,0,0,0,0,0,0,0,0,0,'',0),(2295,0,0,0,0,0,0,0,0,0,0,0,0,0,'',0),(2296,0,0,0,0,0,0,0,0,0,0,0,0,0,'',0),(2297,0,0,0,0,0,0,0,0,0,0,0,0,0,'',0),(2298,0,0,0,0,0,0,0,0,0,0,0,0,0,'',0),(2299,0,0,0,0,0,0,0,0,0,0,0,0,0,'',0),(2300,0,0,0,0,0,0,0,0,0,0,0,0,0,'',0),(2301,0,0,0,0,0,0,0,0,0,0,0,0,0,'',0),(2302,0,0,0,0,0,0,0,0,0,0,0,0,0,'',0),(2303,0,0,0,0,0,0,0,0,0,0,0,0,0,'',0),(2304,0,0,0,0,0,0,0,0,0,0,0,0,0,'',0),(2305,0,0,0,0,0,0,0,0,0,0,0,0,0,'',0),(2306,0,0,0,0,0,0,0,0,0,0,0,0,0,'',0),(2307,0,0,0,0,0,0,0,0,0,0,0,0,0,'',0),(2308,0,0,0,0,0,0,0,0,0,0,0,0,0,'',0),(2309,9,3,0,0,0,0,0,0,0,0,0,0,0,'fr',0),(2310,9,3,0,0,0,0,0,0,0,0,0,0,0,'fr',0),(2311,9,3,0,0,0,0,0,0,0,0,0,0,0,'fr',0),(2312,0,0,0,0,0,0,0,0,0,0,0,0,0,'',0),(2313,0,0,0,0,0,0,0,0,0,0,0,0,0,'',0),(2314,0,0,0,0,0,0,0,0,0,0,0,0,0,'',0),(2315,0,0,0,0,0,0,0,0,0,0,0,0,0,'',0),(2316,0,0,0,0,0,0,0,0,0,0,0,0,0,'',0),(2317,0,0,0,0,0,0,0,0,0,0,0,0,0,'',0),(2318,0,0,0,0,0,0,0,0,0,0,0,0,0,'',0),(2319,7,1,0,0,0,0,0,0,0,0,0,0,0,'',0),(2320,7,1,0,0,0,0,0,0,0,0,0,0,0,'',0),(2321,6,11,0,0,0,0,0,0,0,0,0,0,0,'tr',0),(2322,0,0,0,0,0,0,0,0,0,0,0,0,0,'',0),(2323,7,1,0,0,0,0,0,0,0,0,0,0,0,'',0),(2324,0,0,0,0,0,0,0,0,0,0,0,0,0,'',0),(2325,0,0,0,0,0,0,0,0,0,0,0,0,0,'',0),(2326,0,0,0,0,0,0,0,0,0,0,0,0,0,'',0),(2327,0,0,0,0,0,0,0,0,0,0,0,0,0,'',0),(2328,0,0,0,0,0,0,0,0,0,0,0,0,0,'',0),(2329,6,11,0,0,0,0,0,0,0,0,0,0,0,'es',0),(2330,3,11,0,0,0,0,0,0,0,0,0,0,0,'fr',0),(2331,0,0,0,0,0,0,0,0,0,0,0,0,0,'',0),(2332,0,0,0,0,0,0,0,0,0,0,0,0,0,'',0),(2333,0,0,0,0,0,0,0,0,0,0,0,0,0,'',0),(2334,0,0,0,0,0,0,0,0,0,0,0,0,0,'',0),(2335,0,0,0,0,0,0,0,0,0,0,0,0,0,'',0),(2336,0,0,0,0,0,0,0,0,0,0,0,0,0,'',0),(2337,0,0,0,0,0,0,0,0,0,0,0,0,0,'',0),(2338,0,0,0,0,0,0,0,0,0,0,0,0,0,'',0),(2339,0,0,0,0,0,0,0,0,0,0,0,0,0,'',0),(2340,0,0,0,0,0,0,0,0,0,0,0,0,0,'',0),(2341,0,0,0,0,0,0,0,0,0,0,0,0,0,'',0),(2342,9,11,0,0,0,0,0,0,0,0,0,0,0,'',0),(2343,0,0,0,0,0,0,0,0,0,0,0,0,0,'',0),(2344,0,0,0,0,0,0,0,0,0,0,0,0,0,'',0),(2345,0,0,0,0,0,0,0,0,0,0,0,0,0,'',0),(2346,0,11,0,0,0,0,0,0,0,0,0,0,0,'ru',0),(2347,0,0,0,0,0,0,0,0,0,0,0,0,0,'',0),(2348,0,0,0,0,0,0,0,0,0,0,0,0,0,'',0),(2349,6,11,0,0,0,0,0,0,0,0,0,0,0,'it',0),(2350,0,0,0,0,0,0,0,0,0,0,0,0,0,'',0),(2351,0,0,0,0,0,0,0,0,0,0,0,0,0,'',0),(2352,0,0,0,0,0,0,0,0,0,0,0,0,0,'',0),(2353,0,0,0,0,0,0,0,0,0,0,0,0,0,'',0),(2354,0,0,0,0,0,0,0,0,0,0,0,0,0,'',0),(2355,0,0,0,0,0,0,0,0,0,0,0,0,0,'',0),(2356,0,11,0,0,0,0,0,0,0,0,0,0,0,'ru',0),(2357,0,0,0,0,0,0,0,0,0,0,0,0,0,'',0),(2358,0,11,0,0,0,0,0,0,0,0,0,0,0,'ru',0),(2359,0,11,0,0,0,0,0,0,0,0,0,0,0,'ru',0),(2360,0,11,0,0,0,0,0,0,0,0,0,0,0,'ru',0),(2361,0,0,0,0,0,0,0,0,0,0,0,0,0,'',0),(2362,0,0,0,0,0,0,0,0,0,0,0,0,0,'',0),(2363,6,11,0,0,0,0,0,0,0,0,0,0,0,'en',0),(2364,0,0,0,0,0,0,0,0,0,0,0,0,0,'en',0),(2365,0,0,0,0,0,0,0,0,0,0,0,0,0,'en',0),(2366,0,0,0,0,0,0,0,0,0,0,0,0,0,'en',0),(2367,0,0,0,0,0,0,0,0,0,0,0,0,0,'en',0),(2368,0,0,0,0,0,0,0,0,0,0,0,0,0,'en',0),(2369,0,0,0,0,0,0,0,0,0,0,0,0,0,'en',0),(2370,0,0,0,0,0,0,0,0,0,0,0,0,0,'en',0),(2371,0,0,0,0,0,0,0,0,0,0,0,0,0,'en',0),(2372,0,0,0,0,0,0,0,0,0,0,0,0,0,'en',0),(2373,0,0,0,0,0,0,0,0,0,0,0,0,0,'en',0),(2374,0,0,0,0,0,0,0,0,0,0,0,0,0,'en',0),(2375,0,0,0,0,0,0,0,0,0,0,0,0,0,'en',0),(2376,0,0,0,0,0,0,0,0,0,0,0,0,0,'',0),(2377,0,0,0,0,0,0,0,0,0,0,0,0,0,'',0),(2378,3,10,0,0,0,0,0,0,0,0,0,0,0,'fr',0),(2379,0,0,0,0,0,0,0,0,0,0,0,0,0,'',0),(2380,7,1,0,0,0,0,0,0,0,0,0,0,0,'',0),(2381,0,0,0,0,0,0,0,0,0,0,0,0,0,'',0),(2382,9,1,0,0,0,0,0,0,0,0,0,0,0,'fr',0),(2383,0,0,0,0,0,0,0,0,0,0,0,0,0,'',0),(2384,0,0,0,0,0,0,0,0,0,0,0,0,0,'',0),(2385,0,0,0,0,0,0,0,0,0,0,0,0,0,'',0),(2386,0,0,0,0,0,0,0,0,0,0,0,0,0,'',0),(2387,0,0,0,0,0,0,0,0,0,0,0,0,0,'',0),(2388,0,0,0,0,0,0,0,0,0,0,0,0,0,'',0),(2389,0,11,0,0,0,0,0,0,0,0,0,0,0,'ru',0),(2390,0,11,0,0,0,0,0,0,0,0,0,0,0,'ru',0),(2391,0,11,0,0,0,0,0,0,0,0,0,0,0,'ru',0),(2392,9,11,0,0,0,0,0,0,0,0,0,0,0,'',0),(2393,0,0,0,0,0,0,0,0,0,0,0,0,0,'',0),(2394,0,0,0,0,0,0,0,0,0,0,0,0,0,'',0),(2395,0,0,0,0,0,0,0,0,0,0,0,0,0,'',0),(2396,0,0,0,0,0,0,0,0,0,0,0,0,0,'',0),(2397,9,11,0,0,0,0,0,0,0,0,0,0,0,'',0),(2398,0,0,0,0,0,0,0,0,0,0,0,0,0,'',0),(2399,0,0,0,0,0,0,0,0,0,0,0,0,0,'',0),(2400,9,11,0,0,0,0,0,0,0,0,0,0,0,'',0),(2401,0,0,0,0,0,0,0,0,0,0,0,0,0,'',0),(2402,9,11,0,0,0,0,0,0,0,0,0,0,0,'',0),(2403,0,0,0,0,0,0,0,0,0,0,0,0,0,'',0),(2404,0,0,0,0,0,0,0,0,0,0,0,0,0,'',0),(2405,0,0,0,0,0,0,0,0,0,0,0,0,0,'',0),(2406,0,0,0,0,0,0,0,0,0,0,0,0,0,'',0),(2407,0,0,0,0,0,0,0,0,0,0,0,0,0,'',0),(2408,0,0,0,0,0,0,0,0,0,0,0,0,0,'',0),(2409,0,0,0,0,0,0,0,0,0,0,0,0,0,'',0),(2410,9,11,0,0,0,0,0,0,0,0,0,0,0,'',0),(2411,0,0,0,0,0,0,0,0,0,0,0,0,0,'',0),(2412,0,0,0,0,0,0,0,0,0,0,0,0,0,'',0),(2413,9,11,0,0,0,0,0,0,0,0,0,0,0,'it',0),(2414,0,0,0,0,0,0,0,0,0,0,0,0,0,'',0),(2415,0,0,0,0,0,0,0,0,0,0,0,0,0,'',0),(2416,0,0,0,0,0,0,0,0,0,0,0,0,0,'',0),(2417,0,0,0,0,0,0,0,0,0,0,0,0,0,'',0),(2418,0,0,0,0,0,0,0,0,0,0,0,0,0,'',0),(2419,0,0,0,0,0,0,0,0,0,0,0,0,0,'',0),(2420,0,0,0,0,0,0,0,0,0,0,0,0,0,'',0),(2421,0,0,0,0,0,0,0,0,0,0,0,0,0,'',0),(2422,0,0,0,0,0,0,0,0,0,0,0,0,0,'',0),(2423,0,0,0,0,0,0,0,0,0,0,0,0,0,'',0),(2424,0,0,0,0,0,0,0,0,0,0,0,0,0,'',0),(2425,6,11,0,0,0,0,0,0,0,0,0,0,0,'ru',0),(2426,0,0,0,0,0,0,0,0,0,0,0,0,0,'',0),(2427,9,11,0,0,0,0,0,0,0,0,0,0,0,'',0),(2428,6,11,0,0,0,0,0,0,0,0,0,0,0,'tr',0),(2429,6,11,0,0,0,0,0,0,0,0,0,0,0,'tr',0),(2430,6,11,0,0,0,0,0,0,0,0,0,0,0,'tr',0),(2431,6,11,0,0,0,0,0,0,0,0,0,0,0,'tr',0),(2432,6,11,0,0,0,0,0,0,0,0,0,0,0,'tr',0),(2433,0,0,0,0,0,0,0,0,0,0,0,0,0,'',0),(2434,7,11,0,0,0,0,0,0,0,0,0,0,0,'fr',0),(2435,7,11,0,0,0,0,0,0,0,0,0,0,0,'fr',0),(2436,7,11,0,0,0,0,0,0,0,0,0,0,0,'fr',0),(2437,7,11,0,0,0,0,0,0,0,0,0,0,0,'fr',0),(2438,7,11,0,0,0,0,0,0,0,0,0,0,0,'fr',0),(2439,0,0,0,0,0,0,0,0,0,0,0,0,0,'',0),(2440,0,0,0,0,0,0,0,0,0,0,0,0,0,'',0),(2441,0,0,0,0,0,0,0,0,0,0,0,0,0,'',0),(2442,0,0,0,0,0,0,0,0,0,0,0,0,0,'',0),(2443,7,1,0,0,0,0,0,0,0,0,0,0,0,'en-us',0),(2444,7,1,0,0,0,0,0,0,0,0,0,0,0,'en-us',0),(2445,7,1,0,0,0,0,0,0,0,0,0,0,0,'en',0),(2446,0,0,0,0,0,0,0,0,0,0,0,0,0,'',0),(2447,0,0,0,0,0,0,0,0,0,0,0,0,0,'',0),(2448,0,0,0,0,0,0,0,0,0,0,0,0,0,'',0),(2449,0,0,0,0,0,0,0,0,0,0,0,0,0,'',0),(2450,0,0,0,0,0,0,0,0,0,0,0,0,0,'',0),(2451,0,0,0,0,0,0,0,0,0,0,0,0,0,'',0),(2452,0,0,0,0,0,0,0,0,0,0,0,0,0,'',0),(2453,0,0,0,0,0,0,0,0,0,0,0,0,0,'',0),(2454,0,11,0,0,0,0,0,0,0,0,0,0,0,'ru',0),(2455,0,0,0,0,0,0,0,0,0,0,0,0,0,'',0),(2456,0,0,0,0,0,0,0,0,0,0,0,0,0,'',0),(2457,0,0,0,0,0,0,0,0,0,0,0,0,0,'',0),(2458,0,0,0,0,0,0,0,0,0,0,0,0,0,'',0),(2459,0,0,0,0,0,0,0,0,0,0,0,0,0,'',0),(2460,0,0,0,0,0,0,0,0,0,0,0,0,0,'',0),(2461,9,11,0,0,0,0,0,0,0,0,0,0,0,'',0),(2462,0,0,0,0,0,0,0,0,0,0,0,0,0,'',0),(2463,0,11,0,0,0,0,0,0,0,0,0,0,0,'ru',0),(2464,0,11,0,0,0,0,0,0,0,0,0,0,0,'ru',0),(2465,0,11,0,0,0,0,0,0,0,0,0,0,0,'ru',0),(2466,0,0,0,0,0,0,0,0,0,0,0,0,0,'',0),(2467,0,0,0,0,0,0,0,0,0,0,0,0,0,'',0),(2468,0,0,0,0,0,0,0,0,0,0,0,0,0,'',0),(2469,0,0,0,0,0,0,0,0,0,0,0,0,0,'',0),(2470,0,0,0,0,0,0,0,0,0,0,0,0,0,'',0),(2471,0,0,0,0,0,0,0,0,0,0,0,0,0,'',0),(2472,0,0,0,0,0,0,0,0,0,0,0,0,0,'',0),(2473,0,0,0,0,0,0,0,0,0,0,0,0,0,'',0),(2474,7,1,0,0,0,0,0,0,0,0,0,0,0,'',0),(2475,0,0,0,0,0,0,0,0,0,0,0,0,0,'',0),(2476,0,0,0,0,0,0,0,0,0,0,0,0,0,'',0),(2477,0,0,0,0,0,0,0,0,0,0,0,0,0,'',0),(2478,0,0,0,0,0,0,0,0,0,0,0,0,0,'',0),(2479,9,11,0,0,0,0,0,0,0,0,0,0,0,'',0),(2480,0,0,0,0,0,0,0,0,0,0,0,0,0,'',0),(2481,0,0,0,0,0,0,0,0,0,0,0,0,0,'',0),(2482,0,0,0,0,0,0,0,0,0,0,0,0,0,'',0),(2483,0,0,0,0,0,0,0,0,0,0,0,0,0,'',0),(2484,0,0,0,0,0,0,0,0,0,0,0,0,0,'',0),(2485,0,0,0,0,0,0,0,0,0,0,0,0,0,'',0),(2486,0,0,0,0,0,0,0,0,0,0,0,0,0,'',0),(2487,9,11,0,0,0,0,0,0,0,0,0,0,0,'',0),(2488,0,0,0,0,0,0,0,0,0,0,0,0,0,'',0),(2489,0,0,0,0,0,0,0,0,0,0,0,0,0,'',0),(2490,0,0,0,0,0,0,0,0,0,0,0,0,0,'',0),(2491,7,1,0,0,0,0,0,0,0,0,0,0,0,'',0),(2492,9,11,0,0,0,0,0,0,0,0,0,0,0,'',0),(2493,0,0,0,0,0,0,0,0,0,0,0,0,0,'',0),(2494,9,11,0,0,0,0,0,0,0,0,0,0,0,'',0),(2495,0,0,0,0,0,0,0,0,0,0,0,0,0,'',0),(2496,7,1,0,0,0,0,0,0,0,0,0,0,0,'',0),(2497,0,0,0,0,0,0,0,0,0,0,0,0,0,'',0),(2498,0,0,0,0,0,0,0,0,0,0,0,0,0,'',0),(2499,0,11,0,0,0,0,0,0,0,0,0,0,0,'ru',0),(2500,0,0,0,0,0,0,0,0,0,0,0,0,0,'',0),(2501,7,1,0,0,0,0,0,0,0,0,0,0,0,'',0),(2502,0,0,0,0,0,0,0,0,0,0,0,0,0,'',0),(2503,0,0,0,0,0,0,0,0,0,0,0,0,0,'',0),(2504,0,0,0,0,0,0,0,0,0,0,0,0,0,'',0),(2505,0,0,0,0,0,0,0,0,0,0,0,0,0,'',0),(2506,0,0,0,0,0,0,0,0,0,0,0,0,0,'en',0),(2507,0,0,0,0,0,0,0,0,0,0,0,0,0,'',0),(2508,0,0,0,0,0,0,0,0,0,0,0,0,0,'en',0),(2509,0,0,0,0,0,0,0,0,0,0,0,0,0,'en',0),(2510,0,0,0,0,0,0,0,0,0,0,0,0,0,'en',0),(2511,0,0,0,0,0,0,0,0,0,0,0,0,0,'',0),(2512,0,0,0,0,0,0,0,0,0,0,0,0,0,'',0),(2513,0,0,0,0,0,0,0,0,0,0,0,0,0,'',0),(2514,9,1,0,0,0,0,0,0,0,0,0,0,0,'fr',0),(2515,0,0,0,0,0,0,0,0,0,0,0,0,0,'',0),(2516,0,0,0,0,0,0,0,0,0,0,0,0,0,'',0),(2517,0,0,0,0,0,0,0,0,0,0,0,0,0,'',0),(2518,0,0,0,0,0,0,0,0,0,0,0,0,0,'',0),(2519,9,11,0,0,0,0,0,0,0,0,0,0,0,'',0),(2520,0,0,0,0,0,0,0,0,0,0,0,0,0,'',0),(2521,0,0,0,0,0,0,0,0,0,0,0,0,0,'',0),(2522,0,0,0,0,0,0,0,0,0,0,0,0,0,'',0),(2523,0,0,0,0,0,0,0,0,0,0,0,0,0,'en',0),(2524,0,0,0,0,0,0,0,0,0,0,0,0,0,'',0),(2525,0,0,0,0,0,0,0,0,0,0,0,0,0,'',0),(2526,0,0,0,0,0,0,0,0,0,0,0,0,0,'',0),(2527,0,0,0,0,0,0,0,0,0,0,0,0,0,'',0),(2528,0,0,0,0,0,0,0,0,0,0,0,0,0,'',0),(2529,0,0,0,0,0,0,0,0,0,0,0,0,0,'',0),(2530,0,0,0,0,0,0,0,0,0,0,0,0,0,'',0),(2531,7,1,0,0,0,0,0,0,0,0,0,0,0,'',0),(2532,0,0,0,0,0,0,0,0,0,0,0,0,0,'',0),(2533,0,0,0,0,0,0,0,0,0,0,0,0,0,'',0),(2534,0,0,0,0,0,0,0,0,0,0,0,0,0,'',0),(2535,0,0,0,0,0,0,0,0,0,0,0,0,0,'',0),(2536,7,1,0,0,0,0,0,0,0,0,0,0,0,'fr',0),(2537,7,1,0,0,0,0,0,0,0,0,0,0,0,'',0),(2538,9,1,0,0,0,0,0,0,0,0,0,0,0,'fr',0),(2539,0,0,0,0,0,0,0,0,0,0,0,0,0,'',0),(2540,0,0,0,0,0,0,0,0,0,0,0,0,0,'',0),(2541,6,11,0,0,0,0,0,0,0,0,0,0,0,'en',0),(2542,0,0,0,0,0,0,0,0,0,0,0,0,0,'',0),(2543,0,0,0,0,0,0,0,0,0,0,0,0,0,'',0),(2544,7,1,0,0,0,0,0,0,0,0,0,0,0,'',0),(2545,0,0,0,0,0,0,0,0,0,0,0,0,0,'',0),(2546,0,0,0,0,0,0,0,0,0,0,0,0,0,'',0),(2547,0,0,0,0,0,0,0,0,0,0,0,0,0,'',0),(2548,0,0,0,0,0,0,0,0,0,0,0,0,0,'',0),(2549,0,0,0,0,0,0,0,0,0,0,0,0,0,'',0),(2550,0,0,0,0,0,0,0,0,0,0,0,0,0,'',0),(2551,7,1,0,0,0,0,0,0,0,0,0,0,0,'en',0),(2552,0,0,0,0,0,0,0,0,0,0,0,0,0,'',0),(2553,0,0,0,0,0,0,0,0,0,0,0,0,0,'',0),(2554,0,0,0,0,0,0,0,0,0,0,0,0,0,'',0),(2555,0,0,0,0,0,0,0,0,0,0,0,0,0,'',0),(2556,0,0,0,0,0,0,0,0,0,0,0,0,0,'',0),(2557,0,0,0,0,0,0,0,0,0,0,0,0,0,'',0),(2558,0,0,0,0,0,0,0,0,0,0,0,0,0,'',0),(2559,6,11,0,0,0,0,0,0,0,0,0,0,0,'en',0),(2560,9,11,0,0,0,0,0,0,0,0,0,0,0,'',0),(2561,0,0,0,0,0,0,0,0,0,0,0,0,0,'',0),(2562,0,0,0,0,0,0,0,0,0,0,0,0,0,'',0),(2563,0,0,0,0,0,0,0,0,0,0,0,0,0,'',0),(2564,7,11,0,0,0,0,0,0,0,0,0,0,0,'en',0),(2565,7,11,0,0,0,0,0,0,0,0,0,0,0,'en',0),(2566,7,11,0,0,0,0,0,0,0,0,0,0,0,'en',0),(2567,0,0,0,0,0,0,0,0,0,0,0,0,0,'',0),(2568,0,0,0,0,0,0,0,0,0,0,0,0,0,'',0),(2569,0,0,0,0,0,0,0,0,0,0,0,0,0,'',0),(2570,0,0,0,0,0,0,0,0,0,0,0,0,0,'',0),(2571,6,11,0,0,0,0,0,0,0,0,0,0,0,'en',0),(2572,7,1,0,0,0,0,0,0,0,0,0,0,0,'',0),(2573,9,11,0,0,0,0,0,0,0,0,0,0,0,'',0),(2574,9,11,0,0,0,0,0,0,0,0,0,0,0,'',0),(2575,0,0,0,0,0,0,0,0,0,0,0,0,0,'',0),(2576,0,0,0,0,0,0,0,0,0,0,0,0,0,'',0),(2577,0,0,0,0,0,0,0,0,0,0,0,0,0,'',0),(2578,9,11,0,0,0,0,0,0,0,0,0,0,0,'',0),(2579,0,0,0,0,0,0,0,0,0,0,0,0,0,'',0),(2580,0,0,0,0,0,0,0,0,0,0,0,0,0,'',0),(2581,0,0,0,0,0,0,0,0,0,0,0,0,0,'',0),(2582,0,0,0,0,0,0,0,0,0,0,0,0,0,'',0),(2583,0,0,0,0,0,0,0,0,0,0,0,0,0,'',0),(2584,0,0,0,0,0,0,0,0,0,0,0,0,0,'',0),(2585,0,0,0,0,0,0,0,0,0,0,0,0,0,'',0),(2586,0,0,0,0,0,0,0,0,0,0,0,0,0,'',0),(2587,0,0,0,0,0,0,0,0,0,0,0,0,0,'',0),(2588,0,0,0,0,0,0,0,0,0,0,0,0,0,'',0),(2589,0,0,0,0,0,0,0,0,0,0,0,0,0,'',0),(2590,0,0,0,0,0,0,0,0,0,0,0,0,0,'',0),(2591,0,0,0,0,0,0,0,0,0,0,0,0,0,'',0),(2592,0,0,0,0,0,0,0,0,0,0,0,0,0,'',0),(2593,0,0,0,0,0,0,0,0,0,0,0,0,0,'',0),(2594,0,0,0,0,0,0,0,0,0,0,0,0,0,'',0),(2595,0,0,0,0,0,0,0,0,0,0,0,0,0,'',0),(2596,0,0,0,0,0,0,0,0,0,0,0,0,0,'',0),(2597,9,11,0,0,0,0,0,0,0,0,0,0,0,'',0),(2598,0,0,0,0,0,0,0,0,0,0,0,0,0,'',0),(2599,0,0,0,0,0,0,0,0,0,0,0,0,0,'',0),(2600,0,0,0,0,0,0,0,0,0,0,0,0,0,'',0),(2601,0,0,0,0,0,0,0,0,0,0,0,0,0,'',0),(2602,0,0,0,0,0,0,0,0,0,0,0,0,0,'',0),(2603,0,0,0,0,0,0,0,0,0,0,0,0,0,'',0),(2604,0,0,0,0,0,0,0,0,0,0,0,0,0,'',0),(2605,0,0,0,0,0,0,0,0,0,0,0,0,0,'',0),(2606,0,0,0,0,0,0,0,0,0,0,0,0,0,'',0),(2607,0,0,0,0,0,0,0,0,0,0,0,0,0,'',0),(2608,0,0,0,0,0,0,0,0,0,0,0,0,0,'en',0),(2609,9,11,0,0,0,0,0,0,0,0,0,0,0,'it',0),(2610,0,0,0,0,0,0,0,0,0,0,0,0,0,'',0),(2611,3,3,0,0,0,0,0,0,0,0,0,0,0,'fr',0),(2612,0,0,0,0,0,0,0,0,0,0,0,0,0,'',0),(2613,0,0,0,0,0,0,0,0,0,0,0,0,0,'',0),(2614,0,0,0,0,0,0,0,0,0,0,0,0,0,'',0),(2615,0,0,0,0,0,0,0,0,0,0,0,0,0,'',0),(2616,0,0,0,0,0,0,0,0,0,0,0,0,0,'',0),(2617,0,0,0,0,0,0,0,0,0,0,0,0,0,'',0),(2618,9,11,0,0,0,0,0,0,0,0,0,0,0,'',0),(2619,0,0,0,0,0,0,0,0,0,0,0,0,0,'',0),(2620,0,0,0,0,0,0,0,0,0,0,0,0,0,'',0),(2621,0,0,0,0,0,0,0,0,0,0,0,0,0,'',0),(2622,0,0,0,0,0,0,0,0,0,0,0,0,0,'',0),(2623,0,11,0,0,0,0,0,0,0,0,0,0,0,'ru',0),(2624,0,11,0,0,0,0,0,0,0,0,0,0,0,'ru',0),(2625,0,0,0,0,0,0,0,0,0,0,0,0,0,'',0),(2626,0,0,0,0,0,0,0,0,0,0,0,0,0,'',0),(2627,0,0,0,0,0,0,0,0,0,0,0,0,0,'',0),(2628,0,0,0,0,0,0,0,0,0,0,0,0,0,'',0),(2629,0,0,0,0,0,0,0,0,0,0,0,0,0,'',0),(2630,0,0,0,0,0,0,0,0,0,0,0,0,0,'',0),(2631,0,0,0,0,0,0,0,0,0,0,0,0,0,'',0),(2632,0,0,0,0,0,0,0,0,0,0,0,0,0,'',0),(2633,0,0,0,0,0,0,0,0,0,0,0,0,0,'',0),(2634,0,0,0,0,0,0,0,0,0,0,0,0,0,'',0),(2635,0,0,0,0,0,0,0,0,0,0,0,0,0,'',0),(2636,0,0,0,0,0,0,0,0,0,0,0,0,0,'',0),(2637,0,0,0,0,0,0,0,0,0,0,0,0,0,'',0),(2638,7,1,0,0,0,0,0,0,0,0,0,0,0,'',0),(2639,0,0,0,0,0,0,0,0,0,0,0,0,0,'',0),(2640,7,1,0,0,0,0,0,0,0,0,0,0,0,'',0),(2641,0,0,0,0,0,0,0,0,0,0,0,0,0,'',0),(2642,0,0,0,0,0,0,0,0,0,0,0,0,0,'',0),(2643,0,0,0,0,0,0,0,0,0,0,0,0,0,'',0),(2644,9,1,0,0,0,0,0,0,0,0,0,0,0,'fr',0),(2645,0,0,0,0,0,0,0,0,0,0,0,0,0,'',0),(2646,0,0,0,0,0,0,0,0,0,0,0,0,0,'',0),(2647,0,0,0,0,0,0,0,0,0,0,0,0,0,'',0),(2648,7,1,0,0,0,0,0,0,0,0,0,0,0,'fr',0),(2649,6,11,0,0,0,0,0,0,0,0,0,0,0,'es',0),(2650,6,11,0,0,0,0,0,0,0,0,0,0,0,'es',0),(2651,6,11,0,0,0,0,0,0,0,0,0,0,0,'es',0),(2652,0,0,0,0,0,0,0,0,0,0,0,0,0,'',0),(2653,6,11,0,0,0,0,0,0,0,0,0,0,0,'es',0),(2654,6,11,0,0,0,0,0,0,0,0,0,0,0,'es',0),(2655,0,0,0,0,0,0,0,0,0,0,0,0,0,'',0),(2656,0,0,0,0,0,0,0,0,0,0,0,0,0,'',0),(2657,6,11,0,0,0,0,0,0,0,0,0,0,0,'el',0),(2658,6,11,0,0,0,0,0,0,0,0,0,0,0,'el',0),(2659,0,0,0,0,0,0,0,0,0,0,0,0,0,'',0),(2660,6,11,0,0,0,0,0,0,0,0,0,0,0,'es',0),(2661,0,0,0,0,0,0,0,0,0,0,0,0,0,'',0),(2662,0,0,0,0,0,0,0,0,0,0,0,0,0,'',0),(2663,0,0,0,0,0,0,0,0,0,0,0,0,0,'',0),(2664,0,0,0,0,0,0,0,0,0,0,0,0,0,'',0),(2665,0,0,0,0,0,0,0,0,0,0,0,0,0,'',0),(2666,0,11,0,0,0,0,0,0,0,0,0,0,0,'ru',0),(2667,0,11,0,0,0,0,0,0,0,0,0,0,0,'ru',0),(2668,9,11,0,0,0,0,0,0,0,0,0,0,0,'',0),(2669,0,0,0,0,0,0,0,0,0,0,0,0,0,'',0),(2670,6,11,0,0,0,0,0,0,0,0,0,0,0,'fr',0),(2671,6,11,0,0,0,0,0,0,0,0,0,0,0,'vi',0),(2672,6,11,0,0,0,0,0,0,0,0,0,0,0,'en',0),(2673,6,11,0,0,0,0,0,0,0,0,0,0,0,'en',0),(2674,0,0,0,0,0,0,0,0,0,0,0,0,0,'',0),(2675,0,0,0,0,0,0,0,0,0,0,0,0,0,'',0),(2676,0,0,0,0,0,0,0,0,0,0,0,0,0,'',0),(2677,0,0,0,0,0,0,0,0,0,0,0,0,0,'',0),(2678,0,0,0,0,0,0,0,0,0,0,0,0,0,'',0),(2679,0,0,0,0,0,0,0,0,0,0,0,0,0,'',0),(2680,0,0,0,0,0,0,0,0,0,0,0,0,0,'',0),(2681,6,11,0,0,0,0,0,0,0,0,0,0,0,'en',0),(2682,7,1,0,0,0,0,0,0,0,0,0,0,0,'',0),(2683,9,11,0,0,0,0,0,0,0,0,0,0,0,'',0),(2684,0,0,0,0,0,0,0,0,0,0,0,0,0,'',0),(2685,0,0,0,0,0,0,0,0,0,0,0,0,0,'',0),(2686,0,0,0,0,0,0,0,0,0,0,0,0,0,'',0),(2687,0,0,0,0,0,0,0,0,0,0,0,0,0,'',0),(2688,0,0,0,0,0,0,0,0,0,0,0,0,0,'',0),(2689,0,0,0,0,0,0,0,0,0,0,0,0,0,'',0),(2690,0,0,0,0,0,0,0,0,0,0,0,0,0,'',0),(2691,0,0,0,0,0,0,0,0,0,0,0,0,0,'',0),(2692,7,1,0,0,0,0,0,0,0,0,0,0,0,'',0),(2693,9,11,0,0,0,0,0,0,0,0,0,0,0,'',0),(2694,0,0,0,0,0,0,0,0,0,0,0,0,0,'',0),(2695,9,11,0,0,0,0,0,0,0,0,0,0,0,'',0),(2696,0,0,0,0,0,0,0,0,0,0,0,0,0,'',0),(2697,0,0,0,0,0,0,0,0,0,0,0,0,0,'',0),(2698,0,0,0,0,0,0,0,0,0,0,0,0,0,'',0),(2699,0,0,0,0,0,0,0,0,0,0,0,0,0,'',0),(2700,0,0,0,0,0,0,0,0,0,0,0,0,0,'',0),(2701,9,1,0,0,0,0,0,0,0,0,0,0,0,'en',0),(2702,0,0,0,0,0,0,0,0,0,0,0,0,0,'',0),(2703,0,0,0,0,0,0,0,0,0,0,0,0,0,'',0),(2704,0,0,0,0,0,0,0,0,0,0,0,0,0,'',0),(2705,0,0,0,0,0,0,0,0,0,0,0,0,0,'',0),(2706,0,0,0,0,0,0,0,0,0,0,0,0,0,'en',0),(2707,0,0,0,0,0,0,0,0,0,0,0,0,0,'en',0),(2708,0,0,0,0,0,0,0,0,0,0,0,0,0,'en',0),(2709,0,0,0,0,0,0,0,0,0,0,0,0,0,'',0),(2710,0,0,0,0,0,0,0,0,0,0,0,0,0,'',0),(2711,0,0,0,0,0,0,0,0,0,0,0,0,0,'',0),(2712,0,0,0,0,0,0,0,0,0,0,0,0,0,'',0),(2713,0,0,0,0,0,0,0,0,0,0,0,0,0,'',0),(2714,7,11,0,0,0,0,0,0,0,0,0,0,0,'tr',0),(2715,0,0,0,0,0,0,0,0,0,0,0,0,0,'',0),(2716,0,0,0,0,0,0,0,0,0,0,0,0,0,'',0),(2717,6,11,0,0,0,0,0,0,0,0,0,0,0,'es',0),(2718,0,0,0,0,0,0,0,0,0,0,0,0,0,'',0),(2719,0,0,0,0,0,0,0,0,0,0,0,0,0,'',0),(2720,0,0,0,0,0,0,0,0,0,0,0,0,0,'',0),(2721,0,0,0,0,0,0,0,0,0,0,0,0,0,'',0),(2722,0,0,0,0,0,0,0,0,0,0,0,0,0,'',0),(2723,0,0,0,0,0,0,0,0,0,0,0,0,0,'',0),(2724,0,0,0,0,0,0,0,0,0,0,0,0,0,'',0),(2725,0,0,0,0,0,0,0,0,0,0,0,0,0,'',0),(2726,0,0,0,0,0,0,0,0,0,0,0,0,0,'',0),(2727,0,0,0,0,0,0,0,0,0,0,0,0,0,'',0),(2728,0,0,0,0,0,0,0,0,0,0,0,0,0,'en',0),(2729,7,1,0,0,0,0,0,0,0,0,0,0,0,'',0),(2730,0,0,0,0,0,0,0,0,0,0,0,0,0,'',0),(2731,0,0,0,0,0,0,0,0,0,0,0,0,0,'',0),(2732,0,0,0,0,0,0,0,0,0,0,0,0,0,'',0),(2733,0,0,0,0,0,0,0,0,0,0,0,0,0,'',0),(2734,0,0,0,0,0,0,0,0,0,0,0,0,0,'',0),(2735,0,0,0,0,0,0,0,0,0,0,0,0,0,'',0),(2736,0,0,0,0,0,0,0,0,0,0,0,0,0,'',0),(2737,0,0,0,0,0,0,0,0,0,0,0,0,0,'',0),(2738,0,0,0,0,0,0,0,0,0,0,0,0,0,'',0),(2739,0,0,0,0,0,0,0,0,0,0,0,0,0,'',0),(2740,0,0,0,0,0,0,0,0,0,0,0,0,0,'',0),(2741,7,1,0,0,0,0,0,0,0,0,0,0,0,'',0),(2742,0,0,0,0,0,0,0,0,0,0,0,0,0,'',0),(2743,0,0,0,0,0,0,0,0,0,0,0,0,0,'',0),(2744,0,0,0,0,0,0,0,0,0,0,0,0,0,'',0),(2745,0,0,0,0,0,0,0,0,0,0,0,0,0,'',0),(2746,0,0,0,0,0,0,0,0,0,0,0,0,0,'',0),(2747,0,0,0,0,0,0,0,0,0,0,0,0,0,'',0),(2748,0,0,0,0,0,0,0,0,0,0,0,0,0,'',0),(2749,0,0,0,0,0,0,0,0,0,0,0,0,0,'',0),(2750,0,0,0,0,0,0,0,0,0,0,0,0,0,'',0),(2751,9,11,0,0,0,0,0,0,0,0,0,0,0,'',0),(2752,0,0,0,0,0,0,0,0,0,0,0,0,0,'',0),(2753,0,0,0,0,0,0,0,0,0,0,0,0,0,'',0),(2754,7,1,0,0,0,0,0,0,0,0,0,0,0,'',0),(2755,0,0,0,0,0,0,0,0,0,0,0,0,0,'',0),(2756,6,11,0,0,0,0,0,0,0,0,0,0,0,'en',0),(2757,6,11,0,0,0,0,0,0,0,0,0,0,0,'en',0),(2758,6,11,0,0,0,0,0,0,0,0,0,0,0,'en',0),(2759,6,11,0,0,0,0,0,0,0,0,0,0,0,'en',0),(2760,7,1,0,0,0,0,0,0,0,0,0,0,0,'',0),(2761,0,0,0,0,0,0,0,0,0,0,0,0,0,'',0),(2762,0,0,0,0,0,0,0,0,0,0,0,0,0,'',0),(2763,0,0,0,0,0,0,0,0,0,0,0,0,0,'',0),(2764,0,0,0,0,0,0,0,0,0,0,0,0,0,'',0),(2765,0,0,0,0,0,0,0,0,0,0,0,0,0,'',0),(2766,0,0,0,0,0,0,0,0,0,0,0,0,0,'',0),(2767,0,0,0,0,0,0,0,0,0,0,0,0,0,'',0),(2768,0,0,0,0,0,0,0,0,0,0,0,0,0,'',0),(2769,0,0,0,0,0,0,0,0,0,0,0,0,0,'',0),(2770,0,0,0,0,0,0,0,0,0,0,0,0,0,'',0),(2771,6,11,0,0,0,0,0,0,0,0,0,0,0,'en',0),(2772,0,0,0,0,0,0,0,0,0,0,0,0,0,'',0),(2773,0,0,0,0,0,0,0,0,0,0,0,0,0,'',0),(2774,0,0,0,0,0,0,0,0,0,0,0,0,0,'',0),(2775,0,0,0,0,0,0,0,0,0,0,0,0,0,'',0),(2776,0,0,0,0,0,0,0,0,0,0,0,0,0,'',0),(2777,0,0,0,0,0,0,0,0,0,0,0,0,0,'',0),(2778,0,0,0,0,0,0,0,0,0,0,0,0,0,'',0),(2779,0,0,0,0,0,0,0,0,0,0,0,0,0,'',0),(2780,0,0,0,0,0,0,0,0,0,0,0,0,0,'',0),(2781,0,0,0,0,0,0,0,0,0,0,0,0,0,'',0),(2782,0,0,0,0,0,0,0,0,0,0,0,0,0,'',0),(2783,0,0,0,0,0,0,0,0,0,0,0,0,0,'',0),(2784,0,0,0,0,0,0,0,0,0,0,0,0,0,'',0),(2785,9,11,0,0,0,0,0,0,0,0,0,0,0,'',0),(2786,0,0,0,0,0,0,0,0,0,0,0,0,0,'',0),(2787,0,0,0,0,0,0,0,0,0,0,0,0,0,'',0),(2788,0,0,0,0,0,0,0,0,0,0,0,0,0,'',0),(2789,0,0,0,0,0,0,0,0,0,0,0,0,0,'',0),(2790,3,10,0,0,0,0,0,0,0,0,0,0,0,'fr',0),(2791,9,11,0,0,0,0,0,0,0,0,0,0,0,'',0),(2792,0,0,0,0,0,0,0,0,0,0,0,0,0,'',0),(2793,0,0,0,0,0,0,0,0,0,0,0,0,0,'',0),(2794,9,11,0,0,0,0,0,0,0,0,0,0,0,'',0),(2795,0,0,0,0,0,0,0,0,0,0,0,0,0,'',0),(2796,0,0,0,0,0,0,0,0,0,0,0,0,0,'',0),(2797,0,0,0,0,0,0,0,0,0,0,0,0,0,'',0),(2798,0,0,0,0,0,0,0,0,0,0,0,0,0,'',0),(2799,0,0,0,0,0,0,0,0,0,0,0,0,0,'',0),(2800,0,0,0,0,0,0,0,0,0,0,0,0,0,'',0),(2801,9,11,0,0,0,0,0,0,0,0,0,0,0,'',0),(2802,0,0,0,0,0,0,0,0,0,0,0,0,0,'',0),(2803,0,0,0,0,0,0,0,0,0,0,0,0,0,'',0),(2804,9,11,0,0,0,0,0,0,0,0,0,0,0,'',0),(2805,0,0,0,0,0,0,0,0,0,0,0,0,0,'',0),(2806,0,0,0,0,0,0,0,0,0,0,0,0,0,'',0),(2807,0,0,0,0,0,0,0,0,0,0,0,0,0,'',0),(2808,0,0,0,0,0,0,0,0,0,0,0,0,0,'',0),(2809,7,1,0,0,0,0,0,0,0,0,0,0,0,'',0),(2810,0,0,0,0,0,0,0,0,0,0,0,0,0,'',0),(2811,0,0,0,0,0,0,0,0,0,0,0,0,0,'',0),(2812,6,11,0,0,0,0,0,0,0,0,0,0,0,'en',0),(2813,7,1,0,0,0,0,0,0,0,0,0,0,0,'',0),(2814,0,0,0,0,0,0,0,0,0,0,0,0,0,'',0),(2815,0,0,0,0,0,0,0,0,0,0,0,0,0,'',0),(2816,9,11,0,0,0,0,0,0,0,0,0,0,0,'',0),(2817,0,0,0,0,0,0,0,0,0,0,0,0,0,'',0),(2818,0,0,0,0,0,0,0,0,0,0,0,0,0,'',0),(2819,7,11,0,0,0,0,0,0,0,0,0,0,0,'tr',0),(2820,0,0,0,0,0,0,0,0,0,0,0,0,0,'',0),(2821,9,11,0,0,0,0,0,0,0,0,0,0,0,'',0),(2822,7,1,0,0,0,0,0,0,0,0,0,0,0,'',0),(2823,0,0,0,0,0,0,0,0,0,0,0,0,0,'',0),(2824,6,11,0,0,0,0,0,0,0,0,0,0,0,'en',0),(2825,6,11,0,0,0,0,0,0,0,0,0,0,0,'en',0),(2826,0,0,0,0,0,0,0,0,0,0,0,0,0,'',0),(2827,0,0,0,0,0,0,0,0,0,0,0,0,0,'',0),(2828,7,1,0,0,0,0,0,0,0,0,0,0,0,'',0),(2829,0,0,0,0,0,0,0,0,0,0,0,0,0,'',0),(2830,0,0,0,0,0,0,0,0,0,0,0,0,0,'',0),(2831,0,0,0,0,0,0,0,0,0,0,0,0,0,'',0),(2832,0,0,0,0,0,0,0,0,0,0,0,0,0,'',0),(2833,0,0,0,0,0,0,0,0,0,0,0,0,0,'',0),(2834,7,1,0,0,0,0,0,0,0,0,0,0,0,'',0),(2835,9,1,0,0,0,0,0,0,0,0,0,0,0,'en',0),(2836,0,0,0,0,0,0,0,0,0,0,0,0,0,'',0),(2837,0,0,0,0,0,0,0,0,0,0,0,0,0,'',0),(2838,3,11,0,0,0,0,0,0,0,0,0,0,0,'en',0),(2839,0,0,0,0,0,0,0,0,0,0,0,0,0,'',0),(2840,0,0,0,0,0,0,0,0,0,0,0,0,0,'',0),(2841,0,0,0,0,0,0,0,0,0,0,0,0,0,'',0),(2842,0,0,0,0,0,0,0,0,0,0,0,0,0,'',0),(2843,0,0,0,0,0,0,0,0,0,0,0,0,0,'',0),(2844,0,0,0,0,0,0,0,0,0,0,0,0,0,'',0),(2845,0,0,0,0,0,0,0,0,0,0,0,0,0,'',0),(2846,0,0,0,0,0,0,0,0,0,0,0,0,0,'',0),(2847,0,0,0,0,0,0,0,0,0,0,0,0,0,'',0),(2848,0,0,0,0,0,0,0,0,0,0,0,0,0,'',0),(2849,0,0,0,0,0,0,0,0,0,0,0,0,0,'',0),(2850,0,0,0,0,0,0,0,0,0,0,0,0,0,'',0),(2851,0,0,0,0,0,0,0,0,0,0,0,0,0,'',0),(2852,0,0,0,0,0,0,0,0,0,0,0,0,0,'',0),(2853,0,0,0,0,0,0,0,0,0,0,0,0,0,'',0),(2854,0,0,0,0,0,0,0,0,0,0,0,0,0,'',0),(2855,0,0,0,0,0,0,0,0,0,0,0,0,0,'',0),(2856,0,0,0,0,0,0,0,0,0,0,0,0,0,'',0),(2857,0,0,0,0,0,0,0,0,0,0,0,0,0,'',0),(2858,6,11,0,0,0,0,0,0,0,0,0,0,0,'pl',0),(2859,0,0,0,0,0,0,0,0,0,0,0,0,0,'',0),(2860,0,0,0,0,0,0,0,0,0,0,0,0,0,'',0),(2861,0,0,0,0,0,0,0,0,0,0,0,0,0,'',0),(2862,0,0,0,0,0,0,0,0,0,0,0,0,0,'',0),(2863,0,0,0,0,0,0,0,0,0,0,0,0,0,'',0),(2864,9,11,0,0,0,0,0,0,0,0,0,0,0,'',0),(2865,0,0,0,0,0,0,0,0,0,0,0,0,0,'',0),(2866,7,1,0,0,0,0,0,0,0,0,0,0,0,'',0),(2867,7,1,0,0,0,0,0,0,0,0,0,0,0,'',0),(2868,9,11,0,0,0,0,0,0,0,0,0,0,0,'',0),(2869,6,11,0,0,0,0,0,0,0,0,0,0,0,'es',0),(2870,0,0,0,0,0,0,0,0,0,0,0,0,0,'',0),(2871,0,0,0,0,0,0,0,0,0,0,0,0,0,'',0),(2872,0,0,0,0,0,0,0,0,0,0,0,0,0,'',0),(2873,0,0,0,0,0,0,0,0,0,0,0,0,0,'',0),(2874,0,0,0,0,0,0,0,0,0,0,0,0,0,'',0),(2875,3,11,0,0,0,0,0,0,0,0,0,0,0,'',0),(2876,0,0,0,0,0,0,0,0,0,0,0,0,0,'',0),(2877,0,0,0,0,0,0,0,0,0,0,0,0,0,'',0),(2878,0,0,0,0,0,0,0,0,0,0,0,0,0,'',0),(2879,0,0,0,0,0,0,0,0,0,0,0,0,0,'',0),(2880,9,11,0,0,0,0,0,0,0,0,0,0,0,'',0),(2881,0,0,0,0,0,0,0,0,0,0,0,0,0,'',0),(2882,0,0,0,0,0,0,0,0,0,0,0,0,0,'',0),(2883,0,0,0,0,0,0,0,0,0,0,0,0,0,'',0),(2884,0,0,0,0,0,0,0,0,0,0,0,0,0,'',0),(2885,0,0,0,0,0,0,0,0,0,0,0,0,0,'',0),(2886,0,0,0,0,0,0,0,0,0,0,0,0,0,'',0),(2887,0,0,0,0,0,0,0,0,0,0,0,0,0,'',0),(2888,0,0,0,0,0,0,0,0,0,0,0,0,0,'',0),(2889,6,11,0,0,0,0,0,0,0,0,0,0,0,'en',0),(2890,0,0,0,0,0,0,0,0,0,0,0,0,0,'',0),(2891,0,0,0,0,0,0,0,0,0,0,0,0,0,'',0),(2892,0,0,0,0,0,0,0,0,0,0,0,0,0,'',0),(2893,0,0,0,0,0,0,0,0,0,0,0,0,0,'',0),(2894,9,11,0,0,0,0,0,0,0,0,0,0,0,'',0),(2895,0,0,0,0,0,0,0,0,0,0,0,0,0,'',0),(2896,0,0,0,0,0,0,0,0,0,0,0,0,0,'',0),(2897,0,0,0,0,0,0,0,0,0,0,0,0,0,'',0),(2898,0,0,0,0,0,0,0,0,0,0,0,0,0,'',0),(2899,7,1,0,0,0,0,0,0,0,0,0,0,0,'',0),(2900,0,0,0,0,0,0,0,0,0,0,0,0,0,'',0),(2901,0,0,0,0,0,0,0,0,0,0,0,0,0,'',0),(2902,0,0,0,0,0,0,0,0,0,0,0,0,0,'',0),(2903,0,0,0,0,0,0,0,0,0,0,0,0,0,'',0),(2904,0,0,0,0,0,0,0,0,0,0,0,0,0,'',0),(2905,8,11,0,0,0,0,0,0,0,0,0,0,0,'fr',0),(2906,0,0,0,0,0,0,0,0,0,0,0,0,0,'',0),(2907,0,0,0,0,0,0,0,0,0,0,0,0,0,'',0),(2908,0,0,0,0,0,0,0,0,0,0,0,0,0,'',0),(2909,0,0,0,0,0,0,0,0,0,0,0,0,0,'',0),(2910,0,0,0,0,0,0,0,0,0,0,0,0,0,'',0),(2911,0,0,0,0,0,0,0,0,0,0,0,0,0,'',0),(2912,0,0,0,0,0,0,0,0,0,0,0,0,0,'',0),(2913,0,0,0,0,0,0,0,0,0,0,0,0,0,'',0),(2914,0,0,0,0,0,0,0,0,0,0,0,0,0,'',0),(2915,0,0,0,0,0,0,0,0,0,0,0,0,0,'',0),(2916,0,0,0,0,0,0,0,0,0,0,0,0,0,'',0),(2917,0,0,0,0,0,0,0,0,0,0,0,0,0,'',0),(2918,0,0,0,0,0,0,0,0,0,0,0,0,0,'',0),(2919,0,0,0,0,0,0,0,0,0,0,0,0,0,'',0),(2920,0,0,0,0,0,0,0,0,0,0,0,0,0,'',0),(2921,0,0,0,0,0,0,0,0,0,0,0,0,0,'',0),(2922,0,0,0,0,0,0,0,0,0,0,0,0,0,'',0),(2923,0,0,0,0,0,0,0,0,0,0,0,0,0,'',0),(2924,7,1,0,0,0,0,0,0,0,0,0,0,0,'',0),(2925,7,1,0,0,0,0,0,0,0,0,0,0,0,'',0),(2926,0,0,0,0,0,0,0,0,0,0,0,0,0,'',0),(2927,6,3,0,0,0,0,0,0,0,0,0,0,0,'en',0),(2928,7,1,0,0,0,0,0,0,0,0,0,0,0,'',0),(2929,0,0,0,0,0,0,0,0,0,0,0,0,0,'',0),(2930,0,0,0,0,0,0,0,0,0,0,0,0,0,'',0),(2931,0,0,0,0,0,0,0,0,0,0,0,0,0,'',0),(2932,7,1,0,0,0,0,0,0,0,0,0,0,0,'it',0),(2933,9,11,0,0,0,0,0,0,0,0,0,0,0,'',0),(2934,0,0,0,0,0,0,0,0,0,0,0,0,0,'',0),(2935,6,11,0,0,0,0,0,0,0,0,0,0,0,'en',0),(2936,0,0,0,0,0,0,0,0,0,0,0,0,0,'',0),(2937,0,0,0,0,0,0,0,0,0,0,0,0,0,'',0),(2938,7,1,0,0,0,0,0,0,0,0,0,0,0,'',0),(2939,0,0,0,0,0,0,0,0,0,0,0,0,0,'',0),(2940,9,11,0,0,0,0,0,0,0,0,0,0,0,'',0),(2941,0,0,0,0,0,0,0,0,0,0,0,0,0,'',0),(2942,0,0,0,0,0,0,0,0,0,0,0,0,0,'',0),(2943,0,0,0,0,0,0,0,0,0,0,0,0,0,'',0),(2944,0,0,0,0,0,0,0,0,0,0,0,0,0,'',0),(2945,0,0,0,0,0,0,0,0,0,0,0,0,0,'',0),(2946,0,0,0,0,0,0,0,0,0,0,0,0,0,'en',0),(2947,6,3,0,0,0,0,0,0,0,0,0,0,0,'en',0),(2948,0,0,0,0,0,0,0,0,0,0,0,0,0,'',0),(2949,0,0,0,0,0,0,0,0,0,0,0,0,0,'',0),(2950,0,0,0,0,0,0,0,0,0,0,0,0,0,'',0),(2951,0,0,0,0,0,0,0,0,0,0,0,0,0,'',0),(2952,0,0,0,0,0,0,0,0,0,0,0,0,0,'',0),(2953,0,0,0,0,0,0,0,0,0,0,0,0,0,'',0),(2954,0,0,0,0,0,0,0,0,0,0,0,0,0,'',0),(2955,7,1,0,0,0,0,0,0,0,0,0,0,0,'',0),(2956,0,0,0,0,0,0,0,0,0,0,0,0,0,'',0),(2957,0,0,0,0,0,0,0,0,0,0,0,0,0,'',0),(2958,0,0,0,0,0,0,0,0,0,0,0,0,0,'',0),(2959,0,0,0,0,0,0,0,0,0,0,0,0,0,'',0),(2960,0,0,0,0,0,0,0,0,0,0,0,0,0,'',0),(2961,0,0,0,0,0,0,0,0,0,0,0,0,0,'',0),(2962,0,0,0,0,0,0,0,0,0,0,0,0,0,'',0),(2963,0,0,0,0,0,0,0,0,0,0,0,0,0,'',0),(2964,0,0,0,0,0,0,0,0,0,0,0,0,0,'',0),(2965,0,0,0,0,0,0,0,0,0,0,0,0,0,'',0),(2966,0,0,0,0,0,0,0,0,0,0,0,0,0,'',0),(2967,0,0,0,0,0,0,0,0,0,0,0,0,0,'',0),(2968,0,0,0,0,0,0,0,0,0,0,0,0,0,'',0),(2969,0,0,0,0,0,0,0,0,0,0,0,0,0,'',0),(2970,0,0,0,0,0,0,0,0,0,0,0,0,0,'',0),(2971,0,0,0,0,0,0,0,0,0,0,0,0,0,'',0),(2972,0,0,0,0,0,0,0,0,0,0,0,0,0,'',0),(2973,0,0,0,0,0,0,0,0,0,0,0,0,0,'',0),(2974,0,0,0,0,0,0,0,0,0,0,0,0,0,'',0),(2975,0,0,0,0,0,0,0,0,0,0,0,0,0,'',0),(2976,0,0,0,0,0,0,0,0,0,0,0,0,0,'',0),(2977,0,0,0,0,0,0,0,0,0,0,0,0,0,'',0),(2978,0,0,0,0,0,0,0,0,0,0,0,0,0,'',0),(2979,9,11,0,0,0,0,0,0,0,0,0,0,0,'',0),(2980,9,11,0,0,0,0,0,0,0,0,0,0,0,'',0),(2981,0,0,0,0,0,0,0,0,0,0,0,0,0,'',0),(2982,0,0,0,0,0,0,0,0,0,0,0,0,0,'',0),(2983,0,0,0,0,0,0,0,0,0,0,0,0,0,'',0),(2984,0,0,0,0,0,0,0,0,0,0,0,0,0,'',0),(2985,0,0,0,0,0,0,0,0,0,0,0,0,0,'',0),(2986,0,0,0,0,0,0,0,0,0,0,0,0,0,'',0),(2987,0,0,0,0,0,0,0,0,0,0,0,0,0,'',0),(2988,0,0,0,0,0,0,0,0,0,0,0,0,0,'',0),(2989,7,1,0,0,0,0,0,0,0,0,0,0,0,'',0),(2990,0,0,0,0,0,0,0,0,0,0,0,0,0,'',0),(2991,0,0,0,0,0,0,0,0,0,0,0,0,0,'',0),(2992,0,0,0,0,0,0,0,0,0,0,0,0,0,'',0),(2993,0,0,0,0,0,0,0,0,0,0,0,0,0,'',0),(2994,0,0,0,0,0,0,0,0,0,0,0,0,0,'',0),(2995,0,0,0,0,0,0,0,0,0,0,0,0,0,'',0),(2996,0,0,0,0,0,0,0,0,0,0,0,0,0,'',0),(2997,0,0,0,0,0,0,0,0,0,0,0,0,0,'',0),(2998,0,0,0,0,0,0,0,0,0,0,0,0,0,'',0),(2999,0,0,0,0,0,0,0,0,0,0,0,0,0,'',0),(3000,0,0,0,0,0,0,0,0,0,0,0,0,0,'',0),(3001,0,0,0,0,0,0,0,0,0,0,0,0,0,'',0),(3002,0,0,0,0,0,0,0,0,0,0,0,0,0,'',0),(3003,9,11,0,0,0,0,0,0,0,0,0,0,0,'',0),(3004,0,0,0,0,0,0,0,0,0,0,0,0,0,'',0),(3005,7,1,0,0,0,0,0,0,0,0,0,0,0,'',0),(3006,0,0,0,0,0,0,0,0,0,0,0,0,0,'',0),(3007,0,0,0,0,0,0,0,0,0,0,0,0,0,'',0),(3008,0,0,0,0,0,0,0,0,0,0,0,0,0,'',0),(3009,3,3,0,0,0,0,0,0,0,0,0,0,0,'fr',0),(3010,0,0,0,0,0,0,0,0,0,0,0,0,0,'',0),(3011,0,0,0,0,0,0,0,0,0,0,0,0,0,'',0),(3012,9,1,0,0,0,0,0,0,0,0,0,0,0,'fr',0),(3013,0,0,0,0,0,0,0,0,0,0,0,0,0,'',0),(3014,0,0,0,0,0,0,0,0,0,0,0,0,0,'',0),(3015,6,11,0,0,0,0,0,0,0,0,0,0,0,'en',0),(3016,0,0,0,0,0,0,0,0,0,0,0,0,0,'',0),(3017,0,0,0,0,0,0,0,0,0,0,0,0,0,'',0),(3018,0,0,0,0,0,0,0,0,0,0,0,0,0,'',0),(3019,0,0,0,0,0,0,0,0,0,0,0,0,0,'',0),(3020,0,0,0,0,0,0,0,0,0,0,0,0,0,'',0),(3021,0,0,0,0,0,0,0,0,0,0,0,0,0,'',0),(3022,0,0,0,0,0,0,0,0,0,0,0,0,0,'',0),(3023,9,11,0,0,0,0,0,0,0,0,0,0,0,'',0),(3024,0,0,0,0,0,0,0,0,0,0,0,0,0,'',0),(3025,0,0,0,0,0,0,0,0,0,0,0,0,0,'',0),(3026,0,0,0,0,0,0,0,0,0,0,0,0,0,'',0),(3027,0,0,0,0,0,0,0,0,0,0,0,0,0,'',0),(3028,9,11,0,0,0,0,0,0,0,0,0,0,0,'',0),(3029,0,0,0,0,0,0,0,0,0,0,0,0,0,'',0),(3030,0,0,0,0,0,0,0,0,0,0,0,0,0,'',0),(3031,0,0,0,0,0,0,0,0,0,0,0,0,0,'',0),(3032,0,0,0,0,0,0,0,0,0,0,0,0,0,'',0),(3033,0,0,0,0,0,0,0,0,0,0,0,0,0,'',0),(3034,9,11,0,0,0,0,0,0,0,0,0,0,0,'',0),(3035,9,11,0,0,0,0,0,0,0,0,0,0,0,'',0),(3036,9,11,0,0,0,0,0,0,0,0,0,0,0,'',0),(3037,0,0,0,0,0,0,0,0,0,0,0,0,0,'',0),(3038,0,0,0,0,0,0,0,0,0,0,0,0,0,'',0),(3039,0,0,0,0,0,0,0,0,0,0,0,0,0,'',0),(3040,0,0,0,0,0,0,0,0,0,0,0,0,0,'',0),(3041,0,0,0,0,0,0,0,0,0,0,0,0,0,'',0),(3042,0,0,0,0,0,0,0,0,0,0,0,0,0,'',0),(3043,0,0,0,0,0,0,0,0,0,0,0,0,0,'',0),(3044,0,0,0,0,0,0,0,0,0,0,0,0,0,'',0),(3045,0,0,0,0,0,0,0,0,0,0,0,0,0,'',0),(3046,0,0,0,0,0,0,0,0,0,0,0,0,0,'',0),(3047,0,0,0,0,0,0,0,0,0,0,0,0,0,'',0),(3048,0,0,0,0,0,0,0,0,0,0,0,0,0,'',0),(3049,0,0,0,0,0,0,0,0,0,0,0,0,0,'',0),(3050,0,0,0,0,0,0,0,0,0,0,0,0,0,'',0),(3051,0,0,0,0,0,0,0,0,0,0,0,0,0,'',0),(3052,0,0,0,0,0,0,0,0,0,0,0,0,0,'',0),(3053,0,0,0,0,0,0,0,0,0,0,0,0,0,'',0),(3054,0,0,0,0,0,0,0,0,0,0,0,0,0,'',0),(3055,0,0,0,0,0,0,0,0,0,0,0,0,0,'',0),(3056,0,0,0,0,0,0,0,0,0,0,0,0,0,'',0),(3057,0,0,0,0,0,0,0,0,0,0,0,0,0,'',0),(3058,0,0,0,0,0,0,0,0,0,0,0,0,0,'',0),(3059,0,0,0,0,0,0,0,0,0,0,0,0,0,'',0),(3060,0,0,0,0,0,0,0,0,0,0,0,0,0,'',0),(3061,0,0,0,0,0,0,0,0,0,0,0,0,0,'',0),(3062,0,0,0,0,0,0,0,0,0,0,0,0,0,'',0),(3063,0,0,0,0,0,0,0,0,0,0,0,0,0,'',0),(3064,0,0,0,0,0,0,0,0,0,0,0,0,0,'',0),(3065,0,0,0,0,0,0,0,0,0,0,0,0,0,'',0),(3066,0,0,0,0,0,0,0,0,0,0,0,0,0,'',0),(3067,0,0,0,0,0,0,0,0,0,0,0,0,0,'',0),(3068,9,11,0,0,0,0,0,0,0,0,0,0,0,'',0),(3069,0,0,0,0,0,0,0,0,0,0,0,0,0,'',0),(3070,9,11,0,0,0,0,0,0,0,0,0,0,0,'',0),(3071,0,0,0,0,0,0,0,0,0,0,0,0,0,'',0),(3072,9,11,0,0,0,0,0,0,0,0,0,0,0,'',0),(3073,0,0,0,0,0,0,0,0,0,0,0,0,0,'',0),(3074,0,0,0,0,0,0,0,0,0,0,0,0,0,'',0),(3075,0,0,0,0,0,0,0,0,0,0,0,0,0,'',0),(3076,0,0,0,0,0,0,0,0,0,0,0,0,0,'',0),(3077,0,0,0,0,0,0,0,0,0,0,0,0,0,'',0),(3078,0,0,0,0,0,0,0,0,0,0,0,0,0,'',0),(3079,0,0,0,0,0,0,0,0,0,0,0,0,0,'',0),(3080,0,0,0,0,0,0,0,0,0,0,0,0,0,'',0),(3081,0,0,0,0,0,0,0,0,0,0,0,0,0,'',0),(3082,0,0,0,0,0,0,0,0,0,0,0,0,0,'',0),(3083,0,0,0,0,0,0,0,0,0,0,0,0,0,'',0),(3084,0,0,0,0,0,0,0,0,0,0,0,0,0,'',0),(3085,0,0,0,0,0,0,0,0,0,0,0,0,0,'',0),(3086,0,0,0,0,0,0,0,0,0,0,0,0,0,'',0),(3087,0,0,0,0,0,0,0,0,0,0,0,0,0,'',0),(3088,0,0,0,0,0,0,0,0,0,0,0,0,0,'',0),(3089,0,0,0,0,0,0,0,0,0,0,0,0,0,'',0),(3090,0,0,0,0,0,0,0,0,0,0,0,0,0,'',0),(3091,0,0,0,0,0,0,0,0,0,0,0,0,0,'',0),(3092,0,0,0,0,0,0,0,0,0,0,0,0,0,'',0),(3093,0,0,0,0,0,0,0,0,0,0,0,0,0,'',0),(3094,0,0,0,0,0,0,0,0,0,0,0,0,0,'',0),(3095,0,0,0,0,0,0,0,0,0,0,0,0,0,'',0),(3096,0,0,0,0,0,0,0,0,0,0,0,0,0,'',0),(3097,0,0,0,0,0,0,0,0,0,0,0,0,0,'',0),(3098,0,0,0,0,0,0,0,0,0,0,0,0,0,'',0),(3099,0,0,0,0,0,0,0,0,0,0,0,0,0,'',0),(3100,0,0,0,0,0,0,0,0,0,0,0,0,0,'',0),(3101,0,0,0,0,0,0,0,0,0,0,0,0,0,'',0),(3102,0,0,0,0,0,0,0,0,0,0,0,0,0,'',0),(3103,0,0,0,0,0,0,0,0,0,0,0,0,0,'',0),(3104,0,0,0,0,0,0,0,0,0,0,0,0,0,'',0),(3105,0,0,0,0,0,0,0,0,0,0,0,0,0,'',0),(3106,0,0,0,0,0,0,0,0,0,0,0,0,0,'',0),(3107,0,0,0,0,0,0,0,0,0,0,0,0,0,'',0),(3108,0,0,0,0,0,0,0,0,0,0,0,0,0,'',0),(3109,0,0,0,0,0,0,0,0,0,0,0,0,0,'',0),(3110,0,0,0,0,0,0,0,0,0,0,0,0,0,'',0),(3111,0,0,0,0,0,0,0,0,0,0,0,0,0,'',0),(3112,0,0,0,0,0,0,0,0,0,0,0,0,0,'',0),(3113,0,0,0,0,0,0,0,0,0,0,0,0,0,'',0),(3114,0,0,0,0,0,0,0,0,0,0,0,0,0,'',0),(3115,0,0,0,0,0,0,0,0,0,0,0,0,0,'',0),(3116,0,0,0,0,0,0,0,0,0,0,0,0,0,'',0),(3117,0,0,0,0,0,0,0,0,0,0,0,0,0,'',0),(3118,0,0,0,0,0,0,0,0,0,0,0,0,0,'',0),(3119,9,1,0,0,0,0,0,0,0,0,0,0,0,'en',0),(3120,0,0,0,0,0,0,0,0,0,0,0,0,0,'',0),(3121,0,0,0,0,0,0,0,0,0,0,0,0,0,'',0),(3122,0,0,0,0,0,0,0,0,0,0,0,0,0,'',0),(3123,0,0,0,0,0,0,0,0,0,0,0,0,0,'',0),(3124,0,0,0,0,0,0,0,0,0,0,0,0,0,'',0),(3125,0,0,0,0,0,0,0,0,0,0,0,0,0,'',0),(3126,0,0,0,0,0,0,0,0,0,0,0,0,0,'',0),(3127,0,0,0,0,0,0,0,0,0,0,0,0,0,'',0),(3128,0,0,0,0,0,0,0,0,0,0,0,0,0,'',0),(3129,0,0,0,0,0,0,0,0,0,0,0,0,0,'',0),(3130,0,0,0,0,0,0,0,0,0,0,0,0,0,'',0),(3131,0,0,0,0,0,0,0,0,0,0,0,0,0,'',0),(3132,0,0,0,0,0,0,0,0,0,0,0,0,0,'',0),(3133,0,0,0,0,0,0,0,0,0,0,0,0,0,'',0),(3134,6,11,0,0,0,0,0,0,0,0,0,0,0,'en',0),(3135,0,0,0,0,0,0,0,0,0,0,0,0,0,'',0),(3136,0,0,0,0,0,0,0,0,0,0,0,0,0,'',0),(3137,0,0,0,0,0,0,0,0,0,0,0,0,0,'',0),(3138,0,0,0,0,0,0,0,0,0,0,0,0,0,'',0),(3139,9,11,0,0,0,0,0,0,0,0,0,0,0,'',0),(3140,0,0,0,0,0,0,0,0,0,0,0,0,0,'',0),(3141,0,0,0,0,0,0,0,0,0,0,0,0,0,'',0),(3142,0,0,0,0,0,0,0,0,0,0,0,0,0,'',0),(3143,0,0,0,0,0,0,0,0,0,0,0,0,0,'',0),(3144,0,0,0,0,0,0,0,0,0,0,0,0,0,'',0),(3145,0,0,0,0,0,0,0,0,0,0,0,0,0,'',0),(3146,0,0,0,0,0,0,0,0,0,0,0,0,0,'',0),(3147,0,0,0,0,0,0,0,0,0,0,0,0,0,'',0),(3148,0,0,0,0,0,0,0,0,0,0,0,0,0,'',0),(3149,0,0,0,0,0,0,0,0,0,0,0,0,0,'',0),(3150,0,0,0,0,0,0,0,0,0,0,0,0,0,'',0),(3151,0,0,0,0,0,0,0,0,0,0,0,0,0,'',0),(3152,0,0,0,0,0,0,0,0,0,0,0,0,0,'',0),(3153,0,0,0,0,0,0,0,0,0,0,0,0,0,'',0),(3154,0,0,0,0,0,0,0,0,0,0,0,0,0,'',0),(3155,0,0,0,0,0,0,0,0,0,0,0,0,0,'',0),(3156,0,0,0,0,0,0,0,0,0,0,0,0,0,'',0),(3157,0,0,0,0,0,0,0,0,0,0,0,0,0,'',0),(3158,0,0,0,0,0,0,0,0,0,0,0,0,0,'',0),(3159,0,0,0,0,0,0,0,0,0,0,0,0,0,'',0),(3160,0,0,0,0,0,0,0,0,0,0,0,0,0,'',0),(3161,0,0,0,0,0,0,0,0,0,0,0,0,0,'',0),(3162,9,11,0,0,0,0,0,0,0,0,0,0,0,'',0),(3163,0,0,0,0,0,0,0,0,0,0,0,0,0,'en',0),(3164,0,0,0,0,0,0,0,0,0,0,0,0,0,'',0),(3165,0,0,0,0,0,0,0,0,0,0,0,0,0,'',0),(3166,0,0,0,0,0,0,0,0,0,0,0,0,0,'',0),(3167,0,0,0,0,0,0,0,0,0,0,0,0,0,'',0),(3168,0,0,0,0,0,0,0,0,0,0,0,0,0,'',0),(3169,0,0,0,0,0,0,0,0,0,0,0,0,0,'',0),(3170,0,0,0,0,0,0,0,0,0,0,0,0,0,'',0),(3171,0,0,0,0,0,0,0,0,0,0,0,0,0,'',0),(3172,0,0,0,0,0,0,0,0,0,0,0,0,0,'',0),(3173,0,0,0,0,0,0,0,0,0,0,0,0,0,'',0),(3174,0,0,0,0,0,0,0,0,0,0,0,0,0,'',0),(3175,3,3,0,0,0,0,0,0,0,0,0,0,0,'fr',0),(3176,6,11,0,0,0,0,0,0,0,0,0,0,0,'en',0),(3177,7,11,0,0,0,0,0,0,0,0,0,0,0,'fr',0),(3178,9,11,0,0,0,0,0,0,0,0,0,0,0,'',0),(3179,7,11,0,0,0,0,0,0,0,0,0,0,0,'fr',0),(3180,7,11,0,0,0,0,0,0,0,0,0,0,0,'fr',0),(3181,7,11,0,0,0,0,0,0,0,0,0,0,0,'fr',0),(3182,7,11,0,0,0,0,0,0,0,0,0,0,0,'fr',0),(3183,7,11,0,0,0,0,0,0,0,0,0,0,0,'fr',0),(3184,7,11,0,0,0,0,0,0,0,0,0,0,0,'fr',0),(3185,7,11,0,0,0,0,0,0,0,0,0,0,0,'fr',0),(3186,0,0,0,0,0,0,0,0,0,0,0,0,0,'',0),(3187,0,0,0,0,0,0,0,0,0,0,0,0,0,'',0),(3188,0,0,0,0,0,0,0,0,0,0,0,0,0,'',0),(3189,0,0,0,0,0,0,0,0,0,0,0,0,0,'',0),(3190,0,0,0,0,0,0,0,0,0,0,0,0,0,'',0),(3191,0,0,0,0,0,0,0,0,0,0,0,0,0,'',0),(3192,0,0,0,0,0,0,0,0,0,0,0,0,0,'',0),(3193,0,0,0,0,0,0,0,0,0,0,0,0,0,'',0),(3194,0,0,0,0,0,0,0,0,0,0,0,0,0,'',0),(3195,0,0,0,0,0,0,0,0,0,0,0,0,0,'',0),(3196,0,0,0,0,0,0,0,0,0,0,0,0,0,'',0),(3197,0,0,0,0,0,0,0,0,0,0,0,0,0,'',0),(3198,0,0,0,0,0,0,0,0,0,0,0,0,0,'',0),(3199,0,0,0,0,0,0,0,0,0,0,0,0,0,'',0),(3200,0,0,0,0,0,0,0,0,0,0,0,0,0,'',0),(3201,0,0,0,0,0,0,0,0,0,0,0,0,0,'',0),(3202,0,0,0,0,0,0,0,0,0,0,0,0,0,'',0),(3203,0,0,0,0,0,0,0,0,0,0,0,0,0,'',0),(3204,0,0,0,0,0,0,0,0,0,0,0,0,0,'',0),(3205,0,0,0,0,0,0,0,0,0,0,0,0,0,'',0),(3206,0,0,0,0,0,0,0,0,0,0,0,0,0,'',0),(3207,0,0,0,0,0,0,0,0,0,0,0,0,0,'',0),(3208,7,11,0,0,0,0,0,0,0,0,0,0,0,'sv',0),(3209,0,0,0,0,0,0,0,0,0,0,0,0,0,'',0),(3210,0,0,0,0,0,0,0,0,0,0,0,0,0,'',0),(3211,0,0,0,0,0,0,0,0,0,0,0,0,0,'',0),(3212,0,0,0,0,0,0,0,0,0,0,0,0,0,'',0),(3213,0,0,0,0,0,0,0,0,0,0,0,0,0,'',0),(3214,0,0,0,0,0,0,0,0,0,0,0,0,0,'',0),(3215,0,0,0,0,0,0,0,0,0,0,0,0,0,'',0),(3216,0,0,0,0,0,0,0,0,0,0,0,0,0,'',0),(3217,0,0,0,0,0,0,0,0,0,0,0,0,0,'',0),(3218,0,0,0,0,0,0,0,0,0,0,0,0,0,'',0),(3219,0,0,0,0,0,0,0,0,0,0,0,0,0,'',0),(3220,0,0,0,0,0,0,0,0,0,0,0,0,0,'',0),(3221,0,0,0,0,0,0,0,0,0,0,0,0,0,'',0),(3222,0,0,0,0,0,0,0,0,0,0,0,0,0,'',0),(3223,0,0,0,0,0,0,0,0,0,0,0,0,0,'',0),(3224,0,0,0,0,0,0,0,0,0,0,0,0,0,'',0),(3225,0,0,0,0,0,0,0,0,0,0,0,0,0,'',0),(3226,0,0,0,0,0,0,0,0,0,0,0,0,0,'',0),(3227,0,0,0,0,0,0,0,0,0,0,0,0,0,'',0),(3228,0,0,0,0,0,0,0,0,0,0,0,0,0,'',0),(3229,0,0,0,0,0,0,0,0,0,0,0,0,0,'',0),(3230,0,0,0,0,0,0,0,0,0,0,0,0,0,'',0),(3231,0,0,0,0,0,0,0,0,0,0,0,0,0,'',0),(3232,0,0,0,0,0,0,0,0,0,0,0,0,0,'',0),(3233,0,0,0,0,0,0,0,0,0,0,0,0,0,'',0),(3234,0,0,0,0,0,0,0,0,0,0,0,0,0,'',0),(3235,9,11,0,0,0,0,0,0,0,0,0,0,0,'',0),(3236,0,0,0,0,0,0,0,0,0,0,0,0,0,'',0),(3237,9,11,0,0,0,0,0,0,0,0,0,0,0,'',0),(3238,0,0,0,0,0,0,0,0,0,0,0,0,0,'',0),(3239,0,0,0,0,0,0,0,0,0,0,0,0,0,'',0),(3240,0,0,0,0,0,0,0,0,0,0,0,0,0,'',0),(3241,9,11,0,0,0,0,0,0,0,0,0,0,0,'',0),(3242,0,0,0,0,0,0,0,0,0,0,0,0,0,'',0),(3243,9,11,0,0,0,0,0,0,0,0,0,0,0,'',0),(3244,0,0,0,0,0,0,0,0,0,0,0,0,0,'',0),(3245,0,0,0,0,0,0,0,0,0,0,0,0,0,'',0),(3246,9,11,0,0,0,0,0,0,0,0,0,0,0,'',0),(3247,7,1,0,0,0,0,0,0,0,0,0,0,0,'',0),(3248,9,11,0,0,0,0,0,0,0,0,0,0,0,'',0),(3249,0,0,0,0,0,0,0,0,0,0,0,0,0,'',0),(3250,0,0,0,0,0,0,0,0,0,0,0,0,0,'',0),(3251,0,0,0,0,0,0,0,0,0,0,0,0,0,'',0),(3252,9,11,0,0,0,0,0,0,0,0,0,0,0,'',0),(3253,0,0,0,0,0,0,0,0,0,0,0,0,0,'',0),(3254,0,0,0,0,0,0,0,0,0,0,0,0,0,'',0),(3255,0,0,0,0,0,0,0,0,0,0,0,0,0,'',0),(3256,6,11,0,0,0,0,0,0,0,0,0,0,0,'en',0),(3257,0,0,0,0,0,0,0,0,0,0,0,0,0,'',0),(3258,0,0,0,0,0,0,0,0,0,0,0,0,0,'',0),(3259,0,0,0,0,0,0,0,0,0,0,0,0,0,'',0),(3260,0,0,0,0,0,0,0,0,0,0,0,0,0,'',0),(3261,0,0,0,0,0,0,0,0,0,0,0,0,0,'',0),(3262,0,0,0,0,0,0,0,0,0,0,0,0,0,'',0),(3263,0,0,0,0,0,0,0,0,0,0,0,0,0,'',0),(3264,7,1,0,0,0,0,0,0,0,0,0,0,0,'',0),(3265,0,0,0,0,0,0,0,0,0,0,0,0,0,'',0),(3266,0,0,0,0,0,0,0,0,0,0,0,0,0,'',0),(3267,7,11,0,0,0,0,0,0,0,0,0,0,0,'sv',0),(3268,7,11,0,0,0,0,0,0,0,0,0,0,0,'sv',0),(3269,7,11,0,0,0,0,0,0,0,0,0,0,0,'sv',0),(3270,0,0,0,0,0,0,0,0,0,0,0,0,0,'',0),(3271,0,0,0,0,0,0,0,0,0,0,0,0,0,'',0),(3272,0,0,0,0,0,0,0,0,0,0,0,0,0,'',0),(3273,0,0,0,0,0,0,0,0,0,0,0,0,0,'',0),(3274,0,0,0,0,0,0,0,0,0,0,0,0,0,'',0),(3275,0,0,0,0,0,0,0,0,0,0,0,0,0,'',0),(3276,0,0,0,0,0,0,0,0,0,0,0,0,0,'',0),(3277,7,1,0,0,0,0,0,0,0,0,0,0,0,'',0),(3278,0,0,0,0,0,0,0,0,0,0,0,0,0,'',0),(3279,6,11,0,0,0,0,0,0,0,0,0,0,0,'tr',0),(3280,0,0,0,0,0,0,0,0,0,0,0,0,0,'',0),(3281,9,11,0,0,0,0,0,0,0,0,0,0,0,'',0),(3282,0,0,0,0,0,0,0,0,0,0,0,0,0,'',0),(3283,0,0,0,0,0,0,0,0,0,0,0,0,0,'',0),(3284,0,0,0,0,0,0,0,0,0,0,0,0,0,'',0),(3285,0,0,0,0,0,0,0,0,0,0,0,0,0,'',0),(3286,0,0,0,0,0,0,0,0,0,0,0,0,0,'',0),(3287,0,0,0,0,0,0,0,0,0,0,0,0,0,'',0),(3288,0,0,0,0,0,0,0,0,0,0,0,0,0,'',0),(3289,0,0,0,0,0,0,0,0,0,0,0,0,0,'',0),(3290,0,0,0,0,0,0,0,0,0,0,0,0,0,'',0),(3291,0,0,0,0,0,0,0,0,0,0,0,0,0,'',0),(3292,0,0,0,0,0,0,0,0,0,0,0,0,0,'',0),(3293,0,0,0,0,0,0,0,0,0,0,0,0,0,'',0),(3294,0,0,0,0,0,0,0,0,0,0,0,0,0,'',0),(3295,0,0,0,0,0,0,0,0,0,0,0,0,0,'',0),(3296,0,0,0,0,0,0,0,0,0,0,0,0,0,'',0),(3297,9,11,0,0,0,0,0,0,0,0,0,0,0,'',0),(3298,0,0,0,0,0,0,0,0,0,0,0,0,0,'',0),(3299,0,0,0,0,0,0,0,0,0,0,0,0,0,'',0),(3300,0,0,0,0,0,0,0,0,0,0,0,0,0,'',0),(3301,0,0,0,0,0,0,0,0,0,0,0,0,0,'',0),(3302,0,0,0,0,0,0,0,0,0,0,0,0,0,'',0),(3303,0,0,0,0,0,0,0,0,0,0,0,0,0,'',0),(3304,0,0,0,0,0,0,0,0,0,0,0,0,0,'',0),(3305,0,0,0,0,0,0,0,0,0,0,0,0,0,'',0),(3306,0,0,0,0,0,0,0,0,0,0,0,0,0,'',0),(3307,0,0,0,0,0,0,0,0,0,0,0,0,0,'',0),(3308,9,11,0,0,0,0,0,0,0,0,0,0,0,'',0),(3309,0,0,0,0,0,0,0,0,0,0,0,0,0,'',0),(3310,0,0,0,0,0,0,0,0,0,0,0,0,0,'',0),(3311,0,0,0,0,0,0,0,0,0,0,0,0,0,'',0),(3312,0,0,0,0,0,0,0,0,0,0,0,0,0,'',0),(3313,9,11,0,0,0,0,0,0,0,0,0,0,0,'',0),(3314,0,0,0,0,0,0,0,0,0,0,0,0,0,'',0),(3315,0,0,0,0,0,0,0,0,0,0,0,0,0,'',0),(3316,0,0,0,0,0,0,0,0,0,0,0,0,0,'',0),(3317,0,0,0,0,0,0,0,0,0,0,0,0,0,'',0),(3318,0,0,0,0,0,0,0,0,0,0,0,0,0,'',0),(3319,0,0,0,0,0,0,0,0,0,0,0,0,0,'',0),(3320,0,0,0,0,0,0,0,0,0,0,0,0,0,'',0),(3321,0,0,0,0,0,0,0,0,0,0,0,0,0,'',0),(3322,9,11,0,0,0,0,0,0,0,0,0,0,0,'',0),(3323,0,0,0,0,0,0,0,0,0,0,0,0,0,'',0),(3324,0,0,0,0,0,0,0,0,0,0,0,0,0,'',0),(3325,7,1,0,0,0,0,0,0,0,0,0,0,0,'',0),(3326,0,0,0,0,0,0,0,0,0,0,0,0,0,'',0),(3327,7,1,0,0,0,0,0,0,0,0,0,0,0,'',0),(3328,0,0,0,0,0,0,0,0,0,0,0,0,0,'',0),(3329,6,11,0,0,0,0,0,0,0,0,0,0,0,'en',0),(3330,0,0,0,0,0,0,0,0,0,0,0,0,0,'',0),(3331,0,0,0,0,0,0,0,0,0,0,0,0,0,'',0),(3332,0,0,0,0,0,0,0,0,0,0,0,0,0,'',0),(3333,0,0,0,0,0,0,0,0,0,0,0,0,0,'',0),(3334,0,0,0,0,0,0,0,0,0,0,0,0,0,'',0),(3335,0,0,0,0,0,0,0,0,0,0,0,0,0,'',0),(3336,0,0,0,0,0,0,0,0,0,0,0,0,0,'',0),(3337,0,0,0,0,0,0,0,0,0,0,0,0,0,'',0),(3338,0,0,0,0,0,0,0,0,0,0,0,0,0,'',0),(3339,0,0,0,0,0,0,0,0,0,0,0,0,0,'',0),(3340,0,0,0,0,0,0,0,0,0,0,0,0,0,'',0),(3341,0,0,0,0,0,0,0,0,0,0,0,0,0,'',0),(3342,0,0,0,0,0,0,0,0,0,0,0,0,0,'',0),(3343,0,0,0,0,0,0,0,0,0,0,0,0,0,'',0),(3344,0,0,0,0,0,0,0,0,0,0,0,0,0,'',0),(3345,6,11,0,0,0,0,0,0,0,0,0,0,0,'en',0),(3346,0,0,0,0,0,0,0,0,0,0,0,0,0,'',0),(3347,0,0,0,0,0,0,0,0,0,0,0,0,0,'',0),(3348,0,0,0,0,0,0,0,0,0,0,0,0,0,'',0),(3349,0,0,0,0,0,0,0,0,0,0,0,0,0,'',0),(3350,0,0,0,0,0,0,0,0,0,0,0,0,0,'',0),(3351,0,0,0,0,0,0,0,0,0,0,0,0,0,'',0),(3352,0,0,0,0,0,0,0,0,0,0,0,0,0,'',0),(3353,0,0,0,0,0,0,0,0,0,0,0,0,0,'',0),(3354,0,0,0,0,0,0,0,0,0,0,0,0,0,'',0),(3355,0,0,0,0,0,0,0,0,0,0,0,0,0,'',0),(3356,0,0,0,0,0,0,0,0,0,0,0,0,0,'',0),(3357,0,0,0,0,0,0,0,0,0,0,0,0,0,'',0),(3358,0,0,0,0,0,0,0,0,0,0,0,0,0,'',0),(3359,0,0,0,0,0,0,0,0,0,0,0,0,0,'',0),(3360,0,0,0,0,0,0,0,0,0,0,0,0,0,'',0),(3361,0,0,0,0,0,0,0,0,0,0,0,0,0,'',0),(3362,0,0,0,0,0,0,0,0,0,0,0,0,0,'',0),(3363,0,0,0,0,0,0,0,0,0,0,0,0,0,'',0),(3364,0,0,0,0,0,0,0,0,0,0,0,0,0,'',0),(3365,0,0,0,0,0,0,0,0,0,0,0,0,0,'',0),(3366,0,0,0,0,0,0,0,0,0,0,0,0,0,'',0),(3367,0,0,0,0,0,0,0,0,0,0,0,0,0,'',0),(3368,0,0,0,0,0,0,0,0,0,0,0,0,0,'',0),(3369,0,0,0,0,0,0,0,0,0,0,0,0,0,'',0),(3370,0,0,0,0,0,0,0,0,0,0,0,0,0,'',0),(3371,0,0,0,0,0,0,0,0,0,0,0,0,0,'',0),(3372,0,0,0,0,0,0,0,0,0,0,0,0,0,'',0),(3373,6,11,0,0,0,0,0,0,0,0,0,0,0,'en',0),(3374,0,0,0,0,0,0,0,0,0,0,0,0,0,'',0),(3375,0,0,0,0,0,0,0,0,0,0,0,0,0,'',0),(3376,0,0,0,0,0,0,0,0,0,0,0,0,0,'',0),(3377,0,0,0,0,0,0,0,0,0,0,0,0,0,'',0),(3378,0,0,0,0,0,0,0,0,0,0,0,0,0,'',0),(3379,0,0,0,0,0,0,0,0,0,0,0,0,0,'',0),(3380,0,0,0,0,0,0,0,0,0,0,0,0,0,'',0),(3381,0,0,0,0,0,0,0,0,0,0,0,0,0,'',0),(3382,0,0,0,0,0,0,0,0,0,0,0,0,0,'',0),(3383,0,0,0,0,0,0,0,0,0,0,0,0,0,'',0),(3384,0,0,0,0,0,0,0,0,0,0,0,0,0,'',0),(3385,0,0,0,0,0,0,0,0,0,0,0,0,0,'',0),(3386,0,0,0,0,0,0,0,0,0,0,0,0,0,'',0),(3387,6,11,0,0,0,0,0,0,0,0,0,0,0,'en',0),(3388,6,11,0,0,0,0,0,0,0,0,0,0,0,'en',0),(3389,0,0,0,0,0,0,0,0,0,0,0,0,0,'',0),(3390,0,0,0,0,0,0,0,0,0,0,0,0,0,'',0),(3391,0,0,0,0,0,0,0,0,0,0,0,0,0,'',0),(3392,0,0,0,0,0,0,0,0,0,0,0,0,0,'',0),(3393,0,0,0,0,0,0,0,0,0,0,0,0,0,'',0),(3394,6,11,0,0,0,0,0,0,0,0,0,0,0,'en',0),(3395,0,0,0,0,0,0,0,0,0,0,0,0,0,'',0),(3396,0,0,0,0,0,0,0,0,0,0,0,0,0,'',0),(3397,6,11,0,0,0,0,0,0,0,0,0,0,0,'en',0),(3398,0,0,0,0,0,0,0,0,0,0,0,0,0,'',0),(3399,6,11,0,0,0,0,0,0,0,0,0,0,0,'en',0),(3400,0,0,0,0,0,0,0,0,0,0,0,0,0,'',0),(3401,0,0,0,0,0,0,0,0,0,0,0,0,0,'',0),(3402,0,0,0,0,0,0,0,0,0,0,0,0,0,'',0),(3403,0,0,0,0,0,0,0,0,0,0,0,0,0,'',0),(3404,0,0,0,0,0,0,0,0,0,0,0,0,0,'',0),(3405,0,0,0,0,0,0,0,0,0,0,0,0,0,'',0),(3406,9,11,0,0,0,0,0,0,0,0,0,0,0,'',0),(3407,0,0,0,0,0,0,0,0,0,0,0,0,0,'',0),(3408,7,1,0,0,0,0,0,0,0,0,0,0,0,'fr',0),(3409,0,0,0,0,0,0,0,0,0,0,0,0,0,'',0),(3410,0,0,0,0,0,0,0,0,0,0,0,0,0,'',0),(3411,0,0,0,0,0,0,0,0,0,0,0,0,0,'',0),(3412,0,0,0,0,0,0,0,0,0,0,0,0,0,'',0),(3413,0,0,0,0,0,0,0,0,0,0,0,0,0,'',0),(3414,0,0,0,0,0,0,0,0,0,0,0,0,0,'',0),(3415,0,0,0,0,0,0,0,0,0,0,0,0,0,'',0),(3416,0,0,0,0,0,0,0,0,0,0,0,0,0,'',0),(3417,0,0,0,0,0,0,0,0,0,0,0,0,0,'',0),(3418,0,0,0,0,0,0,0,0,0,0,0,0,0,'',0),(3419,0,0,0,0,0,0,0,0,0,0,0,0,0,'',0),(3420,0,0,0,0,0,0,0,0,0,0,0,0,0,'',0),(3421,0,0,0,0,0,0,0,0,0,0,0,0,0,'',0),(3422,0,0,0,0,0,0,0,0,0,0,0,0,0,'',0),(3423,0,0,0,0,0,0,0,0,0,0,0,0,0,'',0),(3424,0,0,0,0,0,0,0,0,0,0,0,0,0,'',0),(3425,0,0,0,0,0,0,0,0,0,0,0,0,0,'',0),(3426,9,11,0,0,0,0,0,0,0,0,0,0,0,'',0),(3427,0,0,0,0,0,0,0,0,0,0,0,0,0,'',0),(3428,0,0,0,0,0,0,0,0,0,0,0,0,0,'',0),(3429,0,0,0,0,0,0,0,0,0,0,0,0,0,'',0),(3430,0,0,0,0,0,0,0,0,0,0,0,0,0,'',0),(3431,0,0,0,0,0,0,0,0,0,0,0,0,0,'',0),(3432,9,11,0,0,0,0,0,0,0,0,0,0,0,'',0),(3433,9,11,0,0,0,0,0,0,0,0,0,0,0,'',0),(3434,0,0,0,0,0,0,0,0,0,0,0,0,0,'',0),(3435,0,0,0,0,0,0,0,0,0,0,0,0,0,'',0),(3436,0,0,0,0,0,0,0,0,0,0,0,0,0,'',0),(3437,0,0,0,0,0,0,0,0,0,0,0,0,0,'en',0),(3438,0,0,0,0,0,0,0,0,0,0,0,0,0,'',0),(3439,7,1,0,0,0,0,0,0,0,0,0,0,0,'',0),(3440,0,0,0,0,0,0,0,0,0,0,0,0,0,'',0),(3441,0,0,0,0,0,0,0,0,0,0,0,0,0,'',0),(3442,9,11,0,0,0,0,0,0,0,0,0,0,0,'',0),(3443,0,0,0,0,0,0,0,0,0,0,0,0,0,'',0),(3444,0,0,0,0,0,0,0,0,0,0,0,0,0,'',0),(3445,0,0,0,0,0,0,0,0,0,0,0,0,0,'',0),(3446,0,0,0,0,0,0,0,0,0,0,0,0,0,'',0),(3447,0,0,0,0,0,0,0,0,0,0,0,0,0,'',0),(3448,0,0,0,0,0,0,0,0,0,0,0,0,0,'',0),(3449,0,0,0,0,0,0,0,0,0,0,0,0,0,'',0),(3450,0,0,0,0,0,0,0,0,0,0,0,0,0,'',0),(3451,0,0,0,0,0,0,0,0,0,0,0,0,0,'',0),(3452,0,0,0,0,0,0,0,0,0,0,0,0,0,'',0),(3453,0,0,0,0,0,0,0,0,0,0,0,0,0,'',0),(3454,7,11,0,0,0,0,0,0,0,0,0,0,0,'en',0),(3455,0,0,0,0,0,0,0,0,0,0,0,0,0,'',0),(3456,9,11,0,0,0,0,0,0,0,0,0,0,0,'',0),(3457,9,11,0,0,0,0,0,0,0,0,0,0,0,'',0),(3458,9,11,0,0,0,0,0,0,0,0,0,0,0,'',0),(3459,7,1,0,0,0,0,0,0,0,0,0,0,0,'',0),(3460,0,0,0,0,0,0,0,0,0,0,0,0,0,'',0),(3461,0,0,0,0,0,0,0,0,0,0,0,0,0,'',0),(3462,6,3,0,0,0,0,0,0,0,0,0,0,0,'en',0),(3463,6,3,0,0,0,0,0,0,0,0,0,0,0,'en',0),(3464,6,3,0,0,0,0,0,0,0,0,0,0,0,'en',0),(3465,6,3,0,0,0,0,0,0,0,0,0,0,0,'en',0),(3466,0,0,0,0,0,0,0,0,0,0,0,0,0,'',0),(3467,0,0,0,0,0,0,0,0,0,0,0,0,0,'',0),(3468,0,0,0,0,0,0,0,0,0,0,0,0,0,'',0),(3469,0,0,0,0,0,0,0,0,0,0,0,0,0,'',0),(3470,0,0,0,0,0,0,0,0,0,0,0,0,0,'',0),(3471,0,0,0,0,0,0,0,0,0,0,0,0,0,'',0),(3472,0,0,0,0,0,0,0,0,0,0,0,0,0,'',0),(3473,0,0,0,0,0,0,0,0,0,0,0,0,0,'',0),(3474,0,0,0,0,0,0,0,0,0,0,0,0,0,'',0),(3475,0,0,0,0,0,0,0,0,0,0,0,0,0,'',0),(3476,0,0,0,0,0,0,0,0,0,0,0,0,0,'',0),(3477,0,0,0,0,0,0,0,0,0,0,0,0,0,'',0),(3478,0,0,0,0,0,0,0,0,0,0,0,0,0,'',0),(3479,0,0,0,0,0,0,0,0,0,0,0,0,0,'',0),(3480,0,0,0,0,0,0,0,0,0,0,0,0,0,'',0),(3481,0,0,0,0,0,0,0,0,0,0,0,0,0,'',0),(3482,9,11,0,0,0,0,0,0,0,0,0,0,0,'',0),(3483,6,3,0,0,0,0,0,0,0,0,0,0,0,'en',0),(3484,7,11,0,0,0,0,0,0,0,0,0,0,0,'en',0),(3485,7,1,0,0,0,0,0,0,0,0,0,0,0,'',0),(3486,0,0,0,0,0,0,0,0,0,0,0,0,0,'',0),(3487,7,1,0,0,0,0,0,0,0,0,0,0,0,'',0),(3488,9,11,0,0,0,0,0,0,0,0,0,0,0,'',0),(3489,9,11,0,0,0,0,0,0,0,0,0,0,0,'',0),(3490,0,0,0,0,0,0,0,0,0,0,0,0,0,'',0),(3491,0,0,0,0,0,0,0,0,0,0,0,0,0,'',0),(3492,0,0,0,0,0,0,0,0,0,0,0,0,0,'',0),(3493,9,11,0,0,0,0,0,0,0,0,0,0,0,'',0),(3494,9,11,0,0,0,0,0,0,0,0,0,0,0,'',0),(3495,0,0,0,0,0,0,0,0,0,0,0,0,0,'',0),(3496,0,0,0,0,0,0,0,0,0,0,0,0,0,'',0),(3497,9,11,0,0,0,0,0,0,0,0,0,0,0,'',0),(3498,9,11,0,0,0,0,0,0,0,0,0,0,0,'',0),(3499,0,0,0,0,0,0,0,0,0,0,0,0,0,'',0),(3500,0,0,0,0,0,0,0,0,0,0,0,0,0,'',0),(3501,0,0,0,0,0,0,0,0,0,0,0,0,0,'',0),(3502,0,0,0,0,0,0,0,0,0,0,0,0,0,'',0),(3503,0,0,0,0,0,0,0,0,0,0,0,0,0,'',0),(3504,0,0,0,0,0,0,0,0,0,0,0,0,0,'',0),(3505,0,0,0,0,0,0,0,0,0,0,0,0,0,'',0),(3506,0,0,0,0,0,0,0,0,0,0,0,0,0,'',0),(3507,9,11,0,0,0,0,0,0,0,0,0,0,0,'',0),(3508,0,0,0,0,0,0,0,0,0,0,0,0,0,'',0),(3509,9,11,0,0,0,0,0,0,0,0,0,0,0,'',0),(3510,0,0,0,0,0,0,0,0,0,0,0,0,0,'',0),(3511,0,0,0,0,0,0,0,0,0,0,0,0,0,'',0),(3512,0,0,0,0,0,0,0,0,0,0,0,0,0,'',0),(3513,0,0,0,0,0,0,0,0,0,0,0,0,0,'',0),(3514,7,1,0,0,0,0,0,0,0,0,0,0,0,'',0),(3515,0,0,0,0,0,0,0,0,0,0,0,0,0,'',0),(3516,0,0,0,0,0,0,0,0,0,0,0,0,0,'',0),(3517,0,0,0,0,0,0,0,0,0,0,0,0,0,'',0),(3518,0,0,0,0,0,0,0,0,0,0,0,0,0,'',0),(3519,7,1,0,0,0,0,0,0,0,0,0,0,0,'',0),(3520,7,1,0,0,0,0,0,0,0,0,0,0,0,'',0),(3521,9,11,0,0,0,0,0,0,0,0,0,0,0,'',0),(3522,0,0,0,0,0,0,0,0,0,0,0,0,0,'',0),(3523,0,0,0,0,0,0,0,0,0,0,0,0,0,'',0),(3524,0,0,0,0,0,0,0,0,0,0,0,0,0,'',0),(3525,0,0,0,0,0,0,0,0,0,0,0,0,0,'',0),(3526,9,11,0,0,0,0,0,0,0,0,0,0,0,'',0),(3527,0,0,0,0,0,0,0,0,0,0,0,0,0,'',0),(3528,0,0,0,0,0,0,0,0,0,0,0,0,0,'',0),(3529,0,0,0,0,0,0,0,0,0,0,0,0,0,'',0),(3530,0,0,0,0,0,0,0,0,0,0,0,0,0,'',0),(3531,9,11,0,0,0,0,0,0,0,0,0,0,0,'',0),(3532,7,1,0,0,0,0,0,0,0,0,0,0,0,'fr',0),(3533,0,0,0,0,0,0,0,0,0,0,0,0,0,'',0),(3534,0,0,0,0,0,0,0,0,0,0,0,0,0,'',0),(3535,9,11,0,0,0,0,0,0,0,0,0,0,0,'',0),(3536,0,0,0,0,0,0,0,0,0,0,0,0,0,'',0),(3537,0,0,0,0,0,0,0,0,0,0,0,0,0,'',0),(3538,0,0,0,0,0,0,0,0,0,0,0,0,0,'',0),(3539,0,0,0,0,0,0,0,0,0,0,0,0,0,'',0),(3540,0,0,0,0,0,0,0,0,0,0,0,0,0,'',0),(3541,0,0,0,0,0,0,0,0,0,0,0,0,0,'',0),(3542,0,0,0,0,0,0,0,0,0,0,0,0,0,'',0),(3543,0,0,0,0,0,0,0,0,0,0,0,0,0,'',0),(3544,0,0,0,0,0,0,0,0,0,0,0,0,0,'',0),(3545,0,0,0,0,0,0,0,0,0,0,0,0,0,'',0),(3546,0,0,0,0,0,0,0,0,0,0,0,0,0,'',0),(3547,0,0,0,0,0,0,0,0,0,0,0,0,0,'',0),(3548,0,0,0,0,0,0,0,0,0,0,0,0,0,'',0),(3549,0,0,0,0,0,0,0,0,0,0,0,0,0,'',0),(3550,0,0,0,0,0,0,0,0,0,0,0,0,0,'',0),(3551,0,0,0,0,0,0,0,0,0,0,0,0,0,'',0),(3552,0,0,0,0,0,0,0,0,0,0,0,0,0,'',0),(3553,0,0,0,0,0,0,0,0,0,0,0,0,0,'',0),(3554,9,11,0,0,0,0,0,0,0,0,0,0,0,'',0),(3555,0,0,0,0,0,0,0,0,0,0,0,0,0,'',0),(3556,7,1,0,0,0,0,0,0,0,0,0,0,0,'',0),(3557,0,0,0,0,0,0,0,0,0,0,0,0,0,'',0),(3558,0,0,0,0,0,0,0,0,0,0,0,0,0,'',0),(3559,0,0,0,0,0,0,0,0,0,0,0,0,0,'',0),(3560,0,0,0,0,0,0,0,0,0,0,0,0,0,'',0),(3561,9,11,0,0,0,0,0,0,0,0,0,0,0,'',0),(3562,0,0,0,0,0,0,0,0,0,0,0,0,0,'',0),(3563,6,11,0,0,0,0,0,0,0,0,0,0,0,'en',0),(3564,0,0,0,0,0,0,0,0,0,0,0,0,0,'',0),(3565,0,0,0,0,0,0,0,0,0,0,0,0,0,'',0),(3566,0,0,0,0,0,0,0,0,0,0,0,0,0,'',0),(3567,0,0,0,0,0,0,0,0,0,0,0,0,0,'',0),(3568,0,0,0,0,0,0,0,0,0,0,0,0,0,'',0),(3569,6,11,0,0,0,0,0,0,0,0,0,0,0,'en',0),(3570,0,0,0,0,0,0,0,0,0,0,0,0,0,'',0),(3571,0,0,0,0,0,0,0,0,0,0,0,0,0,'',0),(3572,0,0,0,0,0,0,0,0,0,0,0,0,0,'',0),(3573,0,0,0,0,0,0,0,0,0,0,0,0,0,'',0),(3574,0,0,0,0,0,0,0,0,0,0,0,0,0,'',0),(3575,0,0,0,0,0,0,0,0,0,0,0,0,0,'',0),(3576,0,0,0,0,0,0,0,0,0,0,0,0,0,'',0),(3577,0,0,0,0,0,0,0,0,0,0,0,0,0,'',0),(3578,6,11,0,0,0,0,0,0,0,0,0,0,0,'sk',0),(3579,6,11,0,0,0,0,0,0,0,0,0,0,0,'sk',0),(3580,6,11,0,0,0,0,0,0,0,0,0,0,0,'sk',0),(3581,6,11,0,0,0,0,0,0,0,0,0,0,0,'sk',0),(3582,6,11,0,0,0,0,0,0,0,0,0,0,0,'sk',0),(3583,6,11,0,0,0,0,0,0,0,0,0,0,0,'sk',0),(3584,6,11,0,0,0,0,0,0,0,0,0,0,0,'sk',0),(3585,6,11,0,0,0,0,0,0,0,0,0,0,0,'sk',0),(3586,0,0,0,0,0,0,0,0,0,0,0,0,0,'',0),(3587,0,0,0,0,0,0,0,0,0,0,0,0,0,'',0),(3588,0,0,0,0,0,0,0,0,0,0,0,0,0,'',0),(3589,0,0,0,0,0,0,0,0,0,0,0,0,0,'',0),(3590,0,0,0,0,0,0,0,0,0,0,0,0,0,'',0),(3591,0,0,0,0,0,0,0,0,0,0,0,0,0,'',0),(3592,0,0,0,0,0,0,0,0,0,0,0,0,0,'',0),(3593,0,0,0,0,0,0,0,0,0,0,0,0,0,'',0),(3594,9,11,0,0,0,0,0,0,0,0,0,0,0,'',0),(3595,6,11,0,0,0,0,0,0,0,0,0,0,0,'sk',0),(3596,0,0,0,0,0,0,0,0,0,0,0,0,0,'',0),(3597,0,0,0,0,0,0,0,0,0,0,0,0,0,'',0),(3598,0,0,0,0,0,0,0,0,0,0,0,0,0,'',0),(3599,0,0,0,0,0,0,0,0,0,0,0,0,0,'',0),(3600,0,0,0,0,0,0,0,0,0,0,0,0,0,'',0),(3601,9,11,0,0,0,0,0,0,0,0,0,0,0,'',0),(3602,9,11,0,0,0,0,0,0,0,0,0,0,0,'',0),(3603,9,11,0,0,0,0,0,0,0,0,0,0,0,'',0),(3604,0,0,0,0,0,0,0,0,0,0,0,0,0,'',0),(3605,0,0,0,0,0,0,0,0,0,0,0,0,0,'',0),(3606,0,0,0,0,0,0,0,0,0,0,0,0,0,'',0),(3607,0,0,0,0,0,0,0,0,0,0,0,0,0,'',0),(3608,0,0,0,0,0,0,0,0,0,0,0,0,0,'',0),(3609,0,0,0,0,0,0,0,0,0,0,0,0,0,'',0),(3610,0,0,0,0,0,0,0,0,0,0,0,0,0,'',0),(3611,7,3,0,0,0,0,0,0,0,0,0,0,0,'es',0),(3612,0,0,0,0,0,0,0,0,0,0,0,0,0,'',0),(3613,0,0,0,0,0,0,0,0,0,0,0,0,0,'',0),(3614,7,11,0,0,0,0,0,0,0,0,0,0,0,'fr',0),(3615,0,0,0,0,0,0,0,0,0,0,0,0,0,'',0),(3616,0,0,0,0,0,0,0,0,0,0,0,0,0,'',0),(3617,0,0,0,0,0,0,0,0,0,0,0,0,0,'',0),(3618,0,0,0,0,0,0,0,0,0,0,0,0,0,'',0),(3619,0,0,0,0,0,0,0,0,0,0,0,0,0,'',0),(3620,0,0,0,0,0,0,0,0,0,0,0,0,0,'',0),(3621,7,1,0,0,0,0,0,0,0,0,0,0,0,'',0),(3622,0,0,0,0,0,0,0,0,0,0,0,0,0,'',0),(3623,0,0,0,0,0,0,0,0,0,0,0,0,0,'',0),(3624,0,0,0,0,0,0,0,0,0,0,0,0,0,'',0),(3625,9,11,0,0,0,0,0,0,0,0,0,0,0,'',0),(3626,0,0,0,0,0,0,0,0,0,0,0,0,0,'',0),(3627,0,0,0,0,0,0,0,0,0,0,0,0,0,'',0),(3628,0,0,0,0,0,0,0,0,0,0,0,0,0,'',0),(3629,0,0,0,0,0,0,0,0,0,0,0,0,0,'',0),(3630,0,0,0,0,0,0,0,0,0,0,0,0,0,'',0),(3631,0,0,0,0,0,0,0,0,0,0,0,0,0,'',0),(3632,0,0,0,0,0,0,0,0,0,0,0,0,0,'',0),(3633,0,0,0,0,0,0,0,0,0,0,0,0,0,'',0),(3634,0,0,0,0,0,0,0,0,0,0,0,0,0,'',0),(3635,7,1,0,0,0,0,0,0,0,0,0,0,0,'',0),(3636,0,0,0,0,0,0,0,0,0,0,0,0,0,'',0),(3637,0,0,0,0,0,0,0,0,0,0,0,0,0,'',0),(3638,0,0,0,0,0,0,0,0,0,0,0,0,0,'',0),(3639,0,0,0,0,0,0,0,0,0,0,0,0,0,'',0),(3640,0,0,0,0,0,0,0,0,0,0,0,0,0,'',0),(3641,0,0,0,0,0,0,0,0,0,0,0,0,0,'',0),(3642,0,0,0,0,0,0,0,0,0,0,0,0,0,'',0),(3643,0,0,0,0,0,0,0,0,0,0,0,0,0,'',0),(3644,7,1,0,0,0,0,0,0,0,0,0,0,0,'',0),(3645,0,0,0,0,0,0,0,0,0,0,0,0,0,'',0),(3646,0,0,0,0,0,0,0,0,0,0,0,0,0,'',0),(3647,0,0,0,0,0,0,0,0,0,0,0,0,0,'',0),(3648,0,0,0,0,0,0,0,0,0,0,0,0,0,'',0),(3649,0,0,0,0,0,0,0,0,0,0,0,0,0,'',0),(3650,7,11,0,0,0,0,0,0,0,0,0,0,0,'fr',0),(3651,0,0,0,0,0,0,0,0,0,0,0,0,0,'',0),(3652,0,0,0,0,0,0,0,0,0,0,0,0,0,'en',0),(3653,0,0,0,0,0,0,0,0,0,0,0,0,0,'en',0),(3654,0,0,0,0,0,0,0,0,0,0,0,0,0,'en',0),(3655,0,0,0,0,0,0,0,0,0,0,0,0,0,'en',0),(3656,0,0,0,0,0,0,0,0,0,0,0,0,0,'en',0),(3657,0,0,0,0,0,0,0,0,0,0,0,0,0,'',0),(3658,9,11,0,0,0,0,0,0,0,0,0,0,0,'',0),(3659,0,0,0,0,0,0,0,0,0,0,0,0,0,'',0),(3660,0,0,0,0,0,0,0,0,0,0,0,0,0,'',0),(3661,0,0,0,0,0,0,0,0,0,0,0,0,0,'',0),(3662,0,0,0,0,0,0,0,0,0,0,0,0,0,'',0),(3663,0,0,0,0,0,0,0,0,0,0,0,0,0,'',0),(3664,0,0,0,0,0,0,0,0,0,0,0,0,0,'',0),(3665,0,0,0,0,0,0,0,0,0,0,0,0,0,'',0),(3666,0,0,0,0,0,0,0,0,0,0,0,0,0,'',0),(3667,0,0,0,0,0,0,0,0,0,0,0,0,0,'',0),(3668,7,1,0,0,0,0,0,0,0,0,0,0,0,'',0),(3669,7,1,0,0,0,0,0,0,0,0,0,0,0,'',0),(3670,0,0,0,0,0,0,0,0,0,0,0,0,0,'',0),(3671,0,0,0,0,0,0,0,0,0,0,0,0,0,'',0),(3672,6,11,0,0,0,0,0,0,0,0,0,0,0,'en',0),(3673,0,0,0,0,0,0,0,0,0,0,0,0,0,'',0),(3674,7,1,0,0,0,0,0,0,0,0,0,0,0,'',0),(3675,0,0,0,0,0,0,0,0,0,0,0,0,0,'en',0),(3676,0,0,0,0,0,0,0,0,0,0,0,0,0,'',0),(3677,0,0,0,0,0,0,0,0,0,0,0,0,0,'',0),(3678,0,0,0,0,0,0,0,0,0,0,0,0,0,'',0),(3679,0,0,0,0,0,0,0,0,0,0,0,0,0,'',0),(3680,0,0,0,0,0,0,0,0,0,0,0,0,0,'',0),(3681,0,0,0,0,0,0,0,0,0,0,0,0,0,'',0),(3682,9,11,0,0,0,0,0,0,0,0,0,0,0,'',0),(3683,0,0,0,0,0,0,0,0,0,0,0,0,0,'',0),(3684,0,0,0,0,0,0,0,0,0,0,0,0,0,'',0),(3685,0,0,0,0,0,0,0,0,0,0,0,0,0,'',0),(3686,0,0,0,0,0,0,0,0,0,0,0,0,0,'',0),(3687,0,0,0,0,0,0,0,0,0,0,0,0,0,'',0),(3688,0,0,0,0,0,0,0,0,0,0,0,0,0,'',0),(3689,0,0,0,0,0,0,0,0,0,0,0,0,0,'',0),(3690,0,0,0,0,0,0,0,0,0,0,0,0,0,'',0),(3691,5,10,0,0,0,0,0,0,0,0,0,0,0,'fr',0),(3692,9,11,0,0,0,0,0,0,0,0,0,0,0,'',0),(3693,0,0,0,0,0,0,0,0,0,0,0,0,0,'',0),(3694,0,0,0,0,0,0,0,0,0,0,0,0,0,'',0),(3695,0,0,0,0,0,0,0,0,0,0,0,0,0,'',0),(3696,9,11,0,0,0,0,0,0,0,0,0,0,0,'',0),(3697,0,0,0,0,0,0,0,0,0,0,0,0,0,'',0),(3698,6,11,0,0,0,0,0,0,0,0,0,0,0,'sk',0),(3699,0,0,0,0,0,0,0,0,0,0,0,0,0,'',0),(3700,0,0,0,0,0,0,0,0,0,0,0,0,0,'',0),(3701,0,0,0,0,0,0,0,0,0,0,0,0,0,'',0),(3702,0,0,0,0,0,0,0,0,0,0,0,0,0,'',0),(3703,6,11,0,0,0,0,0,0,0,0,0,0,0,'en',0),(3704,6,11,0,0,0,0,0,0,0,0,0,0,0,'en',0),(3705,6,11,0,0,0,0,0,0,0,0,0,0,0,'en',0),(3706,6,11,0,0,0,0,0,0,0,0,0,0,0,'en',0),(3707,6,11,0,0,0,0,0,0,0,0,0,0,0,'en',0),(3708,6,11,0,0,0,0,0,0,0,0,0,0,0,'en',0),(3709,0,0,0,0,0,0,0,0,0,0,0,0,0,'',0),(3710,7,1,0,0,0,0,0,0,0,0,0,0,0,'',0),(3711,0,0,0,0,0,0,0,0,0,0,0,0,0,'',0),(3712,7,1,0,0,0,0,0,0,0,0,0,0,0,'',0),(3713,0,0,0,0,0,0,0,0,0,0,0,0,0,'',0),(3714,6,11,0,0,0,0,0,0,0,0,0,0,0,'de',0),(3715,0,0,0,0,0,0,0,0,0,0,0,0,0,'',0),(3716,0,0,0,0,0,0,0,0,0,0,0,0,0,'',0),(3717,9,11,0,0,0,0,0,0,0,0,0,0,0,'',0),(3718,0,0,0,0,0,0,0,0,0,0,0,0,0,'',0),(3719,0,0,0,0,0,0,0,0,0,0,0,0,0,'',0),(3720,7,11,0,0,0,0,0,0,0,0,0,0,0,'fr',0),(3721,9,11,0,0,0,0,0,0,0,0,0,0,0,'',0),(3722,0,0,0,0,0,0,0,0,0,0,0,0,0,'',0),(3723,0,0,0,0,0,0,0,0,0,0,0,0,0,'',0),(3724,7,11,0,0,0,0,0,0,0,0,0,0,0,'en',0),(3725,0,0,0,0,0,0,0,0,0,0,0,0,0,'',0),(3726,7,11,0,0,0,0,0,0,0,0,0,0,0,'en',0),(3727,0,0,0,0,0,0,0,0,0,0,0,0,0,'',0),(3728,0,0,0,0,0,0,0,0,0,0,0,0,0,'',0),(3729,0,0,0,0,0,0,0,0,0,0,0,0,0,'',0),(3730,0,0,0,0,0,0,0,0,0,0,0,0,0,'',0),(3731,9,11,0,0,0,0,0,0,0,0,0,0,0,'',0),(3732,9,11,0,0,0,0,0,0,0,0,0,0,0,'',0),(3733,9,11,0,0,0,0,0,0,0,0,0,0,0,'',0),(3734,0,0,0,0,0,0,0,0,0,0,0,0,0,'',0),(3735,0,0,0,0,0,0,0,0,0,0,0,0,0,'',0),(3736,9,11,0,0,0,0,0,0,0,0,0,0,0,'',0),(3737,0,0,0,0,0,0,0,0,0,0,0,0,0,'',0),(3738,0,0,0,0,0,0,0,0,0,0,0,0,0,'',0),(3739,0,0,0,0,0,0,0,0,0,0,0,0,0,'',0),(3740,0,0,0,0,0,0,0,0,0,0,0,0,0,'',0),(3741,0,0,0,0,0,0,0,0,0,0,0,0,0,'',0),(3742,0,0,0,0,0,0,0,0,0,0,0,0,0,'',0),(3743,0,0,0,0,0,0,0,0,0,0,0,0,0,'',0),(3744,0,0,0,0,0,0,0,0,0,0,0,0,0,'',0),(3745,9,11,0,0,0,0,0,0,0,0,0,0,0,'',0),(3746,0,0,0,0,0,0,0,0,0,0,0,0,0,'',0),(3747,0,0,0,0,0,0,0,0,0,0,0,0,0,'',0),(3748,0,0,0,0,0,0,0,0,0,0,0,0,0,'',0),(3749,0,0,0,0,0,0,0,0,0,0,0,0,0,'',0),(3750,6,11,0,0,0,0,0,0,0,0,0,0,0,'en',0),(3751,6,11,0,0,0,0,0,0,0,0,0,0,0,'en',0),(3752,6,11,0,0,0,0,0,0,0,0,0,0,0,'en',0),(3753,6,11,0,0,0,0,0,0,0,0,0,0,0,'ru',0),(3754,6,11,0,0,0,0,0,0,0,0,0,0,0,'en',0),(3755,6,11,0,0,0,0,0,0,0,0,0,0,0,'en',0),(3756,6,11,0,0,0,0,0,0,0,0,0,0,0,'en',0),(3757,0,0,0,0,0,0,0,0,0,0,0,0,0,'',0),(3758,0,0,0,0,0,0,0,0,0,0,0,0,0,'',0),(3759,0,0,0,0,0,0,0,0,0,0,0,0,0,'',0),(3760,0,0,0,0,0,0,0,0,0,0,0,0,0,'',0),(3761,0,0,0,0,0,0,0,0,0,0,0,0,0,'',0),(3762,0,0,0,0,0,0,0,0,0,0,0,0,0,'',0),(3763,9,11,0,0,0,0,0,0,0,0,0,0,0,'',0),(3764,0,0,0,0,0,0,0,0,0,0,0,0,0,'',0),(3765,0,0,0,0,0,0,0,0,0,0,0,0,0,'',0),(3766,0,0,0,0,0,0,0,0,0,0,0,0,0,'',0),(3767,0,0,0,0,0,0,0,0,0,0,0,0,0,'',0),(3768,0,0,0,0,0,0,0,0,0,0,0,0,0,'',0),(3769,0,0,0,0,0,0,0,0,0,0,0,0,0,'',0),(3770,0,0,0,0,0,0,0,0,0,0,0,0,0,'',0),(3771,0,0,0,0,0,0,0,0,0,0,0,0,0,'',0),(3772,0,0,0,0,0,0,0,0,0,0,0,0,0,'',0),(3773,0,0,0,0,0,0,0,0,0,0,0,0,0,'',0),(3774,0,0,0,0,0,0,0,0,0,0,0,0,0,'',0),(3775,0,0,0,0,0,0,0,0,0,0,0,0,0,'',0),(3776,0,0,0,0,0,0,0,0,0,0,0,0,0,'',0),(3777,0,0,0,0,0,0,0,0,0,0,0,0,0,'',0),(3778,0,0,0,0,0,0,0,0,0,0,0,0,0,'',0),(3779,0,0,0,0,0,0,0,0,0,0,0,0,0,'',0),(3780,0,0,0,0,0,0,0,0,0,0,0,0,0,'',0),(3781,0,0,0,0,0,0,0,0,0,0,0,0,0,'',0),(3782,0,0,0,0,0,0,0,0,0,0,0,0,0,'',0),(3783,0,0,0,0,0,0,0,0,0,0,0,0,0,'',0),(3784,7,1,0,0,0,0,0,0,0,0,0,0,0,'',0),(3785,0,0,0,0,0,0,0,0,0,0,0,0,0,'',0),(3786,0,0,0,0,0,0,0,0,0,0,0,0,0,'',0),(3787,0,0,0,0,0,0,0,0,0,0,0,0,0,'',0),(3788,0,0,0,0,0,0,0,0,0,0,0,0,0,'',0),(3789,0,0,0,0,0,0,0,0,0,0,0,0,0,'',0),(3790,9,11,0,0,0,0,0,0,0,0,0,0,0,'',0),(3791,9,11,0,0,0,0,0,0,0,0,0,0,0,'',0),(3792,0,0,0,0,0,0,0,0,0,0,0,0,0,'',0),(3793,0,0,0,0,0,0,0,0,0,0,0,0,0,'',0),(3794,0,0,0,0,0,0,0,0,0,0,0,0,0,'',0),(3795,7,1,0,0,0,0,0,0,0,0,0,0,0,'',0),(3796,0,0,0,0,0,0,0,0,0,0,0,0,0,'',0),(3797,0,0,0,0,0,0,0,0,0,0,0,0,0,'',0),(3798,0,0,0,0,0,0,0,0,0,0,0,0,0,'',0),(3799,0,0,0,0,0,0,0,0,0,0,0,0,0,'',0),(3800,0,0,0,0,0,0,0,0,0,0,0,0,0,'',0),(3801,0,0,0,0,0,0,0,0,0,0,0,0,0,'',0),(3802,0,0,0,0,0,0,0,0,0,0,0,0,0,'',0),(3803,9,11,0,0,0,0,0,0,0,0,0,0,0,'',0),(3804,0,0,0,0,0,0,0,0,0,0,0,0,0,'',0),(3805,0,0,0,0,0,0,0,0,0,0,0,0,0,'',0),(3806,0,0,0,0,0,0,0,0,0,0,0,0,0,'',0),(3807,0,0,0,0,0,0,0,0,0,0,0,0,0,'',0),(3808,0,0,0,0,0,0,0,0,0,0,0,0,0,'',0),(3809,9,11,0,0,0,0,0,0,0,0,0,0,0,'',0),(3810,7,1,0,0,0,0,0,0,0,0,0,0,0,'',0),(3811,0,0,0,0,0,0,0,0,0,0,0,0,0,'',0),(3812,0,0,0,0,0,0,0,0,0,0,0,0,0,'',0),(3813,0,0,0,0,0,0,0,0,0,0,0,0,0,'',0),(3814,5,10,0,0,0,0,0,0,0,0,0,0,0,'fr',0),(3815,0,0,0,0,0,0,0,0,0,0,0,0,0,'',0),(3816,0,0,0,0,0,0,0,0,0,0,0,0,0,'',0),(3817,3,3,0,0,0,0,0,0,0,0,0,0,0,'id',0),(3818,9,11,0,0,0,0,0,0,0,0,0,0,0,'',0),(3819,0,0,0,0,0,0,0,0,0,0,0,0,0,'',0),(3820,0,0,0,0,0,0,0,0,0,0,0,0,0,'',0),(3821,0,0,0,0,0,0,0,0,0,0,0,0,0,'',0),(3822,9,1,0,0,0,0,0,0,0,0,0,0,0,'en',0),(3823,0,0,0,0,0,0,0,0,0,0,0,0,0,'',0),(3824,9,11,0,0,0,0,0,0,0,0,0,0,0,'',0),(3825,0,0,0,0,0,0,0,0,0,0,0,0,0,'',0),(3826,9,11,0,0,0,0,0,0,0,0,0,0,0,'',0),(3827,0,0,0,0,0,0,0,0,0,0,0,0,0,'',0),(3828,0,0,0,0,0,0,0,0,0,0,0,0,0,'',0),(3829,0,0,0,0,0,0,0,0,0,0,0,0,0,'',0),(3830,9,11,0,0,0,0,0,0,0,0,0,0,0,'',0),(3831,0,0,0,0,0,0,0,0,0,0,0,0,0,'',0),(3832,9,11,0,0,0,0,0,0,0,0,0,0,0,'',0),(3833,0,0,0,0,0,0,0,0,0,0,0,0,0,'',0),(3834,9,11,0,0,0,0,0,0,0,0,0,0,0,'',0),(3835,0,0,0,0,0,0,0,0,0,0,0,0,0,'',0),(3836,0,0,0,0,0,0,0,0,0,0,0,0,0,'',0),(3837,0,0,0,0,0,0,0,0,0,0,0,0,0,'',0),(3838,0,0,0,0,0,0,0,0,0,0,0,0,0,'',0),(3839,9,11,0,0,0,0,0,0,0,0,0,0,0,'',0),(3840,0,0,0,0,0,0,0,0,0,0,0,0,0,'',0),(3841,0,0,0,0,0,0,0,0,0,0,0,0,0,'',0),(3842,9,11,0,0,0,0,0,0,0,0,0,0,0,'',0),(3843,9,11,0,0,0,0,0,0,0,0,0,0,0,'',0),(3844,0,0,0,0,0,0,0,0,0,0,0,0,0,'',0),(3845,9,11,0,0,0,0,0,0,0,0,0,0,0,'',0),(3846,0,0,0,0,0,0,0,0,0,0,0,0,0,'',0),(3847,9,11,0,0,0,0,0,0,0,0,0,0,0,'',0),(3848,0,0,0,0,0,0,0,0,0,0,0,0,0,'',0),(3849,0,0,0,0,0,0,0,0,0,0,0,0,0,'',0),(3850,0,0,0,0,0,0,0,0,0,0,0,0,0,'',0),(3851,9,11,0,0,0,0,0,0,0,0,0,0,0,'',0),(3852,0,0,0,0,0,0,0,0,0,0,0,0,0,'',0),(3853,9,11,0,0,0,0,0,0,0,0,0,0,0,'',0),(3854,9,11,0,0,0,0,0,0,0,0,0,0,0,'',0),(3855,0,0,0,0,0,0,0,0,0,0,0,0,0,'',0),(3856,9,11,0,0,0,0,0,0,0,0,0,0,0,'',0),(3857,9,11,0,0,0,0,0,0,0,0,0,0,0,'',0),(3858,0,0,0,0,0,0,0,0,0,0,0,0,0,'',0),(3859,0,0,0,0,0,0,0,0,0,0,0,0,0,'',0),(3860,9,11,0,0,0,0,0,0,0,0,0,0,0,'',0),(3861,0,0,0,0,0,0,0,0,0,0,0,0,0,'',0),(3862,0,11,0,0,0,0,0,0,0,0,0,0,0,'',0),(3863,7,1,0,0,0,0,0,0,0,0,0,0,0,'',0),(3864,0,0,0,0,0,0,0,0,0,0,0,0,0,'',0),(3865,9,11,0,0,0,0,0,0,0,0,0,0,0,'',0),(3866,0,0,0,0,0,0,0,0,0,0,0,0,0,'',0),(3867,0,0,0,0,0,0,0,0,0,0,0,0,0,'',0),(3868,0,0,0,0,0,0,0,0,0,0,0,0,0,'',0),(3869,9,11,0,0,0,0,0,0,0,0,0,0,0,'',0),(3870,7,1,0,0,0,0,0,0,0,0,0,0,0,'',0),(3871,9,11,0,0,0,0,0,0,0,0,0,0,0,'',0),(3872,0,0,0,0,0,0,0,0,0,0,0,0,0,'',0),(3873,0,0,0,0,0,0,0,0,0,0,0,0,0,'',0),(3874,0,0,0,0,0,0,0,0,0,0,0,0,0,'',0),(3875,0,0,0,0,0,0,0,0,0,0,0,0,0,'',0),(3876,0,0,0,0,0,0,0,0,0,0,0,0,0,'',0),(3877,0,0,0,0,0,0,0,0,0,0,0,0,0,'',0),(3878,9,11,0,0,0,0,0,0,0,0,0,0,0,'',0),(3879,0,0,0,0,0,0,0,0,0,0,0,0,0,'',0),(3880,9,11,0,0,0,0,0,0,0,0,0,0,0,'',0),(3881,9,1,0,0,0,0,0,0,0,0,0,0,0,'en',0),(3882,0,0,0,0,0,0,0,0,0,0,0,0,0,'',0),(3883,0,0,0,0,0,0,0,0,0,0,0,0,0,'',0),(3884,6,11,0,0,0,0,0,0,0,0,0,0,0,'en',0),(3885,0,0,0,0,0,0,0,0,0,0,0,0,0,'',0),(3886,0,0,0,0,0,0,0,0,0,0,0,0,0,'',0),(3887,0,0,0,0,0,0,0,0,0,0,0,0,0,'',0),(3888,7,3,0,0,0,0,0,0,0,0,0,0,0,'tr',0),(3889,0,0,0,0,0,0,0,0,0,0,0,0,0,'',0),(3890,0,0,0,0,0,0,0,0,0,0,0,0,0,'en',0),(3891,0,0,0,0,0,0,0,0,0,0,0,0,0,'',0),(3892,8,11,0,0,0,0,0,0,0,0,0,0,0,'en',0),(3893,0,0,0,0,0,0,0,0,0,0,0,0,0,'',0),(3894,0,0,0,0,0,0,0,0,0,0,0,0,0,'',0),(3895,0,0,0,0,0,0,0,0,0,0,0,0,0,'',0),(3896,0,0,0,0,0,0,0,0,0,0,0,0,0,'',0),(3897,0,0,0,0,0,0,0,0,0,0,0,0,0,'',0),(3898,0,0,0,0,0,0,0,0,0,0,0,0,0,'',0),(3899,0,0,0,0,0,0,0,0,0,0,0,0,0,'',0),(3900,0,0,0,0,0,0,0,0,0,0,0,0,0,'',0),(3901,0,0,0,0,0,0,0,0,0,0,0,0,0,'',0),(3902,0,0,0,0,0,0,0,0,0,0,0,0,0,'',0),(3903,0,0,0,0,0,0,0,0,0,0,0,0,0,'',0),(3904,0,0,0,0,0,0,0,0,0,0,0,0,0,'',0),(3905,0,0,0,0,0,0,0,0,0,0,0,0,0,'',0),(3906,0,0,0,0,0,0,0,0,0,0,0,0,0,'',0),(3907,0,0,0,0,0,0,0,0,0,0,0,0,0,'',0),(3908,0,0,0,0,0,0,0,0,0,0,0,0,0,'',0),(3909,0,0,0,0,0,0,0,0,0,0,0,0,0,'',0),(3910,0,0,0,0,0,0,0,0,0,0,0,0,0,'',0),(3911,0,0,0,0,0,0,0,0,0,0,0,0,0,'',0),(3912,0,0,0,0,0,0,0,0,0,0,0,0,0,'',0),(3913,0,0,0,0,0,0,0,0,0,0,0,0,0,'',0),(3914,0,0,0,0,0,0,0,0,0,0,0,0,0,'',0),(3915,0,0,0,0,0,0,0,0,0,0,0,0,0,'',0),(3916,0,0,0,0,0,0,0,0,0,0,0,0,0,'',0),(3917,0,0,0,0,0,0,0,0,0,0,0,0,0,'',0),(3918,0,0,0,0,0,0,0,0,0,0,0,0,0,'',0),(3919,9,11,0,0,0,0,0,0,0,0,0,0,0,'',0),(3920,0,0,0,0,0,0,0,0,0,0,0,0,0,'',0),(3921,0,0,0,0,0,0,0,0,0,0,0,0,0,'',0),(3922,0,0,0,0,0,0,0,0,0,0,0,0,0,'',0),(3923,0,0,0,0,0,0,0,0,0,0,0,0,0,'',0),(3924,0,0,0,0,0,0,0,0,0,0,0,0,0,'',0),(3925,0,0,0,0,0,0,0,0,0,0,0,0,0,'',0),(3926,0,0,0,0,0,0,0,0,0,0,0,0,0,'',0),(3927,0,0,0,0,0,0,0,0,0,0,0,0,0,'',0),(3928,0,0,0,0,0,0,0,0,0,0,0,0,0,'',0),(3929,0,0,0,0,0,0,0,0,0,0,0,0,0,'',0),(3930,0,0,0,0,0,0,0,0,0,0,0,0,0,'',0),(3931,0,0,0,0,0,0,0,0,0,0,0,0,0,'',0),(3932,0,0,0,0,0,0,0,0,0,0,0,0,0,'',0),(3933,0,0,0,0,0,0,0,0,0,0,0,0,0,'',0),(3934,0,0,0,0,0,0,0,0,0,0,0,0,0,'',0),(3935,0,0,0,0,0,0,0,0,0,0,0,0,0,'',0),(3936,0,0,0,0,0,0,0,0,0,0,0,0,0,'',0),(3937,0,0,0,0,0,0,0,0,0,0,0,0,0,'',0),(3938,0,0,0,0,0,0,0,0,0,0,0,0,0,'',0),(3939,0,0,0,0,0,0,0,0,0,0,0,0,0,'',0),(3940,0,0,0,0,0,0,0,0,0,0,0,0,0,'',0),(3941,0,0,0,0,0,0,0,0,0,0,0,0,0,'en',0),(3942,0,0,0,0,0,0,0,0,0,0,0,0,0,'en',0),(3943,7,1,0,0,0,0,0,0,0,0,0,0,0,'',0),(3944,0,0,0,0,0,0,0,0,0,0,0,0,0,'en',0),(3945,0,0,0,0,0,0,0,0,0,0,0,0,0,'en',0),(3946,0,0,0,0,0,0,0,0,0,0,0,0,0,'en',0),(3947,0,0,0,0,0,0,0,0,0,0,0,0,0,'',0),(3948,0,0,0,0,0,0,0,0,0,0,0,0,0,'en',0),(3949,0,0,0,0,0,0,0,0,0,0,0,0,0,'',0),(3950,0,0,0,0,0,0,0,0,0,0,0,0,0,'',0),(3951,0,0,0,0,0,0,0,0,0,0,0,0,0,'en',0),(3952,0,0,0,0,0,0,0,0,0,0,0,0,0,'en',0),(3953,0,0,0,0,0,0,0,0,0,0,0,0,0,'',0),(3954,0,0,0,0,0,0,0,0,0,0,0,0,0,'',0),(3955,0,0,0,0,0,0,0,0,0,0,0,0,0,'',0),(3956,0,0,0,0,0,0,0,0,0,0,0,0,0,'',0),(3957,0,0,0,0,0,0,0,0,0,0,0,0,0,'',0),(3958,0,0,0,0,0,0,0,0,0,0,0,0,0,'',0),(3959,0,0,0,0,0,0,0,0,0,0,0,0,0,'',0),(3960,0,0,0,0,0,0,0,0,0,0,0,0,0,'',0),(3961,0,0,0,0,0,0,0,0,0,0,0,0,0,'',0),(3962,0,0,0,0,0,0,0,0,0,0,0,0,0,'',0),(3963,0,0,0,0,0,0,0,0,0,0,0,0,0,'',0),(3964,0,0,0,0,0,0,0,0,0,0,0,0,0,'en',0),(3965,0,0,0,0,0,0,0,0,0,0,0,0,0,'',0),(3966,0,0,0,0,0,0,0,0,0,0,0,0,0,'',0),(3967,0,0,0,0,0,0,0,0,0,0,0,0,0,'',0),(3968,0,0,0,0,0,0,0,0,0,0,0,0,0,'en',0),(3969,0,0,0,0,0,0,0,0,0,0,0,0,0,'',0),(3970,0,0,0,0,0,0,0,0,0,0,0,0,0,'',0),(3971,0,0,0,0,0,0,0,0,0,0,0,0,0,'',0),(3972,0,0,0,0,0,0,0,0,0,0,0,0,0,'en',0),(3973,0,0,0,0,0,0,0,0,0,0,0,0,0,'en',0),(3974,0,0,0,0,0,0,0,0,0,0,0,0,0,'',0),(3975,0,0,0,0,0,0,0,0,0,0,0,0,0,'',0),(3976,0,0,0,0,0,0,0,0,0,0,0,0,0,'',0),(3977,0,0,0,0,0,0,0,0,0,0,0,0,0,'en',0),(3978,0,0,0,0,0,0,0,0,0,0,0,0,0,'en',0),(3979,0,0,0,0,0,0,0,0,0,0,0,0,0,'en',0),(3980,0,0,0,0,0,0,0,0,0,0,0,0,0,'en',0),(3981,0,0,0,0,0,0,0,0,0,0,0,0,0,'',0),(3982,0,0,0,0,0,0,0,0,0,0,0,0,0,'',0),(3983,0,0,0,0,0,0,0,0,0,0,0,0,0,'en',0),(3984,0,0,0,0,0,0,0,0,0,0,0,0,0,'',0),(3985,0,0,0,0,0,0,0,0,0,0,0,0,0,'en',0),(3986,0,0,0,0,0,0,0,0,0,0,0,0,0,'',0),(3987,0,0,0,0,0,0,0,0,0,0,0,0,0,'en',0),(3988,7,1,0,0,0,0,0,0,0,0,0,0,0,'',0),(3989,0,0,0,0,0,0,0,0,0,0,0,0,0,'',0),(3990,7,1,0,0,0,0,0,0,0,0,0,0,0,'',0),(3991,0,0,0,0,0,0,0,0,0,0,0,0,0,'',0),(3992,0,0,0,0,0,0,0,0,0,0,0,0,0,'en',0),(3993,0,0,0,0,0,0,0,0,0,0,0,0,0,'en',0),(3994,0,0,0,0,0,0,0,0,0,0,0,0,0,'en',0),(3995,0,0,0,0,0,0,0,0,0,0,0,0,0,'en',0),(3996,0,0,0,0,0,0,0,0,0,0,0,0,0,'en',0),(3997,0,0,0,0,0,0,0,0,0,0,0,0,0,'en',0),(3998,0,0,0,0,0,0,0,0,0,0,0,0,0,'en',0),(3999,0,0,0,0,0,0,0,0,0,0,0,0,0,'en',0),(4000,0,0,0,0,0,0,0,0,0,0,0,0,0,'',0),(4001,0,0,0,0,0,0,0,0,0,0,0,0,0,'en',0),(4002,0,0,0,0,0,0,0,0,0,0,0,0,0,'en',0),(4003,0,0,0,0,0,0,0,0,0,0,0,0,0,'en',0),(4004,0,0,0,0,0,0,0,0,0,0,0,0,0,'',0),(4005,0,0,0,0,0,0,0,0,0,0,0,0,0,'en',0),(4006,0,0,0,0,0,0,0,0,0,0,0,0,0,'en',0),(4007,0,0,0,0,0,0,0,0,0,0,0,0,0,'',0),(4008,0,0,0,0,0,0,0,0,0,0,0,0,0,'',0),(4009,0,0,0,0,0,0,0,0,0,0,0,0,0,'en',0),(4010,0,0,0,0,0,0,0,0,0,0,0,0,0,'en',0),(4011,9,11,0,0,0,0,0,0,0,0,0,0,0,'',0),(4012,0,0,0,0,0,0,0,0,0,0,0,0,0,'en',0),(4013,0,0,0,0,0,0,0,0,0,0,0,0,0,'en',0),(4014,0,0,0,0,0,0,0,0,0,0,0,0,0,'',0),(4015,0,0,0,0,0,0,0,0,0,0,0,0,0,'en',0),(4016,0,0,0,0,0,0,0,0,0,0,0,0,0,'en',0),(4017,0,0,0,0,0,0,0,0,0,0,0,0,0,'en',0),(4018,0,0,0,0,0,0,0,0,0,0,0,0,0,'en',0),(4019,0,0,0,0,0,0,0,0,0,0,0,0,0,'en',0),(4020,0,0,0,0,0,0,0,0,0,0,0,0,0,'en',0),(4021,0,0,0,0,0,0,0,0,0,0,0,0,0,'en',0),(4022,0,0,0,0,0,0,0,0,0,0,0,0,0,'',0),(4023,7,1,0,0,0,0,0,0,0,0,0,0,0,'',0),(4024,0,0,0,0,0,0,0,0,0,0,0,0,0,'en',0),(4025,0,0,0,0,0,0,0,0,0,0,0,0,0,'en',0),(4026,0,0,0,0,0,0,0,0,0,0,0,0,0,'en',0),(4027,0,0,0,0,0,0,0,0,0,0,0,0,0,'',0),(4028,0,0,0,0,0,0,0,0,0,0,0,0,0,'en',0),(4029,0,0,0,0,0,0,0,0,0,0,0,0,0,'en',0),(4030,0,0,0,0,0,0,0,0,0,0,0,0,0,'en',0),(4031,0,0,0,0,0,0,0,0,0,0,0,0,0,'en',0),(4032,0,0,0,0,0,0,0,0,0,0,0,0,0,'en',0),(4033,0,0,0,0,0,0,0,0,0,0,0,0,0,'en',0),(4034,0,0,0,0,0,0,0,0,0,0,0,0,0,'',0),(4035,9,11,0,0,0,0,0,0,0,0,0,0,0,'',0),(4036,6,11,0,0,0,0,0,0,0,0,0,0,0,'en',0),(4037,0,0,0,0,0,0,0,0,0,0,0,0,0,'',0),(4038,0,0,0,0,0,0,0,0,0,0,0,0,0,'',0),(4039,0,0,0,0,0,0,0,0,0,0,0,0,0,'',0),(4040,0,0,0,0,0,0,0,0,0,0,0,0,0,'',0),(4041,8,3,0,0,0,0,0,0,0,0,0,0,0,'es',0),(4042,0,0,0,0,0,0,0,0,0,0,0,0,0,'',0),(4043,0,0,0,0,0,0,0,0,0,0,0,0,0,'',0),(4044,0,0,0,0,0,0,0,0,0,0,0,0,0,'',0),(4045,0,0,0,0,0,0,0,0,0,0,0,0,0,'',0),(4046,0,0,0,0,0,0,0,0,0,0,0,0,0,'',0),(4047,0,0,0,0,0,0,0,0,0,0,0,0,0,'',0),(4048,0,0,0,0,0,0,0,0,0,0,0,0,0,'',0),(4049,0,0,0,0,0,0,0,0,0,0,0,0,0,'',0),(4050,0,0,0,0,0,0,0,0,0,0,0,0,0,'',0),(4051,0,0,0,0,0,0,0,0,0,0,0,0,0,'',0),(4052,0,0,0,0,0,0,0,0,0,0,0,0,0,'',0),(4053,0,0,0,0,0,0,0,0,0,0,0,0,0,'',0),(4054,0,0,0,0,0,0,0,0,0,0,0,0,0,'',0),(4055,0,0,0,0,0,0,0,0,0,0,0,0,0,'',0),(4056,0,0,0,0,0,0,0,0,0,0,0,0,0,'',0),(4057,0,0,0,0,0,0,0,0,0,0,0,0,0,'',0),(4058,0,0,0,0,0,0,0,0,0,0,0,0,0,'',0),(4059,0,0,0,0,0,0,0,0,0,0,0,0,0,'',0),(4060,0,0,0,0,0,0,0,0,0,0,0,0,0,'',0),(4061,0,0,0,0,0,0,0,0,0,0,0,0,0,'',0),(4062,0,0,0,0,0,0,0,0,0,0,0,0,0,'',0),(4063,0,0,0,0,0,0,0,0,0,0,0,0,0,'',0),(4064,0,0,0,0,0,0,0,0,0,0,0,0,0,'',0),(4065,0,0,0,0,0,0,0,0,0,0,0,0,0,'',0),(4066,0,0,0,0,0,0,0,0,0,0,0,0,0,'',0),(4067,0,0,0,0,0,0,0,0,0,0,0,0,0,'',0),(4068,0,0,0,0,0,0,0,0,0,0,0,0,0,'',0),(4069,0,0,0,0,0,0,0,0,0,0,0,0,0,'',0),(4070,0,0,0,0,0,0,0,0,0,0,0,0,0,'',0),(4071,0,0,0,0,0,0,0,0,0,0,0,0,0,'',0),(4072,0,0,0,0,0,0,0,0,0,0,0,0,0,'',0),(4073,0,0,0,0,0,0,0,0,0,0,0,0,0,'',0),(4074,0,0,0,0,0,0,0,0,0,0,0,0,0,'',0),(4075,0,0,0,0,0,0,0,0,0,0,0,0,0,'',0),(4076,0,0,0,0,0,0,0,0,0,0,0,0,0,'',0),(4077,0,0,0,0,0,0,0,0,0,0,0,0,0,'',0),(4078,0,0,0,0,0,0,0,0,0,0,0,0,0,'',0),(4079,0,0,0,0,0,0,0,0,0,0,0,0,0,'',0),(4080,0,0,0,0,0,0,0,0,0,0,0,0,0,'',0),(4081,0,0,0,0,0,0,0,0,0,0,0,0,0,'',0),(4082,9,11,0,0,0,0,0,0,0,0,0,0,0,'',0),(4083,0,0,0,0,0,0,0,0,0,0,0,0,0,'',0),(4084,0,0,0,0,0,0,0,0,0,0,0,0,0,'',0),(4085,0,0,0,0,0,0,0,0,0,0,0,0,0,'',0),(4086,0,0,0,0,0,0,0,0,0,0,0,0,0,'',0),(4087,0,0,0,0,0,0,0,0,0,0,0,0,0,'',0),(4088,0,0,0,0,0,0,0,0,0,0,0,0,0,'',0),(4089,0,0,0,0,0,0,0,0,0,0,0,0,0,'',0),(4090,0,0,0,0,0,0,0,0,0,0,0,0,0,'',0),(4091,0,0,0,0,0,0,0,0,0,0,0,0,0,'',0),(4092,0,0,0,0,0,0,0,0,0,0,0,0,0,'',0),(4093,0,0,0,0,0,0,0,0,0,0,0,0,0,'',0),(4094,0,0,0,0,0,0,0,0,0,0,0,0,0,'',0),(4095,0,0,0,0,0,0,0,0,0,0,0,0,0,'',0),(4096,0,0,0,0,0,0,0,0,0,0,0,0,0,'',0),(4097,6,11,0,0,0,0,0,0,0,0,0,0,0,'en',0),(4098,0,0,0,0,0,0,0,0,0,0,0,0,0,'',0),(4099,0,0,0,0,0,0,0,0,0,0,0,0,0,'',0),(4100,0,0,0,0,0,0,0,0,0,0,0,0,0,'',0),(4101,0,0,0,0,0,0,0,0,0,0,0,0,0,'',0),(4102,6,11,0,0,0,0,0,0,0,0,0,0,0,'en',0),(4103,3,10,0,0,0,0,0,0,0,0,0,0,0,'fr',0),(4104,0,0,0,0,0,0,0,0,0,0,0,0,0,'',0),(4105,5,11,0,0,0,0,0,0,0,0,0,0,0,'en',0),(4106,0,0,0,0,0,0,0,0,0,0,0,0,0,'',0),(4107,0,0,0,0,0,0,0,0,0,0,0,0,0,'',0),(4108,6,11,0,0,0,0,0,0,0,0,0,0,0,'en',0),(4109,0,0,0,0,0,0,0,0,0,0,0,0,0,'',0),(4110,0,0,0,0,0,0,0,0,0,0,0,0,0,'',0),(4111,0,0,0,0,0,0,0,0,0,0,0,0,0,'',0),(4112,0,0,0,0,0,0,0,0,0,0,0,0,0,'',0),(4113,7,1,0,0,0,0,0,0,0,0,0,0,0,'',0),(4114,0,0,0,0,0,0,0,0,0,0,0,0,0,'',0),(4115,0,0,0,0,0,0,0,0,0,0,0,0,0,'',0),(4116,0,0,0,0,0,0,0,0,0,0,0,0,0,'',0),(4117,0,0,0,0,0,0,0,0,0,0,0,0,0,'',0),(4118,0,0,0,0,0,0,0,0,0,0,0,0,0,'',0),(4119,0,0,0,0,0,0,0,0,0,0,0,0,0,'',0),(4120,9,11,0,0,0,0,0,0,0,0,0,0,0,'',0),(4121,0,0,0,0,0,0,0,0,0,0,0,0,0,'',0),(4122,9,11,0,0,0,0,0,0,0,0,0,0,0,'',0),(4123,6,11,0,0,0,0,0,0,0,0,0,0,0,'un',0),(4124,0,0,0,0,0,0,0,0,0,0,0,0,0,'',0),(4125,0,0,0,0,0,0,0,0,0,0,0,0,0,'',0),(4126,7,1,0,0,0,0,0,0,0,0,0,0,0,'',0),(4127,6,11,0,0,0,0,0,0,0,0,0,0,0,'en',0),(4128,9,11,0,0,0,0,0,0,0,0,0,0,0,'',0),(4129,0,0,0,0,0,0,0,0,0,0,0,0,0,'',0),(4130,0,0,0,0,0,0,0,0,0,0,0,0,0,'',0),(4131,0,0,0,0,0,0,0,0,0,0,0,0,0,'',0),(4132,0,0,0,0,0,0,0,0,0,0,0,0,0,'',0),(4133,0,0,0,0,0,0,0,0,0,0,0,0,0,'',0),(4134,0,0,0,0,0,0,0,0,0,0,0,0,0,'',0),(4135,0,0,0,0,0,0,0,0,0,0,0,0,0,'',0),(4136,0,0,0,0,0,0,0,0,0,0,0,0,0,'',0),(4137,9,11,0,0,0,0,0,0,0,0,0,0,0,'',0),(4138,0,0,0,0,0,0,0,0,0,0,0,0,0,'',0),(4139,0,0,0,0,0,0,0,0,0,0,0,0,0,'',0),(4140,0,0,0,0,0,0,0,0,0,0,0,0,0,'',0),(4141,0,0,0,0,0,0,0,0,0,0,0,0,0,'',0),(4142,0,0,0,0,0,0,0,0,0,0,0,0,0,'',0),(4143,0,0,0,0,0,0,0,0,0,0,0,0,0,'',0),(4144,0,0,0,0,0,0,0,0,0,0,0,0,0,'',0),(4145,0,0,0,0,0,0,0,0,0,0,0,0,0,'',0),(4146,0,0,0,0,0,0,0,0,0,0,0,0,0,'',0),(4147,7,1,0,0,0,0,0,0,0,0,0,0,0,'en',0),(4148,0,0,0,0,0,0,0,0,0,0,0,0,0,'',0),(4149,0,0,0,0,0,0,0,0,0,0,0,0,0,'',0),(4150,0,0,0,0,0,0,0,0,0,0,0,0,0,'',0),(4151,0,0,0,0,0,0,0,0,0,0,0,0,0,'',0),(4152,0,0,0,0,0,0,0,0,0,0,0,0,0,'',0),(4153,0,0,0,0,0,0,0,0,0,0,0,0,0,'',0),(4154,9,11,0,0,0,0,0,0,0,0,0,0,0,'',0),(4155,0,0,0,0,0,0,0,0,0,0,0,0,0,'',0),(4156,0,0,0,0,0,0,0,0,0,0,0,0,0,'',0),(4157,0,0,0,0,0,0,0,0,0,0,0,0,0,'',0),(4158,9,11,0,0,0,0,0,0,0,0,0,0,0,'',0),(4159,5,11,0,0,0,0,0,0,0,0,0,0,0,'en',0),(4160,0,0,0,0,0,0,0,0,0,0,0,0,0,'',0),(4161,0,0,0,0,0,0,0,0,0,0,0,0,0,'',0),(4162,0,0,0,0,0,0,0,0,0,0,0,0,0,'',0),(4163,0,0,0,0,0,0,0,0,0,0,0,0,0,'',0),(4164,0,0,0,0,0,0,0,0,0,0,0,0,0,'',0),(4165,0,0,0,0,0,0,0,0,0,0,0,0,0,'',0),(4166,0,0,0,0,0,0,0,0,0,0,0,0,0,'',0),(4167,0,0,0,0,0,0,0,0,0,0,0,0,0,'',0),(4168,0,0,0,0,0,0,0,0,0,0,0,0,0,'',0),(4169,6,11,0,0,0,0,0,0,0,0,0,0,0,'tr',0),(4170,0,0,0,0,0,0,0,0,0,0,0,0,0,'',0),(4171,0,0,0,0,0,0,0,0,0,0,0,0,0,'',0),(4172,0,0,0,0,0,0,0,0,0,0,0,0,0,'',0),(4173,0,0,0,0,0,0,0,0,0,0,0,0,0,'',0),(4174,0,0,0,0,0,0,0,0,0,0,0,0,0,'',0),(4175,0,0,0,0,0,0,0,0,0,0,0,0,0,'',0),(4176,7,1,0,0,0,0,0,0,0,0,0,0,0,'',0),(4177,0,0,0,0,0,0,0,0,0,0,0,0,0,'',0),(4178,9,11,0,0,0,0,0,0,0,0,0,0,0,'',0),(4179,0,0,0,0,0,0,0,0,0,0,0,0,0,'',0),(4180,0,0,0,0,0,0,0,0,0,0,0,0,0,'',0),(4181,9,11,0,0,0,0,0,0,0,0,0,0,0,'',0),(4182,0,0,0,0,0,0,0,0,0,0,0,0,0,'',0),(4183,9,11,0,0,0,0,0,0,0,0,0,0,0,'',0),(4184,0,0,0,0,0,0,0,0,0,0,0,0,0,'',0),(4185,0,0,0,0,0,0,0,0,0,0,0,0,0,'',0),(4186,7,1,0,0,0,0,0,0,0,0,0,0,0,'en',0),(4187,9,11,0,0,0,0,0,0,0,0,0,0,0,'',0),(4188,9,11,0,0,0,0,0,0,0,0,0,0,0,'',0),(4189,0,0,0,0,0,0,0,0,0,0,0,0,0,'',0),(4190,0,0,0,0,0,0,0,0,0,0,0,0,0,'',0),(4191,0,0,0,0,0,0,0,0,0,0,0,0,0,'',0),(4192,0,0,0,0,0,0,0,0,0,0,0,0,0,'',0),(4193,0,0,0,0,0,0,0,0,0,0,0,0,0,'',0),(4194,0,0,0,0,0,0,0,0,0,0,0,0,0,'',0),(4195,0,0,0,0,0,0,0,0,0,0,0,0,0,'',0),(4196,0,0,0,0,0,0,0,0,0,0,0,0,0,'',0),(4197,7,1,0,0,0,0,0,0,0,0,0,0,0,'',0),(4198,0,0,0,0,0,0,0,0,0,0,0,0,0,'',0),(4199,0,0,0,0,0,0,0,0,0,0,0,0,0,'',0),(4200,0,0,0,0,0,0,0,0,0,0,0,0,0,'',0),(4201,0,0,0,0,0,0,0,0,0,0,0,0,0,'',0),(4202,0,0,0,0,0,0,0,0,0,0,0,0,0,'',0),(4203,0,0,0,0,0,0,0,0,0,0,0,0,0,'',0),(4204,0,0,0,0,0,0,0,0,0,0,0,0,0,'',0),(4205,0,0,0,0,0,0,0,0,0,0,0,0,0,'',0),(4206,9,11,0,0,0,0,0,0,0,0,0,0,0,'',0),(4207,0,0,0,0,0,0,0,0,0,0,0,0,0,'',0),(4208,9,11,0,0,0,0,0,0,0,0,0,0,0,'',0),(4209,9,11,0,0,0,0,0,0,0,0,0,0,0,'',0),(4210,0,0,0,0,0,0,0,0,0,0,0,0,0,'',0),(4211,0,0,0,0,0,0,0,0,0,0,0,0,0,'',0),(4212,9,11,0,0,0,0,0,0,0,0,0,0,0,'',0),(4213,0,0,0,0,0,0,0,0,0,0,0,0,0,'',0),(4214,9,11,0,0,0,0,0,0,0,0,0,0,0,'',0),(4215,0,0,0,0,0,0,0,0,0,0,0,0,0,'',0),(4216,0,0,0,0,0,0,0,0,0,0,0,0,0,'',0),(4217,0,0,0,0,0,0,0,0,0,0,0,0,0,'',0),(4218,0,0,0,0,0,0,0,0,0,0,0,0,0,'',0),(4219,0,0,0,0,0,0,0,0,0,0,0,0,0,'',0),(4220,0,0,0,0,0,0,0,0,0,0,0,0,0,'',0),(4221,0,0,0,0,0,0,0,0,0,0,0,0,0,'',0),(4222,0,0,0,0,0,0,0,0,0,0,0,0,0,'',0),(4223,0,0,0,0,0,0,0,0,0,0,0,0,0,'',0),(4224,9,11,0,0,0,0,0,0,0,0,0,0,0,'',0),(4225,9,11,0,0,0,0,0,0,0,0,0,0,0,'',0),(4226,9,11,0,0,0,0,0,0,0,0,0,0,0,'',0),(4227,0,0,0,0,0,0,0,0,0,0,0,0,0,'',0),(4228,0,0,0,0,0,0,0,0,0,0,0,0,0,'',0),(4229,6,11,0,0,0,0,0,0,0,0,0,0,0,'en',0),(4230,0,0,0,0,0,0,0,0,0,0,0,0,0,'',0),(4231,0,0,0,0,0,0,0,0,0,0,0,0,0,'',0),(4232,0,0,0,0,0,0,0,0,0,0,0,0,0,'',0),(4233,0,0,0,0,0,0,0,0,0,0,0,0,0,'',0),(4234,0,0,0,0,0,0,0,0,0,0,0,0,0,'',0),(4235,0,0,0,0,0,0,0,0,0,0,0,0,0,'',0),(4236,0,0,0,0,0,0,0,0,0,0,0,0,0,'',0),(4237,9,11,0,0,0,0,0,0,0,0,0,0,0,'',0),(4238,0,0,0,0,0,0,0,0,0,0,0,0,0,'',0),(4239,0,0,0,0,0,0,0,0,0,0,0,0,0,'',0),(4240,0,0,0,0,0,0,0,0,0,0,0,0,0,'',0),(4241,0,0,0,0,0,0,0,0,0,0,0,0,0,'',0),(4242,0,0,0,0,0,0,0,0,0,0,0,0,0,'',0),(4243,0,0,0,0,0,0,0,0,0,0,0,0,0,'',0),(4244,0,0,0,0,0,0,0,0,0,0,0,0,0,'',0),(4245,7,1,0,0,0,0,0,0,0,0,0,0,0,'',0),(4246,0,0,0,0,0,0,0,0,0,0,0,0,0,'',0),(4247,0,0,0,0,0,0,0,0,0,0,0,0,0,'en',0),(4248,3,3,0,0,0,0,0,0,0,0,0,0,0,'fr',0),(4249,0,0,0,0,0,0,0,0,0,0,0,0,0,'',0),(4250,9,11,0,0,0,0,0,0,0,0,0,0,0,'',0),(4251,0,0,0,0,0,0,0,0,0,0,0,0,0,'',0),(4252,7,1,0,0,0,0,0,0,0,0,0,0,0,'',0),(4253,9,1,0,0,0,0,0,0,0,0,0,0,0,'fr',0),(4254,0,0,0,0,0,0,0,0,0,0,0,0,0,'',0),(4255,0,0,0,0,0,0,0,0,0,0,0,0,0,'',0),(4256,0,0,0,0,0,0,0,0,0,0,0,0,0,'',0),(4257,0,0,0,0,0,0,0,0,0,0,0,0,0,'',0),(4258,0,0,0,0,0,0,0,0,0,0,0,0,0,'',0),(4259,0,0,0,0,0,0,0,0,0,0,0,0,0,'',0),(4260,0,0,0,0,0,0,0,0,0,0,0,0,0,'',0),(4261,0,0,0,0,0,0,0,0,0,0,0,0,0,'',0),(4262,0,0,0,0,0,0,0,0,0,0,0,0,0,'',0),(4263,0,0,0,0,0,0,0,0,0,0,0,0,0,'',0),(4264,0,0,0,0,0,0,0,0,0,0,0,0,0,'',0),(4265,0,0,0,0,0,0,0,0,0,0,0,0,0,'',0),(4266,9,11,0,0,0,0,0,0,0,0,0,0,0,'',0),(4267,6,11,0,0,0,0,0,0,0,0,0,0,0,'it',0),(4268,9,11,0,0,0,0,0,0,0,0,0,0,0,'',0),(4269,9,11,0,0,0,0,0,0,0,0,0,0,0,'',0),(4270,0,0,0,0,0,0,0,0,0,0,0,0,0,'',0),(4271,0,0,0,0,0,0,0,0,0,0,0,0,0,'',0),(4272,0,0,0,0,0,0,0,0,0,0,0,0,0,'',0),(4273,6,11,0,0,0,0,0,0,0,0,0,0,0,'en',0),(4274,0,0,0,0,0,0,0,0,0,0,0,0,0,'',0),(4275,0,0,0,0,0,0,0,0,0,0,0,0,0,'',0),(4276,0,0,0,0,0,0,0,0,0,0,0,0,0,'',0),(4277,0,0,0,0,0,0,0,0,0,0,0,0,0,'',0),(4278,0,0,0,0,0,0,0,0,0,0,0,0,0,'',0),(4279,0,0,0,0,0,0,0,0,0,0,0,0,0,'',0),(4280,0,0,0,0,0,0,0,0,0,0,0,0,0,'',0),(4281,0,0,0,0,0,0,0,0,0,0,0,0,0,'',0),(4282,0,0,0,0,0,0,0,0,0,0,0,0,0,'',0),(4283,0,0,0,0,0,0,0,0,0,0,0,0,0,'',0),(4284,7,1,0,0,0,0,0,0,0,0,0,0,0,'',0),(4285,9,11,0,0,0,0,0,0,0,0,0,0,0,'',0),(4286,0,0,0,0,0,0,0,0,0,0,0,0,0,'',0),(4287,7,11,0,0,0,0,0,0,0,0,0,0,0,'it',0),(4288,7,11,0,0,0,0,0,0,0,0,0,0,0,'it',0),(4289,0,0,0,0,0,0,0,0,0,0,0,0,0,'',0),(4290,0,0,0,0,0,0,0,0,0,0,0,0,0,'',0),(4291,0,0,0,0,0,0,0,0,0,0,0,0,0,'',0),(4292,0,0,0,0,0,0,0,0,0,0,0,0,0,'',0),(4293,0,0,0,0,0,0,0,0,0,0,0,0,0,'',0),(4294,0,0,0,0,0,0,0,0,0,0,0,0,0,'',0),(4295,9,11,0,0,0,0,0,0,0,0,0,0,0,'',0),(4296,9,11,0,0,0,0,0,0,0,0,0,0,0,'',0),(4297,9,11,0,0,0,0,0,0,0,0,0,0,0,'',0),(4298,0,0,0,0,0,0,0,0,0,0,0,0,0,'',0),(4299,0,0,0,0,0,0,0,0,0,0,0,0,0,'',0),(4300,0,0,0,0,0,0,0,0,0,0,0,0,0,'',0),(4301,0,0,0,0,0,0,0,0,0,0,0,0,0,'',0),(4302,0,0,0,0,0,0,0,0,0,0,0,0,0,'',0),(4303,9,11,0,0,0,0,0,0,0,0,0,0,0,'',0),(4304,0,0,0,0,0,0,0,0,0,0,0,0,0,'',0),(4305,0,0,0,0,0,0,0,0,0,0,0,0,0,'',0),(4306,9,11,0,0,0,0,0,0,0,0,0,0,0,'',0),(4307,9,11,0,0,0,0,0,0,0,0,0,0,0,'',0),(4308,0,0,0,0,0,0,0,0,0,0,0,0,0,'',0),(4309,0,0,0,0,0,0,0,0,0,0,0,0,0,'',0),(4310,9,11,0,0,0,0,0,0,0,0,0,0,0,'',0),(4311,9,11,0,0,0,0,0,0,0,0,0,0,0,'',0),(4312,9,11,0,0,0,0,0,0,0,0,0,0,0,'',0),(4313,9,11,0,0,0,0,0,0,0,0,0,0,0,'',0),(4314,9,11,0,0,0,0,0,0,0,0,0,0,0,'',0),(4315,9,11,0,0,0,0,0,0,0,0,0,0,0,'',0),(4316,9,11,0,0,0,0,0,0,0,0,0,0,0,'',0),(4317,6,11,0,0,0,0,0,0,0,0,0,0,0,'en',0),(4318,0,0,0,0,0,0,0,0,0,0,0,0,0,'',0),(4319,9,11,0,0,0,0,0,0,0,0,0,0,0,'',0),(4320,0,0,0,0,0,0,0,0,0,0,0,0,0,'',0),(4321,7,1,0,0,0,0,0,0,0,0,0,0,0,'',0),(4322,0,0,0,0,0,0,0,0,0,0,0,0,0,'',0),(4323,9,11,0,0,0,0,0,0,0,0,0,0,0,'',0),(4324,9,11,0,0,0,0,0,0,0,0,0,0,0,'',0),(4325,0,0,0,0,0,0,0,0,0,0,0,0,0,'',0),(4326,7,1,0,0,0,0,0,0,0,0,0,0,0,'',0),(4327,0,0,0,0,0,0,0,0,0,0,0,0,0,'',0),(4328,0,0,0,0,0,0,0,0,0,0,0,0,0,'',0),(4329,0,0,0,0,0,0,0,0,0,0,0,0,0,'',0),(4330,0,0,0,0,0,0,0,0,0,0,0,0,0,'',0),(4331,0,0,0,0,0,0,0,0,0,0,0,0,0,'',0),(4332,0,0,0,0,0,0,0,0,0,0,0,0,0,'',0),(4333,0,0,0,0,0,0,0,0,0,0,0,0,0,'',0),(4334,0,0,0,0,0,0,0,0,0,0,0,0,0,'',0),(4335,9,11,0,0,0,0,0,0,0,0,0,0,0,'',0),(4336,0,0,0,0,0,0,0,0,0,0,0,0,0,'',0),(4337,0,0,0,0,0,0,0,0,0,0,0,0,0,'',0),(4338,0,0,0,0,0,0,0,0,0,0,0,0,0,'',0),(4339,9,11,0,0,0,0,0,0,0,0,0,0,0,'',0),(4340,9,11,0,0,0,0,0,0,0,0,0,0,0,'',0),(4341,0,0,0,0,0,0,0,0,0,0,0,0,0,'',0),(4342,0,0,0,0,0,0,0,0,0,0,0,0,0,'',0),(4343,0,0,0,0,0,0,0,0,0,0,0,0,0,'',0),(4344,0,0,0,0,0,0,0,0,0,0,0,0,0,'',0),(4345,0,0,0,0,0,0,0,0,0,0,0,0,0,'',0),(4346,0,0,0,0,0,0,0,0,0,0,0,0,0,'',0),(4347,0,0,0,0,0,0,0,0,0,0,0,0,0,'',0),(4348,0,0,0,0,0,0,0,0,0,0,0,0,0,'',0),(4349,0,0,0,0,0,0,0,0,0,0,0,0,0,'',0),(4350,7,1,0,0,0,0,0,0,0,0,0,0,0,'',0),(4351,0,0,0,0,0,0,0,0,0,0,0,0,0,'',0),(4352,0,0,0,0,0,0,0,0,0,0,0,0,0,'',0),(4353,9,11,0,0,0,0,0,0,0,0,0,0,0,'',0),(4354,9,11,0,0,0,0,0,0,0,0,0,0,0,'',0),(4355,0,0,0,0,0,0,0,0,0,0,0,0,0,'',0),(4356,0,0,0,0,0,0,0,0,0,0,0,0,0,'',0),(4357,6,11,0,0,0,0,0,0,0,0,0,0,0,'',0),(4358,9,11,0,0,0,0,0,0,0,0,0,0,0,'',0),(4359,0,0,0,0,0,0,0,0,0,0,0,0,0,'',0),(4360,0,0,0,0,0,0,0,0,0,0,0,0,0,'',0),(4361,9,11,0,0,0,0,0,0,0,0,0,0,0,'',0),(4362,9,11,0,0,0,0,0,0,0,0,0,0,0,'',0),(4363,0,0,0,0,0,0,0,0,0,0,0,0,0,'',0),(4364,0,0,0,0,0,0,0,0,0,0,0,0,0,'',0),(4365,0,0,0,0,0,0,0,0,0,0,0,0,0,'',0),(4366,0,0,0,0,0,0,0,0,0,0,0,0,0,'',0),(4367,0,0,0,0,0,0,0,0,0,0,0,0,0,'',0),(4368,6,11,0,0,0,0,0,0,0,0,0,0,0,'tr',0),(4369,0,0,0,0,0,0,0,0,0,0,0,0,0,'',0),(4370,0,0,0,0,0,0,0,0,0,0,0,0,0,'',0),(4371,0,0,0,0,0,0,0,0,0,0,0,0,0,'',0),(4372,0,0,0,0,0,0,0,0,0,0,0,0,0,'',0),(4373,0,0,0,0,0,0,0,0,0,0,0,0,0,'',0),(4374,0,0,0,0,0,0,0,0,0,0,0,0,0,'',0),(4375,0,0,0,0,0,0,0,0,0,0,0,0,0,'',0),(4376,0,0,0,0,0,0,0,0,0,0,0,0,0,'',0),(4377,0,0,0,0,0,0,0,0,0,0,0,0,0,'',0),(4378,9,11,0,0,0,0,0,0,0,0,0,0,0,'',0),(4379,0,0,0,0,0,0,0,0,0,0,0,0,0,'',0),(4380,0,0,0,0,0,0,0,0,0,0,0,0,0,'',0),(4381,0,0,0,0,0,0,0,0,0,0,0,0,0,'',0),(4382,0,0,0,0,0,0,0,0,0,0,0,0,0,'',0),(4383,3,3,0,0,0,0,0,0,0,0,0,0,0,'fr',0),(4384,9,11,0,0,0,0,0,0,0,0,0,0,0,'',0),(4385,7,1,0,0,0,0,0,0,0,0,0,0,0,'',0),(4386,6,11,0,0,0,0,0,0,0,0,0,0,0,'es',0),(4387,0,0,0,0,0,0,0,0,0,0,0,0,0,'',0),(4388,0,0,0,0,0,0,0,0,0,0,0,0,0,'',0),(4389,0,0,0,0,0,0,0,0,0,0,0,0,0,'',0),(4390,0,0,0,0,0,0,0,0,0,0,0,0,0,'',0),(4391,0,0,0,0,0,0,0,0,0,0,0,0,0,'',0),(4392,0,0,0,0,0,0,0,0,0,0,0,0,0,'',0),(4393,0,0,0,0,0,0,0,0,0,0,0,0,0,'',0),(4394,0,0,0,0,0,0,0,0,0,0,0,0,0,'',0),(4395,9,11,0,0,0,0,0,0,0,0,0,0,0,'',0),(4396,0,0,0,0,0,0,0,0,0,0,0,0,0,'',0),(4397,0,0,0,0,0,0,0,0,0,0,0,0,0,'',0),(4398,0,0,0,0,0,0,0,0,0,0,0,0,0,'',0),(4399,7,1,0,0,0,0,0,0,0,0,0,0,0,'',0),(4400,0,0,0,0,0,0,0,0,0,0,0,0,0,'',0),(4401,0,0,0,0,0,0,0,0,0,0,0,0,0,'',0),(4402,0,0,0,0,0,0,0,0,0,0,0,0,0,'',0),(4403,9,11,0,0,0,0,0,0,0,0,0,0,0,'',0),(4404,7,1,0,0,0,0,0,0,0,0,0,0,0,'',0),(4405,0,0,0,0,0,0,0,0,0,0,0,0,0,'',0),(4406,0,0,0,0,0,0,0,0,0,0,0,0,0,'',0),(4407,9,11,0,0,0,0,0,0,0,0,0,0,0,'',0),(4408,0,0,0,0,0,0,0,0,0,0,0,0,0,'',0),(4409,6,11,0,0,0,0,0,0,0,0,0,0,0,'ru',0),(4410,0,0,0,0,0,0,0,0,0,0,0,0,0,'',0),(4411,0,0,0,0,0,0,0,0,0,0,0,0,0,'',0),(4412,0,0,0,0,0,0,0,0,0,0,0,0,0,'',0),(4413,0,0,0,0,0,0,0,0,0,0,0,0,0,'',0),(4414,7,1,0,0,0,0,0,0,0,0,0,0,0,'',0),(4415,0,0,0,0,0,0,0,0,0,0,0,0,0,'',0),(4416,7,1,0,0,0,0,0,0,0,0,0,0,0,'',0),(4417,0,0,0,0,0,0,0,0,0,0,0,0,0,'',0),(4418,0,0,0,0,0,0,0,0,0,0,0,0,0,'',0),(4419,0,0,0,0,0,0,0,0,0,0,0,0,0,'',0),(4420,0,0,0,0,0,0,0,0,0,0,0,0,0,'',0),(4421,0,0,0,0,0,0,0,0,0,0,0,0,0,'',0),(4422,0,0,0,0,0,0,0,0,0,0,0,0,0,'',0),(4423,0,0,0,0,0,0,0,0,0,0,0,0,0,'',0),(4424,0,0,0,0,0,0,0,0,0,0,0,0,0,'',0),(4425,0,0,0,0,0,0,0,0,0,0,0,0,0,'',0),(4426,9,11,0,0,0,0,0,0,0,0,0,0,0,'en',0),(4427,6,11,0,0,0,0,0,0,0,0,0,0,0,'en',0),(4428,7,11,0,0,0,0,0,0,0,0,0,0,0,'en',0),(4429,7,11,0,0,0,0,0,0,0,0,0,0,0,'en',0),(4430,7,11,0,0,0,0,0,0,0,0,0,0,0,'en',0),(4431,7,11,0,0,0,0,0,0,0,0,0,0,0,'en',0),(4432,7,11,0,0,0,0,0,0,0,0,0,0,0,'en',0),(4433,7,11,0,0,0,0,0,0,0,0,0,0,0,'en',0),(4434,0,0,0,0,0,0,0,0,0,0,0,0,0,'',0),(4435,9,11,0,0,0,0,0,0,0,0,0,0,0,'',0),(4436,0,0,0,0,0,0,0,0,0,0,0,0,0,'',0),(4437,0,0,0,0,0,0,0,0,0,0,0,0,0,'',0),(4438,0,0,0,0,0,0,0,0,0,0,0,0,0,'',0),(4439,0,0,0,0,0,0,0,0,0,0,0,0,0,'',0),(4440,0,0,0,0,0,0,0,0,0,0,0,0,0,'',0),(4441,0,0,0,0,0,0,0,0,0,0,0,0,0,'',0),(4442,0,0,0,0,0,0,0,0,0,0,0,0,0,'',0),(4443,0,0,0,0,0,0,0,0,0,0,0,0,0,'',0),(4444,0,0,0,0,0,0,0,0,0,0,0,0,0,'',0),(4445,0,0,0,0,0,0,0,0,0,0,0,0,0,'',0),(4446,0,0,0,0,0,0,0,0,0,0,0,0,0,'',0),(4447,0,0,0,0,0,0,0,0,0,0,0,0,0,'en',0),(4448,0,0,0,0,0,0,0,0,0,0,0,0,0,'',0),(4449,0,0,0,0,0,0,0,0,0,0,0,0,0,'',0),(4450,6,11,0,0,0,0,0,0,0,0,0,0,0,'tr',0),(4451,0,0,0,0,0,0,0,0,0,0,0,0,0,'',0),(4452,9,11,0,0,0,0,0,0,0,0,0,0,0,'',0),(4453,0,0,0,0,0,0,0,0,0,0,0,0,0,'',0),(4454,0,0,0,0,0,0,0,0,0,0,0,0,0,'',0),(4455,0,0,0,0,0,0,0,0,0,0,0,0,0,'',0),(4456,0,0,0,0,0,0,0,0,0,0,0,0,0,'',0),(4457,0,0,0,0,0,0,0,0,0,0,0,0,0,'',0),(4458,0,0,0,0,0,0,0,0,0,0,0,0,0,'',0),(4459,0,0,0,0,0,0,0,0,0,0,0,0,0,'',0),(4460,0,0,0,0,0,0,0,0,0,0,0,0,0,'',0),(4461,7,1,0,0,0,0,0,0,0,0,0,0,0,'',0),(4462,0,0,0,0,0,0,0,0,0,0,0,0,0,'',0),(4463,0,0,0,0,0,0,0,0,0,0,0,0,0,'',0),(4464,0,0,0,0,0,0,0,0,0,0,0,0,0,'',0),(4465,0,0,0,0,0,0,0,0,0,0,0,0,0,'',0),(4466,0,0,0,0,0,0,0,0,0,0,0,0,0,'',0),(4467,0,0,0,0,0,0,0,0,0,0,0,0,0,'',0),(4468,0,0,0,0,0,0,0,0,0,0,0,0,0,'',0),(4469,0,0,0,0,0,0,0,0,0,0,0,0,0,'',0),(4470,0,0,0,0,0,0,0,0,0,0,0,0,0,'',0),(4471,9,11,0,0,0,0,0,0,0,0,0,0,0,'',0),(4472,0,0,0,0,0,0,0,0,0,0,0,0,0,'',0),(4473,0,0,0,0,0,0,0,0,0,0,0,0,0,'',0),(4474,0,0,0,0,0,0,0,0,0,0,0,0,0,'',0),(4475,0,0,0,0,0,0,0,0,0,0,0,0,0,'',0),(4476,0,0,0,0,0,0,0,0,0,0,0,0,0,'',0),(4477,0,0,0,0,0,0,0,0,0,0,0,0,0,'',0),(4478,0,0,0,0,0,0,0,0,0,0,0,0,0,'',0),(4479,0,0,0,0,0,0,0,0,0,0,0,0,0,'',0),(4480,0,0,0,0,0,0,0,0,0,0,0,0,0,'',0),(4481,0,0,0,0,0,0,0,0,0,0,0,0,0,'',0),(4482,0,0,0,0,0,0,0,0,0,0,0,0,0,'',0),(4483,0,0,0,0,0,0,0,0,0,0,0,0,0,'',0),(4484,0,0,0,0,0,0,0,0,0,0,0,0,0,'',0),(4485,0,0,0,0,0,0,0,0,0,0,0,0,0,'',0),(4486,0,0,0,0,0,0,0,0,0,0,0,0,0,'',0),(4487,0,0,0,0,0,0,0,0,0,0,0,0,0,'',0),(4488,0,0,0,0,0,0,0,0,0,0,0,0,0,'',0),(4489,0,0,0,0,0,0,0,0,0,0,0,0,0,'',0),(4490,0,0,0,0,0,0,0,0,0,0,0,0,0,'',0),(4491,0,0,0,0,0,0,0,0,0,0,0,0,0,'',0),(4492,9,11,0,0,0,0,0,0,0,0,0,0,0,'',0),(4493,0,0,0,0,0,0,0,0,0,0,0,0,0,'',0),(4494,9,11,0,0,0,0,0,0,0,0,0,0,0,'',0),(4495,9,11,0,0,0,0,0,0,0,0,0,0,0,'',0),(4496,9,11,0,0,0,0,0,0,0,0,0,0,0,'',0),(4497,7,1,0,0,0,0,0,0,0,0,0,0,0,'',0),(4498,0,0,0,0,0,0,0,0,0,0,0,0,0,'',0),(4499,0,0,0,0,0,0,0,0,0,0,0,0,0,'',0),(4500,0,0,0,0,0,0,0,0,0,0,0,0,0,'',0),(4501,0,0,0,0,0,0,0,0,0,0,0,0,0,'',0),(4502,7,1,0,0,0,0,0,0,0,0,0,0,0,'',0),(4503,7,1,0,0,0,0,0,0,0,0,0,0,0,'fr',0),(4504,6,3,0,0,0,0,0,0,0,0,0,0,0,'en',0),(4505,6,3,0,0,0,0,0,0,0,0,0,0,0,'en',0),(4506,6,3,0,0,0,0,0,0,0,0,0,0,0,'en',0),(4507,6,3,0,0,0,0,0,0,0,0,0,0,0,'en',0),(4508,6,3,0,0,0,0,0,0,0,0,0,0,0,'en',0),(4509,6,3,0,0,0,0,0,0,0,0,0,0,0,'en',0),(4510,6,3,0,0,0,0,0,0,0,0,0,0,0,'en',0),(4511,6,3,0,0,0,0,0,0,0,0,0,0,0,'en',0),(4512,6,3,0,0,0,0,0,0,0,0,0,0,0,'en',0),(4513,6,3,0,0,0,0,0,0,0,0,0,0,0,'en',0),(4514,6,3,0,0,0,0,0,0,0,0,0,0,0,'en',0),(4515,6,3,0,0,0,0,0,0,0,0,0,0,0,'en',0),(4516,6,3,0,0,0,0,0,0,0,0,0,0,0,'en',0),(4517,6,3,0,0,0,0,0,0,0,0,0,0,0,'en',0),(4518,6,3,0,0,0,0,0,0,0,0,0,0,0,'en',0),(4519,6,3,0,0,0,0,0,0,0,0,0,0,0,'en',0),(4520,6,3,0,0,0,0,0,0,0,0,0,0,0,'en',0),(4521,6,3,0,0,0,0,0,0,0,0,0,0,0,'en',0),(4522,6,3,0,0,0,0,0,0,0,0,0,0,0,'en',0),(4523,6,3,0,0,0,0,0,0,0,0,0,0,0,'en',0),(4524,6,3,0,0,0,0,0,0,0,0,0,0,0,'en',0),(4525,6,3,0,0,0,0,0,0,0,0,0,0,0,'en',0),(4526,6,3,0,0,0,0,0,0,0,0,0,0,0,'en',0),(4527,6,3,0,0,0,0,0,0,0,0,0,0,0,'en',0),(4528,6,3,0,0,0,0,0,0,0,0,0,0,0,'en',0),(4529,6,3,0,0,0,0,0,0,0,0,0,0,0,'en',0),(4530,6,3,0,0,0,0,0,0,0,0,0,0,0,'en',0),(4531,6,3,0,0,0,0,0,0,0,0,0,0,0,'en',0),(4532,6,3,0,0,0,0,0,0,0,0,0,0,0,'en',0),(4533,6,3,0,0,0,0,0,0,0,0,0,0,0,'en',0),(4534,6,3,0,0,0,0,0,0,0,0,0,0,0,'en',0),(4535,6,3,0,0,0,0,0,0,0,0,0,0,0,'en',0),(4536,0,0,0,0,0,0,0,0,0,0,0,0,0,'',0),(4537,0,0,0,0,0,0,0,0,0,0,0,0,0,'',0),(4538,0,0,0,0,0,0,0,0,0,0,0,0,0,'',0),(4539,0,0,0,0,0,0,0,0,0,0,0,0,0,'',0),(4540,0,0,0,0,0,0,0,0,0,0,0,0,0,'',0),(4541,0,0,0,0,0,0,0,0,0,0,0,0,0,'',0),(4542,0,0,0,0,0,0,0,0,0,0,0,0,0,'',0),(4543,0,0,0,0,0,0,0,0,0,0,0,0,0,'',0),(4544,0,0,0,0,0,0,0,0,0,0,0,0,0,'',0),(4545,0,0,0,0,0,0,0,0,0,0,0,0,0,'',0),(4546,0,0,0,0,0,0,0,0,0,0,0,0,0,'',0),(4547,0,0,0,0,0,0,0,0,0,0,0,0,0,'',0),(4548,0,0,0,0,0,0,0,0,0,0,0,0,0,'',0),(4549,0,0,0,0,0,0,0,0,0,0,0,0,0,'',0),(4550,0,0,0,0,0,0,0,0,0,0,0,0,0,'',0),(4551,0,0,0,0,0,0,0,0,0,0,0,0,0,'',0),(4552,0,0,0,0,0,0,0,0,0,0,0,0,0,'',0),(4553,0,0,0,0,0,0,0,0,0,0,0,0,0,'',0),(4554,0,0,0,0,0,0,0,0,0,0,0,0,0,'',0),(4555,9,11,0,0,0,0,0,0,0,0,0,0,0,'',0),(4556,0,0,0,0,0,0,0,0,0,0,0,0,0,'',0),(4557,0,0,0,0,0,0,0,0,0,0,0,0,0,'',0),(4558,0,0,0,0,0,0,0,0,0,0,0,0,0,'',0),(4559,7,1,0,0,0,0,0,0,0,0,0,0,0,'',0),(4560,0,0,0,0,0,0,0,0,0,0,0,0,0,'',0),(4561,9,11,0,0,0,0,0,0,0,0,0,0,0,'tr',0),(4562,9,11,0,0,0,0,0,0,0,0,0,0,0,'tr',0),(4563,9,11,0,0,0,0,0,0,0,0,0,0,0,'',0),(4564,0,0,0,0,0,0,0,0,0,0,0,0,0,'',0),(4565,0,0,0,0,0,0,0,0,0,0,0,0,0,'',0),(4566,9,11,0,0,0,0,0,0,0,0,0,0,0,'',0),(4567,0,0,0,0,0,0,0,0,0,0,0,0,0,'',0),(4568,0,0,0,0,0,0,0,0,0,0,0,0,0,'',0),(4569,0,0,0,0,0,0,0,0,0,0,0,0,0,'',0),(4570,0,0,0,0,0,0,0,0,0,0,0,0,0,'',0),(4571,0,0,0,0,0,0,0,0,0,0,0,0,0,'',0),(4572,9,11,0,0,0,0,0,0,0,0,0,0,0,'',0),(4573,9,11,0,0,0,0,0,0,0,0,0,0,0,'',0),(4574,0,0,0,0,0,0,0,0,0,0,0,0,0,'',0),(4575,0,0,0,0,0,0,0,0,0,0,0,0,0,'',0),(4576,0,0,0,0,0,0,0,0,0,0,0,0,0,'',0),(4577,0,0,0,0,0,0,0,0,0,0,0,0,0,'',0),(4578,9,11,0,0,0,0,0,0,0,0,0,0,0,'',0),(4579,0,0,0,0,0,0,0,0,0,0,0,0,0,'',0),(4580,0,0,0,0,0,0,0,0,0,0,0,0,0,'',0),(4581,0,0,0,0,0,0,0,0,0,0,0,0,0,'',0),(4582,0,0,0,0,0,0,0,0,0,0,0,0,0,'',0),(4583,0,0,0,0,0,0,0,0,0,0,0,0,0,'',0),(4584,0,0,0,0,0,0,0,0,0,0,0,0,0,'',0),(4585,3,11,0,0,0,0,0,0,0,0,0,0,0,'en',0),(4586,0,0,0,0,0,0,0,0,0,0,0,0,0,'',0),(4587,0,0,0,0,0,0,0,0,0,0,0,0,0,'',0),(4588,0,0,0,0,0,0,0,0,0,0,0,0,0,'',0),(4589,0,0,0,0,0,0,0,0,0,0,0,0,0,'',0),(4590,0,0,0,0,0,0,0,0,0,0,0,0,0,'',0),(4591,0,0,0,0,0,0,0,0,0,0,0,0,0,'',0),(4592,0,0,0,0,0,0,0,0,0,0,0,0,0,'',0),(4593,7,11,0,0,0,0,0,0,0,0,0,0,0,'fr',0),(4594,0,0,0,0,0,0,0,0,0,0,0,0,0,'',0),(4595,0,0,0,0,0,0,0,0,0,0,0,0,0,'',0),(4596,0,0,0,0,0,0,0,0,0,0,0,0,0,'',0),(4597,0,0,0,0,0,0,0,0,0,0,0,0,0,'',0),(4598,0,0,0,0,0,0,0,0,0,0,0,0,0,'',0),(4599,0,0,0,0,0,0,0,0,0,0,0,0,0,'',0),(4600,7,11,0,0,0,0,0,0,0,0,0,0,0,'fr',0),(4601,7,11,0,0,0,0,0,0,0,0,0,0,0,'fr',0),(4602,7,11,0,0,0,0,0,0,0,0,0,0,0,'fr',0),(4603,7,11,0,0,0,0,0,0,0,0,0,0,0,'fr',0),(4604,7,11,0,0,0,0,0,0,0,0,0,0,0,'fr',0),(4605,0,0,0,0,0,0,0,0,0,0,0,0,0,'',0),(4606,0,0,0,0,0,0,0,0,0,0,0,0,0,'',0),(4607,6,11,0,0,0,0,0,0,0,0,0,0,0,'tr',0),(4608,6,11,0,0,0,0,0,0,0,0,0,0,0,'tr',0),(4609,6,11,0,0,0,0,0,0,0,0,0,0,0,'tr',0),(4610,6,11,0,0,0,0,0,0,0,0,0,0,0,'tr',0),(4611,0,0,0,0,0,0,0,0,0,0,0,0,0,'',0),(4612,0,0,0,0,0,0,0,0,0,0,0,0,0,'',0),(4613,0,0,0,0,0,0,0,0,0,0,0,0,0,'',0),(4614,0,0,0,0,0,0,0,0,0,0,0,0,0,'',0),(4615,0,0,0,0,0,0,0,0,0,0,0,0,0,'',0),(4616,0,0,0,0,0,0,0,0,0,0,0,0,0,'',0),(4617,0,0,0,0,0,0,0,0,0,0,0,0,0,'',0),(4618,7,1,0,0,0,0,0,0,0,0,0,0,0,'',0),(4619,9,11,0,0,0,0,0,0,0,0,0,0,0,'',0),(4620,0,0,0,0,0,0,0,0,0,0,0,0,0,'',0),(4621,9,11,0,0,0,0,0,0,0,0,0,0,0,'',0),(4622,9,11,0,0,0,0,0,0,0,0,0,0,0,'',0),(4623,0,0,0,0,0,0,0,0,0,0,0,0,0,'',0),(4624,0,0,0,0,0,0,0,0,0,0,0,0,0,'',0),(4625,7,1,0,0,0,0,0,0,0,0,0,0,0,'',0),(4626,7,1,0,0,0,0,0,0,0,0,0,0,0,'',0),(4627,0,0,0,0,0,0,0,0,0,0,0,0,0,'',0),(4628,9,11,0,0,0,0,0,0,0,0,0,0,0,'',0),(4629,0,0,0,0,0,0,0,0,0,0,0,0,0,'',0),(4630,0,0,0,0,0,0,0,0,0,0,0,0,0,'',0),(4631,0,0,0,0,0,0,0,0,0,0,0,0,0,'',0),(4632,0,0,0,0,0,0,0,0,0,0,0,0,0,'',0),(4633,0,0,0,0,0,0,0,0,0,0,0,0,0,'',0),(4634,0,0,0,0,0,0,0,0,0,0,0,0,0,'',0),(4635,0,0,0,0,0,0,0,0,0,0,0,0,0,'',0),(4636,0,0,0,0,0,0,0,0,0,0,0,0,0,'',0),(4637,0,0,0,0,0,0,0,0,0,0,0,0,0,'',0),(4638,0,0,0,0,0,0,0,0,0,0,0,0,0,'',0),(4639,0,0,0,0,0,0,0,0,0,0,0,0,0,'',0),(4640,0,0,0,0,0,0,0,0,0,0,0,0,0,'',0),(4641,0,0,0,0,0,0,0,0,0,0,0,0,0,'',0),(4642,9,11,0,0,0,0,0,0,0,0,0,0,0,'',0),(4643,0,0,0,0,0,0,0,0,0,0,0,0,0,'',0),(4644,0,0,0,0,0,0,0,0,0,0,0,0,0,'',0),(4645,0,0,0,0,0,0,0,0,0,0,0,0,0,'',0),(4646,0,0,0,0,0,0,0,0,0,0,0,0,0,'',0),(4647,0,0,0,0,0,0,0,0,0,0,0,0,0,'',0),(4648,0,0,0,0,0,0,0,0,0,0,0,0,0,'',0),(4649,0,0,0,0,0,0,0,0,0,0,0,0,0,'en',0),(4650,7,1,0,0,0,0,0,0,0,0,0,0,0,'',0),(4651,0,0,0,0,0,0,0,0,0,0,0,0,0,'',0),(4652,0,0,0,0,0,0,0,0,0,0,0,0,0,'',0),(4653,0,0,0,0,0,0,0,0,0,0,0,0,0,'',0),(4654,0,0,0,0,0,0,0,0,0,0,0,0,0,'',0),(4655,0,0,0,0,0,0,0,0,0,0,0,0,0,'',0),(4656,0,0,0,0,0,0,0,0,0,0,0,0,0,'',0),(4657,0,0,0,0,0,0,0,0,0,0,0,0,0,'',0),(4658,0,0,0,0,0,0,0,0,0,0,0,0,0,'',0),(4659,0,0,0,0,0,0,0,0,0,0,0,0,0,'',0),(4660,7,11,0,0,0,0,0,0,0,0,0,0,0,'fr',0),(4661,7,11,0,0,0,0,0,0,0,0,0,0,0,'en',0),(4662,0,0,0,0,0,0,0,0,0,0,0,0,0,'',0),(4663,0,0,0,0,0,0,0,0,0,0,0,0,0,'',0),(4664,0,0,0,0,0,0,0,0,0,0,0,0,0,'',0),(4665,0,0,0,0,0,0,0,0,0,0,0,0,0,'',0),(4666,0,0,0,0,0,0,0,0,0,0,0,0,0,'',0),(4667,0,0,0,0,0,0,0,0,0,0,0,0,0,'',0),(4668,0,0,0,0,0,0,0,0,0,0,0,0,0,'',0),(4669,0,0,0,0,0,0,0,0,0,0,0,0,0,'',0),(4670,0,0,0,0,0,0,0,0,0,0,0,0,0,'',0),(4671,0,0,0,0,0,0,0,0,0,0,0,0,0,'',0),(4672,0,0,0,0,0,0,0,0,0,0,0,0,0,'',0),(4673,0,0,0,0,0,0,0,0,0,0,0,0,0,'',0),(4674,0,0,0,0,0,0,0,0,0,0,0,0,0,'',0),(4675,0,0,0,0,0,0,0,0,0,0,0,0,0,'',0),(4676,0,0,0,0,0,0,0,0,0,0,0,0,0,'',0),(4677,0,0,0,0,0,0,0,0,0,0,0,0,0,'',0),(4678,0,0,0,0,0,0,0,0,0,0,0,0,0,'',0),(4679,0,0,0,0,0,0,0,0,0,0,0,0,0,'',0),(4680,0,0,0,0,0,0,0,0,0,0,0,0,0,'',0),(4681,0,0,0,0,0,0,0,0,0,0,0,0,0,'',0),(4682,6,11,0,0,0,0,0,0,0,0,0,0,0,'ru',0),(4683,0,0,0,0,0,0,0,0,0,0,0,0,0,'',0),(4684,0,0,0,0,0,0,0,0,0,0,0,0,0,'',0),(4685,0,0,0,0,0,0,0,0,0,0,0,0,0,'',0),(4686,0,0,0,0,0,0,0,0,0,0,0,0,0,'',0),(4687,9,11,0,0,0,0,0,0,0,0,0,0,0,'',0),(4688,6,11,0,0,0,0,0,0,0,0,0,0,0,'tr',0),(4689,6,11,0,0,0,0,0,0,0,0,0,0,0,'en',0),(4690,6,11,0,0,0,0,0,0,0,0,0,0,0,'en',0),(4691,6,11,0,0,0,0,0,0,0,0,0,0,0,'en',0),(4692,9,11,0,0,0,0,0,0,0,0,0,0,0,'',0),(4693,9,11,0,0,0,0,0,0,0,0,0,0,0,'',0),(4694,9,11,0,0,0,0,0,0,0,0,0,0,0,'',0),(4695,9,11,0,0,0,0,0,0,0,0,0,0,0,'',0),(4696,9,11,0,0,0,0,0,0,0,0,0,0,0,'',0),(4697,9,11,0,0,0,0,0,0,0,0,0,0,0,'',0),(4698,0,0,0,0,0,0,0,0,0,0,0,0,0,'',0),(4699,0,0,0,0,0,0,0,0,0,0,0,0,0,'',0),(4700,0,0,0,0,0,0,0,0,0,0,0,0,0,'',0),(4701,0,0,0,0,0,0,0,0,0,0,0,0,0,'',0),(4702,0,0,0,0,0,0,0,0,0,0,0,0,0,'',0),(4703,0,0,0,0,0,0,0,0,0,0,0,0,0,'',0),(4704,0,0,0,0,0,0,0,0,0,0,0,0,0,'',0),(4705,0,0,0,0,0,0,0,0,0,0,0,0,0,'',0),(4706,0,0,0,0,0,0,0,0,0,0,0,0,0,'',0),(4707,0,0,0,0,0,0,0,0,0,0,0,0,0,'',0),(4708,0,0,0,0,0,0,0,0,0,0,0,0,0,'',0),(4709,0,0,0,0,0,0,0,0,0,0,0,0,0,'',0),(4710,0,0,0,0,0,0,0,0,0,0,0,0,0,'',0),(4711,0,0,0,0,0,0,0,0,0,0,0,0,0,'',0),(4712,0,0,0,0,0,0,0,0,0,0,0,0,0,'',0),(4713,0,0,0,0,0,0,0,0,0,0,0,0,0,'',0),(4714,0,0,0,0,0,0,0,0,0,0,0,0,0,'',0),(4715,0,0,0,0,0,0,0,0,0,0,0,0,0,'',0),(4716,0,0,0,0,0,0,0,0,0,0,0,0,0,'',0),(4717,0,0,0,0,0,0,0,0,0,0,0,0,0,'',0),(4718,0,0,0,0,0,0,0,0,0,0,0,0,0,'',0),(4719,6,3,0,0,0,0,0,0,0,0,0,0,0,'fr',0),(4720,0,0,0,0,0,0,0,0,0,0,0,0,0,'',0),(4721,0,0,0,0,0,0,0,0,0,0,0,0,0,'',0),(4722,9,11,0,0,0,0,0,0,0,0,0,0,0,'',0),(4723,0,0,0,0,0,0,0,0,0,0,0,0,0,'',0),(4724,0,0,0,0,0,0,0,0,0,0,0,0,0,'',0),(4725,0,0,0,0,0,0,0,0,0,0,0,0,0,'',0),(4726,6,11,0,0,0,0,0,0,0,0,0,0,0,'it',0),(4727,0,0,0,0,0,0,0,0,0,0,0,0,0,'',0),(4728,0,0,0,0,0,0,0,0,0,0,0,0,0,'',0),(4729,9,11,0,0,0,0,0,0,0,0,0,0,0,'',0),(4730,9,11,0,0,0,0,0,0,0,0,0,0,0,'tr',0),(4731,9,11,0,0,0,0,0,0,0,0,0,0,0,'tr',0),(4732,0,0,0,0,0,0,0,0,0,0,0,0,0,'',0),(4733,9,11,0,0,0,0,0,0,0,0,0,0,0,'',0),(4734,0,0,0,0,0,0,0,0,0,0,0,0,0,'',0),(4735,0,0,0,0,0,0,0,0,0,0,0,0,0,'',0),(4736,0,0,0,0,0,0,0,0,0,0,0,0,0,'',0),(4737,0,0,0,0,0,0,0,0,0,0,0,0,0,'',0),(4738,0,0,0,0,0,0,0,0,0,0,0,0,0,'',0),(4739,0,0,0,0,0,0,0,0,0,0,0,0,0,'',0),(4740,0,0,0,0,0,0,0,0,0,0,0,0,0,'',0),(4741,0,0,0,0,0,0,0,0,0,0,0,0,0,'',0),(4742,0,0,0,0,0,0,0,0,0,0,0,0,0,'',0),(4743,0,0,0,0,0,0,0,0,0,0,0,0,0,'',0),(4744,0,0,0,0,0,0,0,0,0,0,0,0,0,'',0),(4745,0,0,0,0,0,0,0,0,0,0,0,0,0,'',0),(4746,0,0,0,0,0,0,0,0,0,0,0,0,0,'',0),(4747,0,0,0,0,0,0,0,0,0,0,0,0,0,'',0),(4748,0,0,0,0,0,0,0,0,0,0,0,0,0,'',0),(4749,6,11,0,0,0,0,0,0,0,0,0,0,0,'tr',0),(4750,0,0,0,0,0,0,0,0,0,0,0,0,0,'',0),(4751,0,0,0,0,0,0,0,0,0,0,0,0,0,'',0),(4752,0,0,0,0,0,0,0,0,0,0,0,0,0,'',0),(4753,6,11,0,0,0,0,0,0,0,0,0,0,0,'tr',0),(4754,6,11,0,0,0,0,0,0,0,0,0,0,0,'tr',0),(4755,0,0,0,0,0,0,0,0,0,0,0,0,0,'',0),(4756,0,0,0,0,0,0,0,0,0,0,0,0,0,'',0),(4757,0,0,0,0,0,0,0,0,0,0,0,0,0,'',0),(4758,9,11,0,0,0,0,0,0,0,0,0,0,0,'',0),(4759,0,0,0,0,0,0,0,0,0,0,0,0,0,'',0),(4760,0,0,0,0,0,0,0,0,0,0,0,0,0,'',0),(4761,0,0,0,0,0,0,0,0,0,0,0,0,0,'',0),(4762,0,0,0,0,0,0,0,0,0,0,0,0,0,'',0),(4763,0,0,0,0,0,0,0,0,0,0,0,0,0,'',0),(4764,0,0,0,0,0,0,0,0,0,0,0,0,0,'',0),(4765,0,0,0,0,0,0,0,0,0,0,0,0,0,'',0),(4766,7,1,0,0,0,0,0,0,0,0,0,0,0,'',0),(4767,0,0,0,0,0,0,0,0,0,0,0,0,0,'',0),(4768,0,0,0,0,0,0,0,0,0,0,0,0,0,'',0),(4769,7,1,0,0,0,0,0,0,0,0,0,0,0,'',0),(4770,0,0,0,0,0,0,0,0,0,0,0,0,0,'',0),(4771,9,11,0,0,0,0,0,0,0,0,0,0,0,'',0),(4772,0,0,0,0,0,0,0,0,0,0,0,0,0,'',0),(4773,0,0,0,0,0,0,0,0,0,0,0,0,0,'',0),(4774,0,0,0,0,0,0,0,0,0,0,0,0,0,'',0),(4775,0,0,0,0,0,0,0,0,0,0,0,0,0,'',0),(4776,0,0,0,0,0,0,0,0,0,0,0,0,0,'',0),(4777,0,0,0,0,0,0,0,0,0,0,0,0,0,'',0),(4778,0,0,0,0,0,0,0,0,0,0,0,0,0,'',0),(4779,0,0,0,0,0,0,0,0,0,0,0,0,0,'',0),(4780,9,11,0,0,0,0,0,0,0,0,0,0,0,'',0),(4781,9,11,0,0,0,0,0,0,0,0,0,0,0,'',0),(4782,0,0,0,0,0,0,0,0,0,0,0,0,0,'',0),(4783,0,0,0,0,0,0,0,0,0,0,0,0,0,'',0),(4784,9,11,0,0,0,0,0,0,0,0,0,0,0,'',0),(4785,0,0,0,0,0,0,0,0,0,0,0,0,0,'',0),(4786,0,0,0,0,0,0,0,0,0,0,0,0,0,'',0),(4787,0,0,0,0,0,0,0,0,0,0,0,0,0,'',0),(4788,0,0,0,0,0,0,0,0,0,0,0,0,0,'',0),(4789,0,0,0,0,0,0,0,0,0,0,0,0,0,'',0),(4790,0,0,0,0,0,0,0,0,0,0,0,0,0,'',0),(4791,0,0,0,0,0,0,0,0,0,0,0,0,0,'',0),(4792,0,0,0,0,0,0,0,0,0,0,0,0,0,'',0),(4793,0,0,0,0,0,0,0,0,0,0,0,0,0,'',0),(4794,0,0,0,0,0,0,0,0,0,0,0,0,0,'',0),(4795,0,0,0,0,0,0,0,0,0,0,0,0,0,'',0),(4796,0,0,0,0,0,0,0,0,0,0,0,0,0,'',0),(4797,0,0,0,0,0,0,0,0,0,0,0,0,0,'',0),(4798,0,0,0,0,0,0,0,0,0,0,0,0,0,'',0),(4799,0,0,0,0,0,0,0,0,0,0,0,0,0,'',0),(4800,0,0,0,0,0,0,0,0,0,0,0,0,0,'',0),(4801,0,0,0,0,0,0,0,0,0,0,0,0,0,'',0),(4802,0,0,0,0,0,0,0,0,0,0,0,0,0,'',0),(4803,6,11,0,0,0,0,0,0,0,0,0,0,0,'en',0),(4804,6,11,0,0,0,0,0,0,0,0,0,0,0,'en',0),(4805,0,0,0,0,0,0,0,0,0,0,0,0,0,'',0),(4806,0,0,0,0,0,0,0,0,0,0,0,0,0,'',0),(4807,0,0,0,0,0,0,0,0,0,0,0,0,0,'',0),(4808,9,11,0,0,0,0,0,0,0,0,0,0,0,'',0),(4809,0,0,0,0,0,0,0,0,0,0,0,0,0,'',0),(4810,9,11,0,0,0,0,0,0,0,0,0,0,0,'',0),(4811,9,11,0,0,0,0,0,0,0,0,0,0,0,'',0),(4812,9,11,0,0,0,0,0,0,0,0,0,0,0,'',0),(4813,9,11,0,0,0,0,0,0,0,0,0,0,0,'',0),(4814,0,0,0,0,0,0,0,0,0,0,0,0,0,'',0),(4815,0,0,0,0,0,0,0,0,0,0,0,0,0,'',0),(4816,0,0,0,0,0,0,0,0,0,0,0,0,0,'',0),(4817,0,0,0,0,0,0,0,0,0,0,0,0,0,'',0),(4818,9,11,0,0,0,0,0,0,0,0,0,0,0,'',0),(4819,0,0,0,0,0,0,0,0,0,0,0,0,0,'',0),(4820,7,1,0,0,0,0,0,0,0,0,0,0,0,'fr',0),(4821,0,0,0,0,0,0,0,0,0,0,0,0,0,'',0),(4822,0,0,0,0,0,0,0,0,0,0,0,0,0,'',0),(4823,0,0,0,0,0,0,0,0,0,0,0,0,0,'',0),(4824,6,3,0,0,0,0,0,0,0,0,0,0,0,'en',0),(4825,9,11,0,0,0,0,0,0,0,0,0,0,0,'',0),(4826,0,0,0,0,0,0,0,0,0,0,0,0,0,'',0),(4827,0,0,0,0,0,0,0,0,0,0,0,0,0,'',0),(4828,0,0,0,0,0,0,0,0,0,0,0,0,0,'',0),(4829,0,0,0,0,0,0,0,0,0,0,0,0,0,'',0),(4830,0,0,0,0,0,0,0,0,0,0,0,0,0,'',0),(4831,0,0,0,0,0,0,0,0,0,0,0,0,0,'',0),(4832,0,0,0,0,0,0,0,0,0,0,0,0,0,'',0),(4833,0,0,0,0,0,0,0,0,0,0,0,0,0,'',0),(4834,0,0,0,0,0,0,0,0,0,0,0,0,0,'',0),(4835,0,0,0,0,0,0,0,0,0,0,0,0,0,'',0),(4836,0,0,0,0,0,0,0,0,0,0,0,0,0,'',0),(4837,0,0,0,0,0,0,0,0,0,0,0,0,0,'',0),(4838,0,0,0,0,0,0,0,0,0,0,0,0,0,'',0),(4839,0,0,0,0,0,0,0,0,0,0,0,0,0,'',0),(4840,0,0,0,0,0,0,0,0,0,0,0,0,0,'',0),(4841,6,3,0,0,0,0,0,0,0,0,0,0,0,'en',0),(4842,9,11,0,0,0,0,0,0,0,0,0,0,0,'',0),(4843,0,0,0,0,0,0,0,0,0,0,0,0,0,'',0),(4844,0,0,0,0,0,0,0,0,0,0,0,0,0,'',0),(4845,9,11,0,0,0,0,0,0,0,0,0,0,0,'',0),(4846,6,11,0,0,0,0,0,0,0,0,0,0,0,'tr',0),(4847,0,0,0,0,0,0,0,0,0,0,0,0,0,'',0),(4848,0,0,0,0,0,0,0,0,0,0,0,0,0,'',0),(4849,0,0,0,0,0,0,0,0,0,0,0,0,0,'',0),(4850,0,0,0,0,0,0,0,0,0,0,0,0,0,'',0),(4851,0,0,0,0,0,0,0,0,0,0,0,0,0,'',0),(4852,7,11,0,0,0,0,0,0,0,0,0,0,0,'it',0),(4853,7,11,0,0,0,0,0,0,0,0,0,0,0,'it',0),(4854,0,0,0,0,0,0,0,0,0,0,0,0,0,'',0),(4855,0,0,0,0,0,0,0,0,0,0,0,0,0,'',0),(4856,6,3,0,0,0,0,0,0,0,0,0,0,0,'fr',0),(4857,0,0,0,0,0,0,0,0,0,0,0,0,0,'',0),(4858,0,0,0,0,0,0,0,0,0,0,0,0,0,'',0),(4859,0,0,0,0,0,0,0,0,0,0,0,0,0,'',0),(4860,0,0,0,0,0,0,0,0,0,0,0,0,0,'',0),(4861,0,0,0,0,0,0,0,0,0,0,0,0,0,'',0),(4862,9,11,0,0,0,0,0,0,0,0,0,0,0,'',0),(4863,9,11,0,0,0,0,0,0,0,0,0,0,0,'',0),(4864,6,11,0,0,0,0,0,0,0,0,0,0,0,'tr',0),(4865,6,11,0,0,0,0,0,0,0,0,0,0,0,'tr',0),(4866,6,11,0,0,0,0,0,0,0,0,0,0,0,'tr',0),(4867,9,11,0,0,0,0,0,0,0,0,0,0,0,'',0),(4868,6,11,0,0,0,0,0,0,0,0,0,0,0,'tr',0),(4869,6,11,0,0,0,0,0,0,0,0,0,0,0,'tr',0),(4870,6,11,0,0,0,0,0,0,0,0,0,0,0,'tr',0),(4871,6,11,0,0,0,0,0,0,0,0,0,0,0,'tr',0),(4872,6,11,0,0,0,0,0,0,0,0,0,0,0,'tr',0),(4873,9,11,0,0,0,0,0,0,0,0,0,0,0,'',0),(4874,0,0,0,0,0,0,0,0,0,0,0,0,0,'',0),(4875,0,0,0,0,0,0,0,0,0,0,0,0,0,'',0),(4876,9,11,0,0,0,0,0,0,0,0,0,0,0,'',0),(4877,0,0,0,0,0,0,0,0,0,0,0,0,0,'',0),(4878,0,0,0,0,0,0,0,0,0,0,0,0,0,'',0),(4879,0,0,0,0,0,0,0,0,0,0,0,0,0,'',0),(4880,0,0,0,0,0,0,0,0,0,0,0,0,0,'',0),(4881,0,0,0,0,0,0,0,0,0,0,0,0,0,'',0),(4882,0,0,0,0,0,0,0,0,0,0,0,0,0,'',0),(4883,9,11,0,0,0,0,0,0,0,0,0,0,0,'',0),(4884,0,0,0,0,0,0,0,0,0,0,0,0,0,'',0),(4885,0,0,0,0,0,0,0,0,0,0,0,0,0,'',0),(4886,0,0,0,0,0,0,0,0,0,0,0,0,0,'',0),(4887,0,0,0,0,0,0,0,0,0,0,0,0,0,'en',0),(4888,0,0,0,0,0,0,0,0,0,0,0,0,0,'',0),(4889,0,0,0,0,0,0,0,0,0,0,0,0,0,'',0),(4890,0,0,0,0,0,0,0,0,0,0,0,0,0,'',0),(4891,0,0,0,0,0,0,0,0,0,0,0,0,0,'',0),(4892,0,0,0,0,0,0,0,0,0,0,0,0,0,'',0),(4893,0,0,0,0,0,0,0,0,0,0,0,0,0,'',0),(4894,0,0,0,0,0,0,0,0,0,0,0,0,0,'',0),(4895,0,0,0,0,0,0,0,0,0,0,0,0,0,'',0),(4896,0,0,0,0,0,0,0,0,0,0,0,0,0,'',0),(4897,0,0,0,0,0,0,0,0,0,0,0,0,0,'',0),(4898,0,0,0,0,0,0,0,0,0,0,0,0,0,'',0),(4899,0,0,0,0,0,0,0,0,0,0,0,0,0,'',0),(4900,0,0,0,0,0,0,0,0,0,0,0,0,0,'',0),(4901,0,0,0,0,0,0,0,0,0,0,0,0,0,'',0),(4902,0,0,0,0,0,0,0,0,0,0,0,0,0,'',0),(4903,0,0,0,0,0,0,0,0,0,0,0,0,0,'',0),(4904,0,0,0,0,0,0,0,0,0,0,0,0,0,'',0),(4905,0,0,0,0,0,0,0,0,0,0,0,0,0,'',0),(4906,0,0,0,0,0,0,0,0,0,0,0,0,0,'',0),(4907,0,0,0,0,0,0,0,0,0,0,0,0,0,'',0),(4908,0,0,0,0,0,0,0,0,0,0,0,0,0,'',0),(4909,0,0,0,0,0,0,0,0,0,0,0,0,0,'',0),(4910,0,0,0,0,0,0,0,0,0,0,0,0,0,'',0),(4911,0,0,0,0,0,0,0,0,0,0,0,0,0,'',0),(4912,0,0,0,0,0,0,0,0,0,0,0,0,0,'',0),(4913,0,0,0,0,0,0,0,0,0,0,0,0,0,'',0),(4914,0,0,0,0,0,0,0,0,0,0,0,0,0,'',0),(4915,6,3,0,0,0,0,0,0,0,0,0,0,0,'en',0),(4916,0,0,0,0,0,0,0,0,0,0,0,0,0,'',0),(4917,0,0,0,0,0,0,0,0,0,0,0,0,0,'',0),(4918,6,11,0,0,0,0,0,0,0,0,0,0,0,'en',0),(4919,0,0,0,0,0,0,0,0,0,0,0,0,0,'',0),(4920,0,0,0,0,0,0,0,0,0,0,0,0,0,'',0),(4921,0,0,0,0,0,0,0,0,0,0,0,0,0,'',0),(4922,0,0,0,0,0,0,0,0,0,0,0,0,0,'',0),(4923,0,0,0,0,0,0,0,0,0,0,0,0,0,'',0),(4924,0,0,0,0,0,0,0,0,0,0,0,0,0,'',0),(4925,0,0,0,0,0,0,0,0,0,0,0,0,0,'',0),(4926,0,0,0,0,0,0,0,0,0,0,0,0,0,'',0),(4927,0,0,0,0,0,0,0,0,0,0,0,0,0,'',0),(4928,0,0,0,0,0,0,0,0,0,0,0,0,0,'',0),(4929,0,0,0,0,0,0,0,0,0,0,0,0,0,'',0),(4930,0,0,0,0,0,0,0,0,0,0,0,0,0,'',0),(4931,0,0,0,0,0,0,0,0,0,0,0,0,0,'',0),(4932,0,0,0,0,0,0,0,0,0,0,0,0,0,'',0),(4933,0,0,0,0,0,0,0,0,0,0,0,0,0,'',0),(4934,0,0,0,0,0,0,0,0,0,0,0,0,0,'',0),(4935,0,0,0,0,0,0,0,0,0,0,0,0,0,'',0),(4936,0,0,0,0,0,0,0,0,0,0,0,0,0,'',0),(4937,9,11,0,0,0,0,0,0,0,0,0,0,0,'',0),(4938,0,0,0,0,0,0,0,0,0,0,0,0,0,'',0),(4939,0,0,0,0,0,0,0,0,0,0,0,0,0,'',0),(4940,0,0,0,0,0,0,0,0,0,0,0,0,0,'',0),(4941,0,0,0,0,0,0,0,0,0,0,0,0,0,'',0),(4942,0,0,0,0,0,0,0,0,0,0,0,0,0,'',0),(4943,0,0,0,0,0,0,0,0,0,0,0,0,0,'',0),(4944,0,0,0,0,0,0,0,0,0,0,0,0,0,'',0),(4945,0,0,0,0,0,0,0,0,0,0,0,0,0,'',0),(4946,0,0,0,0,0,0,0,0,0,0,0,0,0,'',0),(4947,0,0,0,0,0,0,0,0,0,0,0,0,0,'',0),(4948,0,0,0,0,0,0,0,0,0,0,0,0,0,'',0),(4949,0,0,0,0,0,0,0,0,0,0,0,0,0,'',0),(4950,0,0,0,0,0,0,0,0,0,0,0,0,0,'',0),(4951,0,0,0,0,0,0,0,0,0,0,0,0,0,'',0),(4952,0,0,0,0,0,0,0,0,0,0,0,0,0,'',0),(4953,7,1,0,0,0,0,0,0,0,0,0,0,0,'en',0),(4954,0,0,0,0,0,0,0,0,0,0,0,0,0,'',0),(4955,0,0,0,0,0,0,0,0,0,0,0,0,0,'',0),(4956,0,0,0,0,0,0,0,0,0,0,0,0,0,'',0),(4957,0,0,0,0,0,0,0,0,0,0,0,0,0,'',0),(4958,0,0,0,0,0,0,0,0,0,0,0,0,0,'',0),(4959,0,0,0,0,0,0,0,0,0,0,0,0,0,'',0),(4960,0,0,0,0,0,0,0,0,0,0,0,0,0,'',0),(4961,0,0,0,0,0,0,0,0,0,0,0,0,0,'',0),(4962,0,0,0,0,0,0,0,0,0,0,0,0,0,'',0),(4963,0,0,0,0,0,0,0,0,0,0,0,0,0,'',0),(4964,0,0,0,0,0,0,0,0,0,0,0,0,0,'',0),(4965,3,3,0,0,0,0,0,0,0,0,0,0,0,'fr',0),(4966,0,0,0,0,0,0,0,0,0,0,0,0,0,'',0),(4967,0,0,0,0,0,0,0,0,0,0,0,0,0,'',0),(4968,0,0,0,0,0,0,0,0,0,0,0,0,0,'',0),(4969,6,11,0,0,0,0,0,0,0,0,0,0,0,'en',0),(4970,0,0,0,0,0,0,0,0,0,0,0,0,0,'',0),(4971,0,0,0,0,0,0,0,0,0,0,0,0,0,'',0),(4972,0,0,0,0,0,0,0,0,0,0,0,0,0,'',0),(4973,0,0,0,0,0,0,0,0,0,0,0,0,0,'',0),(4974,0,0,0,0,0,0,0,0,0,0,0,0,0,'',0),(4975,9,11,0,0,0,0,0,0,0,0,0,0,0,'',0),(4976,9,11,0,0,0,0,0,0,0,0,0,0,0,'',0),(4977,9,11,0,0,0,0,0,0,0,0,0,0,0,'',0),(4978,0,0,0,0,0,0,0,0,0,0,0,0,0,'',0),(4979,0,0,0,0,0,0,0,0,0,0,0,0,0,'',0),(4980,9,11,0,0,0,0,0,0,0,0,0,0,0,'',0),(4981,9,11,0,0,0,0,0,0,0,0,0,0,0,'',0),(4982,0,0,0,0,0,0,0,0,0,0,0,0,0,'',0),(4983,0,0,0,0,0,0,0,0,0,0,0,0,0,'',0),(4984,6,11,0,0,0,0,0,0,0,0,0,0,0,'tr',0),(4985,6,11,0,0,0,0,0,0,0,0,0,0,0,'en',0),(4986,0,0,0,0,0,0,0,0,0,0,0,0,0,'',0),(4987,0,0,0,0,0,0,0,0,0,0,0,0,0,'',0),(4988,0,0,0,0,0,0,0,0,0,0,0,0,0,'',0),(4989,7,1,0,0,0,0,0,0,0,0,0,0,0,'',0),(4990,0,0,0,0,0,0,0,0,0,0,0,0,0,'',0),(4991,0,0,0,0,0,0,0,0,0,0,0,0,0,'',0),(4992,0,0,0,0,0,0,0,0,0,0,0,0,0,'',0),(4993,0,0,0,0,0,0,0,0,0,0,0,0,0,'',0),(4994,0,0,0,0,0,0,0,0,0,0,0,0,0,'',0),(4995,0,0,0,0,0,0,0,0,0,0,0,0,0,'',0),(4996,0,0,0,0,0,0,0,0,0,0,0,0,0,'',0),(4997,6,11,0,0,0,0,0,0,0,0,0,0,0,'en',0),(4998,6,11,0,0,0,0,0,0,0,0,0,0,0,'en',0),(4999,6,3,0,0,0,0,0,0,0,0,0,0,0,'es',0),(5000,0,0,0,0,0,0,0,0,0,0,0,0,0,'',0),(5001,6,11,0,0,0,0,0,0,0,0,0,0,0,'es',0),(5002,0,0,0,0,0,0,0,0,0,0,0,0,0,'',0),(5003,9,11,0,0,0,0,0,0,0,0,0,0,0,'',0),(5004,0,0,0,0,0,0,0,0,0,0,0,0,0,'',0),(5005,0,0,0,0,0,0,0,0,0,0,0,0,0,'',0),(5006,0,0,0,0,0,0,0,0,0,0,0,0,0,'',0),(5007,0,0,0,0,0,0,0,0,0,0,0,0,0,'',0),(5008,0,0,0,0,0,0,0,0,0,0,0,0,0,'',0),(5009,0,0,0,0,0,0,0,0,0,0,0,0,0,'',0),(5010,0,0,0,0,0,0,0,0,0,0,0,0,0,'',0),(5011,0,0,0,0,0,0,0,0,0,0,0,0,0,'',0),(5012,0,0,0,0,0,0,0,0,0,0,0,0,0,'',0),(5013,0,0,0,0,0,0,0,0,0,0,0,0,0,'',0),(5014,0,0,0,0,0,0,0,0,0,0,0,0,0,'',0),(5015,0,0,0,0,0,0,0,0,0,0,0,0,0,'',0),(5016,0,0,0,0,0,0,0,0,0,0,0,0,0,'',0),(5017,0,0,0,0,0,0,0,0,0,0,0,0,0,'',0),(5018,0,0,0,0,0,0,0,0,0,0,0,0,0,'',0),(5019,0,0,0,0,0,0,0,0,0,0,0,0,0,'',0),(5020,0,0,0,0,0,0,0,0,0,0,0,0,0,'',0),(5021,0,0,0,0,0,0,0,0,0,0,0,0,0,'',0),(5022,0,0,0,0,0,0,0,0,0,0,0,0,0,'',0),(5023,0,0,0,0,0,0,0,0,0,0,0,0,0,'',0),(5024,0,0,0,0,0,0,0,0,0,0,0,0,0,'',0),(5025,0,0,0,0,0,0,0,0,0,0,0,0,0,'',0),(5026,0,0,0,0,0,0,0,0,0,0,0,0,0,'',0),(5027,0,0,0,0,0,0,0,0,0,0,0,0,0,'',0),(5028,0,0,0,0,0,0,0,0,0,0,0,0,0,'',0),(5029,0,0,0,0,0,0,0,0,0,0,0,0,0,'',0),(5030,0,0,0,0,0,0,0,0,0,0,0,0,0,'',0),(5031,0,0,0,0,0,0,0,0,0,0,0,0,0,'',0),(5032,0,0,0,0,0,0,0,0,0,0,0,0,0,'',0),(5033,0,0,0,0,0,0,0,0,0,0,0,0,0,'',0),(5034,0,0,0,0,0,0,0,0,0,0,0,0,0,'',0),(5035,0,0,0,0,0,0,0,0,0,0,0,0,0,'',0),(5036,0,0,0,0,0,0,0,0,0,0,0,0,0,'',0),(5037,0,0,0,0,0,0,0,0,0,0,0,0,0,'',0),(5038,0,0,0,0,0,0,0,0,0,0,0,0,0,'',0),(5039,0,0,0,0,0,0,0,0,0,0,0,0,0,'',0),(5040,0,0,0,0,0,0,0,0,0,0,0,0,0,'',0),(5041,0,0,0,0,0,0,0,0,0,0,0,0,0,'',0),(5042,7,1,0,0,0,0,0,0,0,0,0,0,0,'',0),(5043,0,0,0,0,0,0,0,0,0,0,0,0,0,'',0),(5044,0,0,0,0,0,0,0,0,0,0,0,0,0,'',0),(5045,0,0,0,0,0,0,0,0,0,0,0,0,0,'',0),(5046,9,11,0,0,0,0,0,0,0,0,0,0,0,'',0),(5047,0,0,0,0,0,0,0,0,0,0,0,0,0,'',0),(5048,7,1,0,0,0,0,0,0,0,0,0,0,0,'',0),(5049,0,0,0,0,0,0,0,0,0,0,0,0,0,'',0),(5050,0,0,0,0,0,0,0,0,0,0,0,0,0,'',0),(5051,0,0,0,0,0,0,0,0,0,0,0,0,0,'',0),(5052,0,0,0,0,0,0,0,0,0,0,0,0,0,'',0),(5053,0,0,0,0,0,0,0,0,0,0,0,0,0,'',0),(5054,0,0,0,0,0,0,0,0,0,0,0,0,0,'',0),(5055,0,0,0,0,0,0,0,0,0,0,0,0,0,'',0),(5056,0,0,0,0,0,0,0,0,0,0,0,0,0,'',0),(5057,0,0,0,0,0,0,0,0,0,0,0,0,0,'',0),(5058,0,0,0,0,0,0,0,0,0,0,0,0,0,'',0),(5059,0,0,0,0,0,0,0,0,0,0,0,0,0,'',0),(5060,0,0,0,0,0,0,0,0,0,0,0,0,0,'',0),(5061,0,0,0,0,0,0,0,0,0,0,0,0,0,'',0),(5062,0,0,0,0,0,0,0,0,0,0,0,0,0,'',0),(5063,0,0,0,0,0,0,0,0,0,0,0,0,0,'',0),(5064,0,0,0,0,0,0,0,0,0,0,0,0,0,'',0),(5065,0,0,0,0,0,0,0,0,0,0,0,0,0,'',0),(5066,0,0,0,0,0,0,0,0,0,0,0,0,0,'',0),(5067,0,0,0,0,0,0,0,0,0,0,0,0,0,'',0),(5068,0,0,0,0,0,0,0,0,0,0,0,0,0,'',0),(5069,0,0,0,0,0,0,0,0,0,0,0,0,0,'',0),(5070,0,0,0,0,0,0,0,0,0,0,0,0,0,'',0),(5071,0,0,0,0,0,0,0,0,0,0,0,0,0,'',0),(5072,0,0,0,0,0,0,0,0,0,0,0,0,0,'',0),(5073,0,0,0,0,0,0,0,0,0,0,0,0,0,'',0),(5074,0,0,0,0,0,0,0,0,0,0,0,0,0,'',0),(5075,0,0,0,0,0,0,0,0,0,0,0,0,0,'',0),(5076,0,0,0,0,0,0,0,0,0,0,0,0,0,'',0),(5077,0,0,0,0,0,0,0,0,0,0,0,0,0,'',0),(5078,0,0,0,0,0,0,0,0,0,0,0,0,0,'',0),(5079,0,0,0,0,0,0,0,0,0,0,0,0,0,'',0),(5080,0,0,0,0,0,0,0,0,0,0,0,0,0,'',0),(5081,0,0,0,0,0,0,0,0,0,0,0,0,0,'',0),(5082,0,0,0,0,0,0,0,0,0,0,0,0,0,'',0),(5083,0,0,0,0,0,0,0,0,0,0,0,0,0,'',0),(5084,0,0,0,0,0,0,0,0,0,0,0,0,0,'',0),(5085,0,0,0,0,0,0,0,0,0,0,0,0,0,'',0),(5086,0,0,0,0,0,0,0,0,0,0,0,0,0,'',0),(5087,0,0,0,0,0,0,0,0,0,0,0,0,0,'',0),(5088,0,0,0,0,0,0,0,0,0,0,0,0,0,'',0),(5089,0,0,0,0,0,0,0,0,0,0,0,0,0,'',0),(5090,0,0,0,0,0,0,0,0,0,0,0,0,0,'',0),(5091,0,0,0,0,0,0,0,0,0,0,0,0,0,'',0),(5092,0,0,0,0,0,0,0,0,0,0,0,0,0,'',0),(5093,0,0,0,0,0,0,0,0,0,0,0,0,0,'',0),(5094,0,0,0,0,0,0,0,0,0,0,0,0,0,'',0),(5095,0,0,0,0,0,0,0,0,0,0,0,0,0,'',0),(5096,0,0,0,0,0,0,0,0,0,0,0,0,0,'',0),(5097,0,0,0,0,0,0,0,0,0,0,0,0,0,'',0),(5098,0,0,0,0,0,0,0,0,0,0,0,0,0,'',0),(5099,0,0,0,0,0,0,0,0,0,0,0,0,0,'',0),(5100,0,0,0,0,0,0,0,0,0,0,0,0,0,'',0),(5101,0,0,0,0,0,0,0,0,0,0,0,0,0,'',0),(5102,0,0,0,0,0,0,0,0,0,0,0,0,0,'',0),(5103,0,0,0,0,0,0,0,0,0,0,0,0,0,'',0),(5104,0,0,0,0,0,0,0,0,0,0,0,0,0,'',0),(5105,0,0,0,0,0,0,0,0,0,0,0,0,0,'',0),(5106,0,0,0,0,0,0,0,0,0,0,0,0,0,'',0),(5107,0,0,0,0,0,0,0,0,0,0,0,0,0,'',0),(5108,0,0,0,0,0,0,0,0,0,0,0,0,0,'',0),(5109,0,0,0,0,0,0,0,0,0,0,0,0,0,'',0),(5110,0,0,0,0,0,0,0,0,0,0,0,0,0,'',0),(5111,0,0,0,0,0,0,0,0,0,0,0,0,0,'',0),(5112,0,0,0,0,0,0,0,0,0,0,0,0,0,'',0),(5113,0,0,0,0,0,0,0,0,0,0,0,0,0,'',0),(5114,0,0,0,0,0,0,0,0,0,0,0,0,0,'',0),(5115,0,0,0,0,0,0,0,0,0,0,0,0,0,'',0),(5116,0,0,0,0,0,0,0,0,0,0,0,0,0,'',0),(5117,0,0,0,0,0,0,0,0,0,0,0,0,0,'',0),(5118,0,0,0,0,0,0,0,0,0,0,0,0,0,'',0),(5119,6,11,0,0,0,0,0,0,0,0,0,0,0,'es',0),(5120,0,0,0,0,0,0,0,0,0,0,0,0,0,'',0),(5121,0,0,0,0,0,0,0,0,0,0,0,0,0,'',0),(5122,0,0,0,0,0,0,0,0,0,0,0,0,0,'',0),(5123,0,0,0,0,0,0,0,0,0,0,0,0,0,'',0),(5124,0,0,0,0,0,0,0,0,0,0,0,0,0,'',0),(5125,0,0,0,0,0,0,0,0,0,0,0,0,0,'',0),(5126,0,0,0,0,0,0,0,0,0,0,0,0,0,'es',0),(5127,0,0,0,0,0,0,0,0,0,0,0,0,0,'',0),(5128,0,0,0,0,0,0,0,0,0,0,0,0,0,'',0),(5129,0,0,0,0,0,0,0,0,0,0,0,0,0,'',0),(5130,0,0,0,0,0,0,0,0,0,0,0,0,0,'',0),(5131,0,0,0,0,0,0,0,0,0,0,0,0,0,'',0),(5132,0,0,0,0,0,0,0,0,0,0,0,0,0,'',0),(5133,6,3,0,0,0,0,0,0,0,0,0,0,0,'es',0),(5134,0,0,0,0,0,0,0,0,0,0,0,0,0,'',0),(5135,8,11,0,0,0,0,0,0,0,0,0,0,0,'en',0),(5136,8,11,0,0,0,0,0,0,0,0,0,0,0,'en',0),(5137,0,0,0,0,0,0,0,0,0,0,0,0,0,'',0),(5138,0,0,0,0,0,0,0,0,0,0,0,0,0,'',0),(5139,0,0,0,0,0,0,0,0,0,0,0,0,0,'',0),(5140,0,0,0,0,0,0,0,0,0,0,0,0,0,'',0),(5141,0,0,0,0,0,0,0,0,0,0,0,0,0,'',0),(5142,0,0,0,0,0,0,0,0,0,0,0,0,0,'',0),(5143,6,3,0,0,0,0,0,0,0,0,0,0,0,'es',0),(5144,0,0,0,0,0,0,0,0,0,0,0,0,0,'',0),(5145,9,11,0,0,0,0,0,0,0,0,0,0,0,'',0),(5146,0,0,0,0,0,0,0,0,0,0,0,0,0,'',0),(5147,0,0,0,0,0,0,0,0,0,0,0,0,0,'',0),(5148,0,0,0,0,0,0,0,0,0,0,0,0,0,'',0),(5149,0,0,0,0,0,0,0,0,0,0,0,0,0,'',0),(5150,0,0,0,0,0,0,0,0,0,0,0,0,0,'',0),(5151,0,0,0,0,0,0,0,0,0,0,0,0,0,'',0),(5152,0,0,0,0,0,0,0,0,0,0,0,0,0,'',0),(5153,8,11,79,0,0,0,0,0,0,0,0,0,0,'en',0),(5154,0,0,0,0,0,0,0,0,0,0,0,0,0,'',0),(5155,0,0,0,0,0,0,0,0,0,0,0,0,0,'',0),(5156,0,0,0,0,0,0,0,0,0,0,0,0,0,'',0),(5157,0,0,0,0,0,0,0,0,0,0,0,0,0,'',0),(5158,0,0,0,0,0,0,0,0,0,0,0,0,0,'',0),(5159,0,0,0,0,0,0,0,0,0,0,0,0,0,'',0),(5160,3,3,0,0,0,0,0,0,0,0,0,0,0,'es',0),(5161,0,0,0,0,0,0,0,0,0,0,0,0,0,'',0),(5162,0,0,0,0,0,0,0,0,0,0,0,0,0,'',0),(5163,0,0,0,0,0,0,0,0,0,0,0,0,0,'',0),(5164,0,0,0,0,0,0,0,0,0,0,0,0,0,'',0),(5165,0,0,0,0,0,0,0,0,0,0,0,0,0,'',0),(5166,0,0,0,0,0,0,0,0,0,0,0,0,0,'',0),(5167,0,0,0,0,0,0,0,0,0,0,0,0,0,'',0),(5168,0,0,0,0,0,0,0,0,0,0,0,0,0,'',0),(5169,0,0,0,0,0,0,0,0,0,0,0,0,0,'',0),(5170,0,0,0,0,0,0,0,0,0,0,0,0,0,'',0),(5171,0,0,0,0,0,0,0,0,0,0,0,0,0,'',0),(5172,0,0,0,0,0,0,0,0,0,0,0,0,0,'',0),(5173,0,0,0,0,0,0,0,0,0,0,0,0,0,'',0),(5174,0,0,0,0,0,0,0,0,0,0,0,0,0,'',0),(5175,0,0,0,0,0,0,0,0,0,0,0,0,0,'',0),(5176,0,0,0,0,0,0,0,0,0,0,0,0,0,'',0),(5177,0,0,0,0,0,0,0,0,0,0,0,0,0,'',0),(5178,7,1,0,0,0,0,0,0,0,0,0,0,0,'',0),(5179,0,0,0,0,0,0,0,0,0,0,0,0,0,'',0),(5180,0,0,0,0,0,0,0,0,0,0,0,0,0,'',0),(5181,0,0,0,0,0,0,0,0,0,0,0,0,0,'',0),(5182,0,0,0,0,0,0,0,0,0,0,0,0,0,'',0),(5183,9,11,0,0,0,0,0,0,0,0,0,0,0,'',0),(5184,0,0,0,0,0,0,0,0,0,0,0,0,0,'',0),(5185,0,0,0,0,0,0,0,0,0,0,0,0,0,'',0),(5186,0,0,0,0,0,0,0,0,0,0,0,0,0,'',0),(5187,0,0,0,0,0,0,0,0,0,0,0,0,0,'',0),(5188,0,0,0,0,0,0,0,0,0,0,0,0,0,'',0),(5189,0,0,0,0,0,0,0,0,0,0,0,0,0,'',0),(5190,9,11,0,0,0,0,0,0,0,0,0,0,0,'',0),(5191,9,11,0,0,0,0,0,0,0,0,0,0,0,'',0),(5192,0,0,0,0,0,0,0,0,0,0,0,0,0,'',0),(5193,9,11,0,0,0,0,0,0,0,0,0,0,0,'',0),(5194,9,11,0,0,0,0,0,0,0,0,0,0,0,'',0),(5195,0,0,0,0,0,0,0,0,0,0,0,0,0,'',0),(5196,9,11,0,0,0,0,0,0,0,0,0,0,0,'',0),(5197,9,11,0,0,0,0,0,0,0,0,0,0,0,'',0),(5198,9,11,0,0,0,0,0,0,0,0,0,0,0,'',0),(5199,9,11,0,0,0,0,0,0,0,0,0,0,0,'',0),(5200,9,11,0,0,0,0,0,0,0,0,0,0,0,'',0),(5201,9,11,0,0,0,0,0,0,0,0,0,0,0,'',0),(5202,9,11,0,0,0,0,0,0,0,0,0,0,0,'',0),(5203,9,11,0,0,0,0,0,0,0,0,0,0,0,'',0),(5204,9,11,0,0,0,0,0,0,0,0,0,0,0,'',0),(5205,9,11,0,0,0,0,0,0,0,0,0,0,0,'',0),(5206,0,0,0,0,0,0,0,0,0,0,0,0,0,'',0),(5207,9,11,0,0,0,0,0,0,0,0,0,0,0,'',0),(5208,9,11,0,0,0,0,0,0,0,0,0,0,0,'',0),(5209,9,11,0,0,0,0,0,0,0,0,0,0,0,'',0),(5210,9,11,0,0,0,0,0,0,0,0,0,0,0,'',0),(5211,9,11,0,0,0,0,0,0,0,0,0,0,0,'',0),(5212,9,11,0,0,0,0,0,0,0,0,0,0,0,'',0),(5213,9,11,0,0,0,0,0,0,0,0,0,0,0,'',0),(5214,9,11,0,0,0,0,0,0,0,0,0,0,0,'',0),(5215,9,11,0,0,0,0,0,0,0,0,0,0,0,'',0),(5216,9,11,0,0,0,0,0,0,0,0,0,0,0,'',0),(5217,9,11,0,0,0,0,0,0,0,0,0,0,0,'',0),(5218,9,11,0,0,0,0,0,0,0,0,0,0,0,'',0),(5219,9,11,0,0,0,0,0,0,0,0,0,0,0,'',0),(5220,0,0,0,0,0,0,0,0,0,0,0,0,0,'',0),(5221,9,11,0,0,0,0,0,0,0,0,0,0,0,'',0),(5222,9,11,0,0,0,0,0,0,0,0,0,0,0,'',0),(5223,9,11,0,0,0,0,0,0,0,0,0,0,0,'',0),(5224,0,0,0,0,0,0,0,0,0,0,0,0,0,'',0),(5225,9,11,0,0,0,0,0,0,0,0,0,0,0,'',0),(5226,9,11,0,0,0,0,0,0,0,0,0,0,0,'',0),(5227,0,0,0,0,0,0,0,0,0,0,0,0,0,'',0),(5228,0,0,0,0,0,0,0,0,0,0,0,0,0,'',0),(5229,0,0,0,0,0,0,0,0,0,0,0,0,0,'',0),(5230,0,0,0,0,0,0,0,0,0,0,0,0,0,'',0),(5231,0,0,0,0,0,0,0,0,0,0,0,0,0,'',0),(5232,0,0,0,0,0,0,0,0,0,0,0,0,0,'',0),(5233,0,0,0,0,0,0,0,0,0,0,0,0,0,'',0),(5234,0,0,0,0,0,0,0,0,0,0,0,0,0,'',0),(5235,0,0,0,0,0,0,0,0,0,0,0,0,0,'',0),(5236,0,0,0,0,0,0,0,0,0,0,0,0,0,'',0),(5237,0,0,0,0,0,0,0,0,0,0,0,0,0,'',0),(5238,0,0,0,0,0,0,0,0,0,0,0,0,0,'',0),(5239,0,0,0,0,0,0,0,0,0,0,0,0,0,'',0),(5240,0,0,0,0,0,0,0,0,0,0,0,0,0,'',0),(5241,0,0,0,0,0,0,0,0,0,0,0,0,0,'',0),(5242,0,0,0,0,0,0,0,0,0,0,0,0,0,'',0),(5243,0,0,0,0,0,0,0,0,0,0,0,0,0,'',0),(5244,0,0,0,0,0,0,0,0,0,0,0,0,0,'',0),(5245,0,0,0,0,0,0,0,0,0,0,0,0,0,'',0),(5246,0,0,0,0,0,0,0,0,0,0,0,0,0,'',0),(5247,0,0,0,0,0,0,0,0,0,0,0,0,0,'',0),(5248,0,0,0,0,0,0,0,0,0,0,0,0,0,'',0),(5249,0,0,0,0,0,0,0,0,0,0,0,0,0,'',0),(5250,0,0,0,0,0,0,0,0,0,0,0,0,0,'',0),(5251,9,11,0,0,0,0,0,0,0,0,0,0,0,'',0),(5252,0,0,0,0,0,0,0,0,0,0,0,0,0,'',0),(5253,9,11,0,0,0,0,0,0,0,0,0,0,0,'',0),(5254,0,0,0,0,0,0,0,0,0,0,0,0,0,'',0),(5255,0,0,0,0,0,0,0,0,0,0,0,0,0,'',0),(5256,0,0,0,0,0,0,0,0,0,0,0,0,0,'',0),(5257,6,11,0,0,0,0,0,0,0,0,0,0,0,'it',0),(5258,0,0,0,0,0,0,0,0,0,0,0,0,0,'',0),(5259,9,11,0,0,0,0,0,0,0,0,0,0,0,'',0),(5260,0,0,0,0,0,0,0,0,0,0,0,0,0,'',0),(5261,9,11,0,0,0,0,0,0,0,0,0,0,0,'',0),(5262,0,0,0,0,0,0,0,0,0,0,0,0,0,'',0),(5263,0,0,0,0,0,0,0,0,0,0,0,0,0,'',0),(5264,0,0,0,0,0,0,0,0,0,0,0,0,0,'',0),(5265,0,0,0,0,0,0,0,0,0,0,0,0,0,'',0),(5266,0,0,0,0,0,0,0,0,0,0,0,0,0,'',0),(5267,0,0,0,0,0,0,0,0,0,0,0,0,0,'',0),(5268,0,0,0,0,0,0,0,0,0,0,0,0,0,'',0),(5269,0,0,0,0,0,0,0,0,0,0,0,0,0,'',0),(5270,0,0,0,0,0,0,0,0,0,0,0,0,0,'',0),(5271,0,0,0,0,0,0,0,0,0,0,0,0,0,'',0),(5272,0,0,0,0,0,0,0,0,0,0,0,0,0,'',0),(5273,0,0,0,0,0,0,0,0,0,0,0,0,0,'',0),(5274,0,0,0,0,0,0,0,0,0,0,0,0,0,'',0),(5275,0,0,0,0,0,0,0,0,0,0,0,0,0,'',0),(5276,0,0,0,0,0,0,0,0,0,0,0,0,0,'',0),(5277,0,0,0,0,0,0,0,0,0,0,0,0,0,'',0),(5278,0,0,0,0,0,0,0,0,0,0,0,0,0,'',0),(5279,0,0,0,0,0,0,0,0,0,0,0,0,0,'',0),(5280,0,0,0,0,0,0,0,0,0,0,0,0,0,'',0),(5281,0,0,0,0,0,0,0,0,0,0,0,0,0,'',0),(5282,0,0,0,0,0,0,0,0,0,0,0,0,0,'',0),(5283,0,0,0,0,0,0,0,0,0,0,0,0,0,'',0),(5284,0,0,0,0,0,0,0,0,0,0,0,0,0,'',0),(5285,0,0,0,0,0,0,0,0,0,0,0,0,0,'',0),(5286,0,0,0,0,0,0,0,0,0,0,0,0,0,'',0),(5287,0,0,0,0,0,0,0,0,0,0,0,0,0,'',0),(5288,0,0,0,0,0,0,0,0,0,0,0,0,0,'',0),(5289,0,0,0,0,0,0,0,0,0,0,0,0,0,'',0),(5290,0,0,0,0,0,0,0,0,0,0,0,0,0,'',0),(5291,0,0,0,0,0,0,0,0,0,0,0,0,0,'',0),(5292,0,0,0,0,0,0,0,0,0,0,0,0,0,'',0),(5293,0,0,0,0,0,0,0,0,0,0,0,0,0,'',0),(5294,0,0,0,0,0,0,0,0,0,0,0,0,0,'',0),(5295,0,0,0,0,0,0,0,0,0,0,0,0,0,'',0),(5296,0,0,0,0,0,0,0,0,0,0,0,0,0,'',0),(5297,0,0,0,0,0,0,0,0,0,0,0,0,0,'',0),(5298,0,0,0,0,0,0,0,0,0,0,0,0,0,'',0),(5299,0,0,0,0,0,0,0,0,0,0,0,0,0,'',0),(5300,0,0,0,0,0,0,0,0,0,0,0,0,0,'',0),(5301,0,0,0,0,0,0,0,0,0,0,0,0,0,'',0),(5302,0,0,0,0,0,0,0,0,0,0,0,0,0,'',0),(5303,0,0,0,0,0,0,0,0,0,0,0,0,0,'',0),(5304,9,11,0,0,0,0,0,0,0,0,0,0,0,'',0),(5305,0,0,0,0,0,0,0,0,0,0,0,0,0,'',0),(5306,0,0,0,0,0,0,0,0,0,0,0,0,0,'',0),(5307,0,0,0,0,0,0,0,0,0,0,0,0,0,'',0),(5308,0,0,0,0,0,0,0,0,0,0,0,0,0,'',0),(5309,0,0,0,0,0,0,0,0,0,0,0,0,0,'',0),(5310,0,0,0,0,0,0,0,0,0,0,0,0,0,'',0),(5311,0,0,0,0,0,0,0,0,0,0,0,0,0,'',0),(5312,0,0,0,0,0,0,0,0,0,0,0,0,0,'',0),(5313,0,0,0,0,0,0,0,0,0,0,0,0,0,'',0),(5314,0,0,0,0,0,0,0,0,0,0,0,0,0,'',0),(5315,0,0,0,0,0,0,0,0,0,0,0,0,0,'',0),(5316,0,0,0,0,0,0,0,0,0,0,0,0,0,'',0),(5317,0,0,0,0,0,0,0,0,0,0,0,0,0,'',0),(5318,0,0,0,0,0,0,0,0,0,0,0,0,0,'',0),(5319,0,0,0,0,0,0,0,0,0,0,0,0,0,'',0),(5320,0,0,0,0,0,0,0,0,0,0,0,0,0,'',0),(5321,0,0,0,0,0,0,0,0,0,0,0,0,0,'',0),(5322,0,0,0,0,0,0,0,0,0,0,0,0,0,'',0),(5323,0,0,0,0,0,0,0,0,0,0,0,0,0,'',0),(5324,0,0,0,0,0,0,0,0,0,0,0,0,0,'',0),(5325,0,0,0,0,0,0,0,0,0,0,0,0,0,'',0),(5326,0,0,0,0,0,0,0,0,0,0,0,0,0,'',0),(5327,0,0,0,0,0,0,0,0,0,0,0,0,0,'',0),(5328,0,0,0,0,0,0,0,0,0,0,0,0,0,'',0),(5329,0,0,0,0,0,0,0,0,0,0,0,0,0,'',0),(5330,0,0,0,0,0,0,0,0,0,0,0,0,0,'',0),(5331,0,0,0,0,0,0,0,0,0,0,0,0,0,'',0),(5332,0,0,0,0,0,0,0,0,0,0,0,0,0,'',0),(5333,0,0,0,0,0,0,0,0,0,0,0,0,0,'',0),(5334,0,0,0,0,0,0,0,0,0,0,0,0,0,'',0),(5335,0,0,0,0,0,0,0,0,0,0,0,0,0,'',0),(5336,0,0,0,0,0,0,0,0,0,0,0,0,0,'',0),(5337,9,11,0,0,0,0,0,0,0,0,0,0,0,'',0),(5338,0,0,0,0,0,0,0,0,0,0,0,0,0,'',0),(5339,0,0,0,0,0,0,0,0,0,0,0,0,0,'',0),(5340,6,11,0,0,0,0,0,0,0,0,0,0,0,'ro',0),(5341,0,0,0,0,0,0,0,0,0,0,0,0,0,'en',0),(5342,0,0,0,0,0,0,0,0,0,0,0,0,0,'',0),(5343,0,0,0,0,0,0,0,0,0,0,0,0,0,'',0),(5344,0,0,0,0,0,0,0,0,0,0,0,0,0,'',0),(5345,0,0,0,0,0,0,0,0,0,0,0,0,0,'',0),(5346,0,0,0,0,0,0,0,0,0,0,0,0,0,'',0),(5347,6,11,0,0,0,0,0,0,0,0,0,0,0,'en',0),(5348,6,11,0,0,0,0,0,0,0,0,0,0,0,'en',0),(5349,7,3,0,0,0,0,0,0,0,0,0,0,0,'fr',0),(5350,0,0,0,0,0,0,0,0,0,0,0,0,0,'',0),(5351,7,1,0,0,0,0,0,0,0,0,0,0,0,'',0),(5352,0,0,0,0,0,0,0,0,0,0,0,0,0,'',0),(5353,0,0,0,0,0,0,0,0,0,0,0,0,0,'',0),(5354,0,0,0,0,0,0,0,0,0,0,0,0,0,'',0),(5355,7,11,0,0,0,0,0,0,0,0,0,0,0,'es',0),(5356,0,0,0,0,0,0,0,0,0,0,0,0,0,'',0),(5357,0,0,0,0,0,0,0,0,0,0,0,0,0,'',0),(5358,0,0,0,0,0,0,0,0,0,0,0,0,0,'',0),(5359,0,0,0,0,0,0,0,0,0,0,0,0,0,'',0),(5360,0,0,0,0,0,0,0,0,0,0,0,0,0,'',0),(5361,0,0,0,0,0,0,0,0,0,0,0,0,0,'',0),(5362,0,0,0,0,0,0,0,0,0,0,0,0,0,'',0),(5363,0,0,0,0,0,0,0,0,0,0,0,0,0,'',0),(5364,0,0,0,0,0,0,0,0,0,0,0,0,0,'',0),(5365,9,11,0,0,0,0,0,0,0,0,0,0,0,'',0),(5366,0,0,0,0,0,0,0,0,0,0,0,0,0,'',0),(5367,0,0,0,0,0,0,0,0,0,0,0,0,0,'',0),(5368,0,0,0,0,0,0,0,0,0,0,0,0,0,'',0),(5369,0,0,0,0,0,0,0,0,0,0,0,0,0,'',0),(5370,0,0,0,0,0,0,0,0,0,0,0,0,0,'',0),(5371,0,0,0,0,0,0,0,0,0,0,0,0,0,'',0),(5372,0,0,0,0,0,0,0,0,0,0,0,0,0,'',0),(5373,6,11,0,0,0,0,0,0,0,0,0,0,0,'en',0),(5374,0,0,0,0,0,0,0,0,0,0,0,0,0,'',0),(5375,9,11,0,0,0,0,0,0,0,0,0,0,0,'',0),(5376,0,0,0,0,0,0,0,0,0,0,0,0,0,'',0),(5377,0,0,0,0,0,0,0,0,0,0,0,0,0,'',0),(5378,0,0,0,0,0,0,0,0,0,0,0,0,0,'',0),(5379,0,0,0,0,0,0,0,0,0,0,0,0,0,'',0),(5380,9,11,0,0,0,0,0,0,0,0,0,0,0,'',0),(5381,9,11,0,0,0,0,0,0,0,0,0,0,0,'',0),(5382,0,0,0,0,0,0,0,0,0,0,0,0,0,'',0),(5383,6,11,0,0,0,0,0,0,0,0,0,0,0,'en',0),(5384,0,0,0,0,0,0,0,0,0,0,0,0,0,'',0),(5385,6,11,0,0,0,0,0,0,0,0,0,0,0,'en',0),(5386,0,0,0,0,0,0,0,0,0,0,0,0,0,'',0),(5387,0,0,0,0,0,0,0,0,0,0,0,0,0,'',0),(5388,0,0,0,0,0,0,0,0,0,0,0,0,0,'',0),(5389,0,0,0,0,0,0,0,0,0,0,0,0,0,'',0),(5390,0,0,0,0,0,0,0,0,0,0,0,0,0,'',0),(5391,0,0,0,0,0,0,0,0,0,0,0,0,0,'',0),(5392,0,0,0,0,0,0,0,0,0,0,0,0,0,'',0),(5393,0,0,0,0,0,0,0,0,0,0,0,0,0,'',0),(5394,0,0,0,0,0,0,0,0,0,0,0,0,0,'',0),(5395,0,0,0,0,0,0,0,0,0,0,0,0,0,'',0),(5396,0,0,0,0,0,0,0,0,0,0,0,0,0,'',0),(5397,0,0,0,0,0,0,0,0,0,0,0,0,0,'',0),(5398,0,0,0,0,0,0,0,0,0,0,0,0,0,'',0),(5399,0,0,0,0,0,0,0,0,0,0,0,0,0,'',0),(5400,0,0,0,0,0,0,0,0,0,0,0,0,0,'',0),(5401,0,0,0,0,0,0,0,0,0,0,0,0,0,'',0),(5402,0,0,0,0,0,0,0,0,0,0,0,0,0,'',0),(5403,0,0,0,0,0,0,0,0,0,0,0,0,0,'',0),(5404,0,0,0,0,0,0,0,0,0,0,0,0,0,'',0),(5405,0,0,0,0,0,0,0,0,0,0,0,0,0,'',0),(5406,0,0,0,0,0,0,0,0,0,0,0,0,0,'',0),(5407,0,0,0,0,0,0,0,0,0,0,0,0,0,'',0),(5408,0,0,0,0,0,0,0,0,0,0,0,0,0,'',0),(5409,0,0,0,0,0,0,0,0,0,0,0,0,0,'',0),(5410,0,0,0,0,0,0,0,0,0,0,0,0,0,'',0),(5411,9,11,0,0,0,0,0,0,0,0,0,0,0,'',0),(5412,0,0,0,0,0,0,0,0,0,0,0,0,0,'',0),(5413,0,0,0,0,0,0,0,0,0,0,0,0,0,'',0),(5414,0,0,0,0,0,0,0,0,0,0,0,0,0,'',0),(5415,0,0,0,0,0,0,0,0,0,0,0,0,0,'',0),(5416,0,0,0,0,0,0,0,0,0,0,0,0,0,'',0),(5417,0,0,0,0,0,0,0,0,0,0,0,0,0,'',0),(5418,0,0,0,0,0,0,0,0,0,0,0,0,0,'',0),(5419,0,0,0,0,0,0,0,0,0,0,0,0,0,'',0),(5420,9,11,0,0,0,0,0,0,0,0,0,0,0,'',0),(5421,0,0,0,0,0,0,0,0,0,0,0,0,0,'',0),(5422,9,1,0,0,0,0,0,0,0,0,0,0,0,'',0),(5423,0,0,0,0,0,0,0,0,0,0,0,0,0,'',0),(5424,0,0,0,0,0,0,0,0,0,0,0,0,0,'',0),(5425,0,0,0,0,0,0,0,0,0,0,0,0,0,'',0),(5426,0,0,0,0,0,0,0,0,0,0,0,0,0,'',0),(5427,0,0,0,0,0,0,0,0,0,0,0,0,0,'',0),(5428,0,0,0,0,0,0,0,0,0,0,0,0,0,'',0),(5429,0,0,0,0,0,0,0,0,0,0,0,0,0,'',0),(5430,0,0,0,0,0,0,0,0,0,0,0,0,0,'',0),(5431,0,0,0,0,0,0,0,0,0,0,0,0,0,'',0),(5432,0,0,0,0,0,0,0,0,0,0,0,0,0,'',0),(5433,0,0,0,0,0,0,0,0,0,0,0,0,0,'',0),(5434,0,0,0,0,0,0,0,0,0,0,0,0,0,'',0),(5435,0,0,0,0,0,0,0,0,0,0,0,0,0,'',0),(5436,0,0,0,0,0,0,0,0,0,0,0,0,0,'',0),(5437,0,0,0,0,0,0,0,0,0,0,0,0,0,'',0),(5438,0,0,0,0,0,0,0,0,0,0,0,0,0,'',0),(5439,0,0,0,0,0,0,0,0,0,0,0,0,0,'',0),(5440,0,0,0,0,0,0,0,0,0,0,0,0,0,'',0),(5441,0,0,0,0,0,0,0,0,0,0,0,0,0,'',0),(5442,9,11,0,0,0,0,0,0,0,0,0,0,0,'',0),(5443,9,11,0,0,0,0,0,0,0,0,0,0,0,'',0),(5444,9,11,0,0,0,0,0,0,0,0,0,0,0,'',0),(5445,0,0,0,0,0,0,0,0,0,0,0,0,0,'',0),(5446,9,11,0,0,0,0,0,0,0,0,0,0,0,'',0),(5447,0,0,0,0,0,0,0,0,0,0,0,0,0,'',0),(5448,0,0,0,0,0,0,0,0,0,0,0,0,0,'',0),(5449,0,0,0,0,0,0,0,0,0,0,0,0,0,'',0),(5450,0,0,0,0,0,0,0,0,0,0,0,0,0,'',0),(5451,0,0,0,0,0,0,0,0,0,0,0,0,0,'',0),(5452,0,0,0,0,0,0,0,0,0,0,0,0,0,'',0),(5453,0,0,0,0,0,0,0,0,0,0,0,0,0,'',0),(5454,7,1,0,0,0,0,0,0,0,0,0,0,0,'',0),(5455,0,0,0,0,0,0,0,0,0,0,0,0,0,'',0),(5456,6,11,0,0,0,0,0,0,0,0,0,0,0,'en',0),(5457,0,0,0,0,0,0,0,0,0,0,0,0,0,'',0);

--
