
--
-- Table structure for table `ps_layered_filter_shop`
--

CREATE TABLE `ps_layered_filter_shop` (
  `id_layered_filter` int(10) unsigned NOT NULL,
  `id_shop` int(11) unsigned NOT NULL,
  PRIMARY KEY (`id_layered_filter`,`id_shop`),
  KEY `id_shop` (`id_shop`)
) ENGINE=InnoDB DEFAULT CHARSET=utf8;

--
-- Dumping data for table `ps_layered_filter_shop`
--


--
-- Table structure for table `ps_layered_indexable_attribute_group`
--

CREATE TABLE `ps_layered_indexable_attribute_group` (
  `id_attribute_group` int(11) NOT NULL,
  `indexable` tinyint(1) NOT NULL DEFAULT 0,
  PRIMARY KEY (`id_attribute_group`)
) ENGINE=InnoDB DEFAULT CHARSET=utf8;

--
-- Dumping data for table `ps_layered_indexable_attribute_group`
--

INSERT INTO `ps_layered_indexable_attribute_group` VALUES (1,1),(2,1),(3,1),(4,1);

--
-- Table structure for table `ps_layered_indexable_attribute_group_lang_value`
--

CREATE TABLE `ps_layered_indexable_attribute_group_lang_value` (
  `id_attribute_group` int(11) NOT NULL,
  `id_lang` int(11) NOT NULL,
  `url_name` varchar(128) DEFAULT NULL,
  `meta_title` varchar(128) DEFAULT NULL,
  PRIMARY KEY (`id_attribute_group`,`id_lang`)
) ENGINE=InnoDB DEFAULT CHARSET=utf8;

--
-- Dumping data for table `ps_layered_indexable_attribute_group_lang_value`
--


--
-- Table structure for table `ps_layered_indexable_attribute_lang_value`
--

CREATE TABLE `ps_layered_indexable_attribute_lang_value` (
  `id_attribute` int(11) NOT NULL,
  `id_lang` int(11) NOT NULL,
  `url_name` varchar(128) DEFAULT NULL,
  `meta_title` varchar(128) DEFAULT NULL,
  PRIMARY KEY (`id_attribute`,`id_lang`)
) ENGINE=InnoDB DEFAULT CHARSET=utf8;

--
-- Dumping data for table `ps_layered_indexable_attribute_lang_value`
--


--
-- Table structure for table `ps_layered_indexable_feature`
--

CREATE TABLE `ps_layered_indexable_feature` (
  `id_feature` int(11) NOT NULL,
  `indexable` tinyint(1) NOT NULL DEFAULT 0,
  PRIMARY KEY (`id_feature`)
) ENGINE=InnoDB DEFAULT CHARSET=utf8;

--
-- Dumping data for table `ps_layered_indexable_feature`
--

INSERT INTO `ps_layered_indexable_feature` VALUES (1,1),(2,1),(3,1),(4,1),(5,1);

--
-- Table structure for table `ps_layered_indexable_feature_lang_value`
--

CREATE TABLE `ps_layered_indexable_feature_lang_value` (
  `id_feature` int(11) NOT NULL,
  `id_lang` int(11) NOT NULL,
  `url_name` varchar(128) NOT NULL,
  `meta_title` varchar(128) DEFAULT NULL,
  PRIMARY KEY (`id_feature`,`id_lang`)
) ENGINE=InnoDB DEFAULT CHARSET=utf8;

--
-- Dumping data for table `ps_layered_indexable_feature_lang_value`
--


--
-- Table structure for table `ps_layered_indexable_feature_value_lang_value`
--

CREATE TABLE `ps_layered_indexable_feature_value_lang_value` (
  `id_feature_value` int(11) NOT NULL,
  `id_lang` int(11) NOT NULL,
  `url_name` varchar(128) DEFAULT NULL,
  `meta_title` varchar(128) DEFAULT NULL,
  PRIMARY KEY (`id_feature_value`,`id_lang`)
) ENGINE=InnoDB DEFAULT CHARSET=utf8;

--
-- Dumping data for table `ps_layered_indexable_feature_value_lang_value`
--


--
-- Table structure for table `ps_layered_price_index`
--

CREATE TABLE `ps_layered_price_index` (
  `id_product` int(11) NOT NULL,
  `id_currency` int(11) NOT NULL,
  `id_shop` int(11) NOT NULL,
  `price_min` decimal(11,5) NOT NULL,
  `price_max` decimal(11,5) NOT NULL,
  `id_country` int(11) NOT NULL,
  PRIMARY KEY (`id_product`,`id_currency`,`id_shop`,`id_country`),
  KEY `id_currency` (`id_currency`),
  KEY `price_min` (`price_min`),
  KEY `price_max` (`price_max`)
) ENGINE=InnoDB DEFAULT CHARSET=utf8;

--
-- Dumping data for table `ps_layered_price_index`
--

INSERT INTO `ps_layered_price_index` VALUES (1,1,1,23.90000,23.90000,21),(1,2,1,20.28861,20.28861,21),(2,1,1,35.90000,35.90000,21),(2,2,1,30.47537,30.47537,21),(3,1,1,29.00000,29.00000,21),(3,2,1,24.61798,24.61798,21),(4,1,1,29.00000,29.00000,21),(4,2,1,24.61798,24.61798,21),(5,1,1,29.00000,29.00000,21),(5,2,1,24.61798,24.61798,21),(6,1,1,11.90000,11.90000,21),(6,2,1,10.10186,10.10186,21),(7,1,1,11.90000,11.90000,21),(7,2,1,10.10186,10.10186,21),(8,1,1,11.90000,11.90000,21),(8,2,1,10.10186,10.10186,21),(9,1,1,18.90000,18.90000,21),(9,2,1,16.04413,16.04413,21),(10,1,1,18.90000,18.90000,21),(10,2,1,16.04413,16.04413,21),(11,1,1,18.90000,18.90000,21),(11,2,1,16.04413,16.04413,21),(12,1,1,9.00000,9.00000,21),(12,2,1,7.64006,7.64006,21);

--
-- Table structure for table `ps_layered_product_attribute`
--

CREATE TABLE `ps_layered_product_attribute` (
  `id_attribute` int(10) unsigned NOT NULL,
  `id_product` int(10) unsigned NOT NULL,
  `id_attribute_group` int(10) unsigned NOT NULL DEFAULT 0,
  `id_shop` int(10) unsigned NOT NULL DEFAULT 1,
  PRIMARY KEY (`id_attribute`,`id_product`,`id_shop`),
  UNIQUE KEY `id_attribute_group` (`id_attribute_group`,`id_attribute`,`id_product`,`id_shop`)
) ENGINE=InnoDB DEFAULT CHARSET=utf8;

--
-- Dumping data for table `ps_layered_product_attribute`
--

INSERT INTO `ps_layered_product_attribute` VALUES (1,1,1,1),(1,2,1,1),(2,1,1,1),(2,2,1,1),(3,1,1,1),(3,2,1,1),(4,1,1,1),(4,2,1,1),(8,1,2,1),(8,9,2,1),(8,10,2,1),(8,11,2,1),(11,1,2,1),(11,9,2,1),(11,10,2,1),(11,11,2,1),(19,3,3,1),(19,4,3,1),(19,5,3,1),(20,3,3,1),(20,4,3,1),(20,5,3,1),(21,3,3,1),(21,4,3,1),(21,5,3,1);

--
-- Table structure for table `ps_leoblog_blog`
--

CREATE TABLE `ps_leoblog_blog` (
  `id_leoblog_blog` int(11) NOT NULL AUTO_INCREMENT,
  `id_leoblogcat` int(11) NOT NULL,
  `position` int(11) NOT NULL,
  `date_add` date NOT NULL,
  `active` tinyint(1) NOT NULL,
  `user_id` int(11) NOT NULL,
  `hits` int(11) NOT NULL,
  `image` varchar(255) DEFAULT NULL,
  `thumb` varchar(255) DEFAULT NULL,
  `date_upd` datetime NOT NULL,
  `video_code` text DEFAULT NULL,
  `params` text DEFAULT NULL,
  `featured` tinyint(1) NOT NULL,
  `indexation` int(11) NOT NULL,
  `id_employee` int(11) NOT NULL,
  `product_ids` varchar(255) DEFAULT NULL,
  `author_name` varchar(255) DEFAULT NULL,
  PRIMARY KEY (`id_leoblog_blog`)
) ENGINE=InnoDB AUTO_INCREMENT=10 DEFAULT CHARSET=utf8;

--
-- Dumping data for table `ps_leoblog_blog`
--

INSERT INTO `ps_leoblog_blog` VALUES (3,4,0,'2013-11-28',1,0,1444,'b-blog-1.jpg',NULL,'2013-12-20 09:55:38','<iframe width=\"560\" height=\"315\" src=\"//www.youtube.com/embed/lzY4lkT8ElU\" frameborder=\"0\" allowfullscreen></iframe>',NULL,0,1,1,NULL,NULL),(4,4,2,'2013-12-04',1,0,1414,'b-blog-2.jpg',NULL,'2013-12-18 06:31:14',NULL,NULL,0,1,1,NULL,NULL),(5,4,3,'2013-12-16',1,0,1480,'b-blog-3.jpg',NULL,'2013-12-19 01:21:28',NULL,NULL,0,0,1,NULL,NULL),(6,4,4,'2013-12-18',1,0,1487,'b-blog-4.jpg',NULL,'2013-12-20 09:54:03',NULL,NULL,0,0,1,NULL,NULL),(7,4,5,'2013-12-18',1,0,1389,'b-blog-5.jpg',NULL,'2013-12-20 01:04:46',NULL,NULL,0,0,1,NULL,NULL),(8,4,1,'2013-12-18',1,0,1385,'b-blog-6.jpg',NULL,'2013-12-19 22:50:10',NULL,NULL,0,0,1,NULL,NULL),(9,4,6,'2013-12-18',1,0,1417,'b-blog-7.jpg',NULL,'2013-12-18 03:32:42',NULL,NULL,0,1,1,NULL,NULL);

--
-- Table structure for table `ps_leoblog_blog_lang`
--

CREATE TABLE `ps_leoblog_blog_lang` (
  `id_leoblog_blog` int(11) NOT NULL,
  `id_lang` int(11) NOT NULL,
  `meta_description` varchar(255) NOT NULL,
  `meta_keywords` varchar(250) NOT NULL,
  `meta_title` varchar(250) NOT NULL,
  `link_rewrite` varchar(255) NOT NULL,
  `content` text NOT NULL,
  `description` text NOT NULL,
  `tags` varchar(255) NOT NULL,
  PRIMARY KEY (`id_leoblog_blog`,`id_lang`)
) ENGINE=InnoDB DEFAULT CHARSET=utf8;

--
-- Dumping data for table `ps_leoblog_blog_lang`
--

INSERT INTO `ps_leoblog_blog_lang` VALUES (3,1,'','','At risus pretium urna tortor metus fringilla','at-risus-pretium-urna-tortor-metus-fringilla','<p>Odio ut pretium ligula quam Vestibulum consequat convallis fringilla Vestibulum nulla. Accumsan morbi tristique auctor. At risus pretium urna tortor metus fringilla interdum mauris tempor congue Odio ut pretium ligula quam Vestibulum consequat convallis fringilla Vestibulum nulla. Accumsan morbi tristique auctor. At risus pretium urna tortor metus fringilla interdum mauris tempor congue Odio ut pretium ligula quam Vestibulum consequat convallis fringilla Vestibulum nulla. Accumsan morbi tristique auctor. At risus pretium urna tortor metus fringilla interdum mauris tempor congue</p>\r\n<p> </p>\r\n<p>Odio ut pretium ligula quam Vestibulum consequat convallis fringilla Vestibulum nulla. Accumsan morbi tristique auctor. At risus pretium urna tortor metus fringilla interdum mauris tempor congue</p>\r\n<p> </p>\r\n<p>Odio ut pretium ligula quam Vestibulum consequat convallis fringilla Vestibulum nulla. Accumsan morbi tristique auctor. At risus pretium urna tortor metus fringilla interdum mauris tempor congue Odio ut pretium ligula quam Vestibulum consequat convallis fringilla Vestibulum nulla. Accumsan morbi tristique auctor. At risus pretium urna tortor metus fringilla interdum mauris tempor congue</p>\r\n<p> </p>\r\n<p>Odio ut pretium ligula quam Vestibulum consequat convallis fringilla Vestibulum nulla. Accumsan morbi tristique auctor. At risus pretium urna tortor metus fringilla interdum mauris tempor congue Odio ut pretium ligula quam Vestibulum consequat convallis fringilla Vestibulum nulla. Accumsan morbi tristique auctor. At risus pretium urna tortor metus fringilla interdum mauris tempor congue</p>','<p>Odio ut pretium ligula quam Vestibulum consequat convallis fringilla Vestibulum nulla. Accumsan morbi tristique auctor. At risus pretium urna tortor metus fringilla interdum mauris tempor congue</p>','joomla,wordpress'),(3,2,'','','At risus pretium urna tortor metus fringilla','at-risus-pretium-urna-tortor-metus-fringilla','<p>Odio ut pretium ligula quam Vestibulum consequat convallis fringilla Vestibulum nulla. Accumsan morbi tristique auctor. At risus pretium urna tortor metus fringilla interdum mauris tempor congue Odio ut pretium ligula quam Vestibulum consequat convallis fringilla Vestibulum nulla. Accumsan morbi tristique auctor. At risus pretium urna tortor metus fringilla interdum mauris tempor congue Odio ut pretium ligula quam Vestibulum consequat convallis fringilla Vestibulum nulla. Accumsan morbi tristique auctor. At risus pretium urna tortor metus fringilla interdum mauris tempor congue</p>\r\n<p> </p>\r\n<p>Odio ut pretium ligula quam Vestibulum consequat convallis fringilla Vestibulum nulla. Accumsan morbi tristique auctor. At risus pretium urna tortor metus fringilla interdum mauris tempor congue</p>\r\n<p> </p>\r\n<p>Odio ut pretium ligula quam Vestibulum consequat convallis fringilla Vestibulum nulla. Accumsan morbi tristique auctor. At risus pretium urna tortor metus fringilla interdum mauris tempor congue Odio ut pretium ligula quam Vestibulum consequat convallis fringilla Vestibulum nulla. Accumsan morbi tristique auctor. At risus pretium urna tortor metus fringilla interdum mauris tempor congue</p>\r\n<p> </p>\r\n<p>Odio ut pretium ligula quam Vestibulum consequat convallis fringilla Vestibulum nulla. Accumsan morbi tristique auctor. At risus pretium urna tortor metus fringilla interdum mauris tempor congue Odio ut pretium ligula quam Vestibulum consequat convallis fringilla Vestibulum nulla. Accumsan morbi tristique auctor. At risus pretium urna tortor metus fringilla interdum mauris tempor congue</p>','<p>Odio ut pretium ligula quam Vestibulum consequat convallis fringilla Vestibulum nulla. Accumsan morbi tristique auctor. At risus pretium urna tortor metus fringilla interdum mauris tempor congue</p>','joomla,wordpress'),(3,3,'','','At risus pretium urna tortor metus fringilla','at-risus-pretium-urna-tortor-metus-fringilla','<p>Odio ut pretium ligula quam Vestibulum consequat convallis fringilla Vestibulum nulla. Accumsan morbi tristique auctor. At risus pretium urna tortor metus fringilla interdum mauris tempor congue Odio ut pretium ligula quam Vestibulum consequat convallis fringilla Vestibulum nulla. Accumsan morbi tristique auctor. At risus pretium urna tortor metus fringilla interdum mauris tempor congue Odio ut pretium ligula quam Vestibulum consequat convallis fringilla Vestibulum nulla. Accumsan morbi tristique auctor. At risus pretium urna tortor metus fringilla interdum mauris tempor congue</p>\r\n<p> </p>\r\n<p>Odio ut pretium ligula quam Vestibulum consequat convallis fringilla Vestibulum nulla. Accumsan morbi tristique auctor. At risus pretium urna tortor metus fringilla interdum mauris tempor congue</p>\r\n<p> </p>\r\n<p>Odio ut pretium ligula quam Vestibulum consequat convallis fringilla Vestibulum nulla. Accumsan morbi tristique auctor. At risus pretium urna tortor metus fringilla interdum mauris tempor congue Odio ut pretium ligula quam Vestibulum consequat convallis fringilla Vestibulum nulla. Accumsan morbi tristique auctor. At risus pretium urna tortor metus fringilla interdum mauris tempor congue</p>\r\n<p> </p>\r\n<p>Odio ut pretium ligula quam Vestibulum consequat convallis fringilla Vestibulum nulla. Accumsan morbi tristique auctor. At risus pretium urna tortor metus fringilla interdum mauris tempor congue Odio ut pretium ligula quam Vestibulum consequat convallis fringilla Vestibulum nulla. Accumsan morbi tristique auctor. At risus pretium urna tortor metus fringilla interdum mauris tempor congue</p>','<p>Odio ut pretium ligula quam Vestibulum consequat convallis fringilla Vestibulum nulla. Accumsan morbi tristique auctor. At risus pretium urna tortor metus fringilla interdum mauris tempor congue</p>','joomla,wordpress'),(3,4,'','','At risus pretium urna tortor metus fringilla','at-risus-pretium-urna-tortor-metus-fringilla','<p>Odio ut pretium ligula quam Vestibulum consequat convallis fringilla Vestibulum nulla. Accumsan morbi tristique auctor. At risus pretium urna tortor metus fringilla interdum mauris tempor congue Odio ut pretium ligula quam Vestibulum consequat convallis fringilla Vestibulum nulla. Accumsan morbi tristique auctor. At risus pretium urna tortor metus fringilla interdum mauris tempor congue Odio ut pretium ligula quam Vestibulum consequat convallis fringilla Vestibulum nulla. Accumsan morbi tristique auctor. At risus pretium urna tortor metus fringilla interdum mauris tempor congue</p>\r\n<p> </p>\r\n<p>Odio ut pretium ligula quam Vestibulum consequat convallis fringilla Vestibulum nulla. Accumsan morbi tristique auctor. At risus pretium urna tortor metus fringilla interdum mauris tempor congue</p>\r\n<p> </p>\r\n<p>Odio ut pretium ligula quam Vestibulum consequat convallis fringilla Vestibulum nulla. Accumsan morbi tristique auctor. At risus pretium urna tortor metus fringilla interdum mauris tempor congue Odio ut pretium ligula quam Vestibulum consequat convallis fringilla Vestibulum nulla. Accumsan morbi tristique auctor. At risus pretium urna tortor metus fringilla interdum mauris tempor congue</p>\r\n<p> </p>\r\n<p>Odio ut pretium ligula quam Vestibulum consequat convallis fringilla Vestibulum nulla. Accumsan morbi tristique auctor. At risus pretium urna tortor metus fringilla interdum mauris tempor congue Odio ut pretium ligula quam Vestibulum consequat convallis fringilla Vestibulum nulla. Accumsan morbi tristique auctor. At risus pretium urna tortor metus fringilla interdum mauris tempor congue</p>','<p>Odio ut pretium ligula quam Vestibulum consequat convallis fringilla Vestibulum nulla. Accumsan morbi tristique auctor. At risus pretium urna tortor metus fringilla interdum mauris tempor congue</p>','joomla,wordpress'),(3,5,'','','At risus pretium urna tortor metus fringilla','at-risus-pretium-urna-tortor-metus-fringilla','<p>Odio ut pretium ligula quam Vestibulum consequat convallis fringilla Vestibulum nulla. Accumsan morbi tristique auctor. At risus pretium urna tortor metus fringilla interdum mauris tempor congue Odio ut pretium ligula quam Vestibulum consequat convallis fringilla Vestibulum nulla. Accumsan morbi tristique auctor. At risus pretium urna tortor metus fringilla interdum mauris tempor congue Odio ut pretium ligula quam Vestibulum consequat convallis fringilla Vestibulum nulla. Accumsan morbi tristique auctor. At risus pretium urna tortor metus fringilla interdum mauris tempor congue</p>\r\n<p> </p>\r\n<p>Odio ut pretium ligula quam Vestibulum consequat convallis fringilla Vestibulum nulla. Accumsan morbi tristique auctor. At risus pretium urna tortor metus fringilla interdum mauris tempor congue</p>\r\n<p> </p>\r\n<p>Odio ut pretium ligula quam Vestibulum consequat convallis fringilla Vestibulum nulla. Accumsan morbi tristique auctor. At risus pretium urna tortor metus fringilla interdum mauris tempor congue Odio ut pretium ligula quam Vestibulum consequat convallis fringilla Vestibulum nulla. Accumsan morbi tristique auctor. At risus pretium urna tortor metus fringilla interdum mauris tempor congue</p>\r\n<p> </p>\r\n<p>Odio ut pretium ligula quam Vestibulum consequat convallis fringilla Vestibulum nulla. Accumsan morbi tristique auctor. At risus pretium urna tortor metus fringilla interdum mauris tempor congue Odio ut pretium ligula quam Vestibulum consequat convallis fringilla Vestibulum nulla. Accumsan morbi tristique auctor. At risus pretium urna tortor metus fringilla interdum mauris tempor congue</p>','<p>Odio ut pretium ligula quam Vestibulum consequat convallis fringilla Vestibulum nulla. Accumsan morbi tristique auctor. At risus pretium urna tortor metus fringilla interdum mauris tempor congue</p>','joomla,wordpress'),(3,6,'','','At risus pretium urna tortor metus fringilla','at-risus-pretium-urna-tortor-metus-fringilla','<p>Odio ut pretium ligula quam Vestibulum consequat convallis fringilla Vestibulum nulla. Accumsan morbi tristique auctor. At risus pretium urna tortor metus fringilla interdum mauris tempor congue Odio ut pretium ligula quam Vestibulum consequat convallis fringilla Vestibulum nulla. Accumsan morbi tristique auctor. At risus pretium urna tortor metus fringilla interdum mauris tempor congue Odio ut pretium ligula quam Vestibulum consequat convallis fringilla Vestibulum nulla. Accumsan morbi tristique auctor. At risus pretium urna tortor metus fringilla interdum mauris tempor congue</p>\r\n<p> </p>\r\n<p>Odio ut pretium ligula quam Vestibulum consequat convallis fringilla Vestibulum nulla. Accumsan morbi tristique auctor. At risus pretium urna tortor metus fringilla interdum mauris tempor congue</p>\r\n<p> </p>\r\n<p>Odio ut pretium ligula quam Vestibulum consequat convallis fringilla Vestibulum nulla. Accumsan morbi tristique auctor. At risus pretium urna tortor metus fringilla interdum mauris tempor congue Odio ut pretium ligula quam Vestibulum consequat convallis fringilla Vestibulum nulla. Accumsan morbi tristique auctor. At risus pretium urna tortor metus fringilla interdum mauris tempor congue</p>\r\n<p> </p>\r\n<p>Odio ut pretium ligula quam Vestibulum consequat convallis fringilla Vestibulum nulla. Accumsan morbi tristique auctor. At risus pretium urna tortor metus fringilla interdum mauris tempor congue Odio ut pretium ligula quam Vestibulum consequat convallis fringilla Vestibulum nulla. Accumsan morbi tristique auctor. At risus pretium urna tortor metus fringilla interdum mauris tempor congue</p>','<p>Odio ut pretium ligula quam Vestibulum consequat convallis fringilla Vestibulum nulla. Accumsan morbi tristique auctor. At risus pretium urna tortor metus fringilla interdum mauris tempor congue</p>','joomla,wordpress'),(4,1,'','','Ipsum cursus vestibulum at interdum Vivamus','ipsum-cursus-vestibulum-at-interdum-vivamus','<p>Donec tellus Nulla lorem Nullam elit id ut elit feugiat lacus. Congue eget dapibus congue tincidunt senectus nibh risus Phasellus tristique justo. Justo Pellentesque Donec lobortis faucibus Vestibulum Praesent mauris volutpat vitae metus. Ipsum cursus vestibulum at interdum Vivamus nunc fringilla Curabitur ac quis. Nam lacinia wisi tortor orci quis vitae. Donec tellus Nulla lorem Nullam elit id ut elit feugiat lacus. Congue eget dapibus congue tincidunt senectus nibh risus Phasellus tristique justo. Justo Pellentesque Donec lobortis faucibus Vestibulum Praesent mauris volutpat vitae metus. Ipsum cursus vestibulum at interdum Vivamus nunc fringilla Curabitur ac quis. Nam lacinia wisi tortor orci quis vitae. Donec tellus Nulla lorem Nullam elit id ut elit feugiat lacus. Congue eget dapibus congue tincidunt senectus nibh risus Phasellus tristique justo. Justo Pellentesque Donec lobortis faucibus Vestibulum Praesent mauris volutpat vitae metus. Ipsum cursus vestibulum at interdum Vivamus nunc fringilla Curabitur ac quis. Nam lacinia wisi tortor orci quis vitae.</p>\r\n<p>Donec tellus Nulla lorem Nullam elit id ut elit feugiat lacus. Congue eget dapibus congue tincidunt senectus nibh risus Phasellus tristique justo. Justo Pellentesque Donec lobortis faucibus Vestibulum Praesent mauris volutpat vitae metus. Ipsum cursus vestibulum at interdum Vivamus nunc fringilla Curabitur ac quis. Nam lacinia wisi tortor orci quis vitae.Donec tellus Nulla lorem Nullam elit id ut elit feugiat lacus. Congue eget dapibus congue tincidunt senectus nibh risus Phasellus tristique justo. Justo Pellentesque Donec lobortis faucibus Vestibulum Praesent mauris volutpat vitae metus. Ipsum cursus vestibulum at interdum Vivamus nunc fringilla Curabitur ac quis. Nam lacinia wisi tortor orci quis vitae.Donec tellus Nulla lorem Nullam elit id ut elit feugiat lacus. Congue eget dapibus congue tincidunt senectus nibh risus Phasellus tristique justo. Justo Pellentesque Donec lobortis faucibus Vestibulum Praesent mauris volutpat vitae metus. Ipsum cursus vestibulum at interdum Vivamus nunc fringilla Curabitur ac quis. Nam lacinia wisi tortor orci quis vitae.</p>','<p>Donec tellus Nulla lorem Nullam elit id ut elit feugiat lacus. Congue eget dapibus congue tincidunt senectus nibh risus Phasellus tristique justo. Justo Pellentesque Donec lobortis faucibus</p>','joomla,prestashop,leotheme'),(4,2,'','','Ipsum cursus vestibulum at interdum Vivamus','ipsum-cursus-vestibulum-at-interdum-vivamus','<p>Donec tellus Nulla lorem Nullam elit id ut elit feugiat lacus. Congue eget dapibus congue tincidunt senectus nibh risus Phasellus tristique justo. Justo Pellentesque Donec lobortis faucibus Vestibulum Praesent mauris volutpat vitae metus. Ipsum cursus vestibulum at interdum Vivamus nunc fringilla Curabitur ac quis. Nam lacinia wisi tortor orci quis vitae. Donec tellus Nulla lorem Nullam elit id ut elit feugiat lacus. Congue eget dapibus congue tincidunt senectus nibh risus Phasellus tristique justo. Justo Pellentesque Donec lobortis faucibus Vestibulum Praesent mauris volutpat vitae metus. Ipsum cursus vestibulum at interdum Vivamus nunc fringilla Curabitur ac quis. Nam lacinia wisi tortor orci quis vitae. Donec tellus Nulla lorem Nullam elit id ut elit feugiat lacus. Congue eget dapibus congue tincidunt senectus nibh risus Phasellus tristique justo. Justo Pellentesque Donec lobortis faucibus Vestibulum Praesent mauris volutpat vitae metus. Ipsum cursus vestibulum at interdum Vivamus nunc fringilla Curabitur ac quis. Nam lacinia wisi tortor orci quis vitae.</p>\r\n<p>Donec tellus Nulla lorem Nullam elit id ut elit feugiat lacus. Congue eget dapibus congue tincidunt senectus nibh risus Phasellus tristique justo. Justo Pellentesque Donec lobortis faucibus Vestibulum Praesent mauris volutpat vitae metus. Ipsum cursus vestibulum at interdum Vivamus nunc fringilla Curabitur ac quis. Nam lacinia wisi tortor orci quis vitae.Donec tellus Nulla lorem Nullam elit id ut elit feugiat lacus. Congue eget dapibus congue tincidunt senectus nibh risus Phasellus tristique justo. Justo Pellentesque Donec lobortis faucibus Vestibulum Praesent mauris volutpat vitae metus. Ipsum cursus vestibulum at interdum Vivamus nunc fringilla Curabitur ac quis. Nam lacinia wisi tortor orci quis vitae.Donec tellus Nulla lorem Nullam elit id ut elit feugiat lacus. Congue eget dapibus congue tincidunt senectus nibh risus Phasellus tristique justo. Justo Pellentesque Donec lobortis faucibus Vestibulum Praesent mauris volutpat vitae metus. Ipsum cursus vestibulum at interdum Vivamus nunc fringilla Curabitur ac quis. Nam lacinia wisi tortor orci quis vitae.</p>','<p>Donec tellus Nulla lorem Nullam elit id ut elit feugiat lacus. Congue eget dapibus congue tincidunt senectus nibh risus Phasellus tristique justo. Justo Pellentesque Donec lobortis faucibus</p>','joomla,prestashop,leotheme'),(4,3,'','','Ipsum cursus vestibulum at interdum Vivamus','ipsum-cursus-vestibulum-at-interdum-vivamus','<p>Donec tellus Nulla lorem Nullam elit id ut elit feugiat lacus. Congue eget dapibus congue tincidunt senectus nibh risus Phasellus tristique justo. Justo Pellentesque Donec lobortis faucibus Vestibulum Praesent mauris volutpat vitae metus. Ipsum cursus vestibulum at interdum Vivamus nunc fringilla Curabitur ac quis. Nam lacinia wisi tortor orci quis vitae. Donec tellus Nulla lorem Nullam elit id ut elit feugiat lacus. Congue eget dapibus congue tincidunt senectus nibh risus Phasellus tristique justo. Justo Pellentesque Donec lobortis faucibus Vestibulum Praesent mauris volutpat vitae metus. Ipsum cursus vestibulum at interdum Vivamus nunc fringilla Curabitur ac quis. Nam lacinia wisi tortor orci quis vitae. Donec tellus Nulla lorem Nullam elit id ut elit feugiat lacus. Congue eget dapibus congue tincidunt senectus nibh risus Phasellus tristique justo. Justo Pellentesque Donec lobortis faucibus Vestibulum Praesent mauris volutpat vitae metus. Ipsum cursus vestibulum at interdum Vivamus nunc fringilla Curabitur ac quis. Nam lacinia wisi tortor orci quis vitae.</p>\r\n<p>Donec tellus Nulla lorem Nullam elit id ut elit feugiat lacus. Congue eget dapibus congue tincidunt senectus nibh risus Phasellus tristique justo. Justo Pellentesque Donec lobortis faucibus Vestibulum Praesent mauris volutpat vitae metus. Ipsum cursus vestibulum at interdum Vivamus nunc fringilla Curabitur ac quis. Nam lacinia wisi tortor orci quis vitae.Donec tellus Nulla lorem Nullam elit id ut elit feugiat lacus. Congue eget dapibus congue tincidunt senectus nibh risus Phasellus tristique justo. Justo Pellentesque Donec lobortis faucibus Vestibulum Praesent mauris volutpat vitae metus. Ipsum cursus vestibulum at interdum Vivamus nunc fringilla Curabitur ac quis. Nam lacinia wisi tortor orci quis vitae.Donec tellus Nulla lorem Nullam elit id ut elit feugiat lacus. Congue eget dapibus congue tincidunt senectus nibh risus Phasellus tristique justo. Justo Pellentesque Donec lobortis faucibus Vestibulum Praesent mauris volutpat vitae metus. Ipsum cursus vestibulum at interdum Vivamus nunc fringilla Curabitur ac quis. Nam lacinia wisi tortor orci quis vitae.</p>','<p>Donec tellus Nulla lorem Nullam elit id ut elit feugiat lacus. Congue eget dapibus congue tincidunt senectus nibh risus Phasellus tristique justo. Justo Pellentesque Donec lobortis faucibus</p>','joomla,prestashop,leotheme'),(4,4,'','','Ipsum cursus vestibulum at interdum Vivamus','ipsum-cursus-vestibulum-at-interdum-vivamus','<p>Donec tellus Nulla lorem Nullam elit id ut elit feugiat lacus. Congue eget dapibus congue tincidunt senectus nibh risus Phasellus tristique justo. Justo Pellentesque Donec lobortis faucibus Vestibulum Praesent mauris volutpat vitae metus. Ipsum cursus vestibulum at interdum Vivamus nunc fringilla Curabitur ac quis. Nam lacinia wisi tortor orci quis vitae. Donec tellus Nulla lorem Nullam elit id ut elit feugiat lacus. Congue eget dapibus congue tincidunt senectus nibh risus Phasellus tristique justo. Justo Pellentesque Donec lobortis faucibus Vestibulum Praesent mauris volutpat vitae metus. Ipsum cursus vestibulum at interdum Vivamus nunc fringilla Curabitur ac quis. Nam lacinia wisi tortor orci quis vitae. Donec tellus Nulla lorem Nullam elit id ut elit feugiat lacus. Congue eget dapibus congue tincidunt senectus nibh risus Phasellus tristique justo. Justo Pellentesque Donec lobortis faucibus Vestibulum Praesent mauris volutpat vitae metus. Ipsum cursus vestibulum at interdum Vivamus nunc fringilla Curabitur ac quis. Nam lacinia wisi tortor orci quis vitae.</p>\r\n<p>Donec tellus Nulla lorem Nullam elit id ut elit feugiat lacus. Congue eget dapibus congue tincidunt senectus nibh risus Phasellus tristique justo. Justo Pellentesque Donec lobortis faucibus Vestibulum Praesent mauris volutpat vitae metus. Ipsum cursus vestibulum at interdum Vivamus nunc fringilla Curabitur ac quis. Nam lacinia wisi tortor orci quis vitae.Donec tellus Nulla lorem Nullam elit id ut elit feugiat lacus. Congue eget dapibus congue tincidunt senectus nibh risus Phasellus tristique justo. Justo Pellentesque Donec lobortis faucibus Vestibulum Praesent mauris volutpat vitae metus. Ipsum cursus vestibulum at interdum Vivamus nunc fringilla Curabitur ac quis. Nam lacinia wisi tortor orci quis vitae.Donec tellus Nulla lorem Nullam elit id ut elit feugiat lacus. Congue eget dapibus congue tincidunt senectus nibh risus Phasellus tristique justo. Justo Pellentesque Donec lobortis faucibus Vestibulum Praesent mauris volutpat vitae metus. Ipsum cursus vestibulum at interdum Vivamus nunc fringilla Curabitur ac quis. Nam lacinia wisi tortor orci quis vitae.</p>','<p>Donec tellus Nulla lorem Nullam elit id ut elit feugiat lacus. Congue eget dapibus congue tincidunt senectus nibh risus Phasellus tristique justo. Justo Pellentesque Donec lobortis faucibus</p>','joomla,prestashop,leotheme'),(4,5,'','','Ipsum cursus vestibulum at interdum Vivamus','ipsum-cursus-vestibulum-at-interdum-vivamus','<p>Donec tellus Nulla lorem Nullam elit id ut elit feugiat lacus. Congue eget dapibus congue tincidunt senectus nibh risus Phasellus tristique justo. Justo Pellentesque Donec lobortis faucibus Vestibulum Praesent mauris volutpat vitae metus. Ipsum cursus vestibulum at interdum Vivamus nunc fringilla Curabitur ac quis. Nam lacinia wisi tortor orci quis vitae. Donec tellus Nulla lorem Nullam elit id ut elit feugiat lacus. Congue eget dapibus congue tincidunt senectus nibh risus Phasellus tristique justo. Justo Pellentesque Donec lobortis faucibus Vestibulum Praesent mauris volutpat vitae metus. Ipsum cursus vestibulum at interdum Vivamus nunc fringilla Curabitur ac quis. Nam lacinia wisi tortor orci quis vitae. Donec tellus Nulla lorem Nullam elit id ut elit feugiat lacus. Congue eget dapibus congue tincidunt senectus nibh risus Phasellus tristique justo. Justo Pellentesque Donec lobortis faucibus Vestibulum Praesent mauris volutpat vitae metus. Ipsum cursus vestibulum at interdum Vivamus nunc fringilla Curabitur ac quis. Nam lacinia wisi tortor orci quis vitae.</p>\r\n<p>Donec tellus Nulla lorem Nullam elit id ut elit feugiat lacus. Congue eget dapibus congue tincidunt senectus nibh risus Phasellus tristique justo. Justo Pellentesque Donec lobortis faucibus Vestibulum Praesent mauris volutpat vitae metus. Ipsum cursus vestibulum at interdum Vivamus nunc fringilla Curabitur ac quis. Nam lacinia wisi tortor orci quis vitae.Donec tellus Nulla lorem Nullam elit id ut elit feugiat lacus. Congue eget dapibus congue tincidunt senectus nibh risus Phasellus tristique justo. Justo Pellentesque Donec lobortis faucibus Vestibulum Praesent mauris volutpat vitae metus. Ipsum cursus vestibulum at interdum Vivamus nunc fringilla Curabitur ac quis. Nam lacinia wisi tortor orci quis vitae.Donec tellus Nulla lorem Nullam elit id ut elit feugiat lacus. Congue eget dapibus congue tincidunt senectus nibh risus Phasellus tristique justo. Justo Pellentesque Donec lobortis faucibus Vestibulum Praesent mauris volutpat vitae metus. Ipsum cursus vestibulum at interdum Vivamus nunc fringilla Curabitur ac quis. Nam lacinia wisi tortor orci quis vitae.</p>','<p>Donec tellus Nulla lorem Nullam elit id ut elit feugiat lacus. Congue eget dapibus congue tincidunt senectus nibh risus Phasellus tristique justo. Justo Pellentesque Donec lobortis faucibus</p>','joomla,prestashop,leotheme'),(4,6,'','','Ipsum cursus vestibulum at interdum Vivamus','ipsum-cursus-vestibulum-at-interdum-vivamus','<p>Donec tellus Nulla lorem Nullam elit id ut elit feugiat lacus. Congue eget dapibus congue tincidunt senectus nibh risus Phasellus tristique justo. Justo Pellentesque Donec lobortis faucibus Vestibulum Praesent mauris volutpat vitae metus. Ipsum cursus vestibulum at interdum Vivamus nunc fringilla Curabitur ac quis. Nam lacinia wisi tortor orci quis vitae. Donec tellus Nulla lorem Nullam elit id ut elit feugiat lacus. Congue eget dapibus congue tincidunt senectus nibh risus Phasellus tristique justo. Justo Pellentesque Donec lobortis faucibus Vestibulum Praesent mauris volutpat vitae metus. Ipsum cursus vestibulum at interdum Vivamus nunc fringilla Curabitur ac quis. Nam lacinia wisi tortor orci quis vitae. Donec tellus Nulla lorem Nullam elit id ut elit feugiat lacus. Congue eget dapibus congue tincidunt senectus nibh risus Phasellus tristique justo. Justo Pellentesque Donec lobortis faucibus Vestibulum Praesent mauris volutpat vitae metus. Ipsum cursus vestibulum at interdum Vivamus nunc fringilla Curabitur ac quis. Nam lacinia wisi tortor orci quis vitae.</p>\r\n<p>Donec tellus Nulla lorem Nullam elit id ut elit feugiat lacus. Congue eget dapibus congue tincidunt senectus nibh risus Phasellus tristique justo. Justo Pellentesque Donec lobortis faucibus Vestibulum Praesent mauris volutpat vitae metus. Ipsum cursus vestibulum at interdum Vivamus nunc fringilla Curabitur ac quis. Nam lacinia wisi tortor orci quis vitae.Donec tellus Nulla lorem Nullam elit id ut elit feugiat lacus. Congue eget dapibus congue tincidunt senectus nibh risus Phasellus tristique justo. Justo Pellentesque Donec lobortis faucibus Vestibulum Praesent mauris volutpat vitae metus. Ipsum cursus vestibulum at interdum Vivamus nunc fringilla Curabitur ac quis. Nam lacinia wisi tortor orci quis vitae.Donec tellus Nulla lorem Nullam elit id ut elit feugiat lacus. Congue eget dapibus congue tincidunt senectus nibh risus Phasellus tristique justo. Justo Pellentesque Donec lobortis faucibus Vestibulum Praesent mauris volutpat vitae metus. Ipsum cursus vestibulum at interdum Vivamus nunc fringilla Curabitur ac quis. Nam lacinia wisi tortor orci quis vitae.</p>','<p>Donec tellus Nulla lorem Nullam elit id ut elit feugiat lacus. Congue eget dapibus congue tincidunt senectus nibh risus Phasellus tristique justo. Justo Pellentesque Donec lobortis faucibus</p>','joomla,prestashop,leotheme'),(5,1,'','joomla,prestashop,leotheme,prestashop theme','Urna pretium elit mauris cursus Curabitur at elit Vestibulum','urna-pretium-elit-mauris-cursus-curabitur-at-elit-vestibulum','<p>Mi vitae magnis Fusce laoreet nibh felis porttitor laoreet Vestibulum faucibus. At Nulla id tincidunt ut sed semper vel Lorem condimentum ornare. Laoreet Vestibulum lacinia massa a commodo habitasse velit Vestibulum tincidunt In. Turpis at eleifend leo mi elit Aenean porta ac sed faucibus. Nunc urna Morbi fringilla vitae orci convallis condimentum auctor sit dui. Urna pretium elit mauris cursus Curabitur at elit Vestibulum.</p>','<p>Mi vitae magnis Fusce laoreet nibh felis porttitor laoreet Vestibulum faucibus. At Nulla id tincidunt ut sed semper vel Lorem condimentum ornare.</p>','Joomla'),(5,2,'','joomla,prestashop,leotheme,prestashop theme','Urna pretium elit mauris cursus Curabitur at elit Vestibulum','urna-pretium-elit-mauris-cursus-curabitur-at-elit-vestibulum','<p>Mi vitae magnis Fusce laoreet nibh felis porttitor laoreet Vestibulum faucibus. At Nulla id tincidunt ut sed semper vel Lorem condimentum ornare. Laoreet Vestibulum lacinia massa a commodo habitasse velit Vestibulum tincidunt In. Turpis at eleifend leo mi elit Aenean porta ac sed faucibus. Nunc urna Morbi fringilla vitae orci convallis condimentum auctor sit dui. Urna pretium elit mauris cursus Curabitur at elit Vestibulum.</p>','<p>Mi vitae magnis Fusce laoreet nibh felis porttitor laoreet Vestibulum faucibus. At Nulla id tincidunt ut sed semper vel Lorem condimentum ornare.</p>','Joomla'),(5,3,'','joomla,prestashop,leotheme,prestashop theme','Urna pretium elit mauris cursus Curabitur at elit Vestibulum','urna-pretium-elit-mauris-cursus-curabitur-at-elit-vestibulum','<p>Mi vitae magnis Fusce laoreet nibh felis porttitor laoreet Vestibulum faucibus. At Nulla id tincidunt ut sed semper vel Lorem condimentum ornare. Laoreet Vestibulum lacinia massa a commodo habitasse velit Vestibulum tincidunt In. Turpis at eleifend leo mi elit Aenean porta ac sed faucibus. Nunc urna Morbi fringilla vitae orci convallis condimentum auctor sit dui. Urna pretium elit mauris cursus Curabitur at elit Vestibulum.</p>','<p>Mi vitae magnis Fusce laoreet nibh felis porttitor laoreet Vestibulum faucibus. At Nulla id tincidunt ut sed semper vel Lorem condimentum ornare.</p>','Joomla'),(5,4,'','joomla,prestashop,leotheme,prestashop theme','Urna pretium elit mauris cursus Curabitur at elit Vestibulum','urna-pretium-elit-mauris-cursus-curabitur-at-elit-vestibulum','<p>Mi vitae magnis Fusce laoreet nibh felis porttitor laoreet Vestibulum faucibus. At Nulla id tincidunt ut sed semper vel Lorem condimentum ornare. Laoreet Vestibulum lacinia massa a commodo habitasse velit Vestibulum tincidunt In. Turpis at eleifend leo mi elit Aenean porta ac sed faucibus. Nunc urna Morbi fringilla vitae orci convallis condimentum auctor sit dui. Urna pretium elit mauris cursus Curabitur at elit Vestibulum.</p>','<p>Mi vitae magnis Fusce laoreet nibh felis porttitor laoreet Vestibulum faucibus. At Nulla id tincidunt ut sed semper vel Lorem condimentum ornare.</p>','Joomla'),(5,5,'','joomla,prestashop,leotheme,prestashop theme','Urna pretium elit mauris cursus Curabitur at elit Vestibulum','urna-pretium-elit-mauris-cursus-curabitur-at-elit-vestibulum','<p>Mi vitae magnis Fusce laoreet nibh felis porttitor laoreet Vestibulum faucibus. At Nulla id tincidunt ut sed semper vel Lorem condimentum ornare. Laoreet Vestibulum lacinia massa a commodo habitasse velit Vestibulum tincidunt In. Turpis at eleifend leo mi elit Aenean porta ac sed faucibus. Nunc urna Morbi fringilla vitae orci convallis condimentum auctor sit dui. Urna pretium elit mauris cursus Curabitur at elit Vestibulum.</p>','<p>Mi vitae magnis Fusce laoreet nibh felis porttitor laoreet Vestibulum faucibus. At Nulla id tincidunt ut sed semper vel Lorem condimentum ornare.</p>','Joomla'),(5,6,'','joomla,prestashop,leotheme,prestashop theme','Urna pretium elit mauris cursus Curabitur at elit Vestibulum','urna-pretium-elit-mauris-cursus-curabitur-at-elit-vestibulum','<p>Mi vitae magnis Fusce laoreet nibh felis porttitor laoreet Vestibulum faucibus. At Nulla id tincidunt ut sed semper vel Lorem condimentum ornare. Laoreet Vestibulum lacinia massa a commodo habitasse velit Vestibulum tincidunt In. Turpis at eleifend leo mi elit Aenean porta ac sed faucibus. Nunc urna Morbi fringilla vitae orci convallis condimentum auctor sit dui. Urna pretium elit mauris cursus Curabitur at elit Vestibulum.</p>','<p>Mi vitae magnis Fusce laoreet nibh felis porttitor laoreet Vestibulum faucibus. At Nulla id tincidunt ut sed semper vel Lorem condimentum ornare.</p>','Joomla'),(6,1,'','','Urna pretium elit mauris cursus Curabitur at elit Vestibulum','urna-pretium-elit-mauris-cursus-curabitur-at-elit-vestibulum','<p>Mi vitae magnis Fusce laoreet nibh felis porttitor laoreet Vestibulum faucibus. At Nulla id tincidunt ut sed semper vel Lorem condimentum ornare. Laoreet Vestibulum lacinia massa a commodo habitasse velit Vestibulum tincidunt In. Turpis at eleifend leo mi elit Aenean porta ac sed faucibus. Nunc urna Morbi fringilla vitae orci convallis condimentum auctor sit dui. Urna pretium elit mauris cursus Curabitur at elit Vestibulum. Mi vitae magnis Fusce laoreet nibh felis porttitor laoreet Vestibulum faucibus. At Nulla id tincidunt ut sed semper vel Lorem condimentum ornare. Laoreet Vestibulum lacinia massa a commodo habitasse velit Vestibulum tincidunt In. Turpis at eleifend leo mi elit Aenean porta ac sed faucibus. Nunc urna Morbi fringilla vitae orci convallis condimentum auctor sit dui. Urna pretium elit mauris cursus Curabitur at elit Vestibulum.</p>','<p>Mi vitae magnis Fusce laoreet nibh felis porttitor laoreet Vestibulum faucibus. At Nulla id tincidunt ut sed semper vel Lorem condimentum ornare.</p>','leotheme,prestashop,theme'),(6,2,'','','Urna pretium elit mauris cursus Curabitur at elit Vestibulum','urna-pretium-elit-mauris-cursus-curabitur-at-elit-vestibulum','<p>Mi vitae magnis Fusce laoreet nibh felis porttitor laoreet Vestibulum faucibus. At Nulla id tincidunt ut sed semper vel Lorem condimentum ornare. Laoreet Vestibulum lacinia massa a commodo habitasse velit Vestibulum tincidunt In. Turpis at eleifend leo mi elit Aenean porta ac sed faucibus. Nunc urna Morbi fringilla vitae orci convallis condimentum auctor sit dui. Urna pretium elit mauris cursus Curabitur at elit Vestibulum. Mi vitae magnis Fusce laoreet nibh felis porttitor laoreet Vestibulum faucibus. At Nulla id tincidunt ut sed semper vel Lorem condimentum ornare. Laoreet Vestibulum lacinia massa a commodo habitasse velit Vestibulum tincidunt In. Turpis at eleifend leo mi elit Aenean porta ac sed faucibus. Nunc urna Morbi fringilla vitae orci convallis condimentum auctor sit dui. Urna pretium elit mauris cursus Curabitur at elit Vestibulum.</p>','<p>Mi vitae magnis Fusce laoreet nibh felis porttitor laoreet Vestibulum faucibus. At Nulla id tincidunt ut sed semper vel Lorem condimentum ornare.</p>','leotheme,prestashop,theme'),(6,3,'','','Urna pretium elit mauris cursus Curabitur at elit Vestibulum','urna-pretium-elit-mauris-cursus-curabitur-at-elit-vestibulum','<p>Mi vitae magnis Fusce laoreet nibh felis porttitor laoreet Vestibulum faucibus. At Nulla id tincidunt ut sed semper vel Lorem condimentum ornare. Laoreet Vestibulum lacinia massa a commodo habitasse velit Vestibulum tincidunt In. Turpis at eleifend leo mi elit Aenean porta ac sed faucibus. Nunc urna Morbi fringilla vitae orci convallis condimentum auctor sit dui. Urna pretium elit mauris cursus Curabitur at elit Vestibulum. Mi vitae magnis Fusce laoreet nibh felis porttitor laoreet Vestibulum faucibus. At Nulla id tincidunt ut sed semper vel Lorem condimentum ornare. Laoreet Vestibulum lacinia massa a commodo habitasse velit Vestibulum tincidunt In. Turpis at eleifend leo mi elit Aenean porta ac sed faucibus. Nunc urna Morbi fringilla vitae orci convallis condimentum auctor sit dui. Urna pretium elit mauris cursus Curabitur at elit Vestibulum.</p>','<p>Mi vitae magnis Fusce laoreet nibh felis porttitor laoreet Vestibulum faucibus. At Nulla id tincidunt ut sed semper vel Lorem condimentum ornare.</p>','leotheme,prestashop,theme'),(6,4,'','','Urna pretium elit mauris cursus Curabitur at elit Vestibulum','urna-pretium-elit-mauris-cursus-curabitur-at-elit-vestibulum','<p>Mi vitae magnis Fusce laoreet nibh felis porttitor laoreet Vestibulum faucibus. At Nulla id tincidunt ut sed semper vel Lorem condimentum ornare. Laoreet Vestibulum lacinia massa a commodo habitasse velit Vestibulum tincidunt In. Turpis at eleifend leo mi elit Aenean porta ac sed faucibus. Nunc urna Morbi fringilla vitae orci convallis condimentum auctor sit dui. Urna pretium elit mauris cursus Curabitur at elit Vestibulum. Mi vitae magnis Fusce laoreet nibh felis porttitor laoreet Vestibulum faucibus. At Nulla id tincidunt ut sed semper vel Lorem condimentum ornare. Laoreet Vestibulum lacinia massa a commodo habitasse velit Vestibulum tincidunt In. Turpis at eleifend leo mi elit Aenean porta ac sed faucibus. Nunc urna Morbi fringilla vitae orci convallis condimentum auctor sit dui. Urna pretium elit mauris cursus Curabitur at elit Vestibulum.</p>','<p>Mi vitae magnis Fusce laoreet nibh felis porttitor laoreet Vestibulum faucibus. At Nulla id tincidunt ut sed semper vel Lorem condimentum ornare.</p>','leotheme,prestashop,theme'),(6,5,'','','Urna pretium elit mauris cursus Curabitur at elit Vestibulum','urna-pretium-elit-mauris-cursus-curabitur-at-elit-vestibulum','<p>Mi vitae magnis Fusce laoreet nibh felis porttitor laoreet Vestibulum faucibus. At Nulla id tincidunt ut sed semper vel Lorem condimentum ornare. Laoreet Vestibulum lacinia massa a commodo habitasse velit Vestibulum tincidunt In. Turpis at eleifend leo mi elit Aenean porta ac sed faucibus. Nunc urna Morbi fringilla vitae orci convallis condimentum auctor sit dui. Urna pretium elit mauris cursus Curabitur at elit Vestibulum. Mi vitae magnis Fusce laoreet nibh felis porttitor laoreet Vestibulum faucibus. At Nulla id tincidunt ut sed semper vel Lorem condimentum ornare. Laoreet Vestibulum lacinia massa a commodo habitasse velit Vestibulum tincidunt In. Turpis at eleifend leo mi elit Aenean porta ac sed faucibus. Nunc urna Morbi fringilla vitae orci convallis condimentum auctor sit dui. Urna pretium elit mauris cursus Curabitur at elit Vestibulum.</p>','<p>Mi vitae magnis Fusce laoreet nibh felis porttitor laoreet Vestibulum faucibus. At Nulla id tincidunt ut sed semper vel Lorem condimentum ornare.</p>','leotheme,prestashop,theme'),(6,6,'','','Urna pretium elit mauris cursus Curabitur at elit Vestibulum','urna-pretium-elit-mauris-cursus-curabitur-at-elit-vestibulum','<p>Mi vitae magnis Fusce laoreet nibh felis porttitor laoreet Vestibulum faucibus. At Nulla id tincidunt ut sed semper vel Lorem condimentum ornare. Laoreet Vestibulum lacinia massa a commodo habitasse velit Vestibulum tincidunt In. Turpis at eleifend leo mi elit Aenean porta ac sed faucibus. Nunc urna Morbi fringilla vitae orci convallis condimentum auctor sit dui. Urna pretium elit mauris cursus Curabitur at elit Vestibulum. Mi vitae magnis Fusce laoreet nibh felis porttitor laoreet Vestibulum faucibus. At Nulla id tincidunt ut sed semper vel Lorem condimentum ornare. Laoreet Vestibulum lacinia massa a commodo habitasse velit Vestibulum tincidunt In. Turpis at eleifend leo mi elit Aenean porta ac sed faucibus. Nunc urna Morbi fringilla vitae orci convallis condimentum auctor sit dui. Urna pretium elit mauris cursus Curabitur at elit Vestibulum.</p>','<p>Mi vitae magnis Fusce laoreet nibh felis porttitor laoreet Vestibulum faucibus. At Nulla id tincidunt ut sed semper vel Lorem condimentum ornare.</p>','leotheme,prestashop,theme'),(7,1,'','','Morbi condimentum molestie Nam enim odio sodales','morbi-condimentum-molestie-nam-enim-odio-sodales','<p>Odio ut pretium ligula quam Vestibulum consequat convallis fringilla Vestibulum nulla. Accumsan morbi tristique auctor. At risus pretium urna tortor metus fringilla interdum mauris tempor congue.</p><p>Commodo laoreet semper tincidunt lorem Vestibulum nunc at In Curabitur magna. Euismod euismod Suspendisse tortor ante adipiscing risus Aenean Lorem vitae id. Odio ut pretium ligula quam Vestibulum consequat convallis fringilla Vestibulum nulla. Accumsan morbi tristique auctor Aenean nulla lacinia Nullam elit vel vel. At risus pretium urna tortor metus fringilla interdum mauris tempor congue.</p><p>Donec tellus Nulla lorem Nullam elit id ut elit feugiat lacus. Congue eget dapibus congue tincidunt senectus nibh risus Phasellus tristique justo. Justo Pellentesque Donec lobortis faucibus Vestibulum Praesent mauris volutpat vitae metus. Ipsum cursus vestibulum at interdum Vivamus nunc fringilla Curabitur ac quis. Nam lacinia wisi tortor orci quis vitae.</p><p>Sed mauris Pellentesque elit Aliquam at lacus interdum nascetur elit ipsum. Enim ipsum hendrerit Suspendisse turpis laoreet fames tempus ligula pede ac. Et Lorem penatibus orci eu ultrices egestas Nam quam Vivamus nibh. Morbi condimentum molestie Nam enim odio sodales pretium eros sem pellentesque. Sit tellus Integer elit egestas lacus turpis id auctor nascetur ut. Ac elit vitae.</p><p>Mi vitae magnis Fusce laoreet nibh felis porttitor laoreet Vestibulum faucibus. At Nulla id tincidunt ut sed semper vel Lorem condimentum ornare. Laoreet Vestibulum lacinia massa a commodo habitasse velit Vestibulum tincidunt In. Turpis at eleifend leo mi elit Aenean porta ac sed faucibus. Nunc urna Morbi fringilla vitae orci convallis condimentum auctor sit dui. Urna pretium elit mauris cursus Curabitur at elit Vestibulum.</p>','<p>Sed mauris Pellentesque elit Aliquam at lacus interdum nascetur elit ipsum. Enim ipsum hendrerit Suspendisse turpis laoreet fames tempus ligula pede ac. Et Lorem penatibus orci eu ultrices egestas Nam quam Vivamus nibh.</p>','leotheme,prestashop,magento,opencart'),(7,2,'','','Morbi condimentum molestie Nam enim odio sodales','morbi-condimentum-molestie-nam-enim-odio-sodales','<p>Odio ut pretium ligula quam Vestibulum consequat convallis fringilla Vestibulum nulla. Accumsan morbi tristique auctor. At risus pretium urna tortor metus fringilla interdum mauris tempor congue.</p><p>Commodo laoreet semper tincidunt lorem Vestibulum nunc at In Curabitur magna. Euismod euismod Suspendisse tortor ante adipiscing risus Aenean Lorem vitae id. Odio ut pretium ligula quam Vestibulum consequat convallis fringilla Vestibulum nulla. Accumsan morbi tristique auctor Aenean nulla lacinia Nullam elit vel vel. At risus pretium urna tortor metus fringilla interdum mauris tempor congue.</p><p>Donec tellus Nulla lorem Nullam elit id ut elit feugiat lacus. Congue eget dapibus congue tincidunt senectus nibh risus Phasellus tristique justo. Justo Pellentesque Donec lobortis faucibus Vestibulum Praesent mauris volutpat vitae metus. Ipsum cursus vestibulum at interdum Vivamus nunc fringilla Curabitur ac quis. Nam lacinia wisi tortor orci quis vitae.</p><p>Sed mauris Pellentesque elit Aliquam at lacus interdum nascetur elit ipsum. Enim ipsum hendrerit Suspendisse turpis laoreet fames tempus ligula pede ac. Et Lorem penatibus orci eu ultrices egestas Nam quam Vivamus nibh. Morbi condimentum molestie Nam enim odio sodales pretium eros sem pellentesque. Sit tellus Integer elit egestas lacus turpis id auctor nascetur ut. Ac elit vitae.</p><p>Mi vitae magnis Fusce laoreet nibh felis porttitor laoreet Vestibulum faucibus. At Nulla id tincidunt ut sed semper vel Lorem condimentum ornare. Laoreet Vestibulum lacinia massa a commodo habitasse velit Vestibulum tincidunt In. Turpis at eleifend leo mi elit Aenean porta ac sed faucibus. Nunc urna Morbi fringilla vitae orci convallis condimentum auctor sit dui. Urna pretium elit mauris cursus Curabitur at elit Vestibulum.</p>','<p>Sed mauris Pellentesque elit Aliquam at lacus interdum nascetur elit ipsum. Enim ipsum hendrerit Suspendisse turpis laoreet fames tempus ligula pede ac. Et Lorem penatibus orci eu ultrices egestas Nam quam Vivamus nibh.</p>','leotheme,prestashop,magento,opencart'),(7,3,'','','Morbi condimentum molestie Nam enim odio sodales','morbi-condimentum-molestie-nam-enim-odio-sodales','<p>Odio ut pretium ligula quam Vestibulum consequat convallis fringilla Vestibulum nulla. Accumsan morbi tristique auctor. At risus pretium urna tortor metus fringilla interdum mauris tempor congue.</p><p>Commodo laoreet semper tincidunt lorem Vestibulum nunc at In Curabitur magna. Euismod euismod Suspendisse tortor ante adipiscing risus Aenean Lorem vitae id. Odio ut pretium ligula quam Vestibulum consequat convallis fringilla Vestibulum nulla. Accumsan morbi tristique auctor Aenean nulla lacinia Nullam elit vel vel. At risus pretium urna tortor metus fringilla interdum mauris tempor congue.</p><p>Donec tellus Nulla lorem Nullam elit id ut elit feugiat lacus. Congue eget dapibus congue tincidunt senectus nibh risus Phasellus tristique justo. Justo Pellentesque Donec lobortis faucibus Vestibulum Praesent mauris volutpat vitae metus. Ipsum cursus vestibulum at interdum Vivamus nunc fringilla Curabitur ac quis. Nam lacinia wisi tortor orci quis vitae.</p><p>Sed mauris Pellentesque elit Aliquam at lacus interdum nascetur elit ipsum. Enim ipsum hendrerit Suspendisse turpis laoreet fames tempus ligula pede ac. Et Lorem penatibus orci eu ultrices egestas Nam quam Vivamus nibh. Morbi condimentum molestie Nam enim odio sodales pretium eros sem pellentesque. Sit tellus Integer elit egestas lacus turpis id auctor nascetur ut. Ac elit vitae.</p><p>Mi vitae magnis Fusce laoreet nibh felis porttitor laoreet Vestibulum faucibus. At Nulla id tincidunt ut sed semper vel Lorem condimentum ornare. Laoreet Vestibulum lacinia massa a commodo habitasse velit Vestibulum tincidunt In. Turpis at eleifend leo mi elit Aenean porta ac sed faucibus. Nunc urna Morbi fringilla vitae orci convallis condimentum auctor sit dui. Urna pretium elit mauris cursus Curabitur at elit Vestibulum.</p>','<p>Sed mauris Pellentesque elit Aliquam at lacus interdum nascetur elit ipsum. Enim ipsum hendrerit Suspendisse turpis laoreet fames tempus ligula pede ac. Et Lorem penatibus orci eu ultrices egestas Nam quam Vivamus nibh.</p>','leotheme,prestashop,magento,opencart'),(7,4,'','','Morbi condimentum molestie Nam enim odio sodales','morbi-condimentum-molestie-nam-enim-odio-sodales','<p>Odio ut pretium ligula quam Vestibulum consequat convallis fringilla Vestibulum nulla. Accumsan morbi tristique auctor. At risus pretium urna tortor metus fringilla interdum mauris tempor congue.</p><p>Commodo laoreet semper tincidunt lorem Vestibulum nunc at In Curabitur magna. Euismod euismod Suspendisse tortor ante adipiscing risus Aenean Lorem vitae id. Odio ut pretium ligula quam Vestibulum consequat convallis fringilla Vestibulum nulla. Accumsan morbi tristique auctor Aenean nulla lacinia Nullam elit vel vel. At risus pretium urna tortor metus fringilla interdum mauris tempor congue.</p><p>Donec tellus Nulla lorem Nullam elit id ut elit feugiat lacus. Congue eget dapibus congue tincidunt senectus nibh risus Phasellus tristique justo. Justo Pellentesque Donec lobortis faucibus Vestibulum Praesent mauris volutpat vitae metus. Ipsum cursus vestibulum at interdum Vivamus nunc fringilla Curabitur ac quis. Nam lacinia wisi tortor orci quis vitae.</p><p>Sed mauris Pellentesque elit Aliquam at lacus interdum nascetur elit ipsum. Enim ipsum hendrerit Suspendisse turpis laoreet fames tempus ligula pede ac. Et Lorem penatibus orci eu ultrices egestas Nam quam Vivamus nibh. Morbi condimentum molestie Nam enim odio sodales pretium eros sem pellentesque. Sit tellus Integer elit egestas lacus turpis id auctor nascetur ut. Ac elit vitae.</p><p>Mi vitae magnis Fusce laoreet nibh felis porttitor laoreet Vestibulum faucibus. At Nulla id tincidunt ut sed semper vel Lorem condimentum ornare. Laoreet Vestibulum lacinia massa a commodo habitasse velit Vestibulum tincidunt In. Turpis at eleifend leo mi elit Aenean porta ac sed faucibus. Nunc urna Morbi fringilla vitae orci convallis condimentum auctor sit dui. Urna pretium elit mauris cursus Curabitur at elit Vestibulum.</p>','<p>Sed mauris Pellentesque elit Aliquam at lacus interdum nascetur elit ipsum. Enim ipsum hendrerit Suspendisse turpis laoreet fames tempus ligula pede ac. Et Lorem penatibus orci eu ultrices egestas Nam quam Vivamus nibh.</p>','leotheme,prestashop,magento,opencart'),(7,5,'','','Morbi condimentum molestie Nam enim odio sodales','morbi-condimentum-molestie-nam-enim-odio-sodales','<p>Odio ut pretium ligula quam Vestibulum consequat convallis fringilla Vestibulum nulla. Accumsan morbi tristique auctor. At risus pretium urna tortor metus fringilla interdum mauris tempor congue.</p><p>Commodo laoreet semper tincidunt lorem Vestibulum nunc at In Curabitur magna. Euismod euismod Suspendisse tortor ante adipiscing risus Aenean Lorem vitae id. Odio ut pretium ligula quam Vestibulum consequat convallis fringilla Vestibulum nulla. Accumsan morbi tristique auctor Aenean nulla lacinia Nullam elit vel vel. At risus pretium urna tortor metus fringilla interdum mauris tempor congue.</p><p>Donec tellus Nulla lorem Nullam elit id ut elit feugiat lacus. Congue eget dapibus congue tincidunt senectus nibh risus Phasellus tristique justo. Justo Pellentesque Donec lobortis faucibus Vestibulum Praesent mauris volutpat vitae metus. Ipsum cursus vestibulum at interdum Vivamus nunc fringilla Curabitur ac quis. Nam lacinia wisi tortor orci quis vitae.</p><p>Sed mauris Pellentesque elit Aliquam at lacus interdum nascetur elit ipsum. Enim ipsum hendrerit Suspendisse turpis laoreet fames tempus ligula pede ac. Et Lorem penatibus orci eu ultrices egestas Nam quam Vivamus nibh. Morbi condimentum molestie Nam enim odio sodales pretium eros sem pellentesque. Sit tellus Integer elit egestas lacus turpis id auctor nascetur ut. Ac elit vitae.</p><p>Mi vitae magnis Fusce laoreet nibh felis porttitor laoreet Vestibulum faucibus. At Nulla id tincidunt ut sed semper vel Lorem condimentum ornare. Laoreet Vestibulum lacinia massa a commodo habitasse velit Vestibulum tincidunt In. Turpis at eleifend leo mi elit Aenean porta ac sed faucibus. Nunc urna Morbi fringilla vitae orci convallis condimentum auctor sit dui. Urna pretium elit mauris cursus Curabitur at elit Vestibulum.</p>','<p>Sed mauris Pellentesque elit Aliquam at lacus interdum nascetur elit ipsum. Enim ipsum hendrerit Suspendisse turpis laoreet fames tempus ligula pede ac. Et Lorem penatibus orci eu ultrices egestas Nam quam Vivamus nibh.</p>','leotheme,prestashop,magento,opencart'),(7,6,'','','Morbi condimentum molestie Nam enim odio sodales','morbi-condimentum-molestie-nam-enim-odio-sodales','<p>Odio ut pretium ligula quam Vestibulum consequat convallis fringilla Vestibulum nulla. Accumsan morbi tristique auctor. At risus pretium urna tortor metus fringilla interdum mauris tempor congue.</p><p>Commodo laoreet semper tincidunt lorem Vestibulum nunc at In Curabitur magna. Euismod euismod Suspendisse tortor ante adipiscing risus Aenean Lorem vitae id. Odio ut pretium ligula quam Vestibulum consequat convallis fringilla Vestibulum nulla. Accumsan morbi tristique auctor Aenean nulla lacinia Nullam elit vel vel. At risus pretium urna tortor metus fringilla interdum mauris tempor congue.</p><p>Donec tellus Nulla lorem Nullam elit id ut elit feugiat lacus. Congue eget dapibus congue tincidunt senectus nibh risus Phasellus tristique justo. Justo Pellentesque Donec lobortis faucibus Vestibulum Praesent mauris volutpat vitae metus. Ipsum cursus vestibulum at interdum Vivamus nunc fringilla Curabitur ac quis. Nam lacinia wisi tortor orci quis vitae.</p><p>Sed mauris Pellentesque elit Aliquam at lacus interdum nascetur elit ipsum. Enim ipsum hendrerit Suspendisse turpis laoreet fames tempus ligula pede ac. Et Lorem penatibus orci eu ultrices egestas Nam quam Vivamus nibh. Morbi condimentum molestie Nam enim odio sodales pretium eros sem pellentesque. Sit tellus Integer elit egestas lacus turpis id auctor nascetur ut. Ac elit vitae.</p><p>Mi vitae magnis Fusce laoreet nibh felis porttitor laoreet Vestibulum faucibus. At Nulla id tincidunt ut sed semper vel Lorem condimentum ornare. Laoreet Vestibulum lacinia massa a commodo habitasse velit Vestibulum tincidunt In. Turpis at eleifend leo mi elit Aenean porta ac sed faucibus. Nunc urna Morbi fringilla vitae orci convallis condimentum auctor sit dui. Urna pretium elit mauris cursus Curabitur at elit Vestibulum.</p>','<p>Sed mauris Pellentesque elit Aliquam at lacus interdum nascetur elit ipsum. Enim ipsum hendrerit Suspendisse turpis laoreet fames tempus ligula pede ac. Et Lorem penatibus orci eu ultrices egestas Nam quam Vivamus nibh.</p>','leotheme,prestashop,magento,opencart'),(8,1,'','','Turpis at eleifend leo mi elit Aenean porta ac sed faucibus','turpis-at-eleifend-leo-mi-elit-aenean-porta-ac-sed-faucibus','<p>Odio ut pretium ligula quam Vestibulum consequat convallis fringilla Vestibulum nulla. Accumsan morbi tristique auctor. At risus pretium urna tortor metus fringilla interdum mauris tempor congue.</p><p>Commodo laoreet semper tincidunt lorem Vestibulum nunc at In Curabitur magna. Euismod euismod Suspendisse tortor ante adipiscing risus Aenean Lorem vitae id. Odio ut pretium ligula quam Vestibulum consequat convallis fringilla Vestibulum nulla. Accumsan morbi tristique auctor Aenean nulla lacinia Nullam elit vel vel. At risus pretium urna tortor metus fringilla interdum mauris tempor congue.</p>\r\n<p>Donec tellus Nulla lorem Nullam elit id ut elit feugiat lacus. Congue eget dapibus congue tincidunt senectus nibh risus Phasellus tristique justo. Justo Pellentesque Donec lobortis faucibus Vestibulum Praesent mauris volutpat vitae metus. Ipsum cursus vestibulum at interdum Vivamus nunc fringilla Curabitur ac quis. Nam lacinia wisi tortor orci quis vitae.</p>\r\n<p>Sed mauris Pellentesque elit Aliquam at lacus interdum nascetur elit ipsum. Enim ipsum hendrerit Suspendisse turpis laoreet fames tempus ligula pede ac. Et Lorem penatibus orci eu ultrices egestas Nam quam Vivamus nibh. Morbi condimentum molestie Nam enim odio sodales pretium eros sem pellentesque. Sit tellus Integer elit egestas lacus turpis id auctor nascetur ut. Ac elit vitae.</p>\r\n<p>Mi vitae magnis Fusce laoreet nibh felis porttitor laoreet Vestibulum faucibus. At Nulla id tincidunt ut sed semper vel Lorem condimentum ornare. Laoreet Vestibulum lacinia massa a commodo habitasse velit Vestibulum tincidunt In. Turpis at eleifend leo mi elit Aenean porta ac sed faucibus. Nunc urna Morbi fringilla vitae orci convallis condimentum auctor sit dui. Urna pretium elit mauris cursus Curabitur at elit Vestibulum.</p>','<p>Turpis at eleifend leo mi elit Aenean porta ac sed faucibus. Nunc urna Morbi fringilla vitae orci convallis condimentum auctor sit dui. Urna pretium elit mauris cursus Curabitur at elit Vestibulum</p>','magento,opencart,template'),(8,2,'','','Turpis at eleifend leo mi elit Aenean porta ac sed faucibus','turpis-at-eleifend-leo-mi-elit-aenean-porta-ac-sed-faucibus','<p>Odio ut pretium ligula quam Vestibulum consequat convallis fringilla Vestibulum nulla. Accumsan morbi tristique auctor. At risus pretium urna tortor metus fringilla interdum mauris tempor congue.</p><p>Commodo laoreet semper tincidunt lorem Vestibulum nunc at In Curabitur magna. Euismod euismod Suspendisse tortor ante adipiscing risus Aenean Lorem vitae id. Odio ut pretium ligula quam Vestibulum consequat convallis fringilla Vestibulum nulla. Accumsan morbi tristique auctor Aenean nulla lacinia Nullam elit vel vel. At risus pretium urna tortor metus fringilla interdum mauris tempor congue.</p>\r\n<p>Donec tellus Nulla lorem Nullam elit id ut elit feugiat lacus. Congue eget dapibus congue tincidunt senectus nibh risus Phasellus tristique justo. Justo Pellentesque Donec lobortis faucibus Vestibulum Praesent mauris volutpat vitae metus. Ipsum cursus vestibulum at interdum Vivamus nunc fringilla Curabitur ac quis. Nam lacinia wisi tortor orci quis vitae.</p>\r\n<p>Sed mauris Pellentesque elit Aliquam at lacus interdum nascetur elit ipsum. Enim ipsum hendrerit Suspendisse turpis laoreet fames tempus ligula pede ac. Et Lorem penatibus orci eu ultrices egestas Nam quam Vivamus nibh. Morbi condimentum molestie Nam enim odio sodales pretium eros sem pellentesque. Sit tellus Integer elit egestas lacus turpis id auctor nascetur ut. Ac elit vitae.</p>\r\n<p>Mi vitae magnis Fusce laoreet nibh felis porttitor laoreet Vestibulum faucibus. At Nulla id tincidunt ut sed semper vel Lorem condimentum ornare. Laoreet Vestibulum lacinia massa a commodo habitasse velit Vestibulum tincidunt In. Turpis at eleifend leo mi elit Aenean porta ac sed faucibus. Nunc urna Morbi fringilla vitae orci convallis condimentum auctor sit dui. Urna pretium elit mauris cursus Curabitur at elit Vestibulum.</p>','<p>Turpis at eleifend leo mi elit Aenean porta ac sed faucibus. Nunc urna Morbi fringilla vitae orci convallis condimentum auctor sit dui. Urna pretium elit mauris cursus Curabitur at elit Vestibulum</p>','magento,opencart,template'),(8,3,'','','Turpis at eleifend leo mi elit Aenean porta ac sed faucibus','turpis-at-eleifend-leo-mi-elit-aenean-porta-ac-sed-faucibus','<p>Odio ut pretium ligula quam Vestibulum consequat convallis fringilla Vestibulum nulla. Accumsan morbi tristique auctor. At risus pretium urna tortor metus fringilla interdum mauris tempor congue.</p><p>Commodo laoreet semper tincidunt lorem Vestibulum nunc at In Curabitur magna. Euismod euismod Suspendisse tortor ante adipiscing risus Aenean Lorem vitae id. Odio ut pretium ligula quam Vestibulum consequat convallis fringilla Vestibulum nulla. Accumsan morbi tristique auctor Aenean nulla lacinia Nullam elit vel vel. At risus pretium urna tortor metus fringilla interdum mauris tempor congue.</p>\r\n<p>Donec tellus Nulla lorem Nullam elit id ut elit feugiat lacus. Congue eget dapibus congue tincidunt senectus nibh risus Phasellus tristique justo. Justo Pellentesque Donec lobortis faucibus Vestibulum Praesent mauris volutpat vitae metus. Ipsum cursus vestibulum at interdum Vivamus nunc fringilla Curabitur ac quis. Nam lacinia wisi tortor orci quis vitae.</p>\r\n<p>Sed mauris Pellentesque elit Aliquam at lacus interdum nascetur elit ipsum. Enim ipsum hendrerit Suspendisse turpis laoreet fames tempus ligula pede ac. Et Lorem penatibus orci eu ultrices egestas Nam quam Vivamus nibh. Morbi condimentum molestie Nam enim odio sodales pretium eros sem pellentesque. Sit tellus Integer elit egestas lacus turpis id auctor nascetur ut. Ac elit vitae.</p>\r\n<p>Mi vitae magnis Fusce laoreet nibh felis porttitor laoreet Vestibulum faucibus. At Nulla id tincidunt ut sed semper vel Lorem condimentum ornare. Laoreet Vestibulum lacinia massa a commodo habitasse velit Vestibulum tincidunt In. Turpis at eleifend leo mi elit Aenean porta ac sed faucibus. Nunc urna Morbi fringilla vitae orci convallis condimentum auctor sit dui. Urna pretium elit mauris cursus Curabitur at elit Vestibulum.</p>','<p>Turpis at eleifend leo mi elit Aenean porta ac sed faucibus. Nunc urna Morbi fringilla vitae orci convallis condimentum auctor sit dui. Urna pretium elit mauris cursus Curabitur at elit Vestibulum</p>','magento,opencart,template'),(8,4,'','','Turpis at eleifend leo mi elit Aenean porta ac sed faucibus','turpis-at-eleifend-leo-mi-elit-aenean-porta-ac-sed-faucibus','<p>Odio ut pretium ligula quam Vestibulum consequat convallis fringilla Vestibulum nulla. Accumsan morbi tristique auctor. At risus pretium urna tortor metus fringilla interdum mauris tempor congue.</p><p>Commodo laoreet semper tincidunt lorem Vestibulum nunc at In Curabitur magna. Euismod euismod Suspendisse tortor ante adipiscing risus Aenean Lorem vitae id. Odio ut pretium ligula quam Vestibulum consequat convallis fringilla Vestibulum nulla. Accumsan morbi tristique auctor Aenean nulla lacinia Nullam elit vel vel. At risus pretium urna tortor metus fringilla interdum mauris tempor congue.</p>\r\n<p>Donec tellus Nulla lorem Nullam elit id ut elit feugiat lacus. Congue eget dapibus congue tincidunt senectus nibh risus Phasellus tristique justo. Justo Pellentesque Donec lobortis faucibus Vestibulum Praesent mauris volutpat vitae metus. Ipsum cursus vestibulum at interdum Vivamus nunc fringilla Curabitur ac quis. Nam lacinia wisi tortor orci quis vitae.</p>\r\n<p>Sed mauris Pellentesque elit Aliquam at lacus interdum nascetur elit ipsum. Enim ipsum hendrerit Suspendisse turpis laoreet fames tempus ligula pede ac. Et Lorem penatibus orci eu ultrices egestas Nam quam Vivamus nibh. Morbi condimentum molestie Nam enim odio sodales pretium eros sem pellentesque. Sit tellus Integer elit egestas lacus turpis id auctor nascetur ut. Ac elit vitae.</p>\r\n<p>Mi vitae magnis Fusce laoreet nibh felis porttitor laoreet Vestibulum faucibus. At Nulla id tincidunt ut sed semper vel Lorem condimentum ornare. Laoreet Vestibulum lacinia massa a commodo habitasse velit Vestibulum tincidunt In. Turpis at eleifend leo mi elit Aenean porta ac sed faucibus. Nunc urna Morbi fringilla vitae orci convallis condimentum auctor sit dui. Urna pretium elit mauris cursus Curabitur at elit Vestibulum.</p>','<p>Turpis at eleifend leo mi elit Aenean porta ac sed faucibus. Nunc urna Morbi fringilla vitae orci convallis condimentum auctor sit dui. Urna pretium elit mauris cursus Curabitur at elit Vestibulum</p>','magento,opencart,template'),(8,5,'','','Turpis at eleifend leo mi elit Aenean porta ac sed faucibus','turpis-at-eleifend-leo-mi-elit-aenean-porta-ac-sed-faucibus','<p>Odio ut pretium ligula quam Vestibulum consequat convallis fringilla Vestibulum nulla. Accumsan morbi tristique auctor. At risus pretium urna tortor metus fringilla interdum mauris tempor congue.</p><p>Commodo laoreet semper tincidunt lorem Vestibulum nunc at In Curabitur magna. Euismod euismod Suspendisse tortor ante adipiscing risus Aenean Lorem vitae id. Odio ut pretium ligula quam Vestibulum consequat convallis fringilla Vestibulum nulla. Accumsan morbi tristique auctor Aenean nulla lacinia Nullam elit vel vel. At risus pretium urna tortor metus fringilla interdum mauris tempor congue.</p>\r\n<p>Donec tellus Nulla lorem Nullam elit id ut elit feugiat lacus. Congue eget dapibus congue tincidunt senectus nibh risus Phasellus tristique justo. Justo Pellentesque Donec lobortis faucibus Vestibulum Praesent mauris volutpat vitae metus. Ipsum cursus vestibulum at interdum Vivamus nunc fringilla Curabitur ac quis. Nam lacinia wisi tortor orci quis vitae.</p>\r\n<p>Sed mauris Pellentesque elit Aliquam at lacus interdum nascetur elit ipsum. Enim ipsum hendrerit Suspendisse turpis laoreet fames tempus ligula pede ac. Et Lorem penatibus orci eu ultrices egestas Nam quam Vivamus nibh. Morbi condimentum molestie Nam enim odio sodales pretium eros sem pellentesque. Sit tellus Integer elit egestas lacus turpis id auctor nascetur ut. Ac elit vitae.</p>\r\n<p>Mi vitae magnis Fusce laoreet nibh felis porttitor laoreet Vestibulum faucibus. At Nulla id tincidunt ut sed semper vel Lorem condimentum ornare. Laoreet Vestibulum lacinia massa a commodo habitasse velit Vestibulum tincidunt In. Turpis at eleifend leo mi elit Aenean porta ac sed faucibus. Nunc urna Morbi fringilla vitae orci convallis condimentum auctor sit dui. Urna pretium elit mauris cursus Curabitur at elit Vestibulum.</p>','<p>Turpis at eleifend leo mi elit Aenean porta ac sed faucibus. Nunc urna Morbi fringilla vitae orci convallis condimentum auctor sit dui. Urna pretium elit mauris cursus Curabitur at elit Vestibulum</p>','magento,opencart,template'),(8,6,'','','Turpis at eleifend leo mi elit Aenean porta ac sed faucibus','turpis-at-eleifend-leo-mi-elit-aenean-porta-ac-sed-faucibus','<p>Odio ut pretium ligula quam Vestibulum consequat convallis fringilla Vestibulum nulla. Accumsan morbi tristique auctor. At risus pretium urna tortor metus fringilla interdum mauris tempor congue.</p><p>Commodo laoreet semper tincidunt lorem Vestibulum nunc at In Curabitur magna. Euismod euismod Suspendisse tortor ante adipiscing risus Aenean Lorem vitae id. Odio ut pretium ligula quam Vestibulum consequat convallis fringilla Vestibulum nulla. Accumsan morbi tristique auctor Aenean nulla lacinia Nullam elit vel vel. At risus pretium urna tortor metus fringilla interdum mauris tempor congue.</p>\r\n<p>Donec tellus Nulla lorem Nullam elit id ut elit feugiat lacus. Congue eget dapibus congue tincidunt senectus nibh risus Phasellus tristique justo. Justo Pellentesque Donec lobortis faucibus Vestibulum Praesent mauris volutpat vitae metus. Ipsum cursus vestibulum at interdum Vivamus nunc fringilla Curabitur ac quis. Nam lacinia wisi tortor orci quis vitae.</p>\r\n<p>Sed mauris Pellentesque elit Aliquam at lacus interdum nascetur elit ipsum. Enim ipsum hendrerit Suspendisse turpis laoreet fames tempus ligula pede ac. Et Lorem penatibus orci eu ultrices egestas Nam quam Vivamus nibh. Morbi condimentum molestie Nam enim odio sodales pretium eros sem pellentesque. Sit tellus Integer elit egestas lacus turpis id auctor nascetur ut. Ac elit vitae.</p>\r\n<p>Mi vitae magnis Fusce laoreet nibh felis porttitor laoreet Vestibulum faucibus. At Nulla id tincidunt ut sed semper vel Lorem condimentum ornare. Laoreet Vestibulum lacinia massa a commodo habitasse velit Vestibulum tincidunt In. Turpis at eleifend leo mi elit Aenean porta ac sed faucibus. Nunc urna Morbi fringilla vitae orci convallis condimentum auctor sit dui. Urna pretium elit mauris cursus Curabitur at elit Vestibulum.</p>','<p>Turpis at eleifend leo mi elit Aenean porta ac sed faucibus. Nunc urna Morbi fringilla vitae orci convallis condimentum auctor sit dui. Urna pretium elit mauris cursus Curabitur at elit Vestibulum</p>','magento,opencart,template'),(9,1,'','','Nullam ullamcorper nisl quis ornare molestie','nullam-ullamcorper-nisl-quis-ornare-molestie','<p>Sed ut perspiciatis unde omnis iste natus error sit voluptatem accusantium doloremque laudantium, totam rem aperiam, eaque ipsa quae ab illo inventore veritatis et quas.</p><p>Suspendisse posuere, diam in bibendum lobortis, turpis ipsum aliquam risus, sit amet dictum ligula lorem non nisl. Ut vitae nibh id massa vulputate euismod ut quis justo. Ut bibendum sem at massa lacinia, eget elementum ante consectetur. Nulla id pharetra dui, at rhoncus urna. Maecenas non porttitor purus. Nullam ullamcorper nisl quis ornare molestie.</p>\r\n<p>Etiam eget erat est. Phasellus elit justo, mattis non lorem non, aliquam aliquam leo. Sed fermentum consectetur magna, eget semper ante. Aliquam scelerisque justo velit. Fusce cursus blandit dolor, in sodales urna vulputate lobortis. Nulla ut tellus turpis. Nullam lacus sem, volutpat id odio sed, cursus tristique eros. Duis at pellentesque magna. Donec magna nisi, vulputate ac nulla eu, ultricies tincidunt tellus. Nunc tincidunt sem urna, nec venenatis libero vehicula ut.</p>\r\n<p>Vestibulum ante ipsum primis in faucibus orci luctus et ultrices posuere cubilia Curae; Curabitur faucibus aliquam pulvinar. Vivamus mattis volutpat erat, et congue nisi semper quis. Cras vehicula dignissim libero in elementum. Mauris sit amet dolor justo. Morbi consequat velit vel est fermentum euismod. Curabitur in magna augue.</p>','<p>Suspendisse posuere, diam in bibendum lobortis, turpis ipsum aliquam risus, sit amet dictum ligula lorem non nisl Urna pretium elit mauris cursus Curabitur at elit Vestibulum</p>','opencart,theme'),(9,2,'','','Nullam ullamcorper nisl quis ornare molestie','nullam-ullamcorper-nisl-quis-ornare-molestie','<p>Sed ut perspiciatis unde omnis iste natus error sit voluptatem accusantium doloremque laudantium, totam rem aperiam, eaque ipsa quae ab illo inventore veritatis et quas.</p><p>Suspendisse posuere, diam in bibendum lobortis, turpis ipsum aliquam risus, sit amet dictum ligula lorem non nisl. Ut vitae nibh id massa vulputate euismod ut quis justo. Ut bibendum sem at massa lacinia, eget elementum ante consectetur. Nulla id pharetra dui, at rhoncus urna. Maecenas non porttitor purus. Nullam ullamcorper nisl quis ornare molestie.</p>\r\n<p>Etiam eget erat est. Phasellus elit justo, mattis non lorem non, aliquam aliquam leo. Sed fermentum consectetur magna, eget semper ante. Aliquam scelerisque justo velit. Fusce cursus blandit dolor, in sodales urna vulputate lobortis. Nulla ut tellus turpis. Nullam lacus sem, volutpat id odio sed, cursus tristique eros. Duis at pellentesque magna. Donec magna nisi, vulputate ac nulla eu, ultricies tincidunt tellus. Nunc tincidunt sem urna, nec venenatis libero vehicula ut.</p>\r\n<p>Vestibulum ante ipsum primis in faucibus orci luctus et ultrices posuere cubilia Curae; Curabitur faucibus aliquam pulvinar. Vivamus mattis volutpat erat, et congue nisi semper quis. Cras vehicula dignissim libero in elementum. Mauris sit amet dolor justo. Morbi consequat velit vel est fermentum euismod. Curabitur in magna augue.</p>','<p>Suspendisse posuere, diam in bibendum lobortis, turpis ipsum aliquam risus, sit amet dictum ligula lorem non nisl Urna pretium elit mauris cursus Curabitur at elit Vestibulum</p>','opencart,theme'),(9,3,'','','Nullam ullamcorper nisl quis ornare molestie','nullam-ullamcorper-nisl-quis-ornare-molestie','<p>Sed ut perspiciatis unde omnis iste natus error sit voluptatem accusantium doloremque laudantium, totam rem aperiam, eaque ipsa quae ab illo inventore veritatis et quas.</p><p>Suspendisse posuere, diam in bibendum lobortis, turpis ipsum aliquam risus, sit amet dictum ligula lorem non nisl. Ut vitae nibh id massa vulputate euismod ut quis justo. Ut bibendum sem at massa lacinia, eget elementum ante consectetur. Nulla id pharetra dui, at rhoncus urna. Maecenas non porttitor purus. Nullam ullamcorper nisl quis ornare molestie.</p>\r\n<p>Etiam eget erat est. Phasellus elit justo, mattis non lorem non, aliquam aliquam leo. Sed fermentum consectetur magna, eget semper ante. Aliquam scelerisque justo velit. Fusce cursus blandit dolor, in sodales urna vulputate lobortis. Nulla ut tellus turpis. Nullam lacus sem, volutpat id odio sed, cursus tristique eros. Duis at pellentesque magna. Donec magna nisi, vulputate ac nulla eu, ultricies tincidunt tellus. Nunc tincidunt sem urna, nec venenatis libero vehicula ut.</p>\r\n<p>Vestibulum ante ipsum primis in faucibus orci luctus et ultrices posuere cubilia Curae; Curabitur faucibus aliquam pulvinar. Vivamus mattis volutpat erat, et congue nisi semper quis. Cras vehicula dignissim libero in elementum. Mauris sit amet dolor justo. Morbi consequat velit vel est fermentum euismod. Curabitur in magna augue.</p>','<p>Suspendisse posuere, diam in bibendum lobortis, turpis ipsum aliquam risus, sit amet dictum ligula lorem non nisl Urna pretium elit mauris cursus Curabitur at elit Vestibulum</p>','opencart,theme'),(9,4,'','','Nullam ullamcorper nisl quis ornare molestie','nullam-ullamcorper-nisl-quis-ornare-molestie','<p>Sed ut perspiciatis unde omnis iste natus error sit voluptatem accusantium doloremque laudantium, totam rem aperiam, eaque ipsa quae ab illo inventore veritatis et quas.</p><p>Suspendisse posuere, diam in bibendum lobortis, turpis ipsum aliquam risus, sit amet dictum ligula lorem non nisl. Ut vitae nibh id massa vulputate euismod ut quis justo. Ut bibendum sem at massa lacinia, eget elementum ante consectetur. Nulla id pharetra dui, at rhoncus urna. Maecenas non porttitor purus. Nullam ullamcorper nisl quis ornare molestie.</p>\r\n<p>Etiam eget erat est. Phasellus elit justo, mattis non lorem non, aliquam aliquam leo. Sed fermentum consectetur magna, eget semper ante. Aliquam scelerisque justo velit. Fusce cursus blandit dolor, in sodales urna vulputate lobortis. Nulla ut tellus turpis. Nullam lacus sem, volutpat id odio sed, cursus tristique eros. Duis at pellentesque magna. Donec magna nisi, vulputate ac nulla eu, ultricies tincidunt tellus. Nunc tincidunt sem urna, nec venenatis libero vehicula ut.</p>\r\n<p>Vestibulum ante ipsum primis in faucibus orci luctus et ultrices posuere cubilia Curae; Curabitur faucibus aliquam pulvinar. Vivamus mattis volutpat erat, et congue nisi semper quis. Cras vehicula dignissim libero in elementum. Mauris sit amet dolor justo. Morbi consequat velit vel est fermentum euismod. Curabitur in magna augue.</p>','<p>Suspendisse posuere, diam in bibendum lobortis, turpis ipsum aliquam risus, sit amet dictum ligula lorem non nisl Urna pretium elit mauris cursus Curabitur at elit Vestibulum</p>','opencart,theme'),(9,5,'','','Nullam ullamcorper nisl quis ornare molestie','nullam-ullamcorper-nisl-quis-ornare-molestie','<p>Sed ut perspiciatis unde omnis iste natus error sit voluptatem accusantium doloremque laudantium, totam rem aperiam, eaque ipsa quae ab illo inventore veritatis et quas.</p><p>Suspendisse posuere, diam in bibendum lobortis, turpis ipsum aliquam risus, sit amet dictum ligula lorem non nisl. Ut vitae nibh id massa vulputate euismod ut quis justo. Ut bibendum sem at massa lacinia, eget elementum ante consectetur. Nulla id pharetra dui, at rhoncus urna. Maecenas non porttitor purus. Nullam ullamcorper nisl quis ornare molestie.</p>\r\n<p>Etiam eget erat est. Phasellus elit justo, mattis non lorem non, aliquam aliquam leo. Sed fermentum consectetur magna, eget semper ante. Aliquam scelerisque justo velit. Fusce cursus blandit dolor, in sodales urna vulputate lobortis. Nulla ut tellus turpis. Nullam lacus sem, volutpat id odio sed, cursus tristique eros. Duis at pellentesque magna. Donec magna nisi, vulputate ac nulla eu, ultricies tincidunt tellus. Nunc tincidunt sem urna, nec venenatis libero vehicula ut.</p>\r\n<p>Vestibulum ante ipsum primis in faucibus orci luctus et ultrices posuere cubilia Curae; Curabitur faucibus aliquam pulvinar. Vivamus mattis volutpat erat, et congue nisi semper quis. Cras vehicula dignissim libero in elementum. Mauris sit amet dolor justo. Morbi consequat velit vel est fermentum euismod. Curabitur in magna augue.</p>','<p>Suspendisse posuere, diam in bibendum lobortis, turpis ipsum aliquam risus, sit amet dictum ligula lorem non nisl Urna pretium elit mauris cursus Curabitur at elit Vestibulum</p>','opencart,theme'),(9,6,'','','Nullam ullamcorper nisl quis ornare molestie','nullam-ullamcorper-nisl-quis-ornare-molestie','<p>Sed ut perspiciatis unde omnis iste natus error sit voluptatem accusantium doloremque laudantium, totam rem aperiam, eaque ipsa quae ab illo inventore veritatis et quas.</p><p>Suspendisse posuere, diam in bibendum lobortis, turpis ipsum aliquam risus, sit amet dictum ligula lorem non nisl. Ut vitae nibh id massa vulputate euismod ut quis justo. Ut bibendum sem at massa lacinia, eget elementum ante consectetur. Nulla id pharetra dui, at rhoncus urna. Maecenas non porttitor purus. Nullam ullamcorper nisl quis ornare molestie.</p>\r\n<p>Etiam eget erat est. Phasellus elit justo, mattis non lorem non, aliquam aliquam leo. Sed fermentum consectetur magna, eget semper ante. Aliquam scelerisque justo velit. Fusce cursus blandit dolor, in sodales urna vulputate lobortis. Nulla ut tellus turpis. Nullam lacus sem, volutpat id odio sed, cursus tristique eros. Duis at pellentesque magna. Donec magna nisi, vulputate ac nulla eu, ultricies tincidunt tellus. Nunc tincidunt sem urna, nec venenatis libero vehicula ut.</p>\r\n<p>Vestibulum ante ipsum primis in faucibus orci luctus et ultrices posuere cubilia Curae; Curabitur faucibus aliquam pulvinar. Vivamus mattis volutpat erat, et congue nisi semper quis. Cras vehicula dignissim libero in elementum. Mauris sit amet dolor justo. Morbi consequat velit vel est fermentum euismod. Curabitur in magna augue.</p>','<p>Suspendisse posuere, diam in bibendum lobortis, turpis ipsum aliquam risus, sit amet dictum ligula lorem non nisl Urna pretium elit mauris cursus Curabitur at elit Vestibulum</p>','opencart,theme');

--
-- Table structure for table `ps_leoblog_blog_shop`
--

CREATE TABLE `ps_leoblog_blog_shop` (
  `id_leoblog_blog` int(11) NOT NULL DEFAULT 0,
  `id_shop` int(11) NOT NULL DEFAULT 0,
  PRIMARY KEY (`id_leoblog_blog`,`id_shop`)
) ENGINE=InnoDB DEFAULT CHARSET=utf8;

--
-- Dumping data for table `ps_leoblog_blog_shop`
--

INSERT INTO `ps_leoblog_blog_shop` VALUES (3,1),(4,1),(5,1),(6,1),(7,1),(8,1),(9,1);

--
-- Table structure for table `ps_leoblog_comment`
--

CREATE TABLE `ps_leoblog_comment` (
  `id_comment` int(11) unsigned NOT NULL AUTO_INCREMENT,
  `id_shop` int(11) NOT NULL DEFAULT 0,
  `id_leoblog_blog` int(11) unsigned NOT NULL,
  `comment` text NOT NULL,
  `active` tinyint(1) NOT NULL DEFAULT 0,
  `date_add` datetime DEFAULT NULL,
  `user` varchar(255) NOT NULL,
  `email` varchar(255) NOT NULL,
  PRIMARY KEY (`id_comment`,`id_shop`),
  KEY `FK_blog_comment` (`id_leoblog_blog`)
) ENGINE=InnoDB AUTO_INCREMENT=7 DEFAULT CHARSET=utf8;

--
-- Dumping data for table `ps_leoblog_comment`
--

INSERT INTO `ps_leoblog_comment` VALUES (3,1,3,' At Nulla id tincidunt ut sed semper vel Lorem condimentum ornare. Laoreet Vestibulum lacinia massa a commodo habitasse velit Vestibulum tincidunt In',1,'2013-12-11 22:18:13','ha cong tien','tienhc@brainos.vn'),(4,1,3,' At Nulla id tincidunt ut sed semper vel Lorem condimentum ornare. Laoreet Vestibulum lacinia massa a commodo habitasse velit Vestibulum tincidunt In',1,'2013-12-11 22:18:33','ha cong tien','tienhc@brainos.vn'),(5,1,9,'Монтаж напольных покрытий \r\nМонтаж напольного плинтуса!..',0,'2021-03-14 22:51:58','napilim.pro','aleksandr4w0bo@mail.ru'),(6,1,9,'TEST',0,'2021-11-02 23:19:54','Raymond','raymond8020@gmail.com');

--
-- Table structure for table `ps_leoblogcat`
--

CREATE TABLE `ps_leoblogcat` (
  `id_leoblogcat` int(11) NOT NULL AUTO_INCREMENT,
  `image` varchar(255) NOT NULL,
  `id_parent` int(11) NOT NULL,
  `item` varchar(255) DEFAULT NULL,
  `level_depth` smallint(6) NOT NULL,
  `active` tinyint(1) NOT NULL,
  `show_title` tinyint(1) NOT NULL,
  `position` int(11) NOT NULL,
  `submenu_content` text NOT NULL,
  `privacy` smallint(6) DEFAULT NULL,
  `position_type` varchar(25) DEFAULT NULL,
  `menu_class` varchar(25) DEFAULT NULL,
  `content` text DEFAULT NULL,
  `icon_class` varchar(255) DEFAULT NULL,
  `level` int(11) NOT NULL,
  `left` int(11) NOT NULL,
  `right` int(11) NOT NULL,
  `date_add` datetime DEFAULT NULL,
  `date_upd` datetime DEFAULT NULL,
  `template` varchar(200) NOT NULL,
  `randkey` varchar(255) DEFAULT NULL,
  PRIMARY KEY (`id_leoblogcat`)
) ENGINE=InnoDB AUTO_INCREMENT=6 DEFAULT CHARSET=utf8;

--
-- Dumping data for table `ps_leoblogcat`
--

INSERT INTO `ps_leoblogcat` VALUES (1,'',0,NULL,0,0,0,0,'',NULL,NULL,NULL,NULL,NULL,0,0,0,NULL,NULL,'','ad30975ab88db9db59a40e3edfca0ab0'),(3,'category-3.jpg',1,NULL,1,1,0,0,'',0,NULL,NULL,NULL,NULL,0,0,0,'2013-11-27 01:06:52','2013-12-18 03:07:22','default','5577844800e55bda2c0540af22ba96ce'),(4,'category-2.jpg',3,NULL,2,1,0,0,'',0,NULL,NULL,NULL,NULL,0,0,0,'2013-11-27 01:07:34','2013-12-18 03:07:50','default','0abc8c406b64fa2f13f5a7cbecbfb67f'),(5,'category-1.jpg',3,NULL,2,1,0,1,'',0,NULL,NULL,NULL,NULL,0,0,0,'2013-12-16 08:44:07','2013-12-18 03:05:46','default','1dcae6f22c5962b687451c98c27946f0');

--
-- Table structure for table `ps_leoblogcat_lang`
--

CREATE TABLE `ps_leoblogcat_lang` (
  `id_leoblogcat` int(11) NOT NULL,
  `id_lang` int(11) NOT NULL,
  `title` varchar(255) DEFAULT NULL,
  `content_text` text DEFAULT NULL,
  `description` varchar(200) NOT NULL,
  `meta_keywords` varchar(255) NOT NULL,
  `meta_description` varchar(255) NOT NULL,
  `link_rewrite` varchar(250) NOT NULL,
  PRIMARY KEY (`id_leoblogcat`,`id_lang`)
) ENGINE=InnoDB DEFAULT CHARSET=utf8;

--
-- Dumping data for table `ps_leoblogcat_lang`
--

INSERT INTO `ps_leoblogcat_lang` VALUES (1,1,'Root',NULL,'','','',''),(1,2,'Root',NULL,'','','',''),(1,3,'Root',NULL,'','','',''),(1,4,'Root',NULL,'','','',''),(1,5,'Root',NULL,'','','',''),(1,6,'Root',NULL,'','','',''),(3,1,'Category 1','<p>Odio ut pretium ligula quam Vestibulum consequat convallis fringilla Vestibulum nulla. Accumsan morbi tristique auctor. At risus pretium urna tortor metus fringilla interdum mauris tempor congue</p>','','','\r\n','category-1'),(3,2,'Category 1','<p>Odio ut pretium ligula quam Vestibulum consequat convallis fringilla Vestibulum nulla. Accumsan morbi tristique auctor. At risus pretium urna tortor metus fringilla interdum mauris tempor congue</p>','','','\r\n','category-1'),(3,3,'Category 1','<p>Odio ut pretium ligula quam Vestibulum consequat convallis fringilla Vestibulum nulla. Accumsan morbi tristique auctor. At risus pretium urna tortor metus fringilla interdum mauris tempor congue</p>','','','\r\n','category-1'),(3,4,'Category 1','<p>Odio ut pretium ligula quam Vestibulum consequat convallis fringilla Vestibulum nulla. Accumsan morbi tristique auctor. At risus pretium urna tortor metus fringilla interdum mauris tempor congue</p>','','','\r\n','category-1'),(3,5,'Category 1','<p>Odio ut pretium ligula quam Vestibulum consequat convallis fringilla Vestibulum nulla. Accumsan morbi tristique auctor. At risus pretium urna tortor metus fringilla interdum mauris tempor congue</p>','','','\r\n','category-1'),(3,6,'Category 1','<p>Odio ut pretium ligula quam Vestibulum consequat convallis fringilla Vestibulum nulla. Accumsan morbi tristique auctor. At risus pretium urna tortor metus fringilla interdum mauris tempor congue</p>','','','\r\n','category-1'),(4,1,'Sub Category 1','<p>Odio ut pretium ligula quam Vestibulum consequat convallis fringilla Vestibulum nulla. Accumsan morbi tristique auctor. At risus pretium urna tortor metus fringilla interdum mauris tempor congue</p>','','joomla,prestashop,leotheme,pavothemes','','sub-category-1'),(4,2,'Sub Category 1','<p>Odio ut pretium ligula quam Vestibulum consequat convallis fringilla Vestibulum nulla. Accumsan morbi tristique auctor. At risus pretium urna tortor metus fringilla interdum mauris tempor congue</p>','','joomla,prestashop,leotheme,pavothemes','','sub-category-1'),(4,3,'Sub Category 1','<p>Odio ut pretium ligula quam Vestibulum consequat convallis fringilla Vestibulum nulla. Accumsan morbi tristique auctor. At risus pretium urna tortor metus fringilla interdum mauris tempor congue</p>','','joomla,prestashop,leotheme,pavothemes','','sub-category-1'),(4,4,'Sub Category 1','<p>Odio ut pretium ligula quam Vestibulum consequat convallis fringilla Vestibulum nulla. Accumsan morbi tristique auctor. At risus pretium urna tortor metus fringilla interdum mauris tempor congue</p>','','joomla,prestashop,leotheme,pavothemes','','sub-category-1'),(4,5,'Sub Category 1','<p>Odio ut pretium ligula quam Vestibulum consequat convallis fringilla Vestibulum nulla. Accumsan morbi tristique auctor. At risus pretium urna tortor metus fringilla interdum mauris tempor congue</p>','','joomla,prestashop,leotheme,pavothemes','','sub-category-1'),(4,6,'Sub Category 1','<p>Odio ut pretium ligula quam Vestibulum consequat convallis fringilla Vestibulum nulla. Accumsan morbi tristique auctor. At risus pretium urna tortor metus fringilla interdum mauris tempor congue</p>','','joomla,prestashop,leotheme,pavothemes','','sub-category-1'),(5,1,'Sub Category 2','<p>Odio ut pretium ligula quam Vestibulum consequat convallis fringilla Vestibulum nulla. Accumsan morbi tristique auctor. At risus pretium urna tortor metus fringilla interdum mauris tempor congue</p>','','haha,joomla,magento','gogogoel','sub-category-2'),(5,2,'Sub Category 2','<p>Odio ut pretium ligula quam Vestibulum consequat convallis fringilla Vestibulum nulla. Accumsan morbi tristique auctor. At risus pretium urna tortor metus fringilla interdum mauris tempor congue</p>','','haha,joomla,magento','gogogoel','sub-category-2'),(5,3,'Sub Category 2','<p>Odio ut pretium ligula quam Vestibulum consequat convallis fringilla Vestibulum nulla. Accumsan morbi tristique auctor. At risus pretium urna tortor metus fringilla interdum mauris tempor congue</p>','','haha,joomla,magento','gogogoel','sub-category-2'),(5,4,'Sub Category 2','<p>Odio ut pretium ligula quam Vestibulum consequat convallis fringilla Vestibulum nulla. Accumsan morbi tristique auctor. At risus pretium urna tortor metus fringilla interdum mauris tempor congue</p>','','haha,joomla,magento','gogogoel','sub-category-2'),(5,5,'Sub Category 2','<p>Odio ut pretium ligula quam Vestibulum consequat convallis fringilla Vestibulum nulla. Accumsan morbi tristique auctor. At risus pretium urna tortor metus fringilla interdum mauris tempor congue</p>','','haha,joomla,magento','gogogoel','sub-category-2'),(5,6,'Sub Category 2','<p>Odio ut pretium ligula quam Vestibulum consequat convallis fringilla Vestibulum nulla. Accumsan morbi tristique auctor. At risus pretium urna tortor metus fringilla interdum mauris tempor congue</p>','','haha,joomla,magento','gogogoel','sub-category-2');

--
-- Table structure for table `ps_leoblogcat_shop`
--

CREATE TABLE `ps_leoblogcat_shop` (
  `id_leoblogcat` int(11) NOT NULL DEFAULT 0,
  `id_shop` int(11) NOT NULL DEFAULT 0,
  PRIMARY KEY (`id_leoblogcat`,`id_shop`)
) ENGINE=InnoDB DEFAULT CHARSET=utf8;

--
-- Dumping data for table `ps_leoblogcat_shop`
--

INSERT INTO `ps_leoblogcat_shop` VALUES (1,1),(3,1),(4,1),(5,1);

--
-- Table structure for table `ps_leofeature_compare`
--

CREATE TABLE `ps_leofeature_compare` (
  `id_compare` int(10) unsigned NOT NULL AUTO_INCREMENT,
  `id_customer` int(10) unsigned NOT NULL,
  PRIMARY KEY (`id_compare`)
) ENGINE=InnoDB AUTO_INCREMENT=2 DEFAULT CHARSET=utf8;

--
-- Dumping data for table `ps_leofeature_compare`
--

INSERT INTO `ps_leofeature_compare` VALUES (1,2);

--
-- Table structure for table `ps_leofeature_compare_product`
--

CREATE TABLE `ps_leofeature_compare_product` (
  `id_compare` int(10) unsigned NOT NULL,
  `id_product` int(10) unsigned NOT NULL,
  `date_add` datetime NOT NULL,
  `date_upd` datetime NOT NULL,
  PRIMARY KEY (`id_compare`,`id_product`)
) ENGINE=InnoDB DEFAULT CHARSET=utf8;

--
-- Dumping data for table `ps_leofeature_compare_product`
--


--
-- Table structure for table `ps_leofeature_product_review`
--

CREATE TABLE `ps_leofeature_product_review` (
  `id_product_review` int(10) unsigned NOT NULL AUTO_INCREMENT,
  `id_product` int(10) unsigned NOT NULL,
  `id_customer` int(10) unsigned NOT NULL,
  `id_guest` int(10) unsigned DEFAULT NULL,
  `title` varchar(64) DEFAULT NULL,
  `content` text NOT NULL,
  `customer_name` varchar(64) DEFAULT NULL,
  `grade` float unsigned NOT NULL,
  `validate` tinyint(1) NOT NULL,
  `deleted` tinyint(1) NOT NULL,
  `date_add` datetime NOT NULL,
  PRIMARY KEY (`id_product_review`),
  KEY `id_product` (`id_product`),
  KEY `id_customer` (`id_customer`),
  KEY `id_guest` (`id_guest`)
) ENGINE=InnoDB AUTO_INCREMENT=3 DEFAULT CHARSET=utf8;

--
-- Dumping data for table `ps_leofeature_product_review`
--

INSERT INTO `ps_leofeature_product_review` VALUES (2,1,2,0,'verry good!','Faded short sleeves t-shirt with high neckline. Soft and stretchy material for a comfortable fit. Accessorize with a straw hat and you\'re ready for summer!','Mr Proo',5,1,0,'2018-08-01 05:07:24');

--
-- Table structure for table `ps_leofeature_product_review_criterion`
--

CREATE TABLE `ps_leofeature_product_review_criterion` (
  `id_product_review_criterion` int(10) unsigned NOT NULL AUTO_INCREMENT,
  `id_product_review_criterion_type` tinyint(1) NOT NULL,
  `active` tinyint(1) NOT NULL,
  PRIMARY KEY (`id_product_review_criterion`)
) ENGINE=InnoDB AUTO_INCREMENT=3 DEFAULT CHARSET=utf8;

--
-- Dumping data for table `ps_leofeature_product_review_criterion`
--

INSERT INTO `ps_leofeature_product_review_criterion` VALUES (2,1,1);

--
-- Table structure for table `ps_leofeature_product_review_criterion_category`
--

CREATE TABLE `ps_leofeature_product_review_criterion_category` (
  `id_product_review_criterion` int(10) unsigned NOT NULL,
  `id_category` int(10) unsigned NOT NULL,
  PRIMARY KEY (`id_product_review_criterion`,`id_category`),
  KEY `id_category` (`id_category`)
) ENGINE=InnoDB DEFAULT CHARSET=utf8;

--
-- Dumping data for table `ps_leofeature_product_review_criterion_category`
--


--
-- Table structure for table `ps_leofeature_product_review_criterion_lang`
--

CREATE TABLE `ps_leofeature_product_review_criterion_lang` (
  `id_product_review_criterion` int(11) unsigned NOT NULL,
  `id_lang` int(11) unsigned NOT NULL,
  `name` varchar(64) NOT NULL,
  PRIMARY KEY (`id_product_review_criterion`,`id_lang`)
) ENGINE=InnoDB DEFAULT CHARSET=utf8;

--
-- Dumping data for table `ps_leofeature_product_review_criterion_lang`
--

INSERT INTO `ps_leofeature_product_review_criterion_lang` VALUES (2,1,'Quality'),(2,2,'Qualité'),(2,3,'Qualität'),(2,4,'Qualità'),(2,5,'Calidad'),(2,6,'جودة');

--
-- Table structure for table `ps_leofeature_product_review_criterion_product`
--

CREATE TABLE `ps_leofeature_product_review_criterion_product` (
  `id_product` int(10) unsigned NOT NULL,
  `id_product_review_criterion` int(10) unsigned NOT NULL,
  PRIMARY KEY (`id_product`,`id_product_review_criterion`),
  KEY `id_product_review_criterion` (`id_product_review_criterion`)
) ENGINE=InnoDB DEFAULT CHARSET=utf8;

--
-- Dumping data for table `ps_leofeature_product_review_criterion_product`
--


--
-- Table structure for table `ps_leofeature_product_review_grade`
--

CREATE TABLE `ps_leofeature_product_review_grade` (
  `id_product_review_grade` int(11) NOT NULL AUTO_INCREMENT,
  `id_product_review` int(10) unsigned NOT NULL,
  `id_product_review_criterion` int(10) unsigned NOT NULL,
  `grade` int(10) unsigned NOT NULL,
  PRIMARY KEY (`id_product_review_grade`),
  KEY `id_product_review_criterion` (`id_product_review_criterion`)
) ENGINE=InnoDB DEFAULT CHARSET=utf8;

--
-- Dumping data for table `ps_leofeature_product_review_grade`
--


--
-- Table structure for table `ps_leofeature_product_review_report`
--

CREATE TABLE `ps_leofeature_product_review_report` (
  `id_product_review` int(10) unsigned NOT NULL,
  `id_customer` int(10) unsigned NOT NULL,
  PRIMARY KEY (`id_product_review`,`id_customer`)
) ENGINE=InnoDB DEFAULT CHARSET=utf8;

--
-- Dumping data for table `ps_leofeature_product_review_report`
--


--
-- Table structure for table `ps_leofeature_product_review_usefulness`
--

CREATE TABLE `ps_leofeature_product_review_usefulness` (
  `id_product_review` int(10) unsigned NOT NULL,
  `id_customer` int(10) unsigned NOT NULL,
  `usefulness` tinyint(1) unsigned NOT NULL,
  PRIMARY KEY (`id_product_review`,`id_customer`)
) ENGINE=InnoDB DEFAULT CHARSET=utf8;

--
-- Dumping data for table `ps_leofeature_product_review_usefulness`
--


--
-- Table structure for table `ps_leofeature_wishlist`
--

CREATE TABLE `ps_leofeature_wishlist` (
  `id_wishlist` int(10) unsigned NOT NULL AUTO_INCREMENT,
  `id_customer` int(10) unsigned NOT NULL,
  `token` varchar(64) NOT NULL,
  `name` varchar(64) NOT NULL,
  `counter` int(10) unsigned DEFAULT NULL,
  `id_shop` int(10) unsigned DEFAULT 1,
  `id_shop_group` int(10) unsigned DEFAULT 1,
  `date_add` datetime NOT NULL,
  `date_upd` datetime NOT NULL,
  `default` int(10) unsigned DEFAULT 0,
  PRIMARY KEY (`id_wishlist`)
) ENGINE=InnoDB AUTO_INCREMENT=2 DEFAULT CHARSET=utf8;

--
-- Dumping data for table `ps_leofeature_wishlist`
--

INSERT INTO `ps_leofeature_wishlist` VALUES (1,2,'69D2AD32B8D72E68','My wishlist',NULL,1,1,'2018-08-13 06:35:42','2018-08-13 06:35:42',1);

--
-- Table structure for table `ps_leofeature_wishlist_product`
--

CREATE TABLE `ps_leofeature_wishlist_product` (
  `id_wishlist_product` int(10) NOT NULL AUTO_INCREMENT,
  `id_wishlist` int(10) unsigned NOT NULL,
  `id_product` int(10) unsigned NOT NULL,
  `id_product_attribute` int(10) unsigned NOT NULL,
  `quantity` int(10) unsigned NOT NULL,
  `priority` int(10) unsigned NOT NULL,
  PRIMARY KEY (`id_wishlist_product`)
) ENGINE=InnoDB DEFAULT CHARSET=utf8;

--
-- Dumping data for table `ps_leofeature_wishlist_product`
--


--
-- Table structure for table `ps_leoslideshow_groups`
--

CREATE TABLE `ps_leoslideshow_groups` (
  `id_leoslideshow_groups` int(10) unsigned NOT NULL AUTO_INCREMENT,
  `title` varchar(255) NOT NULL,
  `id_shop` int(10) unsigned NOT NULL,
  `hook` varchar(64) DEFAULT NULL,
  `active` tinyint(1) unsigned NOT NULL DEFAULT 1,
  `params` text NOT NULL,
  `active_ap` tinyint(1) DEFAULT NULL,
  `randkey` varchar(255) DEFAULT NULL,
  PRIMARY KEY (`id_leoslideshow_groups`,`id_shop`)
) ENGINE=InnoDB AUTO_INCREMENT=4 DEFAULT CHARSET=utf8;

--
-- Dumping data for table `ps_leoslideshow_groups`
--

INSERT INTO `ps_leoslideshow_groups` VALUES (1,'Slideshow home 1',1,NULL,1,'eyJkZWxheSI6IjkwMDAiLCJzdGFydF93aXRoX3NsaWRlIjoiMSIsInRpbWVyX3Nob3ciOiIxIiwic3RvcF9vbl9ob3ZlciI6IjEiLCJzaHVmZmxlX21vZGUiOiIwIiwiZnVsbHdpZHRoIjoiZnVsbHdpZHRoIiwibWRfd2lkdGgiOiIxMiIsInNtX3dpZHRoIjoiMTIiLCJ4c193aWR0aCI6IjEyIiwiaW1hZ2VfY3JvcHBpbmciOiIwIiwid2lkdGgiOiIxOTIwIiwiaGVpZ2h0IjoiNzg0IiwibWFyZ2luIjoiMCIsInBhZGRpbmciOiIwIiwiYmFja2dyb3VuZF9pbWFnZSI6IjEiLCJiYWNrZ3JvdW5kX3VybCI6IiIsImJhY2tncm91bmRfY29sb3IiOiIjZDlkOWQ5IiwiZ3JvdXBfY2xhc3MiOiIiLCJjb250cm9sTmF2IjoiMSIsIm5hdmlnYXRvcl90eXBlIjoiYnVsbGV0IiwiZW5hYmxlX2N1c3RvbV9odG1sX2J1bGxldCI6IjAiLCJjb250cm9sTmF2VG9vbHRpcCI6IjAiLCJ0b29sdGlwWCI6IjUiLCJ0b29sdGlwWSI6Ii01IiwibmF2X3RodW1ibmFpbF93aWR0aCI6IjMwIiwibmF2X3RodW1ibmFpbF9oZWlnaHQiOiIzMCIsImNvbnRyb2xOYXZIb3Zlck9wYWNpdHkiOiIwLjYiLCJkaXJlY3Rpb25OYXYiOiIxIiwiZGlyZWN0aW9uTmF2SG92ZXJPcGFjaXR5IjoiMC42Iiwia2V5Ym9hcmROYXYiOiIxIiwidGltZXIiOiIzNjBCYXIiLCJ0aW1lclBvc2l0aW9uIjoidG9wLXJpZ2h0IiwidGltZXJYIjoiMTAiLCJ0aW1lclkiOiIxMCIsInRpbWVyT3BhY2l0eSI6IjAuNSIsInRpbWVyQmciOiIjMDAwIiwidGltZXJDb2xvciI6IiNFRUUiLCJ0aW1lckRpYW1ldGVyIjoiMzAiLCJ0aW1lclBhZGRpbmciOiI0IiwidGltZXJTdHJva2UiOiIzIiwidGltZXJCYXJTdHJva2UiOiIxIiwidGltZXJCYXJTdHJva2VDb2xvciI6IiNFRUUiLCJ0aW1lckJhclN0cm9rZVN0eWxlIjoic29saWQiLCJmeCI6InJhbmRvbSIsImFuaW1hdGlvblNwZWVkIjoiNTAwIiwic3RyaXBzIjoiMjAiLCJibG9ja0NvbHMiOiIxMCIsImJsb2NrUm93cyI6IjUiLCJjYXB0aW9uU3BlZWQiOiI1MDAiLCJjYXB0aW9uT3BhY2l0eSI6IjEifQ==',1,'eb49f08bf731901d90b012f65b36829b'),(2,'Slideshow home 2',1,NULL,1,'eyJkZWxheSI6IjkwMDAiLCJzdGFydF93aXRoX3NsaWRlIjoiMSIsInRpbWVyX3Nob3ciOiIxIiwic3RvcF9vbl9ob3ZlciI6IjEiLCJzaHVmZmxlX21vZGUiOiIwIiwiZnVsbHdpZHRoIjoiZnVsbHdpZHRoIiwibWRfd2lkdGgiOiIxMiIsInNtX3dpZHRoIjoiMTIiLCJ4c193aWR0aCI6IjEyIiwiaW1hZ2VfY3JvcHBpbmciOiIwIiwid2lkdGgiOiIxOTIwIiwiaGVpZ2h0IjoiMTE1OCIsIm1hcmdpbiI6IjAiLCJwYWRkaW5nIjoiMCIsImJhY2tncm91bmRfaW1hZ2UiOiIxIiwiYmFja2dyb3VuZF91cmwiOiIiLCJiYWNrZ3JvdW5kX2NvbG9yIjoiI2Q5ZDlkOSIsImdyb3VwX2NsYXNzIjoiIiwiY29udHJvbE5hdiI6IjEiLCJuYXZpZ2F0b3JfdHlwZSI6ImJ1bGxldCIsImVuYWJsZV9jdXN0b21faHRtbF9idWxsZXQiOiIwIiwiY29udHJvbE5hdlRvb2x0aXAiOiIwIiwidG9vbHRpcFgiOiI1IiwidG9vbHRpcFkiOiItNSIsIm5hdl90aHVtYm5haWxfd2lkdGgiOiIzMCIsIm5hdl90aHVtYm5haWxfaGVpZ2h0IjoiMzAiLCJjb250cm9sTmF2SG92ZXJPcGFjaXR5IjoiMC42IiwiZGlyZWN0aW9uTmF2IjoiMSIsImRpcmVjdGlvbk5hdkhvdmVyT3BhY2l0eSI6IjAuNiIsImtleWJvYXJkTmF2IjoiMSIsInRpbWVyIjoiMzYwQmFyIiwidGltZXJQb3NpdGlvbiI6InRvcC1yaWdodCIsInRpbWVyWCI6IjEwIiwidGltZXJZIjoiMTAiLCJ0aW1lck9wYWNpdHkiOiIwLjUiLCJ0aW1lckJnIjoiIzAwMCIsInRpbWVyQ29sb3IiOiIjRUVFIiwidGltZXJEaWFtZXRlciI6IjMwIiwidGltZXJQYWRkaW5nIjoiNCIsInRpbWVyU3Ryb2tlIjoiMyIsInRpbWVyQmFyU3Ryb2tlIjoiMSIsInRpbWVyQmFyU3Ryb2tlQ29sb3IiOiIjRUVFIiwidGltZXJCYXJTdHJva2VTdHlsZSI6InNvbGlkIiwiZngiOiJyYW5kb20iLCJhbmltYXRpb25TcGVlZCI6IjUwMCIsInN0cmlwcyI6IjIwIiwiYmxvY2tDb2xzIjoiMTAiLCJibG9ja1Jvd3MiOiI1IiwiY2FwdGlvblNwZWVkIjoiNTAwIiwiY2FwdGlvbk9wYWNpdHkiOiIxIn0=',1,'9cc27c285bcf9911a05e8439f28ff5af'),(3,'Slideshow home 3',1,NULL,1,'eyJkZWxheSI6IjkwMDAiLCJzdGFydF93aXRoX3NsaWRlIjoiMSIsInRpbWVyX3Nob3ciOiIxIiwic3RvcF9vbl9ob3ZlciI6IjEiLCJzaHVmZmxlX21vZGUiOiIwIiwiZnVsbHdpZHRoIjoiZnVsbHdpZHRoIiwibWRfd2lkdGgiOiIxMiIsInNtX3dpZHRoIjoiMTIiLCJ4c193aWR0aCI6IjEyIiwiaW1hZ2VfY3JvcHBpbmciOiIwIiwid2lkdGgiOiIxOTIwIiwiaGVpZ2h0IjoiOTUzIiwibWFyZ2luIjoiMCIsInBhZGRpbmciOiIwIiwiYmFja2dyb3VuZF9pbWFnZSI6IjEiLCJiYWNrZ3JvdW5kX3VybCI6IiIsImJhY2tncm91bmRfY29sb3IiOiIjZDlkOWQ5IiwiZ3JvdXBfY2xhc3MiOiIiLCJjb250cm9sTmF2IjoiMSIsIm5hdmlnYXRvcl90eXBlIjoiYnVsbGV0IiwiZW5hYmxlX2N1c3RvbV9odG1sX2J1bGxldCI6IjAiLCJjb250cm9sTmF2VG9vbHRpcCI6IjAiLCJ0b29sdGlwWCI6IjUiLCJ0b29sdGlwWSI6Ii01IiwibmF2X3RodW1ibmFpbF93aWR0aCI6IjMwIiwibmF2X3RodW1ibmFpbF9oZWlnaHQiOiIzMCIsImNvbnRyb2xOYXZIb3Zlck9wYWNpdHkiOiIwLjYiLCJkaXJlY3Rpb25OYXYiOiIxIiwiZGlyZWN0aW9uTmF2SG92ZXJPcGFjaXR5IjoiMC42Iiwia2V5Ym9hcmROYXYiOiIxIiwidGltZXIiOiIzNjBCYXIiLCJ0aW1lclBvc2l0aW9uIjoidG9wLXJpZ2h0IiwidGltZXJYIjoiMTAiLCJ0aW1lclkiOiIxMCIsInRpbWVyT3BhY2l0eSI6IjAuNSIsInRpbWVyQmciOiIjMDAwIiwidGltZXJDb2xvciI6IiNFRUUiLCJ0aW1lckRpYW1ldGVyIjoiMzAiLCJ0aW1lclBhZGRpbmciOiI0IiwidGltZXJTdHJva2UiOiIzIiwidGltZXJCYXJTdHJva2UiOiIxIiwidGltZXJCYXJTdHJva2VDb2xvciI6IiNFRUUiLCJ0aW1lckJhclN0cm9rZVN0eWxlIjoic29saWQiLCJmeCI6InJhbmRvbSIsImFuaW1hdGlvblNwZWVkIjoiNTAwIiwic3RyaXBzIjoiMjAiLCJibG9ja0NvbHMiOiIxMCIsImJsb2NrUm93cyI6IjUiLCJjYXB0aW9uU3BlZWQiOiI1MDAiLCJjYXB0aW9uT3BhY2l0eSI6IjEifQ==',1,'5a1466b2a83de8c973342bb0ec907011');

--
-- Table structure for table `ps_leoslideshow_slides`
--

CREATE TABLE `ps_leoslideshow_slides` (
  `id_leoslideshow_slides` int(10) unsigned NOT NULL AUTO_INCREMENT,
  `id_group` int(11) NOT NULL,
  `position` int(10) unsigned NOT NULL DEFAULT 0,
  `active` tinyint(1) unsigned NOT NULL DEFAULT 1,
  `params` text NOT NULL,
  PRIMARY KEY (`id_leoslideshow_slides`)
) ENGINE=InnoDB AUTO_INCREMENT=4 DEFAULT CHARSET=utf8;

--
-- Dumping data for table `ps_leoslideshow_slides`
--

INSERT INTO `ps_leoslideshow_slides` VALUES (1,1,0,1,'eyJkZWxheSI6IjUwMDAiLCJncm91cF9pZCI6IjEiLCJlbmFibGVfbGluayI6IjEiLCJ0YXJnZXQiOiJzYW1lIiwic3RhcnRfZGF0ZV90aW1lIjoiIiwiZW5kX2RhdGVfdGltZSI6IiIsImJ1bGxldF9jbGFzcyI6IiJ9'),(2,2,0,1,'eyJkZWxheSI6IjUwMDAiLCJncm91cF9pZCI6IjIiLCJlbmFibGVfbGluayI6IjEiLCJ0YXJnZXQiOiJzYW1lIiwic3RhcnRfZGF0ZV90aW1lIjoiIiwiZW5kX2RhdGVfdGltZSI6IiIsImJ1bGxldF9jbGFzcyI6IiJ9'),(3,3,0,1,'eyJkZWxheSI6IjUwMDAiLCJncm91cF9pZCI6IjMiLCJlbmFibGVfbGluayI6IjEiLCJ0YXJnZXQiOiJzYW1lIiwic3RhcnRfZGF0ZV90aW1lIjoiIiwiZW5kX2RhdGVfdGltZSI6IiIsImJ1bGxldF9jbGFzcyI6IiJ9');

--
-- Table structure for table `ps_leoslideshow_slides_lang`
--

CREATE TABLE `ps_leoslideshow_slides_lang` (
  `id_leoslideshow_slides` int(10) unsigned NOT NULL,
  `id_lang` int(10) unsigned NOT NULL,
  `title` varchar(255) NOT NULL,
  `link` varchar(255) NOT NULL,
  `image` varchar(255) NOT NULL,
  `thumbnail` varchar(255) NOT NULL,
  `video` text DEFAULT NULL,
  `layersparams` text DEFAULT NULL,
  PRIMARY KEY (`id_leoslideshow_slides`,`id_lang`)
) ENGINE=InnoDB DEFAULT CHARSET=utf8;

--
-- Dumping data for table `ps_leoslideshow_slides_lang`
--

INSERT INTO `ps_leoslideshow_slides_lang` VALUES (1,1,'sample 1','','home1-slide1.jpg','','eyJ1c2V2aWRlbyI6IjAiLCJ2aWRlb2lkIjoiIiwidmlkZW9hdXRvIjoiMCIsImJhY2tncm91bmRfY29sb3IiOiIiLCJidWxsZXRfZGVzY3JpcHRpb24iOiIifQ==','W3sibGF5ZXJfdmlkZW9fdHlwZSI6InlvdXR1YmUiLCJsYXllcl92aWRlb19pZCI6IiIsImxheWVyX3ZpZGVvX2hlaWdodCI6IjIwMCIsImxheWVyX3ZpZGVvX3dpZHRoIjoiMzAwIiwibGF5ZXJfdmlkZW9fdGh1bWIiOiIiLCJsYXllcl9pZCI6IjFfMSIsImxheWVyX2NvbnRlbnQiOiIiLCJsYXllcl90eXBlIjoidGV4dCIsImxheWVyX3N0YXR1cyI6IjEiLCJsYXllcl9jbGFzcyI6InNtYWxsX3RleHQiLCJsYXllcl9jYXB0aW9uIjoiMTAwICBsdXh1cnkgY2FycyBmcm9tIG11bHRpIGJyYW5kcyA8YnI+YXJlIGFsd2F5cyBhdmFpbGFibGUgZm9yIHlvdSIsImxheWVyX2ZvbnRfc2l6ZSI6IiIsImxheWVyX2JhY2tncm91bmRfY29sb3IiOiIiLCJsYXllcl9jb2xvciI6IiIsImxheWVyX2xpbmsiOiIiLCJsYXllcl90YXJnZXQiOiJzYW1lIiwibGF5ZXJfdG9wIjoiNDYwIiwibGF5ZXJfbGVmdCI6IjM3NSIsImxheWVyX3RyYW5zaXRpb24iOiJ3aXBlbGVmdCIsInRpbWVfc3RhcnQiOm51bGx9LHsibGF5ZXJfdmlkZW9fdHlwZSI6InlvdXR1YmUiLCJsYXllcl92aWRlb19pZCI6IiIsImxheWVyX3ZpZGVvX2hlaWdodCI6IjIwMCIsImxheWVyX3ZpZGVvX3dpZHRoIjoiMzAwIiwibGF5ZXJfdmlkZW9fdGh1bWIiOiIiLCJsYXllcl9pZCI6IjFfMiIsImxheWVyX2NvbnRlbnQiOiIiLCJsYXllcl90eXBlIjoidGV4dCIsImxheWVyX3N0YXR1cyI6IjEiLCJsYXllcl9jbGFzcyI6ImxhcmdlX3RleHQiLCJsYXllcl9jYXB0aW9uIjoiTm93LCA8YnI+SXRcdTAwZTJcdTAwODBcdTAwOTlzIGVhc3kgZm9yIHlvdSA8YnI+dG8gcmVudCBhIGNhciIsImxheWVyX2ZvbnRfc2l6ZSI6IiIsImxheWVyX2JhY2tncm91bmRfY29sb3IiOiIiLCJsYXllcl9jb2xvciI6IiIsImxheWVyX2xpbmsiOiIiLCJsYXllcl90YXJnZXQiOiJzYW1lIiwibGF5ZXJfdG9wIjoiMjE2IiwibGF5ZXJfbGVmdCI6IjM3NSIsImxheWVyX3RyYW5zaXRpb24iOiJ3aXBlbGVmdCIsInRpbWVfc3RhcnQiOm51bGx9LHsibGF5ZXJfdmlkZW9fdHlwZSI6InlvdXR1YmUiLCJsYXllcl92aWRlb19pZCI6IiIsImxheWVyX3ZpZGVvX2hlaWdodCI6IjIwMCIsImxheWVyX3ZpZGVvX3dpZHRoIjoiMzAwIiwibGF5ZXJfdmlkZW9fdGh1bWIiOiIiLCJsYXllcl9pZCI6IjFfMyIsImxheWVyX2NvbnRlbnQiOiIiLCJsYXllcl90eXBlIjoidGV4dCIsImxheWVyX3N0YXR1cyI6IjEiLCJsYXllcl9jbGFzcyI6ImJ0biIsImxheWVyX2NhcHRpb24iOiJzdGFydCBib29raW5nIiwibGF5ZXJfZm9udF9zaXplIjoiIiwibGF5ZXJfYmFja2dyb3VuZF9jb2xvciI6IiIsImxheWVyX2NvbG9yIjoiIiwibGF5ZXJfbGluayI6IiIsImxheWVyX3RhcmdldCI6InNhbWUiLCJsYXllcl90b3AiOiI1NjUiLCJsYXllcl9sZWZ0IjoiMzc1IiwibGF5ZXJfdHJhbnNpdGlvbiI6IndpcGVsZWZ0IiwidGltZV9zdGFydCI6bnVsbH1d'),(1,2,'sample 1','','home1-slide1.jpg','','eyJ1c2V2aWRlbyI6IjAiLCJ2aWRlb2lkIjoiIiwidmlkZW9hdXRvIjoiMCIsImJhY2tncm91bmRfY29sb3IiOiIiLCJidWxsZXRfZGVzY3JpcHRpb24iOiIifQ==','W3sibGF5ZXJfdmlkZW9fdHlwZSI6InlvdXR1YmUiLCJsYXllcl92aWRlb19pZCI6IiIsImxheWVyX3ZpZGVvX2hlaWdodCI6IjIwMCIsImxheWVyX3ZpZGVvX3dpZHRoIjoiMzAwIiwibGF5ZXJfdmlkZW9fdGh1bWIiOiIiLCJsYXllcl9pZCI6IjJfMSIsImxheWVyX2NvbnRlbnQiOiIiLCJsYXllcl90eXBlIjoidGV4dCIsImxheWVyX3N0YXR1cyI6IjEiLCJsYXllcl9jbGFzcyI6InNtYWxsX3RleHQiLCJsYXllcl9jYXB0aW9uIjoiMTAwIHZvaXR1cmVzIGRlIGx1eGUgZGUgbWFycXVlcyBtdWx0aSA8YnI+IHNvbnQgdG91am91cnMgZGlzcG9uaWJsZXMgcG91ciB2b3VzIiwibGF5ZXJfZm9udF9zaXplIjoiIiwibGF5ZXJfYmFja2dyb3VuZF9jb2xvciI6IiIsImxheWVyX2NvbG9yIjoiIiwibGF5ZXJfbGluayI6IiIsImxheWVyX3RhcmdldCI6InNhbWUiLCJsYXllcl90b3AiOiI0NjAiLCJsYXllcl9sZWZ0IjoiMzc1IiwibGF5ZXJfdHJhbnNpdGlvbiI6IndpcGVsZWZ0IiwidGltZV9zdGFydCI6bnVsbH0seyJsYXllcl92aWRlb190eXBlIjoieW91dHViZSIsImxheWVyX3ZpZGVvX2lkIjoiIiwibGF5ZXJfdmlkZW9faGVpZ2h0IjoiMjAwIiwibGF5ZXJfdmlkZW9fd2lkdGgiOiIzMDAiLCJsYXllcl92aWRlb190aHVtYiI6IiIsImxheWVyX2lkIjoiMl8yIiwibGF5ZXJfY29udGVudCI6IiIsImxheWVyX3R5cGUiOiJ0ZXh0IiwibGF5ZXJfc3RhdHVzIjoiMSIsImxheWVyX2NsYXNzIjoibGFyZ2VfdGV4dCIsImxheWVyX2NhcHRpb24iOiJNYWludGVuYW50LCA8YnI+IElsIGVzdCBmYWNpbGUgcG91ciB2b3VzIDxicj4gbG91ZXIgdW5lIHZvaXR1cmUiLCJsYXllcl9mb250X3NpemUiOiIiLCJsYXllcl9iYWNrZ3JvdW5kX2NvbG9yIjoiIiwibGF5ZXJfY29sb3IiOiIiLCJsYXllcl9saW5rIjoiIiwibGF5ZXJfdGFyZ2V0Ijoic2FtZSIsImxheWVyX3RvcCI6IjIxNiIsImxheWVyX2xlZnQiOiIzNzUiLCJsYXllcl90cmFuc2l0aW9uIjoid2lwZWxlZnQiLCJ0aW1lX3N0YXJ0IjpudWxsfSx7ImxheWVyX3ZpZGVvX3R5cGUiOiJ5b3V0dWJlIiwibGF5ZXJfdmlkZW9faWQiOiIiLCJsYXllcl92aWRlb19oZWlnaHQiOiIyMDAiLCJsYXllcl92aWRlb193aWR0aCI6IjMwMCIsImxheWVyX3ZpZGVvX3RodW1iIjoiIiwibGF5ZXJfaWQiOiIyXzMiLCJsYXllcl9jb250ZW50IjoiIiwibGF5ZXJfdHlwZSI6InRleHQiLCJsYXllcl9zdGF0dXMiOiIxIiwibGF5ZXJfY2xhc3MiOiJidG4iLCJsYXllcl9jYXB0aW9uIjoiY29tbWVuY2VyIGxhIHJcdTAwYzNcdTAwYTlzZXJ2YXRpb24iLCJsYXllcl9mb250X3NpemUiOiIiLCJsYXllcl9iYWNrZ3JvdW5kX2NvbG9yIjoiIiwibGF5ZXJfY29sb3IiOiIiLCJsYXllcl9saW5rIjoiIiwibGF5ZXJfdGFyZ2V0Ijoic2FtZSIsImxheWVyX3RvcCI6IjU2NSIsImxheWVyX2xlZnQiOiIzNzUiLCJsYXllcl90cmFuc2l0aW9uIjoid2lwZWxlZnQiLCJ0aW1lX3N0YXJ0IjpudWxsfV0='),(1,3,'sample 1','','home1-slide1.jpg','','eyJ1c2V2aWRlbyI6IjAiLCJ2aWRlb2lkIjoiIiwidmlkZW9hdXRvIjoiMCIsImJhY2tncm91bmRfY29sb3IiOiIiLCJidWxsZXRfZGVzY3JpcHRpb24iOiIifQ==','W3sibGF5ZXJfdmlkZW9fdHlwZSI6InlvdXR1YmUiLCJsYXllcl92aWRlb19pZCI6IiIsImxheWVyX3ZpZGVvX2hlaWdodCI6IjIwMCIsImxheWVyX3ZpZGVvX3dpZHRoIjoiMzAwIiwibGF5ZXJfdmlkZW9fdGh1bWIiOiIiLCJsYXllcl9pZCI6IjNfMSIsImxheWVyX2NvbnRlbnQiOiIiLCJsYXllcl90eXBlIjoidGV4dCIsImxheWVyX3N0YXR1cyI6IjEiLCJsYXllcl9jbGFzcyI6InNtYWxsX3RleHQiLCJsYXllcl9jYXB0aW9uIjoiMTAwIEx1eHVzLUF1dG9zIHZvbiBtZWhyZXJlbiBNYXJrZW4gPGJyPiBpbW1lciBmXHUwMGMzXHUwMGJjciBTaWUgZGEgc2luZCIsImxheWVyX2ZvbnRfc2l6ZSI6IiIsImxheWVyX2JhY2tncm91bmRfY29sb3IiOiIiLCJsYXllcl9jb2xvciI6IiIsImxheWVyX2xpbmsiOiIiLCJsYXllcl90YXJnZXQiOiJzYW1lIiwibGF5ZXJfdG9wIjoiNDYwIiwibGF5ZXJfbGVmdCI6IjM3NSIsImxheWVyX3RyYW5zaXRpb24iOiJ3aXBlbGVmdCIsInRpbWVfc3RhcnQiOm51bGx9LHsibGF5ZXJfdmlkZW9fdHlwZSI6InlvdXR1YmUiLCJsYXllcl92aWRlb19pZCI6IiIsImxheWVyX3ZpZGVvX2hlaWdodCI6IjIwMCIsImxheWVyX3ZpZGVvX3dpZHRoIjoiMzAwIiwibGF5ZXJfdmlkZW9fdGh1bWIiOiIiLCJsYXllcl9pZCI6IjNfMiIsImxheWVyX2NvbnRlbnQiOiIiLCJsYXllcl90eXBlIjoidGV4dCIsImxheWVyX3N0YXR1cyI6IjEiLCJsYXllcl9jbGFzcyI6ImxhcmdlX3RleHQiLCJsYXllcl9jYXB0aW9uIjoiTnVuIDxicj4gRXMgaXN0IGVpbmZhY2ggZlx1MDBjM1x1MDBiY3IgU2llIDxicj4gZWluIEF1dG8gbWlldGVuIiwibGF5ZXJfZm9udF9zaXplIjoiIiwibGF5ZXJfYmFja2dyb3VuZF9jb2xvciI6IiIsImxheWVyX2NvbG9yIjoiIiwibGF5ZXJfbGluayI6IiIsImxheWVyX3RhcmdldCI6InNhbWUiLCJsYXllcl90b3AiOiIyMTYiLCJsYXllcl9sZWZ0IjoiMzc1IiwibGF5ZXJfdHJhbnNpdGlvbiI6IndpcGVsZWZ0IiwidGltZV9zdGFydCI6bnVsbH0seyJsYXllcl92aWRlb190eXBlIjoieW91dHViZSIsImxheWVyX3ZpZGVvX2lkIjoiIiwibGF5ZXJfdmlkZW9faGVpZ2h0IjoiMjAwIiwibGF5ZXJfdmlkZW9fd2lkdGgiOiIzMDAiLCJsYXllcl92aWRlb190aHVtYiI6IiIsImxheWVyX2lkIjoiM18zIiwibGF5ZXJfY29udGVudCI6IiIsImxheWVyX3R5cGUiOiJ0ZXh0IiwibGF5ZXJfc3RhdHVzIjoiMSIsImxheWVyX2NsYXNzIjoiYnRuIiwibGF5ZXJfY2FwdGlvbiI6IlN0YXJ0IEJ1Y2h1bmciLCJsYXllcl9mb250X3NpemUiOiIiLCJsYXllcl9iYWNrZ3JvdW5kX2NvbG9yIjoiIiwibGF5ZXJfY29sb3IiOiIiLCJsYXllcl9saW5rIjoiIiwibGF5ZXJfdGFyZ2V0Ijoic2FtZSIsImxheWVyX3RvcCI6IjU2NSIsImxheWVyX2xlZnQiOiIzNzUiLCJsYXllcl90cmFuc2l0aW9uIjoid2lwZWxlZnQiLCJ0aW1lX3N0YXJ0IjpudWxsfV0='),(1,4,'sample 1','','home1-slide1.jpg','','eyJ1c2V2aWRlbyI6IjAiLCJ2aWRlb2lkIjoiIiwidmlkZW9hdXRvIjoiMCIsImJhY2tncm91bmRfY29sb3IiOiIiLCJidWxsZXRfZGVzY3JpcHRpb24iOiIifQ==','W3sibGF5ZXJfdmlkZW9fdHlwZSI6InlvdXR1YmUiLCJsYXllcl92aWRlb19pZCI6IiIsImxheWVyX3ZpZGVvX2hlaWdodCI6IjIwMCIsImxheWVyX3ZpZGVvX3dpZHRoIjoiMzAwIiwibGF5ZXJfdmlkZW9fdGh1bWIiOiIiLCJsYXllcl9pZCI6IjRfMSIsImxheWVyX2NvbnRlbnQiOiIiLCJsYXllcl90eXBlIjoidGV4dCIsImxheWVyX3N0YXR1cyI6IjEiLCJsYXllcl9jbGFzcyI6InNtYWxsX3RleHQiLCJsYXllcl9jYXB0aW9uIjoiMTAwIGF1dG8gZGkgbHVzc28gZGkgbWFyY2hlIGRpdmVyc2Ugc29ubyA8YnI+c2VtcHJlIGRpc3BvbmliaWxpIHBlciB0ZSIsImxheWVyX2ZvbnRfc2l6ZSI6IiIsImxheWVyX2JhY2tncm91bmRfY29sb3IiOiIiLCJsYXllcl9jb2xvciI6IiIsImxheWVyX2xpbmsiOiIiLCJsYXllcl90YXJnZXQiOiJzYW1lIiwibGF5ZXJfdG9wIjoiNDYwIiwibGF5ZXJfbGVmdCI6IjM3NSIsImxheWVyX3RyYW5zaXRpb24iOiJ3aXBlbGVmdCIsInRpbWVfc3RhcnQiOm51bGx9LHsibGF5ZXJfdmlkZW9fdHlwZSI6InlvdXR1YmUiLCJsYXllcl92aWRlb19pZCI6IiIsImxheWVyX3ZpZGVvX2hlaWdodCI6IjIwMCIsImxheWVyX3ZpZGVvX3dpZHRoIjoiMzAwIiwibGF5ZXJfdmlkZW9fdGh1bWIiOiIiLCJsYXllcl9pZCI6IjRfMiIsImxheWVyX2NvbnRlbnQiOiIiLCJsYXllcl90eXBlIjoidGV4dCIsImxheWVyX3N0YXR1cyI6IjEiLCJsYXllcl9jbGFzcyI6ImxhcmdlX3RleHQiLCJsYXllcl9jYXB0aW9uIjoiT3JhLCA8YnI+IEUgJ2ZhY2lsZSBwZXIgdm9pIDxicj5kaSBub2xlZ2dpYXJlIHVuIGF1dG8iLCJsYXllcl9mb250X3NpemUiOiIiLCJsYXllcl9iYWNrZ3JvdW5kX2NvbG9yIjoiIiwibGF5ZXJfY29sb3IiOiIiLCJsYXllcl9saW5rIjoiIiwibGF5ZXJfdGFyZ2V0Ijoic2FtZSIsImxheWVyX3RvcCI6IjIxNiIsImxheWVyX2xlZnQiOiIzNzUiLCJsYXllcl90cmFuc2l0aW9uIjoid2lwZWxlZnQiLCJ0aW1lX3N0YXJ0IjpudWxsfSx7ImxheWVyX3ZpZGVvX3R5cGUiOiJ5b3V0dWJlIiwibGF5ZXJfdmlkZW9faWQiOiIiLCJsYXllcl92aWRlb19oZWlnaHQiOiIyMDAiLCJsYXllcl92aWRlb193aWR0aCI6IjMwMCIsImxheWVyX3ZpZGVvX3RodW1iIjoiIiwibGF5ZXJfaWQiOiI0XzMiLCJsYXllcl9jb250ZW50IjoiIiwibGF5ZXJfdHlwZSI6InRleHQiLCJsYXllcl9zdGF0dXMiOiIxIiwibGF5ZXJfY2xhc3MiOiJidG4iLCJsYXllcl9jYXB0aW9uIjoiaW5pemlhIGxhIHByZW5vdGF6aW9uZSIsImxheWVyX2ZvbnRfc2l6ZSI6IiIsImxheWVyX2JhY2tncm91bmRfY29sb3IiOiIiLCJsYXllcl9jb2xvciI6IiIsImxheWVyX2xpbmsiOiIiLCJsYXllcl90YXJnZXQiOiJzYW1lIiwibGF5ZXJfdG9wIjoiNTY1IiwibGF5ZXJfbGVmdCI6IjM3NSIsImxheWVyX3RyYW5zaXRpb24iOiJ3aXBlbGVmdCIsInRpbWVfc3RhcnQiOm51bGx9XQ=='),(1,5,'sample 1','','home1-slide1.jpg','','eyJ1c2V2aWRlbyI6IjAiLCJ2aWRlb2lkIjoiIiwidmlkZW9hdXRvIjoiMCIsImJhY2tncm91bmRfY29sb3IiOiIiLCJidWxsZXRfZGVzY3JpcHRpb24iOiIifQ==','W3sibGF5ZXJfdmlkZW9fdHlwZSI6InlvdXR1YmUiLCJsYXllcl92aWRlb19pZCI6IiIsImxheWVyX3ZpZGVvX2hlaWdodCI6IjIwMCIsImxheWVyX3ZpZGVvX3dpZHRoIjoiMzAwIiwibGF5ZXJfdmlkZW9fdGh1bWIiOiIiLCJsYXllcl9pZCI6IjVfMSIsImxheWVyX2NvbnRlbnQiOiIiLCJsYXllcl90eXBlIjoidGV4dCIsImxheWVyX3N0YXR1cyI6IjEiLCJsYXllcl9jbGFzcyI6InNtYWxsX3RleHQiLCJsYXllcl9jYXB0aW9uIjoiMTAwIGF1dG9zIGRlIGx1am8gZGUgbWFyY2FzIG1cdTAwYzNcdTAwYmFsdGlwbGVzIDxicj4gc2llbXByZSBlc3RcdTAwYzNcdTAwYTFuIGRpc3BvbmlibGVzIHBhcmEgdXN0ZWQiLCJsYXllcl9mb250X3NpemUiOiIiLCJsYXllcl9iYWNrZ3JvdW5kX2NvbG9yIjoiIiwibGF5ZXJfY29sb3IiOiIiLCJsYXllcl9saW5rIjoiIiwibGF5ZXJfdGFyZ2V0Ijoic2FtZSIsImxheWVyX3RvcCI6IjQ2MCIsImxheWVyX2xlZnQiOiIzNzUiLCJsYXllcl90cmFuc2l0aW9uIjoid2lwZWxlZnQiLCJ0aW1lX3N0YXJ0IjpudWxsfSx7ImxheWVyX3ZpZGVvX3R5cGUiOiJ5b3V0dWJlIiwibGF5ZXJfdmlkZW9faWQiOiIiLCJsYXllcl92aWRlb19oZWlnaHQiOiIyMDAiLCJsYXllcl92aWRlb193aWR0aCI6IjMwMCIsImxheWVyX3ZpZGVvX3RodW1iIjoiIiwibGF5ZXJfaWQiOiI1XzIiLCJsYXllcl9jb250ZW50IjoiIiwibGF5ZXJfdHlwZSI6InRleHQiLCJsYXllcl9zdGF0dXMiOiIxIiwibGF5ZXJfY2xhc3MiOiJsYXJnZV90ZXh0IiwibGF5ZXJfY2FwdGlvbiI6IkFob3JhLCA8YnI+IEVzIGZcdTAwYzNcdTAwYTFjaWwgcGFyYSB1c3RlZCA8YnI+IGFscXVpbGFyIHVuIGNvY2hlIiwibGF5ZXJfZm9udF9zaXplIjoiIiwibGF5ZXJfYmFja2dyb3VuZF9jb2xvciI6IiIsImxheWVyX2NvbG9yIjoiIiwibGF5ZXJfbGluayI6IiIsImxheWVyX3RhcmdldCI6InNhbWUiLCJsYXllcl90b3AiOiIyMTYiLCJsYXllcl9sZWZ0IjoiMzc1IiwibGF5ZXJfdHJhbnNpdGlvbiI6IndpcGVsZWZ0IiwidGltZV9zdGFydCI6bnVsbH0seyJsYXllcl92aWRlb190eXBlIjoieW91dHViZSIsImxheWVyX3ZpZGVvX2lkIjoiIiwibGF5ZXJfdmlkZW9faGVpZ2h0IjoiMjAwIiwibGF5ZXJfdmlkZW9fd2lkdGgiOiIzMDAiLCJsYXllcl92aWRlb190aHVtYiI6IiIsImxheWVyX2lkIjoiNV8zIiwibGF5ZXJfY29udGVudCI6IiIsImxheWVyX3R5cGUiOiJ0ZXh0IiwibGF5ZXJfc3RhdHVzIjoiMSIsImxheWVyX2NsYXNzIjoiYnRuIiwibGF5ZXJfY2FwdGlvbiI6ImNvbWVuemFyIGEgcmVzZXJ2YXIiLCJsYXllcl9mb250X3NpemUiOiIiLCJsYXllcl9iYWNrZ3JvdW5kX2NvbG9yIjoiIiwibGF5ZXJfY29sb3IiOiIiLCJsYXllcl9saW5rIjoiIiwibGF5ZXJfdGFyZ2V0Ijoic2FtZSIsImxheWVyX3RvcCI6IjU2NSIsImxheWVyX2xlZnQiOiIzNzUiLCJsYXllcl90cmFuc2l0aW9uIjoid2lwZWxlZnQiLCJ0aW1lX3N0YXJ0IjpudWxsfV0='),(1,6,'sample 1','','home1-slide1.jpg','','eyJ1c2V2aWRlbyI6IjAiLCJ2aWRlb2lkIjoiIiwidmlkZW9hdXRvIjoiMCIsImJhY2tncm91bmRfY29sb3IiOiIiLCJidWxsZXRfZGVzY3JpcHRpb24iOiIifQ==','W3sibGF5ZXJfdmlkZW9fdHlwZSI6InlvdXR1YmUiLCJsYXllcl92aWRlb19pZCI6IiIsImxheWVyX3ZpZGVvX2hlaWdodCI6IjIwMCIsImxheWVyX3ZpZGVvX3dpZHRoIjoiMzAwIiwibGF5ZXJfdmlkZW9fdGh1bWIiOiIiLCJsYXllcl9pZCI6IjZfMSIsImxheWVyX2NvbnRlbnQiOiIiLCJsYXllcl90eXBlIjoidGV4dCIsImxheWVyX3N0YXR1cyI6IjEiLCJsYXllcl9jbGFzcyI6InNtYWxsX3RleHQiLCJsYXllcl9jYXB0aW9uIjoiMTAwIFx1MDBkOFx1MDBiM1x1MDBkOVx1MDA4YVx1MDBkOFx1MDBhN1x1MDBkOFx1MDBiMVx1MDBkOFx1MDBhOSBcdTAwZDlcdTAwODFcdTAwZDhcdTAwYTdcdTAwZDhcdTAwYWVcdTAwZDhcdTAwYjFcdTAwZDhcdTAwYTkgXHUwMGQ5XHUwMDg1XHUwMGQ5XHUwMDg2IFx1MDBkOVx1MDA4NVx1MDBkOFx1MDBhN1x1MDBkOFx1MDBiMVx1MDBkOVx1MDA4M1x1MDBkOFx1MDBhN1x1MDBkOFx1MDBhYSBcdTAwZDlcdTAwODVcdTAwZDhcdTAwYWFcdTAwZDhcdTAwYjlcdTAwZDhcdTAwYWZcdTAwZDhcdTAwYWZcdTAwZDhcdTAwYTkgLSBcdTAwZDlcdTAwODVcdTAwZDhcdTAwYWFcdTAwZDhcdTAwYTdcdTAwZDhcdTAwYWRcdTAwZDhcdTAwYTkgXHUwMGQ4XHUwMGFmXHUwMGQ4XHUwMGE3XHUwMGQ4XHUwMGE2XHUwMGQ5XHUwMDg1XHUwMGQ4XHUwMGE3IFx1MDBkOVx1MDA4NFx1MDBkOVx1MDA4MyIsImxheWVyX2ZvbnRfc2l6ZSI6IiIsImxheWVyX2JhY2tncm91bmRfY29sb3IiOiIiLCJsYXllcl9jb2xvciI6IiIsImxheWVyX2xpbmsiOiIiLCJsYXllcl90YXJnZXQiOiJzYW1lIiwibGF5ZXJfdG9wIjoiNDYwIiwibGF5ZXJfbGVmdCI6IjM3NSIsImxheWVyX3RyYW5zaXRpb24iOiJ3aXBlbGVmdCIsInRpbWVfc3RhcnQiOm51bGx9LHsibGF5ZXJfdmlkZW9fdHlwZSI6InlvdXR1YmUiLCJsYXllcl92aWRlb19pZCI6IiIsImxheWVyX3ZpZGVvX2hlaWdodCI6IjIwMCIsImxheWVyX3ZpZGVvX3dpZHRoIjoiMzAwIiwibGF5ZXJfdmlkZW9fdGh1bWIiOiIiLCJsYXllcl9pZCI6IjZfMiIsImxheWVyX2NvbnRlbnQiOiIiLCJsYXllcl90eXBlIjoidGV4dCIsImxheWVyX3N0YXR1cyI6IjEiLCJsYXllcl9jbGFzcyI6ImxhcmdlX3RleHQiLCJsYXllcl9jYXB0aW9uIjoiXHUwMGQ4XHUwMGE3XHUwMGQ5XHUwMDg0XHUwMGQ4XHUwMGEyXHUwMGQ5XHUwMDg2XHUwMGQ4XHUwMDhjIDxicj4gXHUwMGQ5XHUwMDg1XHUwMGQ5XHUwMDg2IFx1MDBkOFx1MDBhN1x1MDBkOVx1MDA4NFx1MDBkOFx1MDBiM1x1MDBkOVx1MDA4N1x1MDBkOVx1MDA4NCBcdTAwZDhcdTAwYThcdTAwZDhcdTAwYTdcdTAwZDlcdTAwODRcdTAwZDlcdTAwODZcdTAwZDhcdTAwYjNcdTAwZDhcdTAwYThcdTAwZDhcdTAwYTkgXHUwMGQ5XHUwMDg0XHUwMGQ5XHUwMDgzIDxicj4gXHUwMGQ5XHUwMDg0XHUwMGQ4XHUwMGFhXHUwMGQ4XHUwMGEzXHUwMGQ4XHUwMGFjXHUwMGQ5XHUwMDhhXHUwMGQ4XHUwMGIxIFx1MDBkOFx1MDBhN1x1MDBkOVx1MDA4NFx1MDBkOFx1MDBiM1x1MDBkOVx1MDA4YVx1MDBkOFx1MDBhN1x1MDBkOFx1MDBiMVx1MDBkOFx1MDBhN1x1MDBkOFx1MDBhYSIsImxheWVyX2ZvbnRfc2l6ZSI6IiIsImxheWVyX2JhY2tncm91bmRfY29sb3IiOiIiLCJsYXllcl9jb2xvciI6IiIsImxheWVyX2xpbmsiOiIiLCJsYXllcl90YXJnZXQiOiJzYW1lIiwibGF5ZXJfdG9wIjoiMjE2IiwibGF5ZXJfbGVmdCI6IjM3NSIsImxheWVyX3RyYW5zaXRpb24iOiJ3aXBlbGVmdCIsInRpbWVfc3RhcnQiOm51bGx9LHsibGF5ZXJfdmlkZW9fdHlwZSI6InlvdXR1YmUiLCJsYXllcl92aWRlb19pZCI6IiIsImxheWVyX3ZpZGVvX2hlaWdodCI6IjIwMCIsImxheWVyX3ZpZGVvX3dpZHRoIjoiMzAwIiwibGF5ZXJfdmlkZW9fdGh1bWIiOiIiLCJsYXllcl9pZCI6IjZfMyIsImxheWVyX2NvbnRlbnQiOiIiLCJsYXllcl90eXBlIjoidGV4dCIsImxheWVyX3N0YXR1cyI6IjEiLCJsYXllcl9jbGFzcyI6ImJ0biIsImxheWVyX2NhcHRpb24iOiJcdTAwZDhcdTAwYThcdTAwZDhcdTAwYWZcdTAwZDhcdTAwYTEgXHUwMGQ4XHUwMGE3XHUwMGQ5XHUwMDg0XHUwMGQ4XHUwMGFkXHUwMGQ4XHUwMGFjXHUwMGQ4XHUwMGIyIiwibGF5ZXJfZm9udF9zaXplIjoiIiwibGF5ZXJfYmFja2dyb3VuZF9jb2xvciI6IiIsImxheWVyX2NvbG9yIjoiIiwibGF5ZXJfbGluayI6IiIsImxheWVyX3RhcmdldCI6InNhbWUiLCJsYXllcl90b3AiOiI1NjUiLCJsYXllcl9sZWZ0IjoiMzc1IiwibGF5ZXJfdHJhbnNpdGlvbiI6IndpcGVsZWZ0IiwidGltZV9zdGFydCI6bnVsbH1d'),(2,1,'sample 1','','','','eyJ1c2V2aWRlbyI6IjAiLCJ2aWRlb2lkIjoiIiwidmlkZW9hdXRvIjoiMCIsImJhY2tncm91bmRfY29sb3IiOiIiLCJidWxsZXRfZGVzY3JpcHRpb24iOiIifQ==','W3sibGF5ZXJfdmlkZW9fdHlwZSI6InlvdXR1YmUiLCJsYXllcl92aWRlb19pZCI6IiIsImxheWVyX3ZpZGVvX2hlaWdodCI6IjIwMCIsImxheWVyX3ZpZGVvX3dpZHRoIjoiMzAwIiwibGF5ZXJfdmlkZW9fdGh1bWIiOiIiLCJsYXllcl9pZCI6IjFfMSIsImxheWVyX2NvbnRlbnQiOiIiLCJsYXllcl90eXBlIjoidGV4dCIsImxheWVyX3N0YXR1cyI6IjEiLCJsYXllcl9jbGFzcyI6Imxlby1jYXB0aW9uIiwibGF5ZXJfY2FwdGlvbiI6IjxkaXYgY2xhc3M9XCJzbWFsbF90ZXh0XCI+ZmVhdHVyZWQgY2FyPFwvZGl2PjxkaXYgY2xhc3M9XCJiaWdfd2hpdGVcIj5NZXJjZWRlcyBiZW56IDxicj5FMzAwMDxcL2Rpdj48ZGl2IGNsYXNzPVwibWVkaXVtX3RleHRcIj4gICAgPHA+PGkgY2xhc3M9XCJpY29uLWFybWNoYWlyXCI+PFwvaT4gU2VhdDogNDxcL3A+ICAgIDxwPjxpIGNsYXNzPVwiaWNvbi1zZXR0aW5nc1wiPjxcL2k+IE1hbnVmYWN0dXJlIHllYXI6IDIwMTg8XC9wPiAgICA8cD48aSBjbGFzcz1cImljb24tZ2VhcmJveFwiPjxcL2k+IEdlYXJib3g6IEF1dG9tYXRpYzxcL3A+PFwvZGl2PjxhIGNsYXNzPVwiYnRuIGJ1dHRvbiBidG4tbm93XCIgaHJlZj1cIiNcIiB0aXRsZT1cIlNob3Agbm93XCI+ZnJvbSA8c3Bhbj4kMjUwPFwvc3Bhbj48aSBjbGFzcz1cImZhIGZhLWNoZXZyb24tcmlnaHRcIj48XC9pPjxcL2E+IiwibGF5ZXJfZm9udF9zaXplIjoiIiwibGF5ZXJfYmFja2dyb3VuZF9jb2xvciI6IiIsImxheWVyX2NvbG9yIjoiIiwibGF5ZXJfbGluayI6IiIsImxheWVyX3RhcmdldCI6InNhbWUiLCJsYXllcl90b3AiOiIxNTgiLCJsYXllcl9sZWZ0IjoiMzI0IiwibGF5ZXJfdHJhbnNpdGlvbiI6ImZhZGUiLCJ0aW1lX3N0YXJ0IjpudWxsfSx7ImxheWVyX3ZpZGVvX3R5cGUiOiJ5b3V0dWJlIiwibGF5ZXJfdmlkZW9faWQiOiIiLCJsYXllcl92aWRlb19oZWlnaHQiOiIyMDAiLCJsYXllcl92aWRlb193aWR0aCI6IjMwMCIsImxheWVyX3ZpZGVvX3RodW1iIjoiIiwibGF5ZXJfaWQiOiIxXzIiLCJsYXllcl9jb250ZW50IjoiaG9tZTItYmctdG9wLnBuZyIsImxheWVyX3R5cGUiOiJpbWFnZSIsImxheWVyX3N0YXR1cyI6IjEiLCJsYXllcl9jbGFzcyI6IiIsImxheWVyX2NhcHRpb24iOiJZb3VyIEltYWdlIEhlcmUgMiIsImxheWVyX2ZvbnRfc2l6ZSI6IiIsImxheWVyX2JhY2tncm91bmRfY29sb3IiOiIiLCJsYXllcl9jb2xvciI6IiIsImxheWVyX2xpbmsiOiIiLCJsYXllcl90YXJnZXQiOiJzYW1lIiwibGF5ZXJfdG9wIjoiMjU3IiwibGF5ZXJfbGVmdCI6Ijc0NiIsImxheWVyX3RyYW5zaXRpb24iOiJmYWRlIiwidGltZV9zdGFydCI6bnVsbH1d'),(2,2,'sample 1','','','','eyJ1c2V2aWRlbyI6IjAiLCJ2aWRlb2lkIjoiIiwidmlkZW9hdXRvIjoiMCIsImJhY2tncm91bmRfY29sb3IiOiIiLCJidWxsZXRfZGVzY3JpcHRpb24iOiIifQ==','W3sibGF5ZXJfdmlkZW9fdHlwZSI6InlvdXR1YmUiLCJsYXllcl92aWRlb19pZCI6IiIsImxheWVyX3ZpZGVvX2hlaWdodCI6IjIwMCIsImxheWVyX3ZpZGVvX3dpZHRoIjoiMzAwIiwibGF5ZXJfdmlkZW9fdGh1bWIiOiIiLCJsYXllcl9pZCI6IjJfMSIsImxheWVyX2NvbnRlbnQiOiIiLCJsYXllcl90eXBlIjoidGV4dCIsImxheWVyX3N0YXR1cyI6IjEiLCJsYXllcl9jbGFzcyI6Imxlby1jYXB0aW9uIiwibGF5ZXJfY2FwdGlvbiI6IjxkaXYgY2xhc3M9XCJzbWFsbF90ZXh0XCI+dm9pdHVyZSB2ZWRldHRlPFwvZGl2PjxkaXYgY2xhc3M9XCJiaWdfd2hpdGVcIj5NZXJjZWRlcyBiZW56IDxicj5FMzAwMDxcL2Rpdj48ZGl2IGNsYXNzPVwibWVkaXVtX3RleHRcIj4gICAgPHA+PGkgY2xhc3M9XCJpY29uLWFybWNoYWlyXCI+PFwvaT4gU2lcdTAwYzNcdTAwYThnZTogNDxcL3A+ICAgIDxwPjxpIGNsYXNzPVwiaWNvbi1zZXR0aW5nc1wiPjxcL2k+IEFublx1MDBjM1x1MDBhOWUgRmFicmljYXRpb246IDIwMTg8XC9wPiAgICA8cD48aSBjbGFzcz1cImljb24tZ2VhcmJveFwiPjxcL2k+IEJvXHUwMGMzXHUwMGFldGUgZGUgdml0ZXNzZXM6IEF1dG9tYXRpYzxcL3A+PFwvZGl2PjxhIGNsYXNzPVwiYnRuIGJ1dHRvbiBidG4tbm93XCIgaHJlZj1cIiNcIiB0aXRsZT1cIlNob3Agbm93XCI+ZGUgPHNwYW4+JDI1MDxcL3NwYW4+PGkgY2xhc3M9XCJmYSBmYS1jaGV2cm9uLXJpZ2h0XCI+PFwvaT48XC9hPiIsImxheWVyX2ZvbnRfc2l6ZSI6IiIsImxheWVyX2JhY2tncm91bmRfY29sb3IiOiIiLCJsYXllcl9jb2xvciI6IiIsImxheWVyX2xpbmsiOiIiLCJsYXllcl90YXJnZXQiOiJzYW1lIiwibGF5ZXJfdG9wIjoiMTU4IiwibGF5ZXJfbGVmdCI6IjMyNCIsImxheWVyX3RyYW5zaXRpb24iOiJmYWRlIiwidGltZV9zdGFydCI6bnVsbH0seyJsYXllcl92aWRlb190eXBlIjoieW91dHViZSIsImxheWVyX3ZpZGVvX2lkIjoiIiwibGF5ZXJfdmlkZW9faGVpZ2h0IjoiMjAwIiwibGF5ZXJfdmlkZW9fd2lkdGgiOiIzMDAiLCJsYXllcl92aWRlb190aHVtYiI6IiIsImxheWVyX2lkIjoiMl8yIiwibGF5ZXJfY29udGVudCI6ImhvbWUyLWJnLXRvcC5wbmciLCJsYXllcl90eXBlIjoiaW1hZ2UiLCJsYXllcl9zdGF0dXMiOiIxIiwibGF5ZXJfY2xhc3MiOiIiLCJsYXllcl9jYXB0aW9uIjoiWW91ciBJbWFnZSBIZXJlIDIiLCJsYXllcl9mb250X3NpemUiOiIiLCJsYXllcl9iYWNrZ3JvdW5kX2NvbG9yIjoiIiwibGF5ZXJfY29sb3IiOiIiLCJsYXllcl9saW5rIjoiIiwibGF5ZXJfdGFyZ2V0Ijoic2FtZSIsImxheWVyX3RvcCI6IjI1NyIsImxheWVyX2xlZnQiOiI3NDYiLCJsYXllcl90cmFuc2l0aW9uIjoiZmFkZSIsInRpbWVfc3RhcnQiOm51bGx9XQ=='),(2,3,'sample 1','','','','eyJ1c2V2aWRlbyI6IjAiLCJ2aWRlb2lkIjoiIiwidmlkZW9hdXRvIjoiMCIsImJhY2tncm91bmRfY29sb3IiOiIiLCJidWxsZXRfZGVzY3JpcHRpb24iOiIifQ==','W3sibGF5ZXJfdmlkZW9fdHlwZSI6InlvdXR1YmUiLCJsYXllcl92aWRlb19pZCI6IiIsImxheWVyX3ZpZGVvX2hlaWdodCI6IjIwMCIsImxheWVyX3ZpZGVvX3dpZHRoIjoiMzAwIiwibGF5ZXJfdmlkZW9fdGh1bWIiOiIiLCJsYXllcl9pZCI6IjNfMSIsImxheWVyX2NvbnRlbnQiOiIiLCJsYXllcl90eXBlIjoidGV4dCIsImxheWVyX3N0YXR1cyI6IjEiLCJsYXllcl9jbGFzcyI6Imxlby1jYXB0aW9uIiwibGF5ZXJfY2FwdGlvbiI6IjxkaXYgY2xhc3M9XCJzbWFsbF90ZXh0XCI+Vm9yZ2VzdGVsbHRlcyBBdXRvPFwvZGl2PjxkaXYgY2xhc3M9XCJiaWdfd2hpdGVcIj5NZXJjZWRlcyBiZW56IDxicj5FMzAwMDxcL2Rpdj48ZGl2IGNsYXNzPVwibWVkaXVtX3RleHRcIj4gICAgPHA+PGkgY2xhc3M9XCJpY29uLWFybWNoYWlyXCI+PFwvaT4gU2l0ejogNDxcL3A+ICAgIDxwPjxpIGNsYXNzPVwiaWNvbi1zZXR0aW5nc1wiPjxcL2k+IEhlcnN0ZWxsdW5nc2phaHI6IDIwMTg8XC9wPiAgICA8cD48aSBjbGFzcz1cImljb24tZ2VhcmJveFwiPjxcL2k+IEdldHJpZWJlOiBBdXRvbWF0aWM8XC9wPjxcL2Rpdj48YSBjbGFzcz1cImJ0biBidXR0b24gYnRuLW5vd1wiIGhyZWY9XCIjXCIgdGl0bGU9XCJTaG9wIG5vd1wiPnZvbiA8c3Bhbj4kMjUwPFwvc3Bhbj48aSBjbGFzcz1cImZhIGZhLWNoZXZyb24tcmlnaHRcIj48XC9pPjxcL2E+IiwibGF5ZXJfZm9udF9zaXplIjoiIiwibGF5ZXJfYmFja2dyb3VuZF9jb2xvciI6IiIsImxheWVyX2NvbG9yIjoiIiwibGF5ZXJfbGluayI6IiIsImxheWVyX3RhcmdldCI6InNhbWUiLCJsYXllcl90b3AiOiIxNTgiLCJsYXllcl9sZWZ0IjoiMzI0IiwibGF5ZXJfdHJhbnNpdGlvbiI6ImZhZGUiLCJ0aW1lX3N0YXJ0IjpudWxsfSx7ImxheWVyX3ZpZGVvX3R5cGUiOiJ5b3V0dWJlIiwibGF5ZXJfdmlkZW9faWQiOiIiLCJsYXllcl92aWRlb19oZWlnaHQiOiIyMDAiLCJsYXllcl92aWRlb193aWR0aCI6IjMwMCIsImxheWVyX3ZpZGVvX3RodW1iIjoiIiwibGF5ZXJfaWQiOiIzXzIiLCJsYXllcl9jb250ZW50IjoiaG9tZTItYmctdG9wLnBuZyIsImxheWVyX3R5cGUiOiJpbWFnZSIsImxheWVyX3N0YXR1cyI6IjEiLCJsYXllcl9jbGFzcyI6IiIsImxheWVyX2NhcHRpb24iOiJZb3VyIEltYWdlIEhlcmUgMiIsImxheWVyX2ZvbnRfc2l6ZSI6IiIsImxheWVyX2JhY2tncm91bmRfY29sb3IiOiIiLCJsYXllcl9jb2xvciI6IiIsImxheWVyX2xpbmsiOiIiLCJsYXllcl90YXJnZXQiOiJzYW1lIiwibGF5ZXJfdG9wIjoiMjU3IiwibGF5ZXJfbGVmdCI6Ijc0NiIsImxheWVyX3RyYW5zaXRpb24iOiJmYWRlIiwidGltZV9zdGFydCI6bnVsbH1d'),(2,4,'sample 1','','','','eyJ1c2V2aWRlbyI6IjAiLCJ2aWRlb2lkIjoiIiwidmlkZW9hdXRvIjoiMCIsImJhY2tncm91bmRfY29sb3IiOiIiLCJidWxsZXRfZGVzY3JpcHRpb24iOiIifQ==','W3sibGF5ZXJfdmlkZW9fdHlwZSI6InlvdXR1YmUiLCJsYXllcl92aWRlb19pZCI6IiIsImxheWVyX3ZpZGVvX2hlaWdodCI6IjIwMCIsImxheWVyX3ZpZGVvX3dpZHRoIjoiMzAwIiwibGF5ZXJfdmlkZW9fdGh1bWIiOiIiLCJsYXllcl9pZCI6IjRfMSIsImxheWVyX2NvbnRlbnQiOiIiLCJsYXllcl90eXBlIjoidGV4dCIsImxheWVyX3N0YXR1cyI6IjEiLCJsYXllcl9jbGFzcyI6Imxlby1jYXB0aW9uIiwibGF5ZXJfY2FwdGlvbiI6IjxkaXYgY2xhc3M9XCJzbWFsbF90ZXh0XCI+YXV0byBpbiBwaWFubzxcL2Rpdj48ZGl2IGNsYXNzPVwiYmlnX3doaXRlXCI+TWVyY2VkZXMgYmVueiA8YnI+RTMwMDA8XC9kaXY+PGRpdiBjbGFzcz1cIm1lZGl1bV90ZXh0XCI+ICAgIDxwPjxpIGNsYXNzPVwiaWNvbi1hcm1jaGFpclwiPjxcL2k+IFNlZGU6IDQ8XC9wPiAgICA8cD48aSBjbGFzcz1cImljb24tc2V0dGluZ3NcIj48XC9pPiBBbm5vIGRpIGZhYmJyaWNhemlvbmU6IDIwMTg8XC9wPiAgICA8cD48aSBjbGFzcz1cImljb24tZ2VhcmJveFwiPjxcL2k+IFJpZHV0dG9yZTogQXV0b21hdGljPFwvcD48XC9kaXY+PGEgY2xhc3M9XCJidG4gYnV0dG9uIGJ0bi1ub3dcIiBocmVmPVwiI1wiIHRpdGxlPVwiU2hvcCBub3dcIj5kYSA8c3Bhbj4kMjUwPFwvc3Bhbj48aSBjbGFzcz1cImZhIGZhLWNoZXZyb24tcmlnaHRcIj48XC9pPjxcL2E+IiwibGF5ZXJfZm9udF9zaXplIjoiIiwibGF5ZXJfYmFja2dyb3VuZF9jb2xvciI6IiIsImxheWVyX2NvbG9yIjoiIiwibGF5ZXJfbGluayI6IiIsImxheWVyX3RhcmdldCI6InNhbWUiLCJsYXllcl90b3AiOiIxNTgiLCJsYXllcl9sZWZ0IjoiMzI0IiwibGF5ZXJfdHJhbnNpdGlvbiI6ImZhZGUiLCJ0aW1lX3N0YXJ0IjpudWxsfSx7ImxheWVyX3ZpZGVvX3R5cGUiOiJ5b3V0dWJlIiwibGF5ZXJfdmlkZW9faWQiOiIiLCJsYXllcl92aWRlb19oZWlnaHQiOiIyMDAiLCJsYXllcl92aWRlb193aWR0aCI6IjMwMCIsImxheWVyX3ZpZGVvX3RodW1iIjoiIiwibGF5ZXJfaWQiOiI0XzIiLCJsYXllcl9jb250ZW50IjoiaG9tZTItYmctdG9wLnBuZyIsImxheWVyX3R5cGUiOiJpbWFnZSIsImxheWVyX3N0YXR1cyI6IjEiLCJsYXllcl9jbGFzcyI6IiIsImxheWVyX2NhcHRpb24iOiJZb3VyIEltYWdlIEhlcmUgMiIsImxheWVyX2ZvbnRfc2l6ZSI6IiIsImxheWVyX2JhY2tncm91bmRfY29sb3IiOiIiLCJsYXllcl9jb2xvciI6IiIsImxheWVyX2xpbmsiOiIiLCJsYXllcl90YXJnZXQiOiJzYW1lIiwibGF5ZXJfdG9wIjoiMjU3IiwibGF5ZXJfbGVmdCI6Ijc0NiIsImxheWVyX3RyYW5zaXRpb24iOiJmYWRlIiwidGltZV9zdGFydCI6bnVsbH1d'),(2,5,'sample 1','','','','eyJ1c2V2aWRlbyI6IjAiLCJ2aWRlb2lkIjoiIiwidmlkZW9hdXRvIjoiMCIsImJhY2tncm91bmRfY29sb3IiOiIiLCJidWxsZXRfZGVzY3JpcHRpb24iOiIifQ==','W3sibGF5ZXJfdmlkZW9fdHlwZSI6InlvdXR1YmUiLCJsYXllcl92aWRlb19pZCI6IiIsImxheWVyX3ZpZGVvX2hlaWdodCI6IjIwMCIsImxheWVyX3ZpZGVvX3dpZHRoIjoiMzAwIiwibGF5ZXJfdmlkZW9fdGh1bWIiOiIiLCJsYXllcl9pZCI6IjVfMSIsImxheWVyX2NvbnRlbnQiOiIiLCJsYXllcl90eXBlIjoidGV4dCIsImxheWVyX3N0YXR1cyI6IjEiLCJsYXllcl9jbGFzcyI6Imxlby1jYXB0aW9uIiwibGF5ZXJfY2FwdGlvbiI6IjxkaXYgY2xhc3M9XCJzbWFsbF90ZXh0XCI+Y29jaGUgb2ZyZWNpXHUwMGMzXHUwMGIzPFwvZGl2PjxkaXYgY2xhc3M9XCJiaWdfd2hpdGVcIj5NZXJjZWRlcyBiZW56IDxicj5FMzAwMDxcL2Rpdj48ZGl2IGNsYXNzPVwibWVkaXVtX3RleHRcIj4gICAgPHA+PGkgY2xhc3M9XCJpY29uLWFybWNoYWlyXCI+PFwvaT4gQXNpZW50bzogNDxcL3A+ICAgIDxwPjxpIGNsYXNzPVwiaWNvbi1zZXR0aW5nc1wiPjxcL2k+IEFcdTAwYzNcdTAwYjFvIGZhYnJpY2FjaVx1MDBjM1x1MDBiM246IDIwMTg8XC9wPiAgICA8cD48aSBjbGFzcz1cImljb24tZ2VhcmJveFwiPjxcL2k+IENhamEgZXF1aXBvOiBBdXRvbWF0aWM8XC9wPjxcL2Rpdj48YSBjbGFzcz1cImJ0biBidXR0b24gYnRuLW5vd1wiIGhyZWY9XCIjXCIgdGl0bGU9XCJTaG9wIG5vd1wiPmRlIDxzcGFuPiQyNTA8XC9zcGFuPjxpIGNsYXNzPVwiZmEgZmEtY2hldnJvbi1yaWdodFwiPjxcL2k+PFwvYT4iLCJsYXllcl9mb250X3NpemUiOiIiLCJsYXllcl9iYWNrZ3JvdW5kX2NvbG9yIjoiIiwibGF5ZXJfY29sb3IiOiIiLCJsYXllcl9saW5rIjoiIiwibGF5ZXJfdGFyZ2V0Ijoic2FtZSIsImxheWVyX3RvcCI6IjE1OCIsImxheWVyX2xlZnQiOiIzMjQiLCJsYXllcl90cmFuc2l0aW9uIjoiZmFkZSIsInRpbWVfc3RhcnQiOm51bGx9LHsibGF5ZXJfdmlkZW9fdHlwZSI6InlvdXR1YmUiLCJsYXllcl92aWRlb19pZCI6IiIsImxheWVyX3ZpZGVvX2hlaWdodCI6IjIwMCIsImxheWVyX3ZpZGVvX3dpZHRoIjoiMzAwIiwibGF5ZXJfdmlkZW9fdGh1bWIiOiIiLCJsYXllcl9pZCI6IjVfMiIsImxheWVyX2NvbnRlbnQiOiJob21lMi1iZy10b3AucG5nIiwibGF5ZXJfdHlwZSI6ImltYWdlIiwibGF5ZXJfc3RhdHVzIjoiMSIsImxheWVyX2NsYXNzIjoiIiwibGF5ZXJfY2FwdGlvbiI6IllvdXIgSW1hZ2UgSGVyZSAyIiwibGF5ZXJfZm9udF9zaXplIjoiIiwibGF5ZXJfYmFja2dyb3VuZF9jb2xvciI6IiIsImxheWVyX2NvbG9yIjoiIiwibGF5ZXJfbGluayI6IiIsImxheWVyX3RhcmdldCI6InNhbWUiLCJsYXllcl90b3AiOiIyNTciLCJsYXllcl9sZWZ0IjoiNzQ2IiwibGF5ZXJfdHJhbnNpdGlvbiI6ImZhZGUiLCJ0aW1lX3N0YXJ0IjpudWxsfV0='),(2,6,'sample 1','','','','eyJ1c2V2aWRlbyI6IjAiLCJ2aWRlb2lkIjoiIiwidmlkZW9hdXRvIjoiMCIsImJhY2tncm91bmRfY29sb3IiOiIiLCJidWxsZXRfZGVzY3JpcHRpb24iOiIifQ==','W3sibGF5ZXJfdmlkZW9fdHlwZSI6InlvdXR1YmUiLCJsYXllcl92aWRlb19pZCI6IiIsImxheWVyX3ZpZGVvX2hlaWdodCI6IjIwMCIsImxheWVyX3ZpZGVvX3dpZHRoIjoiMzAwIiwibGF5ZXJfdmlkZW9fdGh1bWIiOiIiLCJsYXllcl9pZCI6IjZfMSIsImxheWVyX2NvbnRlbnQiOiIiLCJsYXllcl90eXBlIjoidGV4dCIsImxheWVyX3N0YXR1cyI6IjEiLCJsYXllcl9jbGFzcyI6Imxlby1jYXB0aW9uIiwibGF5ZXJfY2FwdGlvbiI6IjxkaXYgY2xhc3M9XCJzbWFsbF90ZXh0XCI+XHUwMGQ4XHUwMGIzXHUwMGQ5XHUwMDhhXHUwMGQ4XHUwMGE3XHUwMGQ4XHUwMGIxXHUwMGQ4XHUwMGE5IFx1MDBkOVx1MDA4NVx1MDBkOVx1MDA4NVx1MDBkOVx1MDA4YVx1MDBkOFx1MDBiMlx1MDBkOFx1MDBhOTxcL2Rpdj48ZGl2IGNsYXNzPVwiYmlnX3doaXRlXCI+TWVyY2VkZXMgYmVueiA8YnI+RTMwMDA8XC9kaXY+PGRpdiBjbGFzcz1cIm1lZGl1bV90ZXh0XCI+ICAgIDxwPjxpIGNsYXNzPVwiaWNvbi1hcm1jaGFpclwiPjxcL2k+IFx1MDBkOVx1MDA4NVx1MDBkOVx1MDA4Mlx1MDBkOFx1MDBiOVx1MDBkOFx1MDBhZjogNDxcL3A+ICAgIDxwPjxpIGNsYXNzPVwiaWNvbi1zZXR0aW5nc1wiPjxcL2k+IFx1MDBkOFx1MDBiM1x1MDBkOVx1MDA4Nlx1MDBkOFx1MDBhOSBcdTAwZDhcdTAwYTdcdTAwZDlcdTAwODRcdTAwZDhcdTAwYjVcdTAwZDlcdTAwODZcdTAwZDhcdTAwYjk6IDIwMTg8XC9wPiAgICA8cD48aSBjbGFzcz1cImljb24tZ2VhcmJveFwiPjxcL2k+IFx1MDBkOVx1MDA4Nlx1MDBkOFx1MDBhN1x1MDBkOVx1MDA4Mlx1MDBkOVx1MDA4NCBcdTAwZDhcdTAwYTdcdTAwZDlcdTAwODRcdTAwZDhcdTAwYWRcdTAwZDhcdTAwYjFcdTAwZDlcdTAwODNcdTAwZDhcdTAwYTk6IFx1MDBkOFx1MDBhYVx1MDBkOVx1MDA4NFx1MDBkOVx1MDA4Mlx1MDBkOFx1MDBhN1x1MDBkOFx1MDBhNlx1MDBkOVx1MDA4YTxcL3A+PFwvZGl2PjxhIGNsYXNzPVwiYnRuIGJ1dHRvbiBidG4tbm93XCIgaHJlZj1cIiNcIiB0aXRsZT1cIlNob3Agbm93XCI+XHUwMGQ5XHUwMDg1XHUwMGQ5XHUwMDg2IFx1MDBkOFx1MDBiOVx1MDBkOVx1MDA4Nlx1MDBkOFx1MDBhZiA8c3Bhbj4kMjUwPFwvc3Bhbj48aSBjbGFzcz1cImZhIGZhLWNoZXZyb24tcmlnaHRcIj48XC9pPjxcL2E+IiwibGF5ZXJfZm9udF9zaXplIjoiIiwibGF5ZXJfYmFja2dyb3VuZF9jb2xvciI6IiIsImxheWVyX2NvbG9yIjoiIiwibGF5ZXJfbGluayI6IiIsImxheWVyX3RhcmdldCI6InNhbWUiLCJsYXllcl90b3AiOiIxNTgiLCJsYXllcl9sZWZ0IjoiMzI0IiwibGF5ZXJfdHJhbnNpdGlvbiI6ImZhZGUiLCJ0aW1lX3N0YXJ0IjpudWxsfSx7ImxheWVyX3ZpZGVvX3R5cGUiOiJ5b3V0dWJlIiwibGF5ZXJfdmlkZW9faWQiOiIiLCJsYXllcl92aWRlb19oZWlnaHQiOiIyMDAiLCJsYXllcl92aWRlb193aWR0aCI6IjMwMCIsImxheWVyX3ZpZGVvX3RodW1iIjoiIiwibGF5ZXJfaWQiOiI2XzIiLCJsYXllcl9jb250ZW50IjoiaG9tZTItYmctdG9wLnBuZyIsImxheWVyX3R5cGUiOiJpbWFnZSIsImxheWVyX3N0YXR1cyI6IjEiLCJsYXllcl9jbGFzcyI6IiIsImxheWVyX2NhcHRpb24iOiJZb3VyIEltYWdlIEhlcmUgMiIsImxheWVyX2ZvbnRfc2l6ZSI6IiIsImxheWVyX2JhY2tncm91bmRfY29sb3IiOiIiLCJsYXllcl9jb2xvciI6IiIsImxheWVyX2xpbmsiOiIiLCJsYXllcl90YXJnZXQiOiJzYW1lIiwibGF5ZXJfdG9wIjoiMjU3IiwibGF5ZXJfbGVmdCI6Ijc0NiIsImxheWVyX3RyYW5zaXRpb24iOiJmYWRlIiwidGltZV9zdGFydCI6bnVsbH1d'),(3,1,'sample1','','home3-slide1.jpg','','eyJ1c2V2aWRlbyI6IjAiLCJ2aWRlb2lkIjoiIiwidmlkZW9hdXRvIjoiMCIsImJhY2tncm91bmRfY29sb3IiOiIiLCJidWxsZXRfZGVzY3JpcHRpb24iOiIifQ==','W3sibGF5ZXJfdmlkZW9fdHlwZSI6InlvdXR1YmUiLCJsYXllcl92aWRlb19pZCI6IiIsImxheWVyX3ZpZGVvX2hlaWdodCI6IjIwMCIsImxheWVyX3ZpZGVvX3dpZHRoIjoiMzAwIiwibGF5ZXJfdmlkZW9fdGh1bWIiOiIiLCJsYXllcl9pZCI6IjFfMSIsImxheWVyX2NvbnRlbnQiOiIiLCJsYXllcl90eXBlIjoidGV4dCIsImxheWVyX3N0YXR1cyI6IjEiLCJsYXllcl9jbGFzcyI6ImxhcmdlX3RleHQiLCJsYXllcl9jYXB0aW9uIjoiUmVudCB5b3VyIGNhciA8YnI+YnkgYW4gZWFzaWVzdCB3YXkiLCJsYXllcl9mb250X3NpemUiOiIiLCJsYXllcl9iYWNrZ3JvdW5kX2NvbG9yIjoiIiwibGF5ZXJfY29sb3IiOiIiLCJsYXllcl9saW5rIjoiIiwibGF5ZXJfdGFyZ2V0Ijoic2FtZSIsImxheWVyX3RvcCI6IjI2MSIsImxheWVyX2xlZnQiOiIzNzUiLCJsYXllcl90cmFuc2l0aW9uIjoiZmFkZSIsInRpbWVfc3RhcnQiOm51bGx9LHsibGF5ZXJfdmlkZW9fdHlwZSI6InlvdXR1YmUiLCJsYXllcl92aWRlb19pZCI6IiIsImxheWVyX3ZpZGVvX2hlaWdodCI6IjIwMCIsImxheWVyX3ZpZGVvX3dpZHRoIjoiMzAwIiwibGF5ZXJfdmlkZW9fdGh1bWIiOiIiLCJsYXllcl9pZCI6IjFfMiIsImxheWVyX2NvbnRlbnQiOiIiLCJsYXllcl90eXBlIjoidGV4dCIsImxheWVyX3N0YXR1cyI6IjEiLCJsYXllcl9jbGFzcyI6InNtYWxsX3RleHQiLCJsYXllcl9jYXB0aW9uIjoiMTAwICBsdXh1cnkgY2FycyBmcm9tIG11bHRpIGJyYW5kcyBhcmUgPGJyPmFsd2F5cyBhdmFpbGFibGUgZm9yIHlvdSIsImxheWVyX2ZvbnRfc2l6ZSI6IiIsImxheWVyX2JhY2tncm91bmRfY29sb3IiOiIiLCJsYXllcl9jb2xvciI6IiIsImxheWVyX2xpbmsiOiIiLCJsYXllcl90YXJnZXQiOiJzYW1lIiwibGF5ZXJfdG9wIjoiNDUzIiwibGF5ZXJfbGVmdCI6IjM3NSIsImxheWVyX3RyYW5zaXRpb24iOiJmYWRlIiwidGltZV9zdGFydCI6bnVsbH0seyJsYXllcl92aWRlb190eXBlIjoieW91dHViZSIsImxheWVyX3ZpZGVvX2lkIjoiIiwibGF5ZXJfdmlkZW9faGVpZ2h0IjoiMjAwIiwibGF5ZXJfdmlkZW9fd2lkdGgiOiIzMDAiLCJsYXllcl92aWRlb190aHVtYiI6IiIsImxheWVyX2lkIjoiMV8zIiwibGF5ZXJfY29udGVudCI6IiIsImxheWVyX3R5cGUiOiJ0ZXh0IiwibGF5ZXJfc3RhdHVzIjoiMSIsImxheWVyX2NsYXNzIjoiYnRuIiwibGF5ZXJfY2FwdGlvbiI6InN0YXJ0IGJvb2tpbmciLCJsYXllcl9mb250X3NpemUiOiIiLCJsYXllcl9iYWNrZ3JvdW5kX2NvbG9yIjoiIiwibGF5ZXJfY29sb3IiOiIiLCJsYXllcl9saW5rIjoiIiwibGF5ZXJfdGFyZ2V0Ijoic2FtZSIsImxheWVyX3RvcCI6IjU2NyIsImxheWVyX2xlZnQiOiIzNzUiLCJsYXllcl90cmFuc2l0aW9uIjoiZmFkZSIsInRpbWVfc3RhcnQiOm51bGx9XQ=='),(3,2,'sample1','','home3-slide1.jpg','','eyJ1c2V2aWRlbyI6IjAiLCJ2aWRlb2lkIjoiIiwidmlkZW9hdXRvIjoiMCIsImJhY2tncm91bmRfY29sb3IiOiIiLCJidWxsZXRfZGVzY3JpcHRpb24iOiIifQ==','W3sibGF5ZXJfdmlkZW9fdHlwZSI6InlvdXR1YmUiLCJsYXllcl92aWRlb19pZCI6IiIsImxheWVyX3ZpZGVvX2hlaWdodCI6IjIwMCIsImxheWVyX3ZpZGVvX3dpZHRoIjoiMzAwIiwibGF5ZXJfdmlkZW9fdGh1bWIiOiIiLCJsYXllcl9pZCI6IjJfMSIsImxheWVyX2NvbnRlbnQiOiIiLCJsYXllcl90eXBlIjoidGV4dCIsImxheWVyX3N0YXR1cyI6IjEiLCJsYXllcl9jbGFzcyI6ImxhcmdlX3RleHQiLCJsYXllcl9jYXB0aW9uIjoiTG91ZXogdm90cmUgdm9pdHVyZSA8YnI+IHBhciBtZWlsbGV1cmUgZmFcdTAwYzNcdTAwYTdvbiIsImxheWVyX2ZvbnRfc2l6ZSI6IiIsImxheWVyX2JhY2tncm91bmRfY29sb3IiOiIiLCJsYXllcl9jb2xvciI6IiIsImxheWVyX2xpbmsiOiIiLCJsYXllcl90YXJnZXQiOiJzYW1lIiwibGF5ZXJfdG9wIjoiMjYxIiwibGF5ZXJfbGVmdCI6IjM3NSIsImxheWVyX3RyYW5zaXRpb24iOiJmYWRlIiwidGltZV9zdGFydCI6bnVsbH0seyJsYXllcl92aWRlb190eXBlIjoieW91dHViZSIsImxheWVyX3ZpZGVvX2lkIjoiIiwibGF5ZXJfdmlkZW9faGVpZ2h0IjoiMjAwIiwibGF5ZXJfdmlkZW9fd2lkdGgiOiIzMDAiLCJsYXllcl92aWRlb190aHVtYiI6IiIsImxheWVyX2lkIjoiMl8yIiwibGF5ZXJfY29udGVudCI6IiIsImxheWVyX3R5cGUiOiJ0ZXh0IiwibGF5ZXJfc3RhdHVzIjoiMSIsImxheWVyX2NsYXNzIjoic21hbGxfdGV4dCIsImxheWVyX2NhcHRpb24iOiIxMDAgdm9pdHVyZXMgZGUgbHV4ZSBkZSBtYXJxdWVzIG11bHRpcGxlcyBzb250IDxicj50b3Vqb3VycyBkaXNwb25pYmxlcyBwb3VyIHZvdXMiLCJsYXllcl9mb250X3NpemUiOiIiLCJsYXllcl9iYWNrZ3JvdW5kX2NvbG9yIjoiIiwibGF5ZXJfY29sb3IiOiIiLCJsYXllcl9saW5rIjoiIiwibGF5ZXJfdGFyZ2V0Ijoic2FtZSIsImxheWVyX3RvcCI6IjQ1MyIsImxheWVyX2xlZnQiOiIzNzUiLCJsYXllcl90cmFuc2l0aW9uIjoiZmFkZSIsInRpbWVfc3RhcnQiOm51bGx9LHsibGF5ZXJfdmlkZW9fdHlwZSI6InlvdXR1YmUiLCJsYXllcl92aWRlb19pZCI6IiIsImxheWVyX3ZpZGVvX2hlaWdodCI6IjIwMCIsImxheWVyX3ZpZGVvX3dpZHRoIjoiMzAwIiwibGF5ZXJfdmlkZW9fdGh1bWIiOiIiLCJsYXllcl9pZCI6IjJfMyIsImxheWVyX2NvbnRlbnQiOiIiLCJsYXllcl90eXBlIjoidGV4dCIsImxheWVyX3N0YXR1cyI6IjEiLCJsYXllcl9jbGFzcyI6ImJ0biIsImxheWVyX2NhcHRpb24iOiJjb21tZW5jZXIgbGEgclx1MDBjM1x1MDBhOXNlcnZhdGlvbiIsImxheWVyX2ZvbnRfc2l6ZSI6IiIsImxheWVyX2JhY2tncm91bmRfY29sb3IiOiIiLCJsYXllcl9jb2xvciI6IiIsImxheWVyX2xpbmsiOiIiLCJsYXllcl90YXJnZXQiOiJzYW1lIiwibGF5ZXJfdG9wIjoiNTY3IiwibGF5ZXJfbGVmdCI6IjM3NSIsImxheWVyX3RyYW5zaXRpb24iOiJmYWRlIiwidGltZV9zdGFydCI6bnVsbH1d'),(3,3,'sample1','','home3-slide1.jpg','','eyJ1c2V2aWRlbyI6IjAiLCJ2aWRlb2lkIjoiIiwidmlkZW9hdXRvIjoiMCIsImJhY2tncm91bmRfY29sb3IiOiIiLCJidWxsZXRfZGVzY3JpcHRpb24iOiIifQ==','W3sibGF5ZXJfdmlkZW9fdHlwZSI6InlvdXR1YmUiLCJsYXllcl92aWRlb19pZCI6IiIsImxheWVyX3ZpZGVvX2hlaWdodCI6IjIwMCIsImxheWVyX3ZpZGVvX3dpZHRoIjoiMzAwIiwibGF5ZXJfdmlkZW9fdGh1bWIiOiIiLCJsYXllcl9pZCI6IjNfMSIsImxheWVyX2NvbnRlbnQiOiIiLCJsYXllcl90eXBlIjoidGV4dCIsImxheWVyX3N0YXR1cyI6IjEiLCJsYXllcl9jbGFzcyI6ImxhcmdlX3RleHQiLCJsYXllcl9jYXB0aW9uIjoiTWlldGVuIFNpZSBJaHIgQXV0byA8YnI+YXVmIGVpbmZhY2hzdGUgV2Vpc2UiLCJsYXllcl9mb250X3NpemUiOiIiLCJsYXllcl9iYWNrZ3JvdW5kX2NvbG9yIjoiIiwibGF5ZXJfY29sb3IiOiIiLCJsYXllcl9saW5rIjoiIiwibGF5ZXJfdGFyZ2V0Ijoic2FtZSIsImxheWVyX3RvcCI6IjI2MSIsImxheWVyX2xlZnQiOiIzNzUiLCJsYXllcl90cmFuc2l0aW9uIjoiZmFkZSIsInRpbWVfc3RhcnQiOm51bGx9LHsibGF5ZXJfdmlkZW9fdHlwZSI6InlvdXR1YmUiLCJsYXllcl92aWRlb19pZCI6IiIsImxheWVyX3ZpZGVvX2hlaWdodCI6IjIwMCIsImxheWVyX3ZpZGVvX3dpZHRoIjoiMzAwIiwibGF5ZXJfdmlkZW9fdGh1bWIiOiIiLCJsYXllcl9pZCI6IjNfMiIsImxheWVyX2NvbnRlbnQiOiIiLCJsYXllcl90eXBlIjoidGV4dCIsImxheWVyX3N0YXR1cyI6IjEiLCJsYXllcl9jbGFzcyI6InNtYWxsX3RleHQiLCJsYXllcl9jYXB0aW9uIjoiMTAwIEx1eHVzYXV0b3Mgdm9uIE11bHRpLU1hcmtlbiBzaW5kIDxicj4gaW1tZXIgZlx1MDBjM1x1MDBiY3IgU2llIGRhIiwibGF5ZXJfZm9udF9zaXplIjoiIiwibGF5ZXJfYmFja2dyb3VuZF9jb2xvciI6IiIsImxheWVyX2NvbG9yIjoiIiwibGF5ZXJfbGluayI6IiIsImxheWVyX3RhcmdldCI6InNhbWUiLCJsYXllcl90b3AiOiI0NTMiLCJsYXllcl9sZWZ0IjoiMzc1IiwibGF5ZXJfdHJhbnNpdGlvbiI6ImZhZGUiLCJ0aW1lX3N0YXJ0IjpudWxsfSx7ImxheWVyX3ZpZGVvX3R5cGUiOiJ5b3V0dWJlIiwibGF5ZXJfdmlkZW9faWQiOiIiLCJsYXllcl92aWRlb19oZWlnaHQiOiIyMDAiLCJsYXllcl92aWRlb193aWR0aCI6IjMwMCIsImxheWVyX3ZpZGVvX3RodW1iIjoiIiwibGF5ZXJfaWQiOiIzXzMiLCJsYXllcl9jb250ZW50IjoiIiwibGF5ZXJfdHlwZSI6InRleHQiLCJsYXllcl9zdGF0dXMiOiIxIiwibGF5ZXJfY2xhc3MiOiJidG4iLCJsYXllcl9jYXB0aW9uIjoiU3RhcnQgQnVjaHVuZyIsImxheWVyX2ZvbnRfc2l6ZSI6IiIsImxheWVyX2JhY2tncm91bmRfY29sb3IiOiIiLCJsYXllcl9jb2xvciI6IiIsImxheWVyX2xpbmsiOiIiLCJsYXllcl90YXJnZXQiOiJzYW1lIiwibGF5ZXJfdG9wIjoiNTY3IiwibGF5ZXJfbGVmdCI6IjM3NSIsImxheWVyX3RyYW5zaXRpb24iOiJmYWRlIiwidGltZV9zdGFydCI6bnVsbH1d'),(3,4,'sample1','','home3-slide1.jpg','','eyJ1c2V2aWRlbyI6IjAiLCJ2aWRlb2lkIjoiIiwidmlkZW9hdXRvIjoiMCIsImJhY2tncm91bmRfY29sb3IiOiIiLCJidWxsZXRfZGVzY3JpcHRpb24iOiIifQ==','W3sibGF5ZXJfdmlkZW9fdHlwZSI6InlvdXR1YmUiLCJsYXllcl92aWRlb19pZCI6IiIsImxheWVyX3ZpZGVvX2hlaWdodCI6IjIwMCIsImxheWVyX3ZpZGVvX3dpZHRoIjoiMzAwIiwibGF5ZXJfdmlkZW9fdGh1bWIiOiIiLCJsYXllcl9pZCI6IjRfMSIsImxheWVyX2NvbnRlbnQiOiIiLCJsYXllcl90eXBlIjoidGV4dCIsImxheWVyX3N0YXR1cyI6IjEiLCJsYXllcl9jbGFzcyI6ImxhcmdlX3RleHQiLCJsYXllcl9jYXB0aW9uIjoiTm9sZWdnaWEgdHVhIGF1dG8gPGJyPm1vZG8gcGlcdTAwYzNcdTAwYjkgc2VtcGxpY2UiLCJsYXllcl9mb250X3NpemUiOiIiLCJsYXllcl9iYWNrZ3JvdW5kX2NvbG9yIjoiIiwibGF5ZXJfY29sb3IiOiIiLCJsYXllcl9saW5rIjoiIiwibGF5ZXJfdGFyZ2V0Ijoic2FtZSIsImxheWVyX3RvcCI6IjI2MSIsImxheWVyX2xlZnQiOiIzNzUiLCJsYXllcl90cmFuc2l0aW9uIjoiZmFkZSIsInRpbWVfc3RhcnQiOm51bGx9LHsibGF5ZXJfdmlkZW9fdHlwZSI6InlvdXR1YmUiLCJsYXllcl92aWRlb19pZCI6IiIsImxheWVyX3ZpZGVvX2hlaWdodCI6IjIwMCIsImxheWVyX3ZpZGVvX3dpZHRoIjoiMzAwIiwibGF5ZXJfdmlkZW9fdGh1bWIiOiIiLCJsYXllcl9pZCI6IjRfMiIsImxheWVyX2NvbnRlbnQiOiIiLCJsYXllcl90eXBlIjoidGV4dCIsImxheWVyX3N0YXR1cyI6IjEiLCJsYXllcl9jbGFzcyI6InNtYWxsX3RleHQiLCJsYXllcl9jYXB0aW9uIjoiMTAwIGF1dG8gZGkgbHVzc28gZGkgbWFyY2hlIGRpdmVyc2Ugc29ubyA8YnI+c2VtcHJlIGRpc3BvbmliaWxpIHBlciB0ZSIsImxheWVyX2ZvbnRfc2l6ZSI6IiIsImxheWVyX2JhY2tncm91bmRfY29sb3IiOiIiLCJsYXllcl9jb2xvciI6IiIsImxheWVyX2xpbmsiOiIiLCJsYXllcl90YXJnZXQiOiJzYW1lIiwibGF5ZXJfdG9wIjoiNDUzIiwibGF5ZXJfbGVmdCI6IjM3NSIsImxheWVyX3RyYW5zaXRpb24iOiJmYWRlIiwidGltZV9zdGFydCI6bnVsbH0seyJsYXllcl92aWRlb190eXBlIjoieW91dHViZSIsImxheWVyX3ZpZGVvX2lkIjoiIiwibGF5ZXJfdmlkZW9faGVpZ2h0IjoiMjAwIiwibGF5ZXJfdmlkZW9fd2lkdGgiOiIzMDAiLCJsYXllcl92aWRlb190aHVtYiI6IiIsImxheWVyX2lkIjoiNF8zIiwibGF5ZXJfY29udGVudCI6IiIsImxheWVyX3R5cGUiOiJ0ZXh0IiwibGF5ZXJfc3RhdHVzIjoiMSIsImxheWVyX2NsYXNzIjoiYnRuIiwibGF5ZXJfY2FwdGlvbiI6ImluaXppYSBsYSBwcmVub3RhemlvbmUiLCJsYXllcl9mb250X3NpemUiOiIiLCJsYXllcl9iYWNrZ3JvdW5kX2NvbG9yIjoiIiwibGF5ZXJfY29sb3IiOiIiLCJsYXllcl9saW5rIjoiIiwibGF5ZXJfdGFyZ2V0Ijoic2FtZSIsImxheWVyX3RvcCI6IjU2NyIsImxheWVyX2xlZnQiOiIzNzUiLCJsYXllcl90cmFuc2l0aW9uIjoiZmFkZSIsInRpbWVfc3RhcnQiOm51bGx9XQ=='),(3,5,'sample1','','home3-slide1.jpg','','eyJ1c2V2aWRlbyI6IjAiLCJ2aWRlb2lkIjoiIiwidmlkZW9hdXRvIjoiMCIsImJhY2tncm91bmRfY29sb3IiOiIiLCJidWxsZXRfZGVzY3JpcHRpb24iOiIifQ==','W3sibGF5ZXJfdmlkZW9fdHlwZSI6InlvdXR1YmUiLCJsYXllcl92aWRlb19pZCI6IiIsImxheWVyX3ZpZGVvX2hlaWdodCI6IjIwMCIsImxheWVyX3ZpZGVvX3dpZHRoIjoiMzAwIiwibGF5ZXJfdmlkZW9fdGh1bWIiOiIiLCJsYXllcl9pZCI6IjVfMSIsImxheWVyX2NvbnRlbnQiOiIiLCJsYXllcl90eXBlIjoidGV4dCIsImxheWVyX3N0YXR1cyI6IjEiLCJsYXllcl9jbGFzcyI6ImxhcmdlX3RleHQiLCJsYXllcl9jYXB0aW9uIjoiQWxxdWlsZSBzdSBjb2NoZSA8YnI+bWFuZXJhIG1cdTAwYzNcdTAwYTFzIGZcdTAwYzNcdTAwYTFjaWwiLCJsYXllcl9mb250X3NpemUiOiIiLCJsYXllcl9iYWNrZ3JvdW5kX2NvbG9yIjoiIiwibGF5ZXJfY29sb3IiOiIiLCJsYXllcl9saW5rIjoiIiwibGF5ZXJfdGFyZ2V0Ijoic2FtZSIsImxheWVyX3RvcCI6IjI2MSIsImxheWVyX2xlZnQiOiIzNzUiLCJsYXllcl90cmFuc2l0aW9uIjoiZmFkZSIsInRpbWVfc3RhcnQiOm51bGx9LHsibGF5ZXJfdmlkZW9fdHlwZSI6InlvdXR1YmUiLCJsYXllcl92aWRlb19pZCI6IiIsImxheWVyX3ZpZGVvX2hlaWdodCI6IjIwMCIsImxheWVyX3ZpZGVvX3dpZHRoIjoiMzAwIiwibGF5ZXJfdmlkZW9fdGh1bWIiOiIiLCJsYXllcl9pZCI6IjVfMiIsImxheWVyX2NvbnRlbnQiOiIiLCJsYXllcl90eXBlIjoidGV4dCIsImxheWVyX3N0YXR1cyI6IjEiLCJsYXllcl9jbGFzcyI6InNtYWxsX3RleHQiLCJsYXllcl9jYXB0aW9uIjoiMTAwIGF1dG9zIGRlIGx1am8gZGUgbWFyY2FzIG1cdTAwYzNcdTAwYmFsdGlwbGVzIGVzdFx1MDBjM1x1MDBhMW4gPGJyPnNpZW1wcmUgZGlzcG9uaWJsZXMgcGFyYSB1c3RlZCIsImxheWVyX2ZvbnRfc2l6ZSI6IiIsImxheWVyX2JhY2tncm91bmRfY29sb3IiOiIiLCJsYXllcl9jb2xvciI6IiIsImxheWVyX2xpbmsiOiIiLCJsYXllcl90YXJnZXQiOiJzYW1lIiwibGF5ZXJfdG9wIjoiNDUzIiwibGF5ZXJfbGVmdCI6IjM3NSIsImxheWVyX3RyYW5zaXRpb24iOiJmYWRlIiwidGltZV9zdGFydCI6bnVsbH0seyJsYXllcl92aWRlb190eXBlIjoieW91dHViZSIsImxheWVyX3ZpZGVvX2lkIjoiIiwibGF5ZXJfdmlkZW9faGVpZ2h0IjoiMjAwIiwibGF5ZXJfdmlkZW9fd2lkdGgiOiIzMDAiLCJsYXllcl92aWRlb190aHVtYiI6IiIsImxheWVyX2lkIjoiNV8zIiwibGF5ZXJfY29udGVudCI6IiIsImxheWVyX3R5cGUiOiJ0ZXh0IiwibGF5ZXJfc3RhdHVzIjoiMSIsImxheWVyX2NsYXNzIjoiYnRuIiwibGF5ZXJfY2FwdGlvbiI6ImNvbWVuemFyIGEgcmVzZXJ2YXIiLCJsYXllcl9mb250X3NpemUiOiIiLCJsYXllcl9iYWNrZ3JvdW5kX2NvbG9yIjoiIiwibGF5ZXJfY29sb3IiOiIiLCJsYXllcl9saW5rIjoiIiwibGF5ZXJfdGFyZ2V0Ijoic2FtZSIsImxheWVyX3RvcCI6IjU2NyIsImxheWVyX2xlZnQiOiIzNzUiLCJsYXllcl90cmFuc2l0aW9uIjoiZmFkZSIsInRpbWVfc3RhcnQiOm51bGx9XQ=='),(3,6,'sample1','','home3-slide1.jpg','','eyJ1c2V2aWRlbyI6IjAiLCJ2aWRlb2lkIjoiIiwidmlkZW9hdXRvIjoiMCIsImJhY2tncm91bmRfY29sb3IiOiIiLCJidWxsZXRfZGVzY3JpcHRpb24iOiIifQ==','W3sibGF5ZXJfdmlkZW9fdHlwZSI6InlvdXR1YmUiLCJsYXllcl92aWRlb19pZCI6IiIsImxheWVyX3ZpZGVvX2hlaWdodCI6IjIwMCIsImxheWVyX3ZpZGVvX3dpZHRoIjoiMzAwIiwibGF5ZXJfdmlkZW9fdGh1bWIiOiIiLCJsYXllcl9pZCI6IjZfMSIsImxheWVyX2NvbnRlbnQiOiIiLCJsYXllcl90eXBlIjoidGV4dCIsImxheWVyX3N0YXR1cyI6IjEiLCJsYXllcl9jbGFzcyI6ImxhcmdlX3RleHQiLCJsYXllcl9jYXB0aW9uIjoiXHUwMGQ4XHUwMGE3XHUwMGQ4XHUwMGIzXHUwMGQ4XHUwMGFhXHUwMGQ4XHUwMGE2XHUwMGQ4XHUwMGFjXHUwMGQ4XHUwMGE3XHUwMGQ4XHUwMGIxIFx1MDBkOFx1MDBiM1x1MDBkOVx1MDA4YVx1MDBkOFx1MDBhN1x1MDBkOFx1MDBiMVx1MDBkOFx1MDBhYVx1MDBkOVx1MDA4MyA8YnI+IFx1MDBkOFx1MDBhOFx1MDBkOFx1MDBiN1x1MDBkOFx1MDBiMVx1MDBkOVx1MDA4YVx1MDBkOVx1MDA4Mlx1MDBkOFx1MDBhOSBcdTAwZDhcdTAwYTNcdTAwZDhcdTAwYjNcdTAwZDlcdTAwODdcdTAwZDlcdTAwODQiLCJsYXllcl9mb250X3NpemUiOiIiLCJsYXllcl9iYWNrZ3JvdW5kX2NvbG9yIjoiIiwibGF5ZXJfY29sb3IiOiIiLCJsYXllcl9saW5rIjoiIiwibGF5ZXJfdGFyZ2V0Ijoic2FtZSIsImxheWVyX3RvcCI6IjI2MSIsImxheWVyX2xlZnQiOiIzNzUiLCJsYXllcl90cmFuc2l0aW9uIjoiZmFkZSIsInRpbWVfc3RhcnQiOm51bGx9LHsibGF5ZXJfdmlkZW9fdHlwZSI6InlvdXR1YmUiLCJsYXllcl92aWRlb19pZCI6IiIsImxheWVyX3ZpZGVvX2hlaWdodCI6IjIwMCIsImxheWVyX3ZpZGVvX3dpZHRoIjoiMzAwIiwibGF5ZXJfdmlkZW9fdGh1bWIiOiIiLCJsYXllcl9pZCI6IjZfMiIsImxheWVyX2NvbnRlbnQiOiIiLCJsYXllcl90eXBlIjoidGV4dCIsImxheWVyX3N0YXR1cyI6IjEiLCJsYXllcl9jbGFzcyI6InNtYWxsX3RleHQiLCJsYXllcl9jYXB0aW9uIjoiMTAwIFx1MDBkOFx1MDBiM1x1MDBkOVx1MDA4YVx1MDBkOFx1MDBhN1x1MDBkOFx1MDBiMVx1MDBkOFx1MDBhOSBcdTAwZDlcdTAwODFcdTAwZDhcdTAwYTdcdTAwZDhcdTAwYWVcdTAwZDhcdTAwYjFcdTAwZDhcdTAwYTkgXHUwMGQ5XHUwMDg1XHUwMGQ5XHUwMDg2IFx1MDBkOVx1MDA4NVx1MDBkOFx1MDBhN1x1MDBkOFx1MDBiMVx1MDBkOVx1MDA4M1x1MDBkOFx1MDBhN1x1MDBkOFx1MDBhYSBcdTAwZDlcdTAwODVcdTAwZDhcdTAwYWFcdTAwZDhcdTAwYjlcdTAwZDhcdTAwYWZcdTAwZDhcdTAwYWZcdTAwZDhcdTAwYTkgXHUwMGQ5XHUwMDg4PGJyPiBcdTAwZDhcdTAwYWZcdTAwZDhcdTAwYTdcdTAwZDhcdTAwYTZcdTAwZDlcdTAwODVcdTAwZDhcdTAwYTcgXHUwMGQ5XHUwMDg1XHUwMGQ4XHUwMGFhXHUwMGQ4XHUwMGE3XHUwMGQ4XHUwMGFkXHUwMGQ4XHUwMGE5IFx1MDBkOVx1MDA4NFx1MDBkOVx1MDA4MyIsImxheWVyX2ZvbnRfc2l6ZSI6IiIsImxheWVyX2JhY2tncm91bmRfY29sb3IiOiIiLCJsYXllcl9jb2xvciI6IiIsImxheWVyX2xpbmsiOiIiLCJsYXllcl90YXJnZXQiOiJzYW1lIiwibGF5ZXJfdG9wIjoiNDUzIiwibGF5ZXJfbGVmdCI6IjM3NSIsImxheWVyX3RyYW5zaXRpb24iOiJmYWRlIiwidGltZV9zdGFydCI6bnVsbH0seyJsYXllcl92aWRlb190eXBlIjoieW91dHViZSIsImxheWVyX3ZpZGVvX2lkIjoiIiwibGF5ZXJfdmlkZW9faGVpZ2h0IjoiMjAwIiwibGF5ZXJfdmlkZW9fd2lkdGgiOiIzMDAiLCJsYXllcl92aWRlb190aHVtYiI6IiIsImxheWVyX2lkIjoiNl8zIiwibGF5ZXJfY29udGVudCI6IiIsImxheWVyX3R5cGUiOiJ0ZXh0IiwibGF5ZXJfc3RhdHVzIjoiMSIsImxheWVyX2NsYXNzIjoiYnRuIiwibGF5ZXJfY2FwdGlvbiI6Ilx1MDBkOFx1MDBhOFx1MDBkOFx1MDBhZlx1MDBkOFx1MDBhMSBcdTAwZDhcdTAwYTdcdTAwZDlcdTAwODRcdTAwZDhcdTAwYWRcdTAwZDhcdTAwYWNcdTAwZDhcdTAwYjIiLCJsYXllcl9mb250X3NpemUiOiIiLCJsYXllcl9iYWNrZ3JvdW5kX2NvbG9yIjoiIiwibGF5ZXJfY29sb3IiOiIiLCJsYXllcl9saW5rIjoiIiwibGF5ZXJfdGFyZ2V0Ijoic2FtZSIsImxheWVyX3RvcCI6IjU2NyIsImxheWVyX2xlZnQiOiIzNzUiLCJsYXllcl90cmFuc2l0aW9uIjoiZmFkZSIsInRpbWVfc3RhcnQiOm51bGx9XQ==');

--
-- Table structure for table `ps_link_block`
--

CREATE TABLE `ps_link_block` (
  `id_link_block` int(10) unsigned NOT NULL AUTO_INCREMENT,
  `id_hook` int(1) unsigned DEFAULT NULL,
  `position` int(10) unsigned NOT NULL DEFAULT 0,
  `content` text DEFAULT NULL,
  PRIMARY KEY (`id_link_block`)
) ENGINE=InnoDB AUTO_INCREMENT=3 DEFAULT CHARSET=utf8;

--
-- Dumping data for table `ps_link_block`
--

INSERT INTO `ps_link_block` VALUES (1,35,1,'{\"cms\":[false],\"product\":[\"prices-drop\",\"new-products\",\"best-sales\"],\"static\":[false]}'),(2,35,2,'{\"cms\":[\"1\",\"2\",\"4\",\"5\"],\"product\":[false],\"static\":[\"contact\",\"sitemap\",\"stores\"]}');

--
-- Table structure for table `ps_link_block_lang`
--

CREATE TABLE `ps_link_block_lang` (
  `id_link_block` int(10) unsigned NOT NULL,
  `id_lang` int(10) unsigned NOT NULL,
  `name` varchar(40) NOT NULL DEFAULT '',
  `custom_content` text DEFAULT NULL,
  PRIMARY KEY (`id_link_block`,`id_lang`)
) ENGINE=InnoDB DEFAULT CHARSET=utf8;

--
-- Dumping data for table `ps_link_block_lang`
--

INSERT INTO `ps_link_block_lang` VALUES (1,1,'Products',NULL),(1,2,'Produits',NULL),(1,3,'Artikel',NULL),(1,4,'Prodotti',NULL),(1,5,'Productos',NULL),(1,6,'المنتجات',NULL),(2,1,'Our company',NULL),(2,2,'Notre société',NULL),(2,3,'Unternehmen',NULL),(2,4,'La nostra azienda',NULL),(2,5,'Nuestra empresa',NULL),(2,6,'شركتنا',NULL);

--
-- Table structure for table `ps_link_block_shop`
--

CREATE TABLE `ps_link_block_shop` (
  `id_link_block` int(10) unsigned NOT NULL AUTO_INCREMENT,
  `id_shop` int(10) unsigned NOT NULL,
  PRIMARY KEY (`id_link_block`,`id_shop`)
) ENGINE=InnoDB DEFAULT CHARSET=utf8;

--
-- Dumping data for table `ps_link_block_shop`
--


--
-- Table structure for table `ps_linksmenutop`
--

CREATE TABLE `ps_linksmenutop` (
  `id_linksmenutop` int(10) unsigned NOT NULL AUTO_INCREMENT,
  `id_shop` int(11) unsigned NOT NULL,
  `new_window` tinyint(1) NOT NULL,
  PRIMARY KEY (`id_linksmenutop`),
  KEY `id_shop` (`id_shop`)
) ENGINE=InnoDB DEFAULT CHARSET=utf8;

--
-- Dumping data for table `ps_linksmenutop`
--


--
-- Table structure for table `ps_linksmenutop_lang`
--

CREATE TABLE `ps_linksmenutop_lang` (
  `id_linksmenutop` int(11) unsigned NOT NULL,
  `id_lang` int(11) unsigned NOT NULL,
  `id_shop` int(11) unsigned NOT NULL,
  `label` varchar(128) NOT NULL,
  `link` varchar(128) NOT NULL,
  KEY `id_linksmenutop` (`id_linksmenutop`,`id_lang`,`id_shop`)
) ENGINE=InnoDB DEFAULT CHARSET=utf8;

--
-- Dumping data for table `ps_linksmenutop_lang`
--


--
-- Table structure for table `ps_log`
--

CREATE TABLE `ps_log` (
  `id_log` int(10) unsigned NOT NULL AUTO_INCREMENT,
  `severity` tinyint(1) NOT NULL,
  `error_code` int(11) DEFAULT NULL,
  `message` text NOT NULL,
  `object_type` varchar(32) DEFAULT NULL,
  `object_id` int(10) unsigned DEFAULT NULL,
  `id_employee` int(10) unsigned DEFAULT NULL,
  `date_add` datetime NOT NULL,
  `date_upd` datetime NOT NULL,
  PRIMARY KEY (`id_log`)
) ENGINE=InnoDB DEFAULT CHARSET=utf8;

--
-- Dumping data for table `ps_log`
--


--
-- Table structure for table `ps_mail`
--

CREATE TABLE `ps_mail` (
  `id_mail` int(11) unsigned NOT NULL AUTO_INCREMENT,
  `recipient` varchar(126) NOT NULL,
  `template` varchar(62) NOT NULL,
  `subject` varchar(254) NOT NULL,
  `id_lang` int(11) unsigned NOT NULL,
  `date_add` timestamp NOT NULL DEFAULT current_timestamp(),
  PRIMARY KEY (`id_mail`),
  KEY `recipient` (`recipient`(10))
) ENGINE=InnoDB AUTO_INCREMENT=2 DEFAULT CHARSET=utf8;

--
-- Dumping data for table `ps_mail`
--

INSERT INTO `ps_mail` VALUES (1,'marcosgav80@gmail.com','account','[Leo Rent Car] Welcome!',1,'2022-05-25 13:14:24');

--
-- Table structure for table `ps_manufacturer`
--

CREATE TABLE `ps_manufacturer` (
  `id_manufacturer` int(10) unsigned NOT NULL AUTO_INCREMENT,
  `name` varchar(64) NOT NULL,
  `date_add` datetime NOT NULL,
  `date_upd` datetime NOT NULL,
  `active` tinyint(1) NOT NULL DEFAULT 0,
  PRIMARY KEY (`id_manufacturer`)
) ENGINE=InnoDB AUTO_INCREMENT=9 DEFAULT CHARSET=utf8;

--
-- Dumping data for table `ps_manufacturer`
--

INSERT INTO `ps_manufacturer` VALUES (1,'Studio Design','2018-08-01 09:34:24','2018-08-01 09:34:24',1),(2,'Graphic Corner','2018-08-01 09:34:24','2018-08-01 09:34:24',1),(3,'manu1','2018-08-04 02:56:56','2018-08-04 02:56:56',1),(4,'manu2','2018-08-04 02:57:11','2018-08-04 02:57:11',1),(5,'manu3','2018-08-04 02:57:27','2018-08-04 02:57:27',1),(6,'manu4','2018-08-04 02:57:40','2018-08-04 02:57:40',1),(7,'manu5','2018-08-04 02:57:57','2018-08-04 02:57:57',1),(8,'manu6','2018-08-04 02:58:11','2018-08-04 02:58:11',1);

--
-- Table structure for table `ps_manufacturer_lang`
--

CREATE TABLE `ps_manufacturer_lang` (
  `id_manufacturer` int(10) unsigned NOT NULL,
  `id_lang` int(10) unsigned NOT NULL,
  `description` text DEFAULT NULL,
  `short_description` text DEFAULT NULL,
  `meta_title` varchar(255) NOT NULL,
  `meta_keywords` varchar(255) DEFAULT NULL,
  `meta_description` varchar(512) DEFAULT NULL,
  PRIMARY KEY (`id_manufacturer`,`id_lang`)
) ENGINE=InnoDB DEFAULT CHARSET=utf8;

--
-- Dumping data for table `ps_manufacturer_lang`
--

INSERT INTO `ps_manufacturer_lang` VALUES (1,1,'<p><span style=\"font-size:10pt;font-family:Arial;font-style:normal;\">Studio Design offers a range of items from ready-to-wear collections to contemporary objects. The brand has been presenting new ideas and trends since its creation in 2012.</span></p>',NULL,'',NULL,NULL),(1,2,'<p><span style=\"font-size:10pt;font-family:Arial;font-style:normal;\">Studio Design offers a range of items from ready-to-wear collections to contemporary objects. The brand has been presenting new ideas and trends since its creation in 2012.</span></p>',NULL,'',NULL,NULL),(1,3,'<p><span style=\"font-size:10pt;font-family:Arial;font-style:normal;\">Studio Design offers a range of items from ready-to-wear collections to contemporary objects. The brand has been presenting new ideas and trends since its creation in 2012.</span></p>',NULL,'',NULL,NULL),(1,4,'<p><span style=\"font-size:10pt;font-family:Arial;font-style:normal;\">Studio Design offers a range of items from ready-to-wear collections to contemporary objects. The brand has been presenting new ideas and trends since its creation in 2012.</span></p>',NULL,'',NULL,NULL),(1,5,'<p><span style=\"font-size:10pt;font-family:Arial;font-style:normal;\">Studio Design offers a range of items from ready-to-wear collections to contemporary objects. The brand has been presenting new ideas and trends since its creation in 2012.</span></p>',NULL,'',NULL,NULL),(1,6,'<p><span style=\"font-size:10pt;font-family:Arial;font-style:normal;\">Studio Design offers a range of items from ready-to-wear collections to contemporary objects. The brand has been presenting new ideas and trends since its creation in 2012.</span></p>',NULL,'',NULL,NULL),(2,1,'<p><span style=\"font-size:10pt;font-family:Arial;font-style:normal;\">Since 2010, Graphic Corner offers a large choice of quality posters, available on paper and many other formats. </span></p>',NULL,'',NULL,NULL),(2,2,'<p><span style=\"font-size:10pt;font-family:Arial;font-style:normal;\">Since 2010, Graphic Corner offers a large choice of quality posters, available on paper and many other formats. </span></p>',NULL,'',NULL,NULL),(2,3,'<p><span style=\"font-size:10pt;font-family:Arial;font-style:normal;\">Since 2010, Graphic Corner offers a large choice of quality posters, available on paper and many other formats. </span></p>',NULL,'',NULL,NULL),(2,4,'<p><span style=\"font-size:10pt;font-family:Arial;font-style:normal;\">Since 2010, Graphic Corner offers a large choice of quality posters, available on paper and many other formats. </span></p>',NULL,'',NULL,NULL),(2,5,'<p><span style=\"font-size:10pt;font-family:Arial;font-style:normal;\">Since 2010, Graphic Corner offers a large choice of quality posters, available on paper and many other formats. </span></p>',NULL,'',NULL,NULL),(2,6,'<p><span style=\"font-size:10pt;font-family:Arial;font-style:normal;\">Since 2010, Graphic Corner offers a large choice of quality posters, available on paper and many other formats. </span></p>',NULL,'',NULL,NULL),(3,1,NULL,NULL,'',NULL,NULL),(3,2,NULL,NULL,'',NULL,NULL),(3,3,NULL,NULL,'',NULL,NULL),(3,4,NULL,NULL,'',NULL,NULL),(3,5,NULL,NULL,'',NULL,NULL),(3,6,NULL,NULL,'',NULL,NULL),(4,1,NULL,NULL,'',NULL,NULL),(4,2,NULL,NULL,'',NULL,NULL),(4,3,NULL,NULL,'',NULL,NULL),(4,4,NULL,NULL,'',NULL,NULL),(4,5,NULL,NULL,'',NULL,NULL),(4,6,NULL,NULL,'',NULL,NULL),(5,1,NULL,NULL,'',NULL,NULL),(5,2,NULL,NULL,'',NULL,NULL),(5,3,NULL,NULL,'',NULL,NULL),(5,4,NULL,NULL,'',NULL,NULL),(5,5,NULL,NULL,'',NULL,NULL),(5,6,NULL,NULL,'',NULL,NULL),(6,1,NULL,NULL,'',NULL,NULL),(6,2,NULL,NULL,'',NULL,NULL),(6,3,NULL,NULL,'',NULL,NULL),(6,4,NULL,NULL,'',NULL,NULL),(6,5,NULL,NULL,'',NULL,NULL),(6,6,NULL,NULL,'',NULL,NULL),(7,1,NULL,NULL,'',NULL,NULL),(7,2,NULL,NULL,'',NULL,NULL),(7,3,NULL,NULL,'',NULL,NULL),(7,4,NULL,NULL,'',NULL,NULL),(7,5,NULL,NULL,'',NULL,NULL),(7,6,NULL,NULL,'',NULL,NULL),(8,1,NULL,NULL,'',NULL,NULL),(8,2,NULL,NULL,'',NULL,NULL),(8,3,NULL,NULL,'',NULL,NULL),(8,4,NULL,NULL,'',NULL,NULL),(8,5,NULL,NULL,'',NULL,NULL),(8,6,NULL,NULL,'',NULL,NULL);

--
-- Table structure for table `ps_manufacturer_shop`
--

CREATE TABLE `ps_manufacturer_shop` (
  `id_manufacturer` int(11) unsigned NOT NULL,
  `id_shop` int(11) unsigned NOT NULL,
  PRIMARY KEY (`id_manufacturer`,`id_shop`),
  KEY `id_shop` (`id_shop`)
) ENGINE=InnoDB DEFAULT CHARSET=utf8;

--
-- Dumping data for table `ps_manufacturer_shop`
--

INSERT INTO `ps_manufacturer_shop` VALUES (1,1),(2,1),(3,1),(4,1),(5,1),(6,1),(7,1),(8,1);

--
-- Table structure for table `ps_memcached_servers`
--

CREATE TABLE `ps_memcached_servers` (
  `id_memcached_server` int(11) unsigned NOT NULL AUTO_INCREMENT,
  `ip` varchar(254) NOT NULL,
  `port` int(11) unsigned NOT NULL,
  `weight` int(11) unsigned NOT NULL,
  PRIMARY KEY (`id_memcached_server`)
) ENGINE=InnoDB DEFAULT CHARSET=utf8;

--
-- Dumping data for table `ps_memcached_servers`
--


--
-- Table structure for table `ps_message`
--

CREATE TABLE `ps_message` (
  `id_message` int(10) unsigned NOT NULL AUTO_INCREMENT,
  `id_cart` int(10) unsigned DEFAULT NULL,
  `id_customer` int(10) unsigned NOT NULL,
  `id_employee` int(10) unsigned DEFAULT NULL,
  `id_order` int(10) unsigned NOT NULL,
  `message` text NOT NULL,
  `private` tinyint(1) unsigned NOT NULL DEFAULT 1,
  `date_add` datetime NOT NULL,
  PRIMARY KEY (`id_message`),
  KEY `message_order` (`id_order`),
  KEY `id_cart` (`id_cart`),
  KEY `id_customer` (`id_customer`),
  KEY `id_employee` (`id_employee`)
) ENGINE=InnoDB AUTO_INCREMENT=4 DEFAULT CHARSET=utf8;

--
-- Dumping data for table `ps_message`
--

INSERT INTO `ps_message` VALUES (1,159,22,0,15,'Myio',0,'2021-01-23 04:45:06'),(2,197,31,0,17,'CALL ME',0,'2021-03-05 15:31:57'),(3,221,38,0,0,'test',0,'2021-04-16 20:50:05');

--
-- Table structure for table `ps_message_readed`
--

CREATE TABLE `ps_message_readed` (
  `id_message` int(10) unsigned NOT NULL,
  `id_employee` int(10) unsigned NOT NULL,
  `date_add` datetime NOT NULL,
  PRIMARY KEY (`id_message`,`id_employee`)
) ENGINE=InnoDB DEFAULT CHARSET=utf8;

--
-- Dumping data for table `ps_message_readed`
--


--
-- Table structure for table `ps_meta`
--

CREATE TABLE `ps_meta` (
  `id_meta` int(10) unsigned NOT NULL AUTO_INCREMENT,
  `page` varchar(64) NOT NULL,
  `configurable` tinyint(1) unsigned NOT NULL DEFAULT 1,
  PRIMARY KEY (`id_meta`),
  UNIQUE KEY `page` (`page`)
) ENGINE=InnoDB AUTO_INCREMENT=54 DEFAULT CHARSET=utf8;

--
-- Dumping data for table `ps_meta`
--

INSERT INTO `ps_meta` VALUES (1,'pagenotfound',1),(2,'best-sales',1),(3,'contact',1),(4,'index',1),(5,'manufacturer',1),(6,'new-products',1),(7,'password',1),(8,'prices-drop',1),(9,'sitemap',1),(10,'supplier',1),(11,'address',1),(12,'addresses',1),(13,'authentication',1),(14,'cart',1),(15,'discount',1),(16,'history',1),(17,'identity',1),(18,'my-account',1),(19,'order-follow',1),(20,'order-slip',1),(21,'order',1),(22,'search',1),(23,'stores',1),(24,'guest-tracking',1),(25,'order-confirmation',1),(26,'product',0),(27,'category',0),(28,'cms',0),(29,'module-cheque-payment',0),(30,'module-cheque-validation',0),(31,'module-bankwire-validation',0),(32,'module-bankwire-payment',0),(33,'module-cashondelivery-validation',0),(34,'module-ps_checkpayment-payment',1),(35,'module-ps_checkpayment-validation',1),(36,'module-ps_emailsubscription-verification',1),(37,'module-ps_emailsubscription-subscription',1),(38,'module-ps_shoppingcart-ajax',1),(39,'module-ps_wirepayment-payment',1),(40,'module-ps_wirepayment-validation',1),(41,'module-cronjobs-callback',1),(45,'module-leobootstrapmenu-widget',1),(46,'module-leofeature-productscompare',1),(47,'module-leofeature-mywishlist',1),(48,'module-leofeature-viewwishlist',1),(49,'module-leoquicklogin-leocustomer',1),(50,'module-leoblog-blog',1),(51,'module-leoblog-category',1),(52,'module-leoblog-list',1),(53,'module-ps_faviconnotificationbo-AdminAjaxFaviconBO',1);

--
-- Table structure for table `ps_meta_lang`
--

CREATE TABLE `ps_meta_lang` (
  `id_meta` int(10) unsigned NOT NULL,
  `id_shop` int(11) unsigned NOT NULL DEFAULT 1,
  `id_lang` int(10) unsigned NOT NULL,
  `title` varchar(128) DEFAULT NULL,
  `description` varchar(255) DEFAULT NULL,
  `keywords` varchar(255) DEFAULT NULL,
  `url_rewrite` varchar(254) NOT NULL,
  PRIMARY KEY (`id_meta`,`id_shop`,`id_lang`),
  KEY `id_shop` (`id_shop`),
  KEY `id_lang` (`id_lang`)
) ENGINE=InnoDB DEFAULT CHARSET=utf8;

--
-- Dumping data for table `ps_meta_lang`
--

INSERT INTO `ps_meta_lang` VALUES (1,1,1,'404 error','This page cannot be found',NULL,'page-not-found'),(1,1,2,'Erreur 404','Impossible de trouver la page',NULL,'page-introuvable'),(1,1,3,'Fehler 404','Seite wurde nicht gefunden',NULL,'seite-nicht-gefunden'),(1,1,4,'errore 404','Impossibile trovare la pagina',NULL,'pagina-non-trovata'),(1,1,5,'Error 404','Página no encontrada',NULL,'pagina-no-encontrada'),(1,1,6,'الصفحة غير موجودة','لا يمكن العثور على الصفحة',NULL,'صفحة غير موجودة'),(2,1,1,'Best sales','Our best sales',NULL,'best-sales'),(2,1,2,'Meilleures ventes','Nos meilleures ventes',NULL,'meilleures-ventes'),(2,1,3,'Verkaufshits','Verkaufshits',NULL,'verkaufshits'),(2,1,4,'Più venduti','I nostri prodotti più venduti',NULL,'piu-venduti'),(2,1,5,'Los más vendidos','Los más vendidos',NULL,'mas-vendidos'),(2,1,6,'الأكثر مبيعاً','أفضل المبيعات',NULL,'الأكثر مبيعاً'),(3,1,1,'Contact us','Use our form to contact us',NULL,'contact-us'),(3,1,2,'Contactez-nous','Utiliser le formulaire pour nous contacter',NULL,'nous-contacter'),(3,1,3,'Kontakt','Nutzen Sie unser Kontaktformular',NULL,'kontakt'),(3,1,4,'Contattaci','Si può usare il nostro modulo per contattarci',NULL,'contattaci'),(3,1,5,'Contacte con nosotros','Contáctenos',NULL,'contactenos'),(3,1,6,'اتصل بنا','استخدم نموذج للاتصال بنا',NULL,'اتصل بنا'),(4,1,1,NULL,'Shop powered by PrestaShop',NULL,''),(4,1,2,NULL,'Boutique propulsée par PrestaShop',NULL,''),(4,1,3,NULL,'Powered by PrestaShop',NULL,''),(4,1,4,NULL,'Negozio creato usando PrestaShop',NULL,''),(4,1,5,NULL,'Tienda creada con PrestaShop',NULL,''),(4,1,6,NULL,'المتجر مدعوم من طرف بريستاشوب',NULL,''),(5,1,1,'Brands','Brands list',NULL,'brands'),(5,1,2,'Brands','Brands list',NULL,'brands'),(5,1,3,'Brands','Brands list',NULL,'brands'),(5,1,4,'Brands','Brands list',NULL,'brands'),(5,1,5,'Brands','Brands list',NULL,'brands'),(5,1,6,'Brands','Brands list',NULL,'brands'),(6,1,1,'New products','Our new products',NULL,'new-products'),(6,1,2,'Nouveaux produits','Nos nouveaux produits',NULL,'nouveaux-produits'),(6,1,3,'Neue Artikel','Neue Artikel',NULL,'neue-artikel'),(6,1,4,'Nuovi prodotti','I nostri nuovi prodotti, gli ultimi arrivi',NULL,'nuovi-prodotti'),(6,1,5,'Novedades','Novedades',NULL,'novedades'),(6,1,6,'وصل حديثاً','منتجاتنا الجديدة',NULL,'المنتجات الجديدة'),(7,1,1,'Forgot your password','Enter the e-mail address you use to sign in to receive an e-mail with a new password',NULL,'password-recovery'),(7,1,2,'Mot de passe oublié','Entrez l\'adresse e-mail que vous utilisez pour vous connecter afin de recevoir un e-mail avec un nouveau mot de passe',NULL,'recuperation-mot-de-passe'),(7,1,3,'Passwort vergessen?','Geben Sie hier die E-Mail ein, unter der Sie sich angemeldet haben. Sie erhalten dann ein neues Passwort.',NULL,'passwort-zuruecksetzen'),(7,1,4,'Hai dimenticato la password','Inserisci l\'indirizzo e-mail che usi per accedere, per ricevere un\'e-mail con una nuova password',NULL,'recupero-password'),(7,1,5,'Ha olvidado su contraseña','Introduzca la dirección de correo electrónico que utiliza a la hora de iniciar sesión, para recibir un correo electrónico con una nueva contraseña',NULL,'recuperar-contraseña'),(7,1,6,'هل نسيت كلمة المرور','أدخل عنوان البريد الإلكتروني الذي تستخدمه لتسجيل الدخول لتلقي رسالة بريد إلكتروني تحتوي على كلمة مرور جديدة',NULL,'استعادة كلمة المرور'),(8,1,1,'Prices drop','Our special products',NULL,'prices-drop'),(8,1,2,'Promotions','Our special products',NULL,'promotions'),(8,1,3,'Angebote','Our special products',NULL,'angebote'),(8,1,4,'Offerte','Our special products',NULL,'offerte'),(8,1,5,'Ofertas','Our special products',NULL,'productos-rebajados'),(8,1,6,'التخفيضات','Our special products',NULL,'التخفيضات'),(9,1,1,'Sitemap','Lost ? Find what your are looking for',NULL,'sitemap'),(9,1,2,'plan du site','Vous êtes perdu ? Trouvez ce que vous cherchez',NULL,'plan du site'),(9,1,3,'Sitemap','Wissen Sie nicht weiter? Vielleicht finden Sie es hier',NULL,'Sitemap'),(9,1,4,'Mappa del sito','Vi siete persi? Qui potete trovate quello che state cercando',NULL,'Mappa del sito'),(9,1,5,'Mapa del sitio','¿Perdido? Encuentre lo que está buscando',NULL,'mapa del sitio'),(9,1,6,'خريطة الموقع','تهت؟أعثر على ما تبحث عنه',NULL,'خريطة الموقع'),(10,1,1,'Suppliers','Suppliers list',NULL,'supplier'),(10,1,2,'Fournisseurs','Liste des fournisseurs',NULL,'fournisseur'),(10,1,3,'Lieferanten','Lieferanten-Liste',NULL,'lieferant'),(10,1,4,'Fornitori','Elenco dei fornitori',NULL,'fornitori'),(10,1,5,'Proveedores','Listado de proveedores',NULL,'proveedor'),(10,1,6,'الموردون','لائحة الموزعين',NULL,'المورد'),(11,1,1,'Address',NULL,NULL,'address'),(11,1,2,'Adresse',NULL,NULL,'adresse'),(11,1,3,'Straße',NULL,NULL,'adresse'),(11,1,4,'Indirizzo',NULL,NULL,'indirizzo'),(11,1,5,'Dirección',NULL,NULL,'direccion'),(11,1,6,'العنوان',NULL,NULL,'العنوان'),(12,1,1,'Addresses',NULL,NULL,'addresses'),(12,1,2,'Adresses',NULL,NULL,'adresses'),(12,1,3,'Adressen',NULL,NULL,'adressen'),(12,1,4,'Indirizzi',NULL,NULL,'indirizzi'),(12,1,5,'Direcciones',NULL,NULL,'direcciones'),(12,1,6,'العناوين',NULL,NULL,'العناوين'),(13,1,1,'Login',NULL,NULL,'login'),(13,1,2,'Identifiant',NULL,NULL,'connexion'),(13,1,3,'Anmelden',NULL,NULL,'anmeldung'),(13,1,4,'Entra',NULL,NULL,'login'),(13,1,5,'Iniciar sesión',NULL,NULL,'iniciar-sesion'),(13,1,6,'تسجيل الدخول',NULL,NULL,'تسجيل الدخول'),(14,1,1,'Cart',NULL,NULL,'cart'),(14,1,2,'Panier',NULL,NULL,'panier'),(14,1,3,'Warenkorb',NULL,NULL,'warenkorb'),(14,1,4,'Carrello',NULL,NULL,'carrello'),(14,1,5,'Carrito',NULL,NULL,'carrito'),(14,1,6,'سلة الشراء',NULL,NULL,'عربة التسوق'),(15,1,1,'Discount',NULL,NULL,'discount'),(15,1,2,'Remise',NULL,NULL,'reduction'),(15,1,3,'Rabatt',NULL,NULL,'Rabatt'),(15,1,4,'Sconto',NULL,NULL,'buoni-sconto'),(15,1,5,'Descuento',NULL,NULL,'descuento'),(15,1,6,'خصم',NULL,NULL,'خصم'),(16,1,1,'Order history',NULL,NULL,'order-history'),(16,1,2,'Historique de vos commandes',NULL,NULL,'historique-commandes'),(16,1,3,'Bestellverlauf',NULL,NULL,'bestellungsverlauf'),(16,1,4,'Storico ordini',NULL,NULL,'cronologia-ordini'),(16,1,5,'Historial de pedidos',NULL,NULL,'historial-compra'),(16,1,6,'سجل طلبات الشراء',NULL,NULL,'سجل طلبات الشراء'),(17,1,1,'Identity',NULL,NULL,'identity'),(17,1,2,'Identité',NULL,NULL,'identite'),(17,1,3,'Profil',NULL,NULL,'profil'),(17,1,4,'Dati personali',NULL,NULL,'dati-personali'),(17,1,5,'Datos personales',NULL,NULL,'datos-personales'),(17,1,6,'الهوية',NULL,NULL,'الهوية'),(18,1,1,'My account',NULL,NULL,'my-account'),(18,1,2,'Mon compte',NULL,NULL,'mon-compte'),(18,1,3,'Ihr Kundenbereich',NULL,NULL,'mein-Konto'),(18,1,4,'Il mio account',NULL,NULL,'account'),(18,1,5,'Mi cuenta',NULL,NULL,'mi-cuenta'),(18,1,6,'حسابي',NULL,NULL,'الحساب الشخصي'),(19,1,1,'Order follow',NULL,NULL,'order-follow'),(19,1,2,'Suivi de commande',NULL,NULL,'suivi-commande'),(19,1,3,'Bestellung verfolgen',NULL,NULL,'bestellverfolgung'),(19,1,4,'Segui l\'ordine',NULL,NULL,'segui-ordine'),(19,1,5,'Seguimiento del pedido',NULL,NULL,'seguimiento-pedido'),(19,1,6,'تتبع الطلب',NULL,NULL,'تتبع الطلب'),(20,1,1,'Credit slip',NULL,NULL,'credit-slip'),(20,1,2,'Avoir',NULL,NULL,'avoirs'),(20,1,3,'Rückvergütungen',NULL,NULL,'bestellschein'),(20,1,4,'Nota di credito',NULL,NULL,'buono-ordine'),(20,1,5,'Factura por abono',NULL,NULL,'facturas-abono'),(20,1,6,'الإيصال الإتمانية',NULL,NULL,'ايصال الدفع'),(21,1,1,'Order',NULL,NULL,'order'),(21,1,2,'Commande',NULL,NULL,'commande'),(21,1,3,'Bestellung',NULL,NULL,'Bestellung'),(21,1,4,'Ordine',NULL,NULL,'ordine'),(21,1,5,'Pedido',NULL,NULL,'pedido'),(21,1,6,'طلب شراء',NULL,NULL,'طلب شراء'),(22,1,1,'Search',NULL,NULL,'search'),(22,1,2,'Rechercher',NULL,NULL,'recherche'),(22,1,3,'Suche',NULL,NULL,'suche'),(22,1,4,'Cerca',NULL,NULL,'ricerca'),(22,1,5,'Buscar',NULL,NULL,'busqueda'),(22,1,6,'بحث',NULL,NULL,'بحث'),(23,1,1,'Stores',NULL,NULL,'stores'),(23,1,2,'Magasins',NULL,NULL,'magasins'),(23,1,3,'Shops',NULL,NULL,'shops'),(23,1,4,'Negozi',NULL,NULL,'negozi'),(23,1,5,'Tiendas',NULL,NULL,'tiendas'),(23,1,6,'المتاجر',NULL,NULL,'متاجر'),(24,1,1,'Guest tracking',NULL,NULL,'guest-tracking'),(24,1,2,'Suivi de commande invité',NULL,NULL,'suivi-commande-invite'),(24,1,3,'Auftragsverfolgung Gast',NULL,NULL,'auftragsverfolgung-gast'),(24,1,4,'Tracciatura ospite',NULL,NULL,'tracciatura-ospite'),(24,1,5,'Seguimiento de pedidos de clientes invitados',NULL,NULL,'seguimiento-pedido-invitado'),(24,1,6,'تتبع الطلب',NULL,NULL,'تتبع الطلب'),(25,1,1,'Order confirmation',NULL,NULL,'order-confirmation'),(25,1,2,'Confirmation de commande',NULL,NULL,'confirmation-commande'),(25,1,3,'Bestätigung der Bestellung',NULL,NULL,'bestellbestatigung'),(25,1,4,'Conferma ordine',NULL,NULL,'conferma-ordine'),(25,1,5,'Confirmación de pedido',NULL,NULL,'confirmacion-pedido'),(25,1,6,'تأكيد طلب الشراء',NULL,NULL,'تأكيد طلب الشراء'),(34,1,1,NULL,NULL,NULL,''),(34,1,2,NULL,NULL,NULL,''),(34,1,3,NULL,NULL,NULL,''),(34,1,4,NULL,NULL,NULL,''),(34,1,5,NULL,NULL,NULL,''),(34,1,6,NULL,NULL,NULL,''),(35,1,1,NULL,NULL,NULL,''),(35,1,2,NULL,NULL,NULL,''),(35,1,3,NULL,NULL,NULL,''),(35,1,4,NULL,NULL,NULL,''),(35,1,5,NULL,NULL,NULL,''),(35,1,6,NULL,NULL,NULL,''),(36,1,1,NULL,NULL,NULL,''),(36,1,2,NULL,NULL,NULL,''),(36,1,3,NULL,NULL,NULL,''),(36,1,4,NULL,NULL,NULL,''),(36,1,5,NULL,NULL,NULL,''),(36,1,6,NULL,NULL,NULL,''),(37,1,1,NULL,NULL,NULL,''),(37,1,2,NULL,NULL,NULL,''),(37,1,3,NULL,NULL,NULL,''),(37,1,4,NULL,NULL,NULL,''),(37,1,5,NULL,NULL,NULL,''),(37,1,6,NULL,NULL,NULL,''),(38,1,1,NULL,NULL,NULL,''),(38,1,2,NULL,NULL,NULL,''),(38,1,3,NULL,NULL,NULL,''),(38,1,4,NULL,NULL,NULL,''),(38,1,5,NULL,NULL,NULL,''),(38,1,6,NULL,NULL,NULL,''),(39,1,1,NULL,NULL,NULL,''),(39,1,2,NULL,NULL,NULL,''),(39,1,3,NULL,NULL,NULL,''),(39,1,4,NULL,NULL,NULL,''),(39,1,5,NULL,NULL,NULL,''),(39,1,6,NULL,NULL,NULL,''),(40,1,1,NULL,NULL,NULL,''),(40,1,2,NULL,NULL,NULL,''),(40,1,3,NULL,NULL,NULL,''),(40,1,4,NULL,NULL,NULL,''),(40,1,5,NULL,NULL,NULL,''),(40,1,6,NULL,NULL,NULL,''),(41,1,1,NULL,NULL,NULL,''),(41,1,2,NULL,NULL,NULL,''),(41,1,3,NULL,NULL,NULL,''),(41,1,4,NULL,NULL,NULL,''),(41,1,5,NULL,NULL,NULL,''),(41,1,6,NULL,NULL,NULL,''),(45,1,1,NULL,NULL,NULL,''),(45,1,2,NULL,NULL,NULL,''),(45,1,3,NULL,NULL,NULL,''),(45,1,4,NULL,NULL,NULL,''),(45,1,5,NULL,NULL,NULL,''),(45,1,6,NULL,NULL,NULL,''),(46,1,1,NULL,NULL,NULL,''),(46,1,2,NULL,NULL,NULL,''),(46,1,3,NULL,NULL,NULL,''),(46,1,4,NULL,NULL,NULL,''),(46,1,5,NULL,NULL,NULL,''),(46,1,6,NULL,NULL,NULL,''),(47,1,1,NULL,NULL,NULL,''),(47,1,2,NULL,NULL,NULL,''),(47,1,3,NULL,NULL,NULL,''),(47,1,4,NULL,NULL,NULL,''),(47,1,5,NULL,NULL,NULL,''),(47,1,6,NULL,NULL,NULL,''),(48,1,1,NULL,NULL,NULL,''),(48,1,2,NULL,NULL,NULL,''),(48,1,3,NULL,NULL,NULL,''),(48,1,4,NULL,NULL,NULL,''),(48,1,5,NULL,NULL,NULL,''),(48,1,6,NULL,NULL,NULL,''),(49,1,1,NULL,NULL,NULL,''),(49,1,2,NULL,NULL,NULL,''),(49,1,3,NULL,NULL,NULL,''),(49,1,4,NULL,NULL,NULL,''),(49,1,5,NULL,NULL,NULL,''),(49,1,6,NULL,NULL,NULL,''),(50,1,1,NULL,NULL,NULL,''),(50,1,2,NULL,NULL,NULL,''),(50,1,3,NULL,NULL,NULL,''),(50,1,4,NULL,NULL,NULL,''),(50,1,5,NULL,NULL,NULL,''),(50,1,6,NULL,NULL,NULL,''),(51,1,1,NULL,NULL,NULL,''),(51,1,2,NULL,NULL,NULL,''),(51,1,3,NULL,NULL,NULL,''),(51,1,4,NULL,NULL,NULL,''),(51,1,5,NULL,NULL,NULL,''),(51,1,6,NULL,NULL,NULL,''),(52,1,1,NULL,NULL,NULL,''),(52,1,2,NULL,NULL,NULL,''),(52,1,3,NULL,NULL,NULL,''),(52,1,4,NULL,NULL,NULL,''),(52,1,5,NULL,NULL,NULL,''),(52,1,6,NULL,NULL,NULL,''),(53,1,1,NULL,NULL,NULL,''),(53,1,2,NULL,NULL,NULL,''),(53,1,3,NULL,NULL,NULL,''),(53,1,4,NULL,NULL,NULL,''),(53,1,5,NULL,NULL,NULL,''),(53,1,6,NULL,NULL,NULL,'');

--
-- Table structure for table `ps_module`
--

CREATE TABLE `ps_module` (
  `id_module` int(10) unsigned NOT NULL AUTO_INCREMENT,
  `name` varchar(64) NOT NULL,
  `active` tinyint(1) unsigned NOT NULL DEFAULT 0,
  `version` varchar(8) NOT NULL,
  PRIMARY KEY (`id_module`),
  UNIQUE KEY `name_UNIQUE` (`name`),
  KEY `name` (`name`)
) ENGINE=InnoDB AUTO_INCREMENT=70 DEFAULT CHARSET=utf8;

--
-- Dumping data for table `ps_module`
--

INSERT INTO `ps_module` VALUES (1,'contactform',1,'4.1.1'),(2,'dashactivity',1,'2.0.2'),(3,'dashtrends',1,'2.0.2'),(4,'dashgoals',1,'2.0.2'),(5,'dashproducts',1,'2.0.3'),(6,'graphnvd3',1,'2.0.0'),(7,'gridhtml',1,'2.0.0'),(8,'ps_banner',1,'2.1.0'),(9,'ps_categorytree',1,'2.0.0'),(10,'ps_checkpayment',1,'2.0.3'),(11,'ps_contactinfo',1,'3.1.0'),(12,'ps_currencyselector',1,'2.0.0'),(13,'ps_customeraccountlinks',1,'3.1.0'),(14,'ps_customersignin',1,'2.0.2'),(15,'ps_customtext',1,'4.0.0'),(16,'ps_emailsubscription',1,'2.3.0'),(18,'ps_featuredproducts',1,'2.0.0'),(19,'ps_imageslider',1,'3.0.0'),(20,'ps_languageselector',1,'2.0.2'),(21,'ps_linklist',1,'2.1.5'),(22,'ps_mainmenu',1,'2.1.1'),(23,'ps_searchbar',1,'2.0.1'),(24,'ps_sharebuttons',1,'2.0.1'),(25,'ps_shoppingcart',1,'2.0.1'),(26,'ps_socialfollow',1,'2.0.0'),(27,'ps_themecusto',1,'1.0.6'),(28,'ps_wirepayment',1,'2.0.4'),(29,'pagesnotfound',1,'2.0.0'),(30,'sekeywords',1,'2.0.0'),(31,'statsbestcategories',1,'2.0.0'),(32,'statsbestcustomers',1,'2.0.2'),(33,'statsbestproducts',1,'2.0.0'),(34,'statsbestsuppliers',1,'2.0.0'),(35,'statsbestvouchers',1,'2.0.0'),(36,'statscarrier',1,'2.0.0'),(37,'statscatalog',1,'2.0.1'),(38,'statscheckup',1,'2.0.0'),(39,'statsdata',1,'2.0.0'),(40,'statsequipment',1,'2.0.0'),(41,'statsforecast',1,'2.0.3'),(42,'statslive',1,'2.0.2'),(43,'statsnewsletter',1,'2.0.2'),(44,'statsorigin',1,'2.0.2'),(45,'statspersonalinfos',1,'2.0.2'),(46,'statsproduct',1,'2.0.3'),(47,'statsregistrations',1,'2.0.0'),(48,'statssales',1,'2.0.0'),(49,'statssearch',1,'2.0.1'),(50,'statsstock',1,'2.0.0'),(51,'statsvisits',1,'2.0.2'),(52,'welcome',1,'5.0.1'),(53,'gamification',1,'2.0.2'),(54,'cronjobs',1,'1.4.0'),(55,'blockreassurance',1,'3.0.1'),(56,'appagebuilder',1,'2.2.0'),(58,'ps_newproducts',1,'1.0.1'),(59,'ps_legalcompliance',1,'3.0.0'),(60,'leobootstrapmenu',1,'4.1.1'),(61,'leoslideshow',1,'1.0.3'),(62,'blockgrouptop',1,'1.3.4'),(63,'leofeature',1,'2.1.6'),(64,'leoquicklogin',1,'1.0.9'),(65,'apcarrental',1,'1.0.0'),(66,'leoblog',1,'3.0.5'),(67,'gsitemap',1,'4.1.0'),(68,'ps_faviconnotificationbo',1,'2.0.0'),(69,'ps_facetedsearch',1,'3.5.0');

--
-- Table structure for table `ps_module_access`
--

CREATE TABLE `ps_module_access` (
  `id_profile` int(10) unsigned NOT NULL,
  `id_authorization_role` int(10) unsigned NOT NULL,
  PRIMARY KEY (`id_profile`,`id_authorization_role`)
) ENGINE=InnoDB DEFAULT CHARSET=utf8;

--
-- Dumping data for table `ps_module_access`
--

INSERT INTO `ps_module_access` VALUES (1,453),(1,454),(1,455),(1,456),(1,457),(1,458),(1,459),(1,460),(1,461),(1,462),(1,463),(1,464),(1,469),(1,470),(1,471),(1,472),(1,473),(1,474),(1,475),(1,476),(1,477),(1,478),(1,479),(1,480),(1,481),(1,482),(1,483),(1,484),(1,485),(1,486),(1,487),(1,488),(1,489),(1,490),(1,491),(1,492),(1,493),(1,494),(1,495),(1,496),(1,497),(1,498),(1,499),(1,500),(1,501),(1,502),(1,503),(1,504),(1,505),(1,506),(1,507),(1,508),(1,509),(1,510),(1,511),(1,512),(1,513),(1,514),(1,515),(1,516),(1,517),(1,518),(1,519),(1,520),(1,525),(1,526),(1,527),(1,528),(1,529),(1,530),(1,531),(1,532),(1,533),(1,534),(1,535),(1,536),(1,537),(1,538),(1,539),(1,540),(1,545),(1,546),(1,547),(1,548),(1,549),(1,550),(1,551),(1,552),(1,553),(1,554),(1,555),(1,556),(1,557),(1,558),(1,559),(1,560),(1,561),(1,562),(1,563),(1,564),(1,565),(1,566),(1,567),(1,568),(1,581),(1,582),(1,583),(1,584),(1,585),(1,586),(1,587),(1,588),(1,589),(1,590),(1,591),(1,592),(1,593),(1,594),(1,595),(1,596),(1,597),(1,598),(1,599),(1,600),(1,601),(1,602),(1,603),(1,604),(1,605),(1,606),(1,607),(1,608),(1,609),(1,610),(1,611),(1,612),(1,613),(1,614),(1,615),(1,616),(1,617),(1,618),(1,619),(1,620),(1,621),(1,622),(1,623),(1,624),(1,625),(1,626),(1,627),(1,628),(1,629),(1,630),(1,631),(1,632),(1,633),(1,634),(1,635),(1,636),(1,637),(1,638),(1,639),(1,640),(1,641),(1,642),(1,643),(1,644),(1,645),(1,646),(1,647),(1,648),(1,649),(1,650),(1,651),(1,652),(1,653),(1,654),(1,655),(1,656),(1,657),(1,658),(1,659),(1,660),(1,661),(1,662),(1,663),(1,664),(1,665),(1,666),(1,667),(1,668),(1,669),(1,670),(1,671),(1,672),(1,673),(1,674),(1,675),(1,676),(1,677),(1,678),(1,679),(1,680),(1,689),(1,690),(1,691),(1,692),(1,693),(1,694),(1,695),(1,696),(1,701),(1,702),(1,703),(1,704),(1,705),(1,706),(1,707),(1,708),(1,789),(1,790),(1,791),(1,792),(1,793),(1,794),(1,795),(1,796),(1,797),(1,798),(1,799),(1,800),(1,817),(1,818),(1,819),(1,820),(1,821),(1,822),(1,823),(1,824),(1,825),(1,826),(1,827),(1,828),(1,841),(1,842),(1,843),(1,844),(1,983),(1,984),(1,985),(1,986),(1,999),(1,1000),(1,1001),(1,1002),(1,1079),(1,1080),(1,1081),(1,1082),(1,1083),(1,1084),(1,1085),(1,1086),(1,1111),(1,1112),(1,1113),(1,1114);

--
-- Table structure for table `ps_module_carrier`
--

CREATE TABLE `ps_module_carrier` (
  `id_module` int(10) unsigned NOT NULL,
  `id_shop` int(11) unsigned NOT NULL DEFAULT 1,
  `id_reference` int(11) NOT NULL,
  PRIMARY KEY (`id_module`,`id_shop`,`id_reference`)
) ENGINE=InnoDB DEFAULT CHARSET=utf8;

--
-- Dumping data for table `ps_module_carrier`
--

INSERT INTO `ps_module_carrier` VALUES (10,1,1),(10,1,2),(28,1,1),(28,1,2);

--
-- Table structure for table `ps_module_country`
--

CREATE TABLE `ps_module_country` (
  `id_module` int(10) unsigned NOT NULL,
  `id_shop` int(11) unsigned NOT NULL DEFAULT 1,
  `id_country` int(10) unsigned NOT NULL,
  PRIMARY KEY (`id_module`,`id_shop`,`id_country`)
) ENGINE=InnoDB DEFAULT CHARSET=utf8;

--
-- Dumping data for table `ps_module_country`
--

INSERT INTO `ps_module_country` VALUES (10,1,21),(28,1,21);

--
-- Table structure for table `ps_module_currency`
--

CREATE TABLE `ps_module_currency` (
  `id_module` int(10) unsigned NOT NULL,
  `id_shop` int(11) unsigned NOT NULL DEFAULT 1,
  `id_currency` int(11) NOT NULL,
  PRIMARY KEY (`id_module`,`id_shop`,`id_currency`),
  KEY `id_module` (`id_module`)
) ENGINE=InnoDB DEFAULT CHARSET=utf8;

--
-- Dumping data for table `ps_module_currency`
--

INSERT INTO `ps_module_currency` VALUES (10,1,1),(28,1,1);

--
-- Table structure for table `ps_module_group`
--

CREATE TABLE `ps_module_group` (
  `id_module` int(10) unsigned NOT NULL,
  `id_shop` int(11) unsigned NOT NULL DEFAULT 1,
  `id_group` int(11) unsigned NOT NULL,
  PRIMARY KEY (`id_module`,`id_shop`,`id_group`)
) ENGINE=InnoDB DEFAULT CHARSET=utf8;

--
-- Dumping data for table `ps_module_group`
--

INSERT INTO `ps_module_group` VALUES (1,1,1),(1,1,2),(1,1,3),(2,1,1),(2,1,2),(2,1,3),(3,1,1),(3,1,2),(3,1,3),(4,1,1),(4,1,2),(4,1,3),(5,1,1),(5,1,2),(5,1,3),(6,1,1),(6,1,2),(6,1,3),(7,1,1),(7,1,2),(7,1,3),(8,1,1),(8,1,2),(8,1,3),(9,1,1),(9,1,2),(9,1,3),(10,1,1),(10,1,2),(10,1,3),(11,1,1),(11,1,2),(11,1,3),(12,1,1),(12,1,2),(12,1,3),(13,1,1),(13,1,2),(13,1,3),(14,1,1),(14,1,2),(14,1,3),(15,1,1),(15,1,2),(15,1,3),(16,1,1),(16,1,2),(16,1,3),(18,1,1),(18,1,2),(18,1,3),(19,1,1),(19,1,2),(19,1,3),(20,1,1),(20,1,2),(20,1,3),(21,1,1),(21,1,2),(21,1,3),(22,1,1),(22,1,2),(22,1,3),(23,1,1),(23,1,2),(23,1,3),(24,1,1),(24,1,2),(24,1,3),(25,1,1),(25,1,2),(25,1,3),(26,1,1),(26,1,2),(26,1,3),(27,1,1),(27,1,2),(27,1,3),(28,1,1),(28,1,2),(28,1,3),(29,1,1),(29,1,2),(29,1,3),(30,1,1),(30,1,2),(30,1,3),(31,1,1),(31,1,2),(31,1,3),(32,1,1),(32,1,2),(32,1,3),(33,1,1),(33,1,2),(33,1,3),(34,1,1),(34,1,2),(34,1,3),(35,1,1),(35,1,2),(35,1,3),(36,1,1),(36,1,2),(36,1,3),(37,1,1),(37,1,2),(37,1,3),(38,1,1),(38,1,2),(38,1,3),(39,1,1),(39,1,2),(39,1,3),(40,1,1),(40,1,2),(40,1,3),(41,1,1),(41,1,2),(41,1,3),(42,1,1),(42,1,2),(42,1,3),(43,1,1),(43,1,2),(43,1,3),(44,1,1),(44,1,2),(44,1,3),(45,1,1),(45,1,2),(45,1,3),(46,1,1),(46,1,2),(46,1,3),(47,1,1),(47,1,2),(47,1,3),(48,1,1),(48,1,2),(48,1,3),(49,1,1),(49,1,2),(49,1,3),(50,1,1),(50,1,2),(50,1,3),(51,1,1),(51,1,2),(51,1,3),(52,1,1),(52,1,2),(52,1,3),(53,1,1),(53,1,2),(53,1,3),(54,1,1),(54,1,2),(54,1,3),(55,1,1),(55,1,2),(55,1,3),(56,1,1),(56,1,2),(56,1,3),(58,1,1),(58,1,2),(58,1,3),(59,1,1),(59,1,2),(59,1,3),(60,1,1),(60,1,2),(60,1,3),(61,1,1),(61,1,2),(61,1,3),(62,1,1),(62,1,2),(62,1,3),(63,1,1),(63,1,2),(63,1,3),(64,1,1),(64,1,2),(64,1,3),(65,1,1),(65,1,2),(65,1,3),(66,1,1),(66,1,2),(66,1,3),(67,1,1),(67,1,2),(67,1,3),(68,1,1),(68,1,2),(68,1,3),(69,1,1),(69,1,2),(69,1,3);

--
-- Table structure for table `ps_module_history`
--

CREATE TABLE `ps_module_history` (
  `id` int(11) NOT NULL AUTO_INCREMENT,
  `id_employee` int(11) NOT NULL,
  `id_module` int(11) NOT NULL,
  `date_add` datetime NOT NULL,
  `date_upd` datetime NOT NULL,
  PRIMARY KEY (`id`)
) ENGINE=InnoDB AUTO_INCREMENT=11 DEFAULT CHARSET=utf8 COLLATE=utf8_unicode_ci;

--
-- Dumping data for table `ps_module_history`
--

INSERT INTO `ps_module_history` VALUES (1,1,62,'2018-08-01 22:09:07','2018-08-01 22:09:07'),(2,1,10,'2018-08-04 06:19:48','2018-08-04 06:19:48'),(3,1,65,'2018-08-05 22:48:03','2018-08-05 22:48:03'),(4,1,26,'2018-08-05 22:48:43','2018-08-05 22:48:43'),(5,1,17,'2018-08-13 05:12:05','2020-08-03 03:09:08'),(6,1,8,'2018-08-13 05:13:44','2018-08-13 05:13:44'),(7,1,59,'2018-08-13 22:54:05','2018-08-13 22:54:05'),(8,1,63,'2018-08-23 23:51:57','2018-08-23 23:51:57'),(9,1,64,'2018-08-28 23:10:30','2018-08-28 23:10:30'),(10,1,69,'2020-08-03 03:11:29','2020-08-03 03:11:29');

--
-- Table structure for table `ps_module_preference`
--

CREATE TABLE `ps_module_preference` (
  `id_module_preference` int(11) NOT NULL AUTO_INCREMENT,
  `id_employee` int(11) NOT NULL,
  `module` varchar(255) NOT NULL,
  `interest` tinyint(1) DEFAULT NULL,
  `favorite` tinyint(1) DEFAULT NULL,
  PRIMARY KEY (`id_module_preference`),
  UNIQUE KEY `employee_module` (`id_employee`,`module`)
) ENGINE=InnoDB DEFAULT CHARSET=utf8;

--
-- Dumping data for table `ps_module_preference`
--


--
-- Table structure for table `ps_module_shop`
--

CREATE TABLE `ps_module_shop` (
  `id_module` int(11) unsigned NOT NULL,
  `id_shop` int(11) unsigned NOT NULL,
  `enable_device` tinyint(1) NOT NULL DEFAULT 7,
  PRIMARY KEY (`id_module`,`id_shop`),
  KEY `id_shop` (`id_shop`)
) ENGINE=InnoDB DEFAULT CHARSET=utf8;

--
-- Dumping data for table `ps_module_shop`
--

INSERT INTO `ps_module_shop` VALUES (1,1,7),(2,1,7),(3,1,7),(4,1,7),(5,1,7),(6,1,7),(7,1,7),(8,1,3),(9,1,7),(10,1,7),(11,1,7),(12,1,7),(13,1,7),(14,1,7),(16,1,7),(18,1,7),(20,1,7),(21,1,7),(23,1,7),(25,1,7),(26,1,7),(27,1,7),(28,1,7),(29,1,7),(30,1,7),(31,1,7),(32,1,7),(33,1,7),(34,1,7),(35,1,7),(36,1,7),(37,1,7),(38,1,7),(39,1,7),(40,1,7),(41,1,7),(42,1,7),(43,1,7),(44,1,7),(45,1,7),(46,1,7),(47,1,7),(48,1,7),(49,1,7),(50,1,7),(51,1,7),(52,1,7),(53,1,7),(54,1,7),(55,1,7),(56,1,7),(58,1,7),(59,1,7),(60,1,7),(61,1,7),(62,1,7),(63,1,7),(64,1,7),(65,1,7),(66,1,7),(67,1,7),(68,1,7),(69,1,7);

--
-- Table structure for table `ps_operating_system`
--

CREATE TABLE `ps_operating_system` (
  `id_operating_system` int(10) unsigned NOT NULL AUTO_INCREMENT,
  `name` varchar(64) DEFAULT NULL,
  PRIMARY KEY (`id_operating_system`)
) ENGINE=InnoDB AUTO_INCREMENT=10 DEFAULT CHARSET=utf8;

--
-- Dumping data for table `ps_operating_system`
--

INSERT INTO `ps_operating_system` VALUES (1,'Windows XP'),(2,'Windows Vista'),(3,'Windows 7'),(4,'Windows 8'),(5,'Windows 8.1'),(6,'Windows 10'),(7,'MacOsX'),(8,'Linux'),(9,'Android');

--
-- Table structure for table `ps_order_carrier`
--

CREATE TABLE `ps_order_carrier` (
  `id_order_carrier` int(11) NOT NULL AUTO_INCREMENT,
  `id_order` int(11) unsigned NOT NULL,
  `id_carrier` int(11) unsigned NOT NULL,
  `id_order_invoice` int(11) unsigned DEFAULT NULL,
  `weight` decimal(20,6) DEFAULT NULL,
  `shipping_cost_tax_excl` decimal(20,6) DEFAULT NULL,
  `shipping_cost_tax_incl` decimal(20,6) DEFAULT NULL,
  `tracking_number` varchar(64) DEFAULT NULL,
  `date_add` datetime NOT NULL,
  PRIMARY KEY (`id_order_carrier`),
  KEY `id_order` (`id_order`),
  KEY `id_carrier` (`id_carrier`),
  KEY `id_order_invoice` (`id_order_invoice`)
) ENGINE=InnoDB AUTO_INCREMENT=36 DEFAULT CHARSET=utf8;

--
-- Dumping data for table `ps_order_carrier`
--

INSERT INTO `ps_order_carrier` VALUES (1,1,2,0,0.000000,2.000000,2.000000,NULL,'2018-08-01 09:35:02'),(2,2,2,0,0.000000,2.000000,2.000000,NULL,'2018-08-01 09:35:02'),(3,3,2,0,0.000000,2.000000,2.000000,NULL,'2018-08-01 09:35:02'),(4,4,2,0,0.000000,2.000000,2.000000,NULL,'2018-08-01 09:35:02'),(5,5,2,0,0.000000,2.000000,2.000000,NULL,'2018-08-01 09:35:02'),(6,6,2,0,0.000000,7.000000,7.000000,NULL,'2020-08-04 23:09:42'),(7,7,2,0,0.000000,7.000000,7.000000,'','2020-08-27 09:53:01'),(8,8,2,0,0.000000,7.000000,7.000000,'','2020-08-28 14:51:49'),(9,9,2,0,0.000000,7.000000,7.000000,'','2020-08-28 15:38:02'),(10,10,2,0,0.000000,7.000000,7.000000,'','2020-09-03 00:14:57'),(11,11,2,0,0.000000,7.000000,7.000000,'','2020-10-02 10:37:47'),(12,12,2,0,0.000000,7.000000,7.000000,'','2020-11-18 05:19:51'),(13,13,2,0,0.000000,7.000000,7.280000,'','2020-11-20 04:04:10'),(14,14,2,0,0.000000,7.000000,7.000000,'','2020-11-20 09:59:30'),(15,15,2,0,0.000000,7.000000,7.000000,'','2021-01-23 04:45:43'),(16,16,2,0,0.000000,7.000000,7.000000,'','2021-02-27 01:19:06'),(17,17,2,0,0.000000,7.000000,7.000000,'','2021-03-05 15:32:31'),(18,18,2,0,0.000000,7.000000,7.000000,'','2021-04-08 06:32:48'),(19,19,2,0,0.000000,7.000000,7.000000,'','2021-04-16 19:29:48'),(20,20,2,0,0.000000,7.000000,7.000000,'','2021-06-24 16:51:54'),(21,21,2,0,0.000000,7.000000,7.000000,'','2021-07-06 13:21:57'),(22,22,2,0,0.000000,7.000000,7.000000,'','2021-09-01 22:43:34'),(23,24,2,0,0.000000,7.000000,7.000000,'','2021-09-23 11:01:42'),(24,25,2,0,0.000000,7.000000,7.000000,'','2021-09-23 11:10:24'),(25,26,2,0,0.000000,7.000000,7.000000,'','2021-09-24 16:07:51'),(26,27,2,0,0.000000,7.000000,7.000000,'','2021-09-24 16:14:48'),(27,28,2,0,0.000000,7.000000,7.000000,'','2021-10-14 10:49:31'),(28,29,2,0,0.000000,7.000000,7.000000,'','2021-10-21 10:11:46'),(29,30,2,0,0.000000,7.000000,7.000000,'','2021-11-11 07:25:27'),(30,31,2,0,0.000000,7.000000,7.000000,'','2021-12-25 12:04:02'),(31,32,2,0,0.000000,7.000000,7.000000,'','2022-01-11 04:34:10'),(32,33,2,0,0.000000,7.000000,7.000000,'','2022-02-09 09:44:35'),(33,34,2,0,0.000000,7.000000,7.000000,'','2022-02-11 07:07:27'),(34,35,2,0,0.000000,7.000000,7.000000,'','2022-03-08 08:04:21'),(35,36,2,0,0.000000,7.000000,7.000000,'','2022-03-15 09:41:39');

--
-- Table structure for table `ps_order_cart_rule`
--

CREATE TABLE `ps_order_cart_rule` (
  `id_order_cart_rule` int(10) unsigned NOT NULL AUTO_INCREMENT,
  `id_order` int(10) unsigned NOT NULL,
  `id_cart_rule` int(10) unsigned NOT NULL,
  `id_order_invoice` int(10) unsigned DEFAULT 0,
  `name` varchar(254) NOT NULL,
  `value` decimal(17,2) NOT NULL DEFAULT 0.00,
  `value_tax_excl` decimal(17,2) NOT NULL DEFAULT 0.00,
  `free_shipping` tinyint(1) NOT NULL DEFAULT 0,
  PRIMARY KEY (`id_order_cart_rule`),
  KEY `id_order` (`id_order`),
  KEY `id_cart_rule` (`id_cart_rule`)
) ENGINE=InnoDB DEFAULT CHARSET=utf8;

--
-- Dumping data for table `ps_order_cart_rule`
--


--
-- Table structure for table `ps_order_detail`
--

CREATE TABLE `ps_order_detail` (
  `id_order_detail` int(10) unsigned NOT NULL AUTO_INCREMENT,
  `id_order` int(10) unsigned NOT NULL,
  `id_order_invoice` int(11) DEFAULT NULL,
  `id_warehouse` int(10) unsigned DEFAULT 0,
  `id_shop` int(11) unsigned NOT NULL,
  `product_id` int(10) unsigned NOT NULL,
  `product_attribute_id` int(10) unsigned DEFAULT NULL,
  `id_customization` int(10) unsigned DEFAULT 0,
  `product_name` varchar(255) NOT NULL,
  `product_quantity` int(10) unsigned NOT NULL DEFAULT 0,
  `product_quantity_in_stock` int(10) NOT NULL DEFAULT 0,
  `product_quantity_refunded` int(10) unsigned NOT NULL DEFAULT 0,
  `product_quantity_return` int(10) unsigned NOT NULL DEFAULT 0,
  `product_quantity_reinjected` int(10) unsigned NOT NULL DEFAULT 0,
  `product_price` decimal(20,6) NOT NULL DEFAULT 0.000000,
  `reduction_percent` decimal(10,2) NOT NULL DEFAULT 0.00,
  `reduction_amount` decimal(20,6) NOT NULL DEFAULT 0.000000,
  `reduction_amount_tax_incl` decimal(20,6) NOT NULL DEFAULT 0.000000,
  `reduction_amount_tax_excl` decimal(20,6) NOT NULL DEFAULT 0.000000,
  `group_reduction` decimal(10,2) NOT NULL DEFAULT 0.00,
  `product_quantity_discount` decimal(20,6) NOT NULL DEFAULT 0.000000,
  `product_ean13` varchar(13) DEFAULT NULL,
  `product_isbn` varchar(32) DEFAULT NULL,
  `product_upc` varchar(12) DEFAULT NULL,
  `product_reference` varchar(64) DEFAULT NULL,
  `product_supplier_reference` varchar(64) DEFAULT NULL,
  `product_weight` decimal(20,6) NOT NULL,
  `id_tax_rules_group` int(11) unsigned DEFAULT 0,
  `tax_computation_method` tinyint(1) unsigned NOT NULL DEFAULT 0,
  `tax_name` varchar(16) NOT NULL,
  `tax_rate` decimal(10,3) NOT NULL DEFAULT 0.000,
  `ecotax` decimal(21,6) NOT NULL DEFAULT 0.000000,
  `ecotax_tax_rate` decimal(5,3) NOT NULL DEFAULT 0.000,
  `discount_quantity_applied` tinyint(1) NOT NULL DEFAULT 0,
  `download_hash` varchar(255) DEFAULT NULL,
  `download_nb` int(10) unsigned DEFAULT 0,
  `download_deadline` datetime DEFAULT NULL,
  `total_price_tax_incl` decimal(20,6) NOT NULL DEFAULT 0.000000,
  `total_price_tax_excl` decimal(20,6) NOT NULL DEFAULT 0.000000,
  `unit_price_tax_incl` decimal(20,6) NOT NULL DEFAULT 0.000000,
  `unit_price_tax_excl` decimal(20,6) NOT NULL DEFAULT 0.000000,
  `total_shipping_price_tax_incl` decimal(20,6) NOT NULL DEFAULT 0.000000,
  `total_shipping_price_tax_excl` decimal(20,6) NOT NULL DEFAULT 0.000000,
  `purchase_supplier_price` decimal(20,6) NOT NULL DEFAULT 0.000000,
  `original_product_price` decimal(20,6) NOT NULL DEFAULT 0.000000,
  `original_wholesale_price` decimal(20,6) NOT NULL DEFAULT 0.000000,
  PRIMARY KEY (`id_order_detail`),
  KEY `order_detail_order` (`id_order`),
  KEY `product_id` (`product_id`,`product_attribute_id`),
  KEY `product_attribute_id` (`product_attribute_id`),
  KEY `id_tax_rules_group` (`id_tax_rules_group`),
  KEY `id_order_id_order_detail` (`id_order`,`id_order_detail`)
) ENGINE=InnoDB AUTO_INCREMENT=45 DEFAULT CHARSET=utf8;

--
-- Dumping data for table `ps_order_detail`
--

INSERT INTO `ps_order_detail` VALUES (1,1,0,0,1,1,1,0,'Hummingbird printed t-shirt - Color : White, Size : S',1,1,0,0,0,23.900000,0.00,0.000000,0.000000,0.000000,0.00,0.000000,NULL,NULL,NULL,'demo_2',NULL,0.000000,0,0,'',0.000,0.000000,0.000,0,NULL,0,'0000-00-00 00:00:00',27.000000,23.900000,23.900000,23.900000,0.000000,0.000000,0.000000,23.900000,0.000000),(2,1,0,0,1,2,9,0,'Hummingbird printed sweater - Color : White, Size : S',1,1,0,0,0,35.900000,0.00,0.000000,0.000000,0.000000,0.00,0.000000,NULL,NULL,NULL,'demo_3',NULL,0.000000,0,0,'',0.000,0.000000,0.000,0,NULL,0,'0000-00-00 00:00:00',35.900000,35.900000,35.900000,35.900000,0.000000,0.000000,0.000000,35.900000,0.000000),(3,2,0,0,1,4,16,0,'The adventure begins Framed poster - Size : 80x120cm',2,3,0,0,0,29.000000,0.00,0.000000,0.000000,0.000000,0.00,0.000000,NULL,NULL,NULL,'demo_2',NULL,0.000000,0,0,'',0.000,0.000000,0.000,0,NULL,0,'0000-00-00 00:00:00',58.000000,29.000000,29.000000,29.000000,0.000000,0.000000,0.000000,29.000000,0.000000),(4,2,0,0,1,8,0,0,'Mug Today is a good day',1,1,0,0,0,11.900000,0.00,0.000000,0.000000,0.000000,0.00,0.000000,NULL,NULL,NULL,'demo_6',NULL,0.000000,0,0,'',0.000,0.000000,0.000,0,NULL,0,'0000-00-00 00:00:00',11.900000,11.900000,11.900000,11.900000,0.000000,0.000000,0.000000,11.900000,0.000000),(5,3,0,0,1,16,28,0,'Mountain fox notebook Style : Ruled',1,1,0,0,0,12.900000,0.00,0.000000,0.000000,0.000000,0.00,0.000000,NULL,NULL,NULL,'demo_1',NULL,0.000000,0,0,'',0.000,0.000000,0.000,0,NULL,0,'0000-00-00 00:00:00',12.900000,12.900000,12.900000,12.900000,0.000000,0.000000,0.000000,12.900000,0.000000),(6,4,0,0,1,16,29,0,'Mountain fox notebook Style : Plain',1,1,0,0,0,12.900000,0.00,0.000000,0.000000,0.000000,0.00,0.000000,NULL,NULL,NULL,'demo_1',NULL,0.000000,0,0,'',0.000,0.000000,0.000,0,NULL,0,'0000-00-00 00:00:00',12.900000,12.900000,12.900000,12.900000,0.000000,0.000000,0.000000,12.900000,0.000000),(7,5,0,0,1,10,25,0,'Brown bear cushion Color : Black',1,1,0,0,0,18.900000,0.00,0.000000,0.000000,0.000000,0.00,0.000000,NULL,NULL,NULL,'demo_1',NULL,0.000000,0,0,'',0.000,0.000000,0.000,0,NULL,0,'0000-00-00 00:00:00',18.900000,18.900000,18.900000,18.900000,0.000000,0.000000,0.000000,18.900000,0.000000),(8,6,0,0,1,1,1,0,'Ferrari SP38 - Size : S- Color : White',1,1,0,0,0,23.900000,0.00,0.000000,0.000000,0.000000,0.00,0.000000,NULL,NULL,NULL,'demo_1',NULL,0.000000,1,0,'',0.000,0.000000,0.000,0,NULL,0,'0000-00-00 00:00:00',23.900000,23.900000,23.900000,23.900000,0.000000,0.000000,0.000000,23.900000,0.000000),(9,7,0,0,1,1,1,0,'Ferrari SP38 - Size : S- Color : White',2,2,0,0,0,23.900000,0.00,0.000000,0.000000,0.000000,0.00,0.000000,'','','','demo_1','',0.000000,1,0,'',0.000,0.000000,0.000,0,'',0,'0000-00-00 00:00:00',47.800000,47.800000,23.900000,23.900000,0.000000,0.000000,0.000000,23.900000,0.000000),(10,8,0,0,1,4,16,0,'Pininfarina Sergio - Dimension : 40x60cm',4,4,0,0,0,29.000000,0.00,0.000000,0.000000,0.000000,0.00,0.000000,'','','','demo_5','',0.000000,1,0,'',0.000,0.000000,0.000,0,'',0,'0000-00-00 00:00:00',116.000000,116.000000,29.000000,29.000000,0.000000,0.000000,0.000000,29.000000,0.000000),(11,9,0,0,1,2,9,0,'Ferrari F12 TRS - Size : S',1,1,0,0,0,35.900000,0.00,0.000000,0.000000,0.000000,0.00,0.000000,'','','','demo_3','',0.000000,1,0,'',0.000,0.000000,0.000,0,'',0,'0000-00-00 00:00:00',35.900000,35.900000,35.900000,35.900000,0.000000,0.000000,0.000000,35.900000,0.000000),(12,10,0,0,1,2,9,0,'Ferrari F12 TRS - Size : S',1,1,0,0,0,35.900000,0.00,0.000000,0.000000,0.000000,0.00,0.000000,'','','','demo_3','',0.000000,1,0,'',0.000,0.000000,0.000,0,'',0,'0000-00-00 00:00:00',35.900000,35.900000,35.900000,35.900000,0.000000,0.000000,0.000000,35.900000,0.000000),(13,11,0,0,1,7,0,0,'Ferrari F60 America',1,1,0,0,0,11.900000,0.00,0.000000,0.000000,0.000000,0.00,0.000000,'','','','demo_12','',0.000000,1,0,'',0.000,0.000000,0.000,0,'',0,'0000-00-00 00:00:00',11.900000,11.900000,11.900000,11.900000,0.000000,0.000000,0.000000,11.900000,0.000000),(14,12,0,0,1,1,1,0,'Ferrari SP38 - Size : S- Color : White',1,1,0,0,0,23.900000,0.00,0.000000,0.000000,0.000000,0.00,0.000000,'','','','demo_1','',0.000000,1,0,'',0.000,0.000000,0.000,0,'',0,'0000-00-00 00:00:00',23.900000,23.900000,23.900000,23.900000,0.000000,0.000000,0.000000,23.900000,0.000000),(15,13,0,0,1,1,1,0,'Ferrari SP38 - Tamaño : S- Color : Blanco',1,1,0,0,0,23.900000,0.00,0.000000,0.000000,0.000000,0.00,0.000000,'','','','demo_1','',0.000000,1,1,'',0.000,0.000000,0.000,0,'',0,'0000-00-00 00:00:00',24.860000,23.900000,24.856000,23.900000,0.000000,0.000000,0.000000,23.900000,0.000000),(16,14,0,0,1,1,1,0,'Ferrari SP38 - Size : S- Color : White',1,1,0,0,0,23.900000,0.00,0.000000,0.000000,0.000000,0.00,0.000000,'','','','demo_1','',0.000000,1,0,'',0.000,0.000000,0.000,0,'',0,'0000-00-00 00:00:00',23.900000,23.900000,23.900000,23.900000,0.000000,0.000000,0.000000,23.900000,0.000000),(17,15,0,0,1,5,19,0,'Ferrari F12 TDF - Dimension : 40x60cm',1,1,0,0,0,29.000000,0.00,0.000000,0.000000,0.000000,0.00,0.000000,'','','','demo_7','',0.000000,1,0,'',0.000,0.000000,0.000,0,'',0,'0000-00-00 00:00:00',29.000000,29.000000,29.000000,29.000000,0.000000,0.000000,0.000000,29.000000,0.000000),(18,16,0,0,1,3,13,0,'Ferrari 458 MM Speciale - Dimension : 40x60cm',1,1,0,0,0,29.000000,0.00,0.000000,0.000000,0.000000,0.00,0.000000,'','','','demo_6','',0.000000,1,0,'',0.000,0.000000,0.000,0,'',0,'0000-00-00 00:00:00',29.000000,29.000000,29.000000,29.000000,0.000000,0.000000,0.000000,29.000000,0.000000),(19,17,0,0,1,1,1,0,'Ferrari SP38 - Size : S- Color : White',1,1,0,0,0,23.900000,0.00,0.000000,0.000000,0.000000,0.00,0.000000,'','','','demo_1','',0.000000,1,0,'',0.000,0.000000,0.000,0,'',0,'0000-00-00 00:00:00',23.900000,23.900000,23.900000,23.900000,0.000000,0.000000,0.000000,23.900000,0.000000),(20,18,0,0,1,2,9,0,'Ferrari F12 TRS - Size : S',1,1,0,0,0,35.900000,0.00,0.000000,0.000000,0.000000,0.00,0.000000,'','','','demo_3','',0.000000,1,0,'',0.000,0.000000,0.000,0,'',0,'0000-00-00 00:00:00',35.900000,35.900000,35.900000,35.900000,0.000000,0.000000,0.000000,35.900000,0.000000),(21,19,0,0,1,7,0,0,'Ferrari F60 America',1,1,0,0,0,11.900000,0.00,0.000000,0.000000,0.000000,0.00,0.000000,'','','','demo_12','',0.000000,1,0,'',0.000,0.000000,0.000,0,'',0,'0000-00-00 00:00:00',11.900000,11.900000,11.900000,11.900000,0.000000,0.000000,0.000000,11.900000,0.000000),(22,20,0,0,1,5,19,0,'Ferrari F12 TDF - Dimension : 40x60cm',1,1,0,0,0,29.000000,0.00,0.000000,0.000000,0.000000,0.00,0.000000,'','','','demo_7','',0.000000,1,0,'',0.000,0.000000,0.000,0,'',0,'0000-00-00 00:00:00',29.000000,29.000000,29.000000,29.000000,0.000000,0.000000,0.000000,29.000000,0.000000),(23,21,0,0,1,2,9,0,'Ferrari F12 TRS - Size : S',1,1,0,0,0,35.900000,0.00,0.000000,0.000000,0.000000,0.00,0.000000,'','','','demo_3','',0.000000,1,0,'',0.000,0.000000,0.000,0,'',0,'0000-00-00 00:00:00',35.900000,35.900000,35.900000,35.900000,0.000000,0.000000,0.000000,35.900000,0.000000),(24,22,0,0,1,2,9,0,'Ferrari F12 TRS - Size : S',1,1,0,0,0,35.900000,0.00,0.000000,0.000000,0.000000,0.00,0.000000,'','','','demo_3','',0.000000,1,0,'',0.000,0.000000,0.000,0,'',0,'0000-00-00 00:00:00',35.900000,35.900000,35.900000,35.900000,0.000000,0.000000,0.000000,35.900000,0.000000),(25,23,0,0,1,12,0,0,'Mountain fox - Vector graphics',1,1,0,0,0,9.000000,0.00,0.000000,0.000000,0.000000,0.00,0.000000,'','','','demo_18','',0.000000,1,0,'',0.000,0.000000,0.000,0,'',0,'0000-00-00 00:00:00',9.000000,9.000000,9.000000,9.000000,0.000000,0.000000,0.000000,9.000000,0.000000),(26,24,0,0,1,3,13,0,'Ferrari 458 MM Speciale - Dimension : 40x60cm',1,1,0,0,0,29.000000,0.00,0.000000,0.000000,0.000000,0.00,0.000000,'','','','demo_6','',0.000000,1,0,'',0.000,0.000000,0.000,0,'',0,'0000-00-00 00:00:00',29.000000,29.000000,29.000000,29.000000,0.000000,0.000000,0.000000,29.000000,0.000000),(27,24,0,0,1,2,9,0,'Ferrari F12 TRS - Size : S',4,4,0,0,0,35.900000,0.00,0.000000,0.000000,0.000000,0.00,0.000000,'','','','demo_3','',0.000000,1,0,'',0.000,0.000000,0.000,0,'',0,'0000-00-00 00:00:00',143.600000,143.600000,35.900000,35.900000,0.000000,0.000000,0.000000,35.900000,0.000000),(28,25,0,0,1,1,1,0,'Ferrari SP38 - Size : S- Color : White',1,1,0,0,0,23.900000,0.00,0.000000,0.000000,0.000000,0.00,0.000000,'','','','demo_1','',0.000000,1,0,'',0.000,0.000000,0.000,0,'',0,'0000-00-00 00:00:00',23.900000,23.900000,23.900000,23.900000,0.000000,0.000000,0.000000,23.900000,0.000000),(29,26,0,0,1,1,1,0,'Ferrari SP38 - Size : S- Color : White',1,1,0,0,0,23.900000,0.00,0.000000,0.000000,0.000000,0.00,0.000000,'','','','demo_1','',0.000000,1,0,'',0.000,0.000000,0.000,0,'',0,'0000-00-00 00:00:00',23.900000,23.900000,23.900000,23.900000,0.000000,0.000000,0.000000,23.900000,0.000000),(30,26,0,0,1,7,0,0,'Ferrari F60 America',1,1,0,0,0,11.900000,0.00,0.000000,0.000000,0.000000,0.00,0.000000,'','','','demo_12','',0.000000,1,0,'',0.000,0.000000,0.000,0,'',0,'0000-00-00 00:00:00',11.900000,11.900000,11.900000,11.900000,0.000000,0.000000,0.000000,11.900000,0.000000),(31,26,0,0,1,2,9,0,'Ferrari F12 TRS - Size : S',1,1,0,0,0,35.900000,0.00,0.000000,0.000000,0.000000,0.00,0.000000,'','','','demo_3','',0.000000,1,0,'',0.000,0.000000,0.000,0,'',0,'0000-00-00 00:00:00',35.900000,35.900000,35.900000,35.900000,0.000000,0.000000,0.000000,35.900000,0.000000),(32,27,0,0,1,1,1,0,'Ferrari SP38 - Size : S- Color : White',1,1,0,0,0,23.900000,0.00,0.000000,0.000000,0.000000,0.00,0.000000,'','','','demo_1','',0.000000,1,0,'',0.000,0.000000,0.000,0,'',0,'0000-00-00 00:00:00',23.900000,23.900000,23.900000,23.900000,0.000000,0.000000,0.000000,23.900000,0.000000),(33,27,0,0,1,6,0,0,'Ferrari 488-spider',4,4,0,0,0,11.900000,0.00,0.000000,0.000000,0.000000,0.00,0.000000,'','','','demo_11','',0.000000,1,0,'',0.000,0.000000,0.000,0,'',0,'0000-00-00 00:00:00',47.600000,47.600000,11.900000,11.900000,0.000000,0.000000,0.000000,11.900000,0.000000),(34,28,0,0,1,2,9,0,'Ferrari F12 TRS - Size : S',1,1,0,0,0,35.900000,0.00,0.000000,0.000000,0.000000,0.00,0.000000,'','','','demo_3','',0.000000,1,0,'',0.000,0.000000,0.000,0,'',0,'0000-00-00 00:00:00',35.900000,35.900000,35.900000,35.900000,0.000000,0.000000,0.000000,35.900000,0.000000),(35,29,0,0,1,3,13,0,'Ferrari 458 MM Speciale - Dimension : 40x60cm',3,3,0,0,0,29.000000,0.00,0.000000,0.000000,0.000000,0.00,0.000000,'','','','demo_6','',0.000000,1,0,'',0.000,0.000000,0.000,0,'',0,'0000-00-00 00:00:00',87.000000,87.000000,29.000000,29.000000,0.000000,0.000000,0.000000,29.000000,0.000000),(36,29,0,0,1,1,1,0,'Ferrari SP38 - Size : S- Color : White',5,5,0,0,0,23.900000,0.00,0.000000,0.000000,0.000000,0.00,0.000000,'','','','demo_1','',0.000000,1,0,'',0.000,0.000000,0.000,0,'',0,'0000-00-00 00:00:00',119.500000,119.500000,23.900000,23.900000,0.000000,0.000000,0.000000,23.900000,0.000000),(37,30,0,0,1,8,0,0,'Ferrari SP12 EC',2,2,0,0,0,11.900000,0.00,0.000000,0.000000,0.000000,0.00,0.000000,'','','','demo_13','',0.000000,1,0,'',0.000,0.000000,0.000,0,'',0,'0000-00-00 00:00:00',23.800000,23.800000,11.900000,11.900000,0.000000,0.000000,0.000000,11.900000,0.000000),(38,31,0,0,1,8,0,0,'Ferrari SP12 EC',1,1,0,0,0,11.900000,0.00,0.000000,0.000000,0.000000,0.00,0.000000,'','','','demo_13','',0.000000,1,0,'',0.000,0.000000,0.000,0,'',0,'0000-00-00 00:00:00',11.900000,11.900000,11.900000,11.900000,0.000000,0.000000,0.000000,11.900000,0.000000),(39,32,0,0,1,4,16,0,'Pininfarina Sergio - Dimension : 40x60cm',5,5,0,0,0,29.000000,0.00,0.000000,0.000000,0.000000,0.00,0.000000,'','','','demo_5','',0.000000,1,0,'',0.000,0.000000,0.000,0,'',0,'0000-00-00 00:00:00',145.000000,145.000000,29.000000,29.000000,0.000000,0.000000,0.000000,29.000000,0.000000),(40,33,0,0,1,7,0,0,'Ferrari F60 America',1,1,0,0,0,11.900000,0.00,0.000000,0.000000,0.000000,0.00,0.000000,'','','','demo_12','',0.000000,1,0,'',0.000,0.000000,0.000,0,'',0,'0000-00-00 00:00:00',11.900000,11.900000,11.900000,11.900000,0.000000,0.000000,0.000000,11.900000,0.000000),(41,33,0,0,1,1,1,0,'Ferrari SP38 - Size : S- Color : White',1,1,0,0,0,23.900000,0.00,0.000000,0.000000,0.000000,0.00,0.000000,'','','','demo_1','',0.000000,1,0,'',0.000,0.000000,0.000,0,'',0,'0000-00-00 00:00:00',23.900000,23.900000,23.900000,23.900000,0.000000,0.000000,0.000000,23.900000,0.000000),(42,34,0,0,1,1,1,0,'Ferrari SP38 - Size : S- Color : White',12,12,0,0,0,23.900000,0.00,0.000000,0.000000,0.000000,0.00,0.000000,'','','','demo_1','',0.000000,1,0,'',0.000,0.000000,0.000,0,'',0,'0000-00-00 00:00:00',286.800000,286.800000,23.900000,23.900000,0.000000,0.000000,0.000000,23.900000,0.000000),(43,35,0,0,1,1,1,0,'Ferrari SP38 - Size : S- Color : White',1,1,0,0,0,23.900000,0.00,0.000000,0.000000,0.000000,0.00,0.000000,'','','','demo_1','',0.000000,1,0,'',0.000,0.000000,0.000,0,'',0,'0000-00-00 00:00:00',23.900000,23.900000,23.900000,23.900000,0.000000,0.000000,0.000000,23.900000,0.000000),(44,36,0,0,1,7,0,0,'Ferrari F60 America',1,1,0,0,0,11.900000,0.00,0.000000,0.000000,0.000000,0.00,0.000000,'','','','demo_12','',0.000000,1,0,'',0.000,0.000000,0.000,0,'',0,'0000-00-00 00:00:00',11.900000,11.900000,11.900000,11.900000,0.000000,0.000000,0.000000,11.900000,0.000000);

--
-- Table structure for table `ps_order_detail_tax`
--

CREATE TABLE `ps_order_detail_tax` (
  `id_order_detail` int(11) NOT NULL,
  `id_tax` int(11) NOT NULL,
  `unit_amount` decimal(16,6) NOT NULL DEFAULT 0.000000,
  `total_amount` decimal(16,6) NOT NULL DEFAULT 0.000000,
  KEY `id_order_detail` (`id_order_detail`),
  KEY `id_tax` (`id_tax`)
) ENGINE=InnoDB DEFAULT CHARSET=utf8;

--
-- Dumping data for table `ps_order_detail_tax`
--

INSERT INTO `ps_order_detail_tax` VALUES (15,1,0.956000,0.960000);

--
-- Table structure for table `ps_order_history`
--

CREATE TABLE `ps_order_history` (
  `id_order_history` int(10) unsigned NOT NULL AUTO_INCREMENT,
  `id_employee` int(10) unsigned NOT NULL,
  `id_order` int(10) unsigned NOT NULL,
  `id_order_state` int(10) unsigned NOT NULL,
  `date_add` datetime NOT NULL,
  PRIMARY KEY (`id_order_history`),
  KEY `order_history_order` (`id_order`),
  KEY `id_employee` (`id_employee`),
  KEY `id_order_state` (`id_order_state`)
) ENGINE=InnoDB AUTO_INCREMENT=39 DEFAULT CHARSET=utf8;

--
-- Dumping data for table `ps_order_history`
--

INSERT INTO `ps_order_history` VALUES (1,0,1,1,'2018-08-01 09:35:03'),(2,0,2,1,'2018-08-01 09:35:03'),(3,0,3,1,'2018-08-01 09:35:04'),(4,0,4,1,'2018-08-01 09:35:04'),(5,0,5,10,'2018-08-01 09:35:04'),(6,1,1,6,'2018-08-01 09:35:04'),(7,1,3,8,'2018-08-01 09:35:04'),(8,0,6,1,'2020-08-04 23:09:42'),(9,0,7,10,'2020-08-27 09:53:01'),(10,0,8,10,'2020-08-28 14:51:50'),(11,0,9,10,'2020-08-28 15:38:02'),(12,0,10,10,'2020-09-03 00:14:58'),(13,0,11,10,'2020-10-02 10:37:47'),(14,0,12,10,'2020-11-18 05:19:51'),(15,0,13,10,'2020-11-20 04:04:10'),(16,0,14,10,'2020-11-20 09:59:30'),(17,0,15,10,'2021-01-23 04:45:43'),(18,0,16,10,'2021-02-27 01:19:06'),(19,0,17,10,'2021-03-05 15:32:32'),(20,0,18,10,'2021-04-08 06:32:48'),(21,0,19,1,'2021-04-16 19:29:48'),(22,0,20,10,'2021-06-24 16:51:54'),(23,0,21,10,'2021-07-06 13:21:57'),(24,0,22,10,'2021-09-01 22:43:34'),(25,0,23,1,'2021-09-23 10:38:13'),(26,0,24,10,'2021-09-23 11:01:42'),(27,0,25,10,'2021-09-23 11:10:24'),(28,0,26,1,'2021-09-24 16:07:51'),(29,0,27,1,'2021-09-24 16:14:48'),(30,0,28,10,'2021-10-14 10:49:31'),(31,0,29,1,'2021-10-21 10:11:46'),(32,0,30,10,'2021-11-11 07:25:27'),(33,0,31,1,'2021-12-25 12:04:03'),(34,0,32,10,'2022-01-11 04:34:10'),(35,0,33,10,'2022-02-09 09:44:36'),(36,0,34,10,'2022-02-11 07:07:27'),(37,0,35,10,'2022-03-08 08:04:21'),(38,0,36,1,'2022-03-15 09:41:39');

--
-- Table structure for table `ps_order_invoice`
--

CREATE TABLE `ps_order_invoice` (
  `id_order_invoice` int(11) unsigned NOT NULL AUTO_INCREMENT,
  `id_order` int(11) NOT NULL,
  `number` int(11) NOT NULL,
  `delivery_number` int(11) NOT NULL,
  `delivery_date` datetime DEFAULT NULL,
  `total_discount_tax_excl` decimal(20,6) NOT NULL DEFAULT 0.000000,
  `total_discount_tax_incl` decimal(20,6) NOT NULL DEFAULT 0.000000,
  `total_paid_tax_excl` decimal(20,6) NOT NULL DEFAULT 0.000000,
  `total_paid_tax_incl` decimal(20,6) NOT NULL DEFAULT 0.000000,
  `total_products` decimal(20,6) NOT NULL DEFAULT 0.000000,
  `total_products_wt` decimal(20,6) NOT NULL DEFAULT 0.000000,
  `total_shipping_tax_excl` decimal(20,6) NOT NULL DEFAULT 0.000000,
  `total_shipping_tax_incl` decimal(20,6) NOT NULL DEFAULT 0.000000,
  `shipping_tax_computation_method` int(10) unsigned NOT NULL,
  `total_wrapping_tax_excl` decimal(20,6) NOT NULL DEFAULT 0.000000,
  `total_wrapping_tax_incl` decimal(20,6) NOT NULL DEFAULT 0.000000,
  `shop_address` text DEFAULT NULL,
  `note` text DEFAULT NULL,
  `date_add` datetime NOT NULL,
  PRIMARY KEY (`id_order_invoice`),
  KEY `id_order` (`id_order`)
) ENGINE=InnoDB DEFAULT CHARSET=utf8;

--
-- Dumping data for table `ps_order_invoice`
--


--
-- Table structure for table `ps_order_invoice_payment`
--

CREATE TABLE `ps_order_invoice_payment` (
  `id_order_invoice` int(11) unsigned NOT NULL,
  `id_order_payment` int(11) unsigned NOT NULL,
  `id_order` int(11) unsigned NOT NULL,
  PRIMARY KEY (`id_order_invoice`,`id_order_payment`),
  KEY `order_payment` (`id_order_payment`),
  KEY `id_order` (`id_order`)
) ENGINE=InnoDB DEFAULT CHARSET=utf8;

--
-- Dumping data for table `ps_order_invoice_payment`
--


--
-- Table structure for table `ps_order_invoice_tax`
--

CREATE TABLE `ps_order_invoice_tax` (
  `id_order_invoice` int(11) NOT NULL,
  `type` varchar(15) NOT NULL,
  `id_tax` int(11) NOT NULL,
  `amount` decimal(10,6) NOT NULL DEFAULT 0.000000,
  KEY `id_tax` (`id_tax`)
) ENGINE=InnoDB DEFAULT CHARSET=utf8;

--
-- Dumping data for table `ps_order_invoice_tax`
--


--
-- Table structure for table `ps_order_message`
--

CREATE TABLE `ps_order_message` (
  `id_order_message` int(10) unsigned NOT NULL AUTO_INCREMENT,
  `date_add` datetime NOT NULL,
  PRIMARY KEY (`id_order_message`)
) ENGINE=InnoDB AUTO_INCREMENT=2 DEFAULT CHARSET=utf8;

--
-- Dumping data for table `ps_order_message`
--

INSERT INTO `ps_order_message` VALUES (1,'2018-08-01 09:35:04');

--
-- Table structure for table `ps_order_message_lang`
--

CREATE TABLE `ps_order_message_lang` (
  `id_order_message` int(10) unsigned NOT NULL,
  `id_lang` int(10) unsigned NOT NULL,
  `name` varchar(128) NOT NULL,
  `message` text NOT NULL,
  PRIMARY KEY (`id_order_message`,`id_lang`)
) ENGINE=InnoDB DEFAULT CHARSET=utf8;

--
-- Dumping data for table `ps_order_message_lang`
--

INSERT INTO `ps_order_message_lang` VALUES (1,1,'Delay','Hi,\n\nUnfortunately, an item on your order is currently out of stock. This may cause a slight delay in delivery.\nPlease accept our apologies and rest assured that we are working hard to rectify this.\n\nBest regards,'),(1,2,'Délai','Bonjour,\n\nMalheureusement, un article que vous avez commandé est actuellement en rupture de stock. Pour cette raison, il est possible que la livraison de votre commande soit légèrement retardée.\nNous vous prions de bien vouloir accepter nos excuses. Nous faisons tout notre possible pour remédier à cette situation.\n\nCordialement,'),(1,3,'Lieferung','Leider sind ein oder mehrere Artikel Ihrer Bestellung derzeit nicht auf Lager. Dies kann zu einer leichten Verzögerung bei Auslieferung führen. Wir entschuldigen uns und versichern Ihnen, dass Sie Ihre Bestellung schnellstmöglich erhalten.'),(1,4,'Ritardo','Buongiorno,\n\npurtroppo un articolo che hai ordinato è momentaneamente esaurito. Potrebbe pertanto verificarsi un leggero ritardo nella consegna.\nScusandoci per l\'inconveniente, ti assicuriamo che stiamo facendo del nostro meglio per risolverlo.\n\nCordiali saluti,'),(1,5,'Retraso','Hola:\n\nDesafortunadamente, un producto de su pedido está fuera de stock en este momento. Esto puede originar un pequeño retraso en el envío. Trabajaremos lo más rápido posible para solucionarlo. Por favor, acepte nuestras disculpas.\n\nSaludos'),(1,6,'التأخير','مرحبا،\n\nللأسف, أحد عناصر طلبك غير متوفر حاليًا. قد يتسبب هذا في تأخير طفيف في التسليم. يرجى قبول اعتذارنا وتأكد أننا نعمل جاهدين لتصحيح هذا. \n\nمع أطيب التحيات،');

--
-- Table structure for table `ps_order_payment`
--

CREATE TABLE `ps_order_payment` (
  `id_order_payment` int(11) NOT NULL AUTO_INCREMENT,
  `order_reference` varchar(9) DEFAULT NULL,
  `id_currency` int(10) unsigned NOT NULL,
  `amount` decimal(10,2) NOT NULL,
  `payment_method` varchar(255) NOT NULL,
  `conversion_rate` decimal(13,6) NOT NULL DEFAULT 1.000000,
  `transaction_id` varchar(254) DEFAULT NULL,
  `card_number` varchar(254) DEFAULT NULL,
  `card_brand` varchar(254) DEFAULT NULL,
  `card_expiration` char(7) DEFAULT NULL,
  `card_holder` varchar(254) DEFAULT NULL,
  `date_add` datetime NOT NULL,
  PRIMARY KEY (`id_order_payment`),
  KEY `order_reference` (`order_reference`)
) ENGINE=InnoDB DEFAULT CHARSET=utf8;

--
-- Dumping data for table `ps_order_payment`
--


--
-- Table structure for table `ps_order_return`
--

CREATE TABLE `ps_order_return` (
  `id_order_return` int(10) unsigned NOT NULL AUTO_INCREMENT,
  `id_customer` int(10) unsigned NOT NULL,
  `id_order` int(10) unsigned NOT NULL,
  `state` tinyint(1) unsigned NOT NULL DEFAULT 1,
  `question` text NOT NULL,
  `date_add` datetime NOT NULL,
  `date_upd` datetime NOT NULL,
  PRIMARY KEY (`id_order_return`),
  KEY `order_return_customer` (`id_customer`),
  KEY `id_order` (`id_order`)
) ENGINE=InnoDB DEFAULT CHARSET=utf8;

--
-- Dumping data for table `ps_order_return`
--


--
-- Table structure for table `ps_order_return_detail`
--

CREATE TABLE `ps_order_return_detail` (
  `id_order_return` int(10) unsigned NOT NULL,
  `id_order_detail` int(10) unsigned NOT NULL,
  `id_customization` int(10) unsigned NOT NULL DEFAULT 0,
  `product_quantity` int(10) unsigned NOT NULL DEFAULT 0,
  PRIMARY KEY (`id_order_return`,`id_order_detail`,`id_customization`)
) ENGINE=InnoDB DEFAULT CHARSET=utf8;

--
-- Dumping data for table `ps_order_return_detail`
--


--
-- Table structure for table `ps_order_return_state`
--

CREATE TABLE `ps_order_return_state` (
  `id_order_return_state` int(10) unsigned NOT NULL AUTO_INCREMENT,
  `color` varchar(32) DEFAULT NULL,
  PRIMARY KEY (`id_order_return_state`)
) ENGINE=InnoDB AUTO_INCREMENT=6 DEFAULT CHARSET=utf8;

--
-- Dumping data for table `ps_order_return_state`
--

INSERT INTO `ps_order_return_state` VALUES (1,'#4169E1'),(2,'#8A2BE2'),(3,'#32CD32'),(4,'#DC143C'),(5,'#108510');

--
-- Table structure for table `ps_order_return_state_lang`
--

CREATE TABLE `ps_order_return_state_lang` (
  `id_order_return_state` int(10) unsigned NOT NULL,
  `id_lang` int(10) unsigned NOT NULL,
  `name` varchar(64) NOT NULL,
  PRIMARY KEY (`id_order_return_state`,`id_lang`)
) ENGINE=InnoDB DEFAULT CHARSET=utf8;

--
-- Dumping data for table `ps_order_return_state_lang`
--

INSERT INTO `ps_order_return_state_lang` VALUES (1,1,'Waiting for confirmation'),(1,2,'En attente de confirmation'),(1,3,'Warten auf Bestätigung'),(1,4,'In attesa di conferma'),(1,5,'A la espera de confirmación'),(1,6,'في إنتظار التأكيد'),(2,1,'Waiting for package'),(2,2,'En attente du colis'),(2,3,'Sendung erwartet'),(2,4,'In attesa del pacco'),(2,5,'A la espera del paquete'),(2,6,'في انتظار الحزمة'),(3,1,'Package received'),(3,2,'Colis reçu'),(3,3,'Sendung erhalten'),(3,4,'Pacco ricevuto'),(3,5,'Paquete recibido'),(3,6,'تم استقبال الطرد'),(4,1,'Return denied'),(4,2,'Retour refusé'),(4,3,'Rücksendung verweigert'),(4,4,'Reso rifiutato'),(4,5,'Devolución denegada'),(4,6,'تم رفض المرتجع'),(5,1,'Return completed'),(5,2,'Retour terminé'),(5,3,'Rücksendung abgeschlossen'),(5,4,'Reso completato'),(5,5,'Devolución completada'),(5,6,'تم المرتجع');

--
-- Table structure for table `ps_order_slip`
--

CREATE TABLE `ps_order_slip` (
  `id_order_slip` int(10) unsigned NOT NULL AUTO_INCREMENT,
  `conversion_rate` decimal(13,6) NOT NULL DEFAULT 1.000000,
  `id_customer` int(10) unsigned NOT NULL,
  `id_order` int(10) unsigned NOT NULL,
  `total_products_tax_excl` decimal(20,6) DEFAULT NULL,
  `total_products_tax_incl` decimal(20,6) DEFAULT NULL,
  `total_shipping_tax_excl` decimal(20,6) DEFAULT NULL,
  `total_shipping_tax_incl` decimal(20,6) DEFAULT NULL,
  `shipping_cost` tinyint(3) unsigned NOT NULL DEFAULT 0,
  `amount` decimal(10,2) NOT NULL,
  `shipping_cost_amount` decimal(10,2) NOT NULL,
  `partial` tinyint(1) NOT NULL,
  `order_slip_type` tinyint(1) unsigned NOT NULL DEFAULT 0,
  `date_add` datetime NOT NULL,
  `date_upd` datetime NOT NULL,
  PRIMARY KEY (`id_order_slip`),
  KEY `order_slip_customer` (`id_customer`),
  KEY `id_order` (`id_order`)
) ENGINE=InnoDB DEFAULT CHARSET=utf8;

--
-- Dumping data for table `ps_order_slip`
--


--
-- Table structure for table `ps_order_slip_detail`
--

CREATE TABLE `ps_order_slip_detail` (
  `id_order_slip` int(10) unsigned NOT NULL,
  `id_order_detail` int(10) unsigned NOT NULL,
  `product_quantity` int(10) unsigned NOT NULL DEFAULT 0,
  `unit_price_tax_excl` decimal(20,6) DEFAULT NULL,
  `unit_price_tax_incl` decimal(20,6) DEFAULT NULL,
  `total_price_tax_excl` decimal(20,6) DEFAULT NULL,
  `total_price_tax_incl` decimal(20,6) DEFAULT NULL,
  `amount_tax_excl` decimal(20,6) DEFAULT NULL,
  `amount_tax_incl` decimal(20,6) DEFAULT NULL,
  PRIMARY KEY (`id_order_slip`,`id_order_detail`)
) ENGINE=InnoDB DEFAULT CHARSET=utf8;

--
-- Dumping data for table `ps_order_slip_detail`
--


--
-- Table structure for table `ps_order_slip_detail_tax`
--

CREATE TABLE `ps_order_slip_detail_tax` (
  `id_order_slip_detail` int(11) unsigned NOT NULL,
  `id_tax` int(11) unsigned NOT NULL,
  `unit_amount` decimal(16,6) NOT NULL DEFAULT 0.000000,
  `total_amount` decimal(16,6) NOT NULL DEFAULT 0.000000,
  KEY `id_order_slip_detail` (`id_order_slip_detail`),
  KEY `id_tax` (`id_tax`)
) ENGINE=InnoDB DEFAULT CHARSET=utf8;

--
-- Dumping data for table `ps_order_slip_detail_tax`
--


--
-- Table structure for table `ps_order_state`
--

CREATE TABLE `ps_order_state` (
  `id_order_state` int(10) unsigned NOT NULL AUTO_INCREMENT,
  `invoice` tinyint(1) unsigned DEFAULT 0,
  `send_email` tinyint(1) unsigned NOT NULL DEFAULT 0,
  `module_name` varchar(255) DEFAULT NULL,
  `color` varchar(32) DEFAULT NULL,
  `unremovable` tinyint(1) unsigned NOT NULL,
  `hidden` tinyint(1) unsigned NOT NULL DEFAULT 0,
  `logable` tinyint(1) NOT NULL DEFAULT 0,
  `delivery` tinyint(1) unsigned NOT NULL DEFAULT 0,
  `shipped` tinyint(1) unsigned NOT NULL DEFAULT 0,
  `paid` tinyint(1) unsigned NOT NULL DEFAULT 0,
  `pdf_invoice` tinyint(1) unsigned NOT NULL DEFAULT 0,
  `pdf_delivery` tinyint(1) unsigned NOT NULL DEFAULT 0,
  `deleted` tinyint(1) unsigned NOT NULL DEFAULT 0,
  PRIMARY KEY (`id_order_state`),
  KEY `module_name` (`module_name`)
) ENGINE=InnoDB AUTO_INCREMENT=14 DEFAULT CHARSET=utf8;

--
-- Dumping data for table `ps_order_state`
--

INSERT INTO `ps_order_state` VALUES (1,0,1,'ps_checkpayment','#4169E1',1,0,0,0,0,0,0,0,0),(2,1,1,NULL,'#32CD32',1,0,1,0,0,1,1,0,0),(3,1,1,NULL,'#FF8C00',1,0,1,1,0,1,0,0,0),(4,1,1,NULL,'#8A2BE2',1,0,1,1,1,1,0,0,0),(5,1,0,NULL,'#108510',1,0,1,1,1,1,0,0,0),(6,0,1,NULL,'#DC143C',1,0,0,0,0,0,0,0,0),(7,1,1,NULL,'#ec2e15',1,0,0,0,0,0,0,0,0),(8,0,1,NULL,'#8f0621',1,0,0,0,0,0,0,0,0),(9,1,1,NULL,'#FF69B4',1,0,0,0,0,1,0,0,0),(10,0,1,'ps_wirepayment','#4169E1',1,0,0,0,0,0,0,0,0),(11,1,1,NULL,'#32CD32',1,0,1,0,0,1,0,0,0),(12,0,1,NULL,'#FF69B4',1,0,0,0,0,0,0,0,0),(13,0,0,'ps_cashondelivery','#4169E1',1,0,0,0,0,0,0,0,0);

--
-- Table structure for table `ps_order_state_lang`
--

CREATE TABLE `ps_order_state_lang` (
  `id_order_state` int(10) unsigned NOT NULL,
  `id_lang` int(10) unsigned NOT NULL,
  `name` varchar(64) NOT NULL,
  `template` varchar(64) NOT NULL,
  PRIMARY KEY (`id_order_state`,`id_lang`)
) ENGINE=InnoDB DEFAULT CHARSET=utf8;

--
-- Dumping data for table `ps_order_state_lang`
--

INSERT INTO `ps_order_state_lang` VALUES (1,1,'Awaiting check payment','cheque'),(1,2,'En attente du paiement par chèque','cheque'),(1,3,'Scheckzahlung wird erwartet','cheque'),(1,4,'In attesa di assegno','cheque'),(1,5,'En espera de pago por cheque','cheque'),(1,6,'بانتظار الدفع عن طريق شيك','cheque'),(2,1,'Payment accepted','payment'),(2,2,'Paiement accepté','payment'),(2,3,'Zahlung eingegangen','payment'),(2,4,'Pagamento accettato','payment'),(2,5,'Pago aceptado','payment'),(2,6,'تم قبول الدفع','payment'),(3,1,'Processing in progress','preparation'),(3,2,'En cours de préparation','preparation'),(3,3,'Bestellung in Bearbeitung','preparation'),(3,4,'Preparazione in corso','preparation'),(3,5,'Preparación en curso','preparation'),(3,6,'جار المعالجة','preparation'),(4,1,'Shipped','shipped'),(4,2,'Expédié','shipped'),(4,3,'Versand','shipped'),(4,4,'Spedito','shipped'),(4,5,'Enviado','shipped'),(4,6,'تمت عملية الشحن','shipped'),(5,1,'Delivered',''),(5,2,'Livré',''),(5,3,'Bestellung ausgeliefert',''),(5,4,'Consegnato',''),(5,5,'Entregado',''),(5,6,'تم التسليم',''),(6,1,'Canceled','order_canceled'),(6,2,'Annulé','order_canceled'),(6,3,'Bestellung storniert','order_canceled'),(6,4,'Annullato','order_canceled'),(6,5,'Cancelado','order_canceled'),(6,6,'ملغي','order_canceled'),(7,1,'Refunded','refund'),(7,2,'Remboursé','refund'),(7,3,'Erstattet','refund'),(7,4,'Rimborsato','refund'),(7,5,'Reembolsado','refund'),(7,6,'تم الرد','refund'),(8,1,'Payment error','payment_error'),(8,2,'Erreur de paiement','payment_error'),(8,3,'Fehler bei der Bezahlung','payment_error'),(8,4,'Errore di pagamento','payment_error'),(8,5,'Error en pago','payment_error'),(8,6,'خطأ في الدفع','payment_error'),(9,1,'On backorder (paid)','outofstock'),(9,2,'En attente de réapprovisionnement (payé)','outofstock'),(9,3,'Artikel nicht auf Lager (bezahlt)','outofstock'),(9,4,'In attesa di rifornimento','outofstock'),(9,5,'Pedido pendiente por falta de stock (pagado)','outofstock'),(9,6,'تحت الطلب (مدفوع)','outofstock'),(10,1,'Awaiting bank wire payment','bankwire'),(10,2,'En attente de virement bancaire','bankwire'),(10,3,'Warten auf Zahlungseingang Überweisung','bankwire'),(10,4,'In attesa di pagamento con bonifico bancario','bankwire'),(10,5,'En espera de pago por transferencia bancaria','bankwire'),(10,6,'بإنتظار الدفع البنكي','bankwire'),(11,1,'Remote payment accepted','payment'),(11,2,'Paiement à distance accepté','payment'),(11,3,'Zahlung ausserhalb von PrestaShop eingegangen','payment'),(11,4,'Pagamento remoto accettato','payment'),(11,5,'Pago remoto aceptado','payment'),(11,6,'الدفع عن بعد مقبول','payment'),(12,1,'On backorder (not paid)','outofstock'),(12,2,'En attente de réapprovisionnement (non payé)','outofstock'),(12,3,'Artikel nicht auf Lager','outofstock'),(12,4,'In attesa di rifornimento','outofstock'),(12,5,'Pedido pendiente por falta de stock (no pagado)','outofstock'),(12,6,'تحت الطلب (غير مدفوع)','outofstock'),(13,1,'Awaiting Cash On Delivery validation','cashondelivery'),(13,2,'En attente de paiement à la livraison','cashondelivery'),(13,3,'Warten auf Zahlungseingang Nachnahme','cashondelivery'),(13,4,'In attesa verifica contrassegno','cashondelivery'),(13,5,'En espera de validación por contra reembolso.','cashondelivery'),(13,6,'بإنتظار المصادقة على الدفع عند الإستلام','cashondelivery');

--
-- Table structure for table `ps_orders`
--

CREATE TABLE `ps_orders` (
  `id_order` int(10) unsigned NOT NULL AUTO_INCREMENT,
  `reference` varchar(9) DEFAULT NULL,
  `id_shop_group` int(11) unsigned NOT NULL DEFAULT 1,
  `id_shop` int(11) unsigned NOT NULL DEFAULT 1,
  `id_carrier` int(10) unsigned NOT NULL,
  `id_lang` int(10) unsigned NOT NULL,
  `id_customer` int(10) unsigned NOT NULL,
  `id_cart` int(10) unsigned NOT NULL,
  `id_currency` int(10) unsigned NOT NULL,
  `id_address_delivery` int(10) unsigned NOT NULL,
  `id_address_invoice` int(10) unsigned NOT NULL,
  `current_state` int(10) unsigned NOT NULL,
  `secure_key` varchar(32) NOT NULL DEFAULT '-1',
  `payment` varchar(255) NOT NULL,
  `conversion_rate` decimal(13,6) NOT NULL DEFAULT 1.000000,
  `module` varchar(255) DEFAULT NULL,
  `recyclable` tinyint(1) unsigned NOT NULL DEFAULT 0,
  `gift` tinyint(1) unsigned NOT NULL DEFAULT 0,
  `gift_message` text DEFAULT NULL,
  `mobile_theme` tinyint(1) NOT NULL DEFAULT 0,
  `shipping_number` varchar(64) DEFAULT NULL,
  `total_discounts` decimal(20,6) NOT NULL DEFAULT 0.000000,
  `total_discounts_tax_incl` decimal(20,6) NOT NULL DEFAULT 0.000000,
  `total_discounts_tax_excl` decimal(20,6) NOT NULL DEFAULT 0.000000,
  `total_paid` decimal(20,6) NOT NULL DEFAULT 0.000000,
  `total_paid_tax_incl` decimal(20,6) NOT NULL DEFAULT 0.000000,
  `total_paid_tax_excl` decimal(20,6) NOT NULL DEFAULT 0.000000,
  `total_paid_real` decimal(20,6) NOT NULL DEFAULT 0.000000,
  `total_products` decimal(20,6) NOT NULL DEFAULT 0.000000,
  `total_products_wt` decimal(20,6) NOT NULL DEFAULT 0.000000,
  `total_shipping` decimal(20,6) NOT NULL DEFAULT 0.000000,
  `total_shipping_tax_incl` decimal(20,6) NOT NULL DEFAULT 0.000000,
  `total_shipping_tax_excl` decimal(20,6) NOT NULL DEFAULT 0.000000,
  `carrier_tax_rate` decimal(10,3) NOT NULL DEFAULT 0.000,
  `total_wrapping` decimal(20,6) NOT NULL DEFAULT 0.000000,
  `total_wrapping_tax_incl` decimal(20,6) NOT NULL DEFAULT 0.000000,
  `total_wrapping_tax_excl` decimal(20,6) NOT NULL DEFAULT 0.000000,
  `round_mode` tinyint(1) NOT NULL DEFAULT 2,
  `round_type` tinyint(1) NOT NULL DEFAULT 1,
  `invoice_number` int(10) unsigned NOT NULL DEFAULT 0,
  `delivery_number` int(10) unsigned NOT NULL DEFAULT 0,
  `invoice_date` datetime NOT NULL,
  `delivery_date` datetime NOT NULL,
  `valid` int(1) unsigned NOT NULL DEFAULT 0,
  `date_add` datetime NOT NULL,
  `date_upd` datetime NOT NULL,
  PRIMARY KEY (`id_order`),
  KEY `reference` (`reference`),
  KEY `id_customer` (`id_customer`),
  KEY `id_cart` (`id_cart`),
  KEY `invoice_number` (`invoice_number`),
  KEY `id_carrier` (`id_carrier`),
  KEY `id_lang` (`id_lang`),
  KEY `id_currency` (`id_currency`),
  KEY `id_address_delivery` (`id_address_delivery`),
  KEY `id_address_invoice` (`id_address_invoice`),
  KEY `id_shop_group` (`id_shop_group`),
  KEY `current_state` (`current_state`),
  KEY `id_shop` (`id_shop`),
  KEY `date_add` (`date_add`)
) ENGINE=InnoDB AUTO_INCREMENT=37 DEFAULT CHARSET=utf8;

--
-- Dumping data for table `ps_orders`
--

INSERT INTO `ps_orders` VALUES (1,'XKBKNABJK',1,1,2,1,1,1,1,4,4,6,'b44a6d9efd7a0076a0fbce6b15eaf3b1','Payment by check',1.000000,'ps_checkpayment',0,0,NULL,0,NULL,0.000000,0.000000,0.000000,61.800000,61.800000,61.800000,0.000000,59.800000,59.800000,2.000000,2.000000,2.000000,0.000,0.000000,0.000000,0.000000,0,0,0,0,'0000-00-00 00:00:00','0000-00-00 00:00:00',0,'2018-08-01 09:35:02','2018-08-01 09:35:04'),(2,'OHSATSERP',1,1,2,1,1,2,1,4,4,1,'b44a6d9efd7a0076a0fbce6b15eaf3b1','Payment by check',1.000000,'ps_checkpayment',0,0,NULL,0,NULL,0.000000,0.000000,0.000000,69.900000,69.900000,69.900000,0.000000,69.900000,69.900000,0.000000,0.000000,0.000000,0.000,0.000000,0.000000,0.000000,0,0,0,0,'0000-00-00 00:00:00','0000-00-00 00:00:00',0,'2018-08-01 09:35:02','2018-08-01 09:35:04'),(3,'UOYEVOLI',1,1,2,1,1,3,1,4,4,8,'b44a6d9efd7a0076a0fbce6b15eaf3b1','Payment by check',1.000000,'ps_checkpayment',0,0,NULL,0,NULL,0.000000,0.000000,0.000000,14.900000,14.900000,14.900000,0.000000,12.900000,12.900000,2.000000,2.000000,2.000000,0.000,0.000000,0.000000,0.000000,0,0,0,0,'0000-00-00 00:00:00','0000-00-00 00:00:00',0,'2018-08-01 09:35:02','2018-08-01 09:35:04'),(4,'FFATNOMMJ',1,1,2,1,1,4,1,4,4,1,'b44a6d9efd7a0076a0fbce6b15eaf3b1','Payment by check',1.000000,'ps_checkpayment',0,0,NULL,0,NULL,0.000000,0.000000,0.000000,14.900000,14.900000,14.900000,0.000000,12.900000,12.900000,2.000000,2.000000,2.000000,0.000,0.000000,0.000000,0.000000,0,0,0,0,'0000-00-00 00:00:00','0000-00-00 00:00:00',0,'2018-08-01 09:35:02','2018-08-01 09:35:04'),(5,'KHWLILZLL',1,1,2,1,1,5,1,4,4,10,'b44a6d9efd7a0076a0fbce6b15eaf3b1','Bank wire',1.000000,'ps_wirepayment',0,0,NULL,0,NULL,0.000000,0.000000,0.000000,20.900000,20.900000,20.900000,0.000000,18.900000,18.900000,2.000000,2.000000,2.000000,0.000,0.000000,0.000000,0.000000,0,0,0,0,'0000-00-00 00:00:00','0000-00-00 00:00:00',0,'2018-08-01 09:35:02','2018-08-01 09:35:04'),(6,'IZUHARDGD',1,1,2,1,3,51,1,5,5,1,'3f68bdc9e13ad4246803cba2eee7b727','Payments by check',1.000000,'ps_checkpayment',0,0,NULL,0,NULL,0.000000,0.000000,0.000000,30.900000,30.900000,30.900000,0.000000,23.900000,23.900000,7.000000,7.000000,7.000000,0.000,0.000000,0.000000,0.000000,2,2,0,0,'0000-00-00 00:00:00','0000-00-00 00:00:00',0,'2020-08-04 23:09:42','2020-08-04 23:09:43'),(7,'IPEKHUFOJ',1,1,2,1,8,55,1,8,8,10,'c6a155d41aacce08fc9e7a3166daae18','Bank transfer',1.000000,'ps_wirepayment',0,0,'',0,'',0.000000,0.000000,0.000000,54.800000,54.800000,54.800000,0.000000,47.800000,47.800000,7.000000,7.000000,7.000000,0.000,0.000000,0.000000,0.000000,2,2,0,0,'0000-00-00 00:00:00','0000-00-00 00:00:00',0,'2020-08-27 09:53:01','2020-08-27 09:53:01'),(8,'LVCNMOXFZ',1,1,2,1,9,66,1,9,9,10,'b4f74087a4cf7175c440a107aafe791a','Bank transfer',1.000000,'ps_wirepayment',0,0,'',0,'',0.000000,0.000000,0.000000,123.000000,123.000000,123.000000,0.000000,116.000000,116.000000,7.000000,7.000000,7.000000,0.000,0.000000,0.000000,0.000000,2,2,0,0,'0000-00-00 00:00:00','0000-00-00 00:00:00',0,'2020-08-28 14:51:49','2020-08-28 14:51:50'),(9,'FWGWSXQGE',1,1,2,1,10,67,1,10,10,10,'7a3902c36cb9764f625e39a6357225bc','Bank transfer',1.000000,'ps_wirepayment',0,0,'',0,'',0.000000,0.000000,0.000000,42.900000,42.900000,42.900000,0.000000,35.900000,35.900000,7.000000,7.000000,7.000000,0.000,0.000000,0.000000,0.000000,2,2,0,0,'0000-00-00 00:00:00','0000-00-00 00:00:00',0,'2020-08-28 15:38:02','2020-08-28 15:38:02'),(10,'PFXVMWASW',1,1,2,1,11,71,1,11,11,10,'dcd2bb2f6d4aaac8064d85df8ca07037','Bank transfer',1.000000,'ps_wirepayment',0,0,'',0,'',0.000000,0.000000,0.000000,42.900000,42.900000,42.900000,0.000000,35.900000,35.900000,7.000000,7.000000,7.000000,0.000,0.000000,0.000000,0.000000,2,2,0,0,'0000-00-00 00:00:00','0000-00-00 00:00:00',0,'2020-09-03 00:14:57','2020-09-03 00:14:58'),(11,'BDLDIMMST',1,1,2,1,14,91,1,13,13,10,'69fb73acf834e843682dfbe1507cee07','Bank transfer',1.000000,'ps_wirepayment',0,0,'',0,'',0.000000,0.000000,0.000000,18.900000,18.900000,18.900000,0.000000,11.900000,11.900000,7.000000,7.000000,7.000000,0.000,0.000000,0.000000,0.000000,2,2,0,0,'0000-00-00 00:00:00','0000-00-00 00:00:00',0,'2020-10-02 10:37:47','2020-10-02 10:37:47'),(12,'ODXLWPQAS',1,1,2,1,15,111,1,14,14,10,'0a3d55d5389c163047722e93d5e3179d','Bank transfer',1.000000,'ps_wirepayment',0,0,'',0,'',0.000000,0.000000,0.000000,30.900000,30.900000,30.900000,0.000000,23.900000,23.900000,7.000000,7.000000,7.000000,0.000,0.000000,0.000000,0.000000,2,2,0,0,'0000-00-00 00:00:00','0000-00-00 00:00:00',0,'2020-11-18 05:19:51','2020-11-18 05:19:51'),(13,'GUVVPVBRP',1,1,2,5,16,112,1,15,15,10,'5983d0c1749441ba57ac3a0baeadc687','Pagos por transferencia bancaria',1.000000,'ps_wirepayment',0,0,'',0,'',0.000000,0.000000,0.000000,32.140000,32.140000,30.900000,0.000000,23.900000,24.860000,7.280000,7.280000,7.000000,4.000,0.000000,0.000000,0.000000,2,2,0,0,'0000-00-00 00:00:00','0000-00-00 00:00:00',0,'2020-11-20 04:04:10','2020-11-20 04:04:10'),(14,'UAYMYOISE',1,1,2,1,17,113,1,16,16,10,'55992f5dcc514104f968908e20d915b5','Bank transfer',1.000000,'ps_wirepayment',0,0,'',0,'',0.000000,0.000000,0.000000,30.900000,30.900000,30.900000,0.000000,23.900000,23.900000,7.000000,7.000000,7.000000,0.000,0.000000,0.000000,0.000000,2,2,0,0,'0000-00-00 00:00:00','0000-00-00 00:00:00',0,'2020-11-20 09:59:30','2020-11-20 09:59:30'),(15,'GCIIQBFWV',1,1,2,1,22,159,1,19,19,10,'f245f5c4f2530bdb8f23f8e3d0bf3046','Bank transfer',1.000000,'ps_wirepayment',0,0,'',0,'',0.000000,0.000000,0.000000,36.000000,36.000000,36.000000,0.000000,29.000000,29.000000,7.000000,7.000000,7.000000,0.000,0.000000,0.000000,0.000000,2,2,0,0,'0000-00-00 00:00:00','0000-00-00 00:00:00',0,'2021-01-23 04:45:43','2021-01-23 04:45:43'),(16,'TZBLJMUSK',1,1,2,1,29,190,1,24,24,10,'52231144087215601c3c9bcccf777b1c','Bank transfer',1.000000,'ps_wirepayment',0,0,'',0,'',0.000000,0.000000,0.000000,36.000000,36.000000,36.000000,0.000000,29.000000,29.000000,7.000000,7.000000,7.000000,0.000,0.000000,0.000000,0.000000,2,2,0,0,'0000-00-00 00:00:00','0000-00-00 00:00:00',0,'2021-02-27 01:19:06','2021-02-27 01:19:06'),(17,'PJXPFPQKD',1,1,2,1,31,197,1,25,25,10,'f4b99255d05f7073d15ee59e71e041bd','Bank transfer',1.000000,'ps_wirepayment',0,0,'',0,'',0.000000,0.000000,0.000000,30.900000,30.900000,30.900000,0.000000,23.900000,23.900000,7.000000,7.000000,7.000000,0.000,0.000000,0.000000,0.000000,2,2,0,0,'0000-00-00 00:00:00','0000-00-00 00:00:00',0,'2021-03-05 15:32:31','2021-03-05 15:32:32'),(18,'YHZOOPECQ',1,1,2,1,37,219,1,28,28,10,'1e354e332037a65ccbf5ec5c2340ddbd','Bank transfer',1.000000,'ps_wirepayment',0,0,'',0,'',0.000000,0.000000,0.000000,42.900000,42.900000,42.900000,0.000000,35.900000,35.900000,7.000000,7.000000,7.000000,0.000,0.000000,0.000000,0.000000,2,2,0,0,'0000-00-00 00:00:00','0000-00-00 00:00:00',0,'2021-04-08 06:32:48','2021-04-08 06:32:48'),(19,'XBQRDBIRB',1,1,2,1,38,220,1,29,29,1,'46afe633bc0caaeb003d5562d77b5f0c','Payments by check',1.000000,'ps_checkpayment',0,0,'',0,'',0.000000,0.000000,0.000000,18.900000,18.900000,18.900000,0.000000,11.900000,11.900000,7.000000,7.000000,7.000000,0.000,0.000000,0.000000,0.000000,2,2,0,0,'0000-00-00 00:00:00','0000-00-00 00:00:00',0,'2021-04-16 19:29:48','2021-04-16 19:29:48'),(20,'OICQSCLWM',1,1,2,1,41,242,1,30,30,10,'a9327ba88f492018fa3458ace2ab7dc0','Bank transfer',1.000000,'ps_wirepayment',0,0,'',0,'',0.000000,0.000000,0.000000,36.000000,36.000000,36.000000,0.000000,29.000000,29.000000,7.000000,7.000000,7.000000,0.000,0.000000,0.000000,0.000000,2,2,0,0,'0000-00-00 00:00:00','0000-00-00 00:00:00',0,'2021-06-24 16:51:54','2021-06-24 16:51:54'),(21,'GMNOUMIWT',1,1,2,1,43,250,1,31,31,10,'9ce9e1e748ffbcff63f3b2c8d3318cd2','Bank transfer',1.000000,'ps_wirepayment',0,0,'',0,'',0.000000,0.000000,0.000000,42.900000,42.900000,42.900000,0.000000,35.900000,35.900000,7.000000,7.000000,7.000000,0.000,0.000000,0.000000,0.000000,2,2,0,0,'0000-00-00 00:00:00','0000-00-00 00:00:00',0,'2021-07-06 13:21:57','2021-07-06 13:21:57'),(22,'XOJUKBYES',1,1,2,1,45,268,1,33,33,10,'23692069ee52924c695c80e3cc5047ed','Bank transfer',1.000000,'ps_wirepayment',0,0,'',0,'',0.000000,0.000000,0.000000,42.900000,42.900000,42.900000,0.000000,35.900000,35.900000,7.000000,7.000000,7.000000,0.000,0.000000,0.000000,0.000000,2,2,0,0,'0000-00-00 00:00:00','0000-00-00 00:00:00',0,'2021-09-01 22:43:34','2021-09-01 22:43:34'),(23,'GJNEYZPSD',1,1,0,1,49,283,1,34,34,1,'89a5c13737192b8ffa005686f070af58','Payments by check',1.000000,'ps_checkpayment',0,0,'',0,'',0.000000,0.000000,0.000000,9.000000,9.000000,9.000000,0.000000,9.000000,9.000000,0.000000,0.000000,0.000000,0.000,0.000000,0.000000,0.000000,2,2,0,0,'0000-00-00 00:00:00','0000-00-00 00:00:00',0,'2021-09-23 10:38:13','2021-09-23 10:38:13'),(24,'WCELXQDQM',1,1,2,1,49,284,1,34,34,10,'89a5c13737192b8ffa005686f070af58','Bank transfer',1.000000,'ps_wirepayment',0,0,'',0,'',0.000000,0.000000,0.000000,179.600000,179.600000,179.600000,0.000000,172.600000,172.600000,7.000000,7.000000,7.000000,0.000,0.000000,0.000000,0.000000,2,2,0,0,'0000-00-00 00:00:00','0000-00-00 00:00:00',0,'2021-09-23 11:01:42','2021-09-23 11:01:42'),(25,'XSLFJRYFO',1,1,2,1,50,287,1,35,35,10,'5b1e3d3adf50f3205e0ccca985003e2d','Bank transfer',1.000000,'ps_wirepayment',0,0,'',0,'',0.000000,0.000000,0.000000,30.900000,30.900000,30.900000,0.000000,23.900000,23.900000,7.000000,7.000000,7.000000,0.000,0.000000,0.000000,0.000000,2,2,0,0,'0000-00-00 00:00:00','0000-00-00 00:00:00',0,'2021-09-23 11:10:24','2021-09-23 11:10:24'),(26,'MHAHUVWER',1,1,2,1,50,288,1,35,35,1,'5b1e3d3adf50f3205e0ccca985003e2d','Payments by check',1.000000,'ps_checkpayment',0,0,'',0,'',0.000000,0.000000,0.000000,78.700000,78.700000,78.700000,0.000000,71.700000,71.700000,7.000000,7.000000,7.000000,0.000,0.000000,0.000000,0.000000,2,2,0,0,'0000-00-00 00:00:00','0000-00-00 00:00:00',0,'2021-09-24 16:07:51','2021-09-24 16:07:51'),(27,'RACTBHCWY',1,1,2,1,50,289,1,35,35,1,'5b1e3d3adf50f3205e0ccca985003e2d','Payments by check',1.000000,'ps_checkpayment',0,0,'',0,'',0.000000,0.000000,0.000000,78.500000,78.500000,78.500000,0.000000,71.500000,71.500000,7.000000,7.000000,7.000000,0.000,0.000000,0.000000,0.000000,2,2,0,0,'0000-00-00 00:00:00','0000-00-00 00:00:00',0,'2021-09-24 16:14:47','2021-09-24 16:14:48'),(28,'APXPURQIH',1,1,2,1,52,305,1,36,36,10,'446d539106fe16b473652125b180d182','Bank transfer',1.000000,'ps_wirepayment',0,0,'',0,'',0.000000,0.000000,0.000000,42.900000,42.900000,42.900000,0.000000,35.900000,35.900000,7.000000,7.000000,7.000000,0.000,0.000000,0.000000,0.000000,2,2,0,0,'0000-00-00 00:00:00','0000-00-00 00:00:00',0,'2021-10-14 10:49:30','2021-10-14 10:49:31'),(29,'DDNYRTNVD',1,1,2,1,50,290,1,35,35,1,'5b1e3d3adf50f3205e0ccca985003e2d','Payments by check',1.000000,'ps_checkpayment',0,0,'',0,'',0.000000,0.000000,0.000000,213.500000,213.500000,213.500000,0.000000,206.500000,206.500000,7.000000,7.000000,7.000000,0.000,0.000000,0.000000,0.000000,2,2,0,0,'0000-00-00 00:00:00','0000-00-00 00:00:00',0,'2021-10-21 10:11:46','2021-10-21 10:11:46'),(30,'UUHFIOTOD',1,1,2,1,55,331,1,38,38,10,'0ec5f40f126d445c7985a961922a1cd2','Bank transfer',1.000000,'ps_wirepayment',0,0,'',0,'',0.000000,0.000000,0.000000,30.800000,30.800000,30.800000,0.000000,23.800000,23.800000,7.000000,7.000000,7.000000,0.000,0.000000,0.000000,0.000000,2,2,0,0,'0000-00-00 00:00:00','0000-00-00 00:00:00',0,'2021-11-11 07:25:27','2021-11-11 07:25:27'),(31,'REFYPXIYL',1,1,2,1,65,358,1,44,44,1,'603b119ce51e1c653789f1419e072cc8','Payments by check',1.000000,'ps_checkpayment',0,0,'',0,'',0.000000,0.000000,0.000000,18.900000,18.900000,18.900000,0.000000,11.900000,11.900000,7.000000,7.000000,7.000000,0.000,0.000000,0.000000,0.000000,2,2,0,0,'0000-00-00 00:00:00','0000-00-00 00:00:00',0,'2021-12-25 12:04:02','2021-12-25 12:04:03'),(32,'XLBZNZMGT',1,1,2,1,63,370,1,47,47,10,'a40f777351641c24ad6b1a7f0ea56c60','Bank transfer',1.000000,'ps_wirepayment',0,0,'',0,'',0.000000,0.000000,0.000000,152.000000,152.000000,152.000000,0.000000,145.000000,145.000000,7.000000,7.000000,7.000000,0.000,0.000000,0.000000,0.000000,2,2,0,0,'0000-00-00 00:00:00','0000-00-00 00:00:00',0,'2022-01-11 04:34:10','2022-01-11 04:34:10'),(33,'EMOAYNUWJ',1,1,2,1,71,392,1,51,51,10,'0a80ba51a6bdb5a00cb99e0b9645dc50','Bank transfer',1.000000,'ps_wirepayment',0,0,'',0,'',0.000000,0.000000,0.000000,42.800000,42.800000,42.800000,0.000000,35.800000,35.800000,7.000000,7.000000,7.000000,0.000,0.000000,0.000000,0.000000,2,2,0,0,'0000-00-00 00:00:00','0000-00-00 00:00:00',0,'2022-02-09 09:44:35','2022-02-09 09:44:36'),(34,'WVAUHUGUG',1,1,2,1,73,396,1,52,52,10,'9ca643e170fe42412d69187751971f8c','Bank transfer',1.000000,'ps_wirepayment',0,0,'',0,'',0.000000,0.000000,0.000000,293.800000,293.800000,293.800000,0.000000,286.800000,286.800000,7.000000,7.000000,7.000000,0.000,0.000000,0.000000,0.000000,2,2,0,0,'0000-00-00 00:00:00','0000-00-00 00:00:00',0,'2022-02-11 07:07:27','2022-02-11 07:07:27'),(35,'NYNTUCWRV',1,1,2,1,76,413,1,55,55,10,'1c7c4d8ef0c6295e333af5145b912940','Bank transfer',1.000000,'ps_wirepayment',0,0,'',0,'',0.000000,0.000000,0.000000,30.900000,30.900000,30.900000,0.000000,23.900000,23.900000,7.000000,7.000000,7.000000,0.000,0.000000,0.000000,0.000000,2,2,0,0,'0000-00-00 00:00:00','0000-00-00 00:00:00',0,'2022-03-08 08:04:21','2022-03-08 08:04:21'),(36,'JRENTXBWH',1,1,2,1,77,418,1,56,56,1,'7be9c9e2ea5a560f948de2146c20d431','Payments by check',1.000000,'ps_checkpayment',0,0,'',0,'',0.000000,0.000000,0.000000,18.900000,18.900000,18.900000,0.000000,11.900000,11.900000,7.000000,7.000000,7.000000,0.000,0.000000,0.000000,0.000000,2,2,0,0,'0000-00-00 00:00:00','0000-00-00 00:00:00',0,'2022-03-15 09:41:39','2022-03-15 09:41:39');

--
