-- Table structure for table `ps_pack`
--

CREATE TABLE `ps_pack` (
  `id_product_pack` int(10) unsigned NOT NULL,
  `id_product_item` int(10) unsigned NOT NULL,
  `id_product_attribute_item` int(10) unsigned NOT NULL,
  `quantity` int(10) unsigned NOT NULL DEFAULT 1,
  PRIMARY KEY (`id_product_pack`,`id_product_item`,`id_product_attribute_item`),
  KEY `product_item` (`id_product_item`,`id_product_attribute_item`)
) ENGINE=InnoDB DEFAULT CHARSET=utf8;

--
-- Dumping data for table `ps_pack`
--


--
-- Table structure for table `ps_page`
--

CREATE TABLE `ps_page` (
  `id_page` int(10) unsigned NOT NULL AUTO_INCREMENT,
  `id_page_type` int(10) unsigned NOT NULL,
  `id_object` int(10) unsigned DEFAULT NULL,
  PRIMARY KEY (`id_page`),
  KEY `id_page_type` (`id_page_type`),
  KEY `id_object` (`id_object`)
) ENGINE=InnoDB AUTO_INCREMENT=54 DEFAULT CHARSET=utf8;

--
-- Dumping data for table `ps_page`
--

INSERT INTO `ps_page` VALUES (1,1,NULL),(2,2,NULL),(3,3,1),(4,4,NULL),(5,5,NULL),(6,6,NULL),(7,7,NULL),(8,8,NULL),(9,9,NULL),(10,10,NULL),(11,11,NULL),(12,12,NULL),(13,13,9),(14,3,10),(15,3,3),(16,14,7),(17,15,NULL),(18,13,10),(19,3,12),(20,13,8),(21,13,0),(22,13,5),(23,3,11),(24,14,3),(25,14,0),(26,16,NULL),(27,14,5),(28,3,2),(29,13,6),(30,13,3),(31,3,4),(32,13,4),(33,14,8),(34,14,6),(35,14,4),(36,3,7),(37,3,9),(38,3,8),(39,3,5),(40,13,2),(41,13,7),(42,14,2),(43,17,NULL),(44,3,6),(45,18,NULL),(46,19,NULL),(47,20,NULL),(48,14,1),(49,21,NULL),(50,22,NULL),(51,23,0),(52,24,NULL),(53,25,NULL);

--
-- Table structure for table `ps_page_type`
--

CREATE TABLE `ps_page_type` (
  `id_page_type` int(10) unsigned NOT NULL AUTO_INCREMENT,
  `name` varchar(255) NOT NULL,
  PRIMARY KEY (`id_page_type`),
  KEY `name` (`name`)
) ENGINE=InnoDB AUTO_INCREMENT=26 DEFAULT CHARSET=utf8;

--
-- Dumping data for table `ps_page_type`
--

INSERT INTO `ps_page_type` VALUES (5,'add'),(7,'ajax'),(16,'appagebuilderhome'),(15,'authentication'),(11,'blog'),(9,'cart'),(13,'category'),(6,'cms'),(20,'contact'),(25,'guesttracking'),(1,'index'),(12,'list'),(14,'manufacturer'),(18,'newproducts'),(23,'order'),(10,'orderconfirmation'),(2,'pagenotfound'),(22,'password'),(24,'pricesdrop'),(3,'product'),(17,'productscompare'),(4,'search'),(8,'sitemap'),(21,'stores'),(19,'supplier');

--
-- Table structure for table `ps_page_viewed`
--

CREATE TABLE `ps_page_viewed` (
  `id_page` int(10) unsigned NOT NULL,
  `id_shop_group` int(10) unsigned NOT NULL DEFAULT 1,
  `id_shop` int(10) unsigned NOT NULL DEFAULT 1,
  `id_date_range` int(10) unsigned NOT NULL,
  `counter` int(10) unsigned NOT NULL,
  PRIMARY KEY (`id_page`,`id_date_range`,`id_shop`)
) ENGINE=InnoDB DEFAULT CHARSET=utf8;

--
-- Dumping data for table `ps_page_viewed`
--


--
-- Table structure for table `ps_pagenotfound`
--

CREATE TABLE `ps_pagenotfound` (
  `id_pagenotfound` int(10) unsigned NOT NULL AUTO_INCREMENT,
  `id_shop` int(10) unsigned NOT NULL DEFAULT 1,
  `id_shop_group` int(10) unsigned NOT NULL DEFAULT 1,
  `request_uri` varchar(256) NOT NULL,
  `http_referer` varchar(256) NOT NULL,
  `date_add` datetime NOT NULL,
  PRIMARY KEY (`id_pagenotfound`),
  KEY `date_add` (`date_add`)
) ENGINE=InnoDB DEFAULT CHARSET=utf8;

--
-- Dumping data for table `ps_pagenotfound`
--


--
-- Table structure for table `ps_product`
--

CREATE TABLE `ps_product` (
  `id_product` int(10) unsigned NOT NULL AUTO_INCREMENT,
  `id_supplier` int(10) unsigned DEFAULT NULL,
  `id_manufacturer` int(10) unsigned DEFAULT NULL,
  `id_category_default` int(10) unsigned DEFAULT NULL,
  `id_shop_default` int(10) unsigned NOT NULL DEFAULT 1,
  `id_tax_rules_group` int(11) unsigned NOT NULL,
  `on_sale` tinyint(1) unsigned NOT NULL DEFAULT 0,
  `online_only` tinyint(1) unsigned NOT NULL DEFAULT 0,
  `ean13` varchar(13) DEFAULT NULL,
  `isbn` varchar(32) DEFAULT NULL,
  `upc` varchar(12) DEFAULT NULL,
  `ecotax` decimal(17,6) NOT NULL DEFAULT 0.000000,
  `quantity` int(10) NOT NULL DEFAULT 0,
  `minimal_quantity` int(10) unsigned NOT NULL DEFAULT 1,
  `low_stock_threshold` int(10) DEFAULT NULL,
  `low_stock_alert` tinyint(1) NOT NULL DEFAULT 0,
  `price` decimal(20,6) NOT NULL DEFAULT 0.000000,
  `wholesale_price` decimal(20,6) NOT NULL DEFAULT 0.000000,
  `unity` varchar(255) DEFAULT NULL,
  `unit_price_ratio` decimal(20,6) NOT NULL DEFAULT 0.000000,
  `additional_shipping_cost` decimal(20,2) NOT NULL DEFAULT 0.00,
  `reference` varchar(64) DEFAULT NULL,
  `supplier_reference` varchar(32) DEFAULT NULL,
  `location` varchar(64) DEFAULT NULL,
  `width` decimal(20,6) NOT NULL DEFAULT 0.000000,
  `height` decimal(20,6) NOT NULL DEFAULT 0.000000,
  `depth` decimal(20,6) NOT NULL DEFAULT 0.000000,
  `weight` decimal(20,6) NOT NULL DEFAULT 0.000000,
  `out_of_stock` int(10) unsigned NOT NULL DEFAULT 2,
  `additional_delivery_times` tinyint(1) unsigned NOT NULL DEFAULT 1,
  `quantity_discount` tinyint(1) DEFAULT 0,
  `customizable` tinyint(2) NOT NULL DEFAULT 0,
  `uploadable_files` tinyint(4) NOT NULL DEFAULT 0,
  `text_fields` tinyint(4) NOT NULL DEFAULT 0,
  `active` tinyint(1) unsigned NOT NULL DEFAULT 0,
  `redirect_type` enum('','404','301-product','302-product','301-category','302-category') NOT NULL DEFAULT '',
  `id_type_redirected` int(10) unsigned NOT NULL DEFAULT 0,
  `available_for_order` tinyint(1) NOT NULL DEFAULT 1,
  `available_date` date DEFAULT NULL,
  `show_condition` tinyint(1) NOT NULL DEFAULT 0,
  `condition` enum('new','used','refurbished') NOT NULL DEFAULT 'new',
  `show_price` tinyint(1) NOT NULL DEFAULT 1,
  `indexed` tinyint(1) NOT NULL DEFAULT 0,
  `visibility` enum('both','catalog','search','none') NOT NULL DEFAULT 'both',
  `cache_is_pack` tinyint(1) NOT NULL DEFAULT 0,
  `cache_has_attachments` tinyint(1) NOT NULL DEFAULT 0,
  `is_virtual` tinyint(1) NOT NULL DEFAULT 0,
  `cache_default_attribute` int(10) unsigned DEFAULT NULL,
  `date_add` datetime NOT NULL,
  `date_upd` datetime NOT NULL,
  `advanced_stock_management` tinyint(1) NOT NULL DEFAULT 0,
  `pack_stock_type` int(11) unsigned NOT NULL DEFAULT 3,
  `state` int(11) unsigned NOT NULL DEFAULT 1,
  PRIMARY KEY (`id_product`),
  KEY `product_supplier` (`id_supplier`),
  KEY `product_manufacturer` (`id_manufacturer`,`id_product`),
  KEY `id_category_default` (`id_category_default`),
  KEY `indexed` (`indexed`),
  KEY `date_add` (`date_add`),
  KEY `state` (`state`,`date_upd`)
) ENGINE=InnoDB AUTO_INCREMENT=13 DEFAULT CHARSET=utf8;

--
-- Dumping data for table `ps_product`
--

INSERT INTO `ps_product` VALUES (1,0,1,6,1,1,0,0,NULL,NULL,NULL,0.000000,0,1,NULL,0,23.900000,0.000000,NULL,0.000000,0.00,'demo_1',NULL,NULL,0.000000,0.000000,0.000000,0.000000,2,1,0,0,0,0,1,'404',0,1,'0000-00-00',0,'new',1,1,'both',0,0,0,1,'2018-08-01 09:34:35','2020-08-03 22:15:37',0,3,1),(2,0,1,2,1,1,0,0,NULL,NULL,NULL,0.000000,0,1,NULL,0,35.900000,0.000000,NULL,0.000000,0.00,'demo_3',NULL,NULL,0.000000,0.000000,0.000000,0.000000,2,1,0,0,0,0,1,'404',0,1,'0000-00-00',0,'new',1,1,'both',0,0,0,9,'2018-08-01 09:34:35','2020-08-03 22:15:50',0,3,1),(3,0,2,9,1,1,0,0,NULL,NULL,NULL,0.000000,0,1,NULL,0,29.000000,0.000000,NULL,0.000000,0.00,'demo_6',NULL,NULL,0.000000,0.000000,0.000000,0.000000,2,1,0,0,0,0,1,'404',0,1,'0000-00-00',0,'new',1,1,'both',0,0,0,13,'2018-08-01 09:34:35','2020-08-03 22:16:09',0,3,1),(4,0,2,2,1,1,0,0,NULL,NULL,NULL,0.000000,0,1,NULL,0,29.000000,0.000000,NULL,0.000000,0.00,'demo_5',NULL,NULL,0.000000,0.000000,0.000000,0.000000,2,1,0,0,0,0,1,'404',0,1,'0000-00-00',0,'new',1,1,'both',0,0,0,16,'2018-08-01 09:34:36','2020-08-03 22:16:18',0,3,1),(5,0,2,9,1,1,0,0,NULL,NULL,NULL,0.000000,0,1,NULL,0,29.000000,0.000000,NULL,0.000000,0.00,'demo_7',NULL,NULL,0.000000,0.000000,0.000000,0.000000,2,1,0,0,0,0,1,'404',0,1,'0000-00-00',0,'new',1,1,'both',0,0,0,19,'2018-08-01 09:34:36','2020-08-03 22:16:38',0,3,1),(6,0,1,8,1,1,0,0,NULL,NULL,NULL,0.000000,0,1,NULL,0,11.900000,0.000000,NULL,0.000000,0.00,'demo_11',NULL,NULL,0.000000,0.000000,0.000000,0.000000,2,1,0,0,0,0,1,'404',0,1,'0000-00-00',0,'new',1,1,'both',0,0,0,0,'2018-08-01 09:34:36','2020-08-03 22:16:49',0,3,1),(7,0,1,8,1,1,0,0,NULL,NULL,NULL,0.000000,0,1,NULL,0,11.900000,0.000000,NULL,0.000000,0.00,'demo_12',NULL,NULL,0.000000,0.000000,0.000000,0.000000,2,1,0,0,0,0,1,'404',0,1,'0000-00-00',0,'new',1,1,'both',0,0,0,0,'2018-08-01 09:34:36','2020-08-03 22:17:00',0,3,1),(8,0,1,2,1,1,0,0,NULL,NULL,NULL,0.000000,0,1,NULL,0,11.900000,0.000000,NULL,0.000000,0.00,'demo_13',NULL,NULL,0.000000,0.000000,0.000000,0.000000,2,1,0,0,0,0,1,'404',0,1,'0000-00-00',0,'new',1,1,'both',0,0,0,0,'2018-08-01 09:34:36','2020-08-03 22:17:10',0,3,1),(9,0,1,8,1,1,0,0,NULL,NULL,NULL,0.000000,0,1,NULL,0,18.900000,0.000000,NULL,0.000000,0.00,'demo_15',NULL,NULL,0.000000,0.000000,0.000000,0.000000,2,1,0,0,0,0,1,'404',0,1,'0000-00-00',0,'new',1,1,'both',0,0,0,22,'2018-08-01 09:34:37','2020-08-03 22:17:26',0,3,1),(10,0,1,8,1,1,0,0,NULL,NULL,NULL,0.000000,0,1,NULL,0,18.900000,0.000000,NULL,0.000000,0.00,'demo_16',NULL,NULL,0.000000,0.000000,0.000000,0.000000,2,1,0,0,0,0,1,'404',0,1,'0000-00-00',0,'new',1,1,'both',0,0,0,24,'2018-08-01 09:34:37','2020-08-03 22:07:53',0,3,1),(11,0,1,8,1,1,0,0,NULL,NULL,NULL,0.000000,0,1,NULL,0,18.900000,0.000000,NULL,0.000000,0.00,'demo_17',NULL,NULL,0.000000,0.000000,0.000000,0.000000,2,1,0,0,0,0,1,'404',0,1,'0000-00-00',0,'new',1,1,'both',0,0,0,26,'2018-08-01 09:34:37','2020-08-03 22:17:43',0,3,1),(12,0,2,9,1,1,0,0,NULL,NULL,NULL,0.000000,0,1,NULL,0,9.000000,0.000000,NULL,0.000000,0.00,'demo_18',NULL,NULL,0.000000,0.000000,0.000000,0.000000,2,1,0,0,0,0,1,'404',0,1,'0000-00-00',0,'new',1,1,'both',0,0,1,0,'2018-08-01 09:34:37','2020-08-03 22:17:54',0,3,1);

--
-- Table structure for table `ps_product_attachment`
--

CREATE TABLE `ps_product_attachment` (
  `id_product` int(10) unsigned NOT NULL,
  `id_attachment` int(10) unsigned NOT NULL,
  PRIMARY KEY (`id_product`,`id_attachment`)
) ENGINE=InnoDB DEFAULT CHARSET=utf8;

--
-- Dumping data for table `ps_product_attachment`
--


--
-- Table structure for table `ps_product_attribute`
--

CREATE TABLE `ps_product_attribute` (
  `id_product_attribute` int(10) unsigned NOT NULL AUTO_INCREMENT,
  `id_product` int(10) unsigned NOT NULL,
  `reference` varchar(64) DEFAULT NULL,
  `supplier_reference` varchar(64) DEFAULT NULL,
  `location` varchar(64) DEFAULT NULL,
  `ean13` varchar(13) DEFAULT NULL,
  `isbn` varchar(32) DEFAULT NULL,
  `upc` varchar(12) DEFAULT NULL,
  `wholesale_price` decimal(20,6) NOT NULL DEFAULT 0.000000,
  `price` decimal(20,6) NOT NULL DEFAULT 0.000000,
  `ecotax` decimal(17,6) NOT NULL DEFAULT 0.000000,
  `quantity` int(10) NOT NULL DEFAULT 0,
  `weight` decimal(20,6) NOT NULL DEFAULT 0.000000,
  `unit_price_impact` decimal(20,6) NOT NULL DEFAULT 0.000000,
  `default_on` tinyint(1) unsigned DEFAULT NULL,
  `minimal_quantity` int(10) unsigned NOT NULL DEFAULT 1,
  `low_stock_threshold` int(10) DEFAULT NULL,
  `low_stock_alert` tinyint(1) NOT NULL DEFAULT 0,
  `available_date` date DEFAULT NULL,
  PRIMARY KEY (`id_product_attribute`),
  UNIQUE KEY `product_default` (`id_product`,`default_on`),
  KEY `product_attribute_product` (`id_product`),
  KEY `reference` (`reference`),
  KEY `supplier_reference` (`supplier_reference`),
  KEY `id_product_id_product_attribute` (`id_product_attribute`,`id_product`)
) ENGINE=InnoDB AUTO_INCREMENT=28 DEFAULT CHARSET=utf8;

--
-- Dumping data for table `ps_product_attribute`
--

INSERT INTO `ps_product_attribute` VALUES (1,1,'demo_1',NULL,NULL,NULL,NULL,NULL,0.000000,0.000000,0.000000,300,0.000000,0.000000,1,1,NULL,0,'0000-00-00'),(2,1,'demo_1',NULL,NULL,NULL,NULL,NULL,0.000000,0.000000,0.000000,300,0.000000,0.000000,NULL,1,NULL,0,'0000-00-00'),(3,1,'demo_1',NULL,NULL,NULL,NULL,NULL,0.000000,0.000000,0.000000,300,0.000000,0.000000,NULL,1,NULL,0,'0000-00-00'),(4,1,'demo_1',NULL,NULL,NULL,NULL,NULL,0.000000,0.000000,0.000000,300,0.000000,0.000000,NULL,1,NULL,0,'0000-00-00'),(5,1,'demo_1',NULL,NULL,NULL,NULL,NULL,0.000000,0.000000,0.000000,300,0.000000,0.000000,NULL,1,NULL,0,'0000-00-00'),(6,1,'demo_1',NULL,NULL,NULL,NULL,NULL,0.000000,0.000000,0.000000,300,0.000000,0.000000,NULL,1,NULL,0,'0000-00-00'),(7,1,'demo_1',NULL,NULL,NULL,NULL,NULL,0.000000,0.000000,0.000000,300,0.000000,0.000000,NULL,1,NULL,0,'0000-00-00'),(8,1,'demo_1',NULL,NULL,NULL,NULL,NULL,0.000000,0.000000,0.000000,300,0.000000,0.000000,NULL,1,NULL,0,'0000-00-00'),(9,2,'demo_3',NULL,NULL,NULL,NULL,NULL,0.000000,0.000000,0.000000,300,0.000000,0.000000,1,1,NULL,0,'0000-00-00'),(10,2,'demo_3',NULL,NULL,NULL,NULL,NULL,0.000000,0.000000,0.000000,300,0.000000,0.000000,NULL,1,NULL,0,'0000-00-00'),(11,2,'demo_3',NULL,NULL,NULL,NULL,NULL,0.000000,0.000000,0.000000,300,0.000000,0.000000,NULL,1,NULL,0,'0000-00-00'),(12,2,'demo_3',NULL,NULL,NULL,NULL,NULL,0.000000,0.000000,0.000000,300,0.000000,0.000000,NULL,1,NULL,0,'0000-00-00'),(13,3,'demo_6',NULL,NULL,NULL,NULL,NULL,0.000000,0.000000,0.000000,0,0.000000,0.000000,1,1,NULL,0,'0000-00-00'),(14,3,'demo_6',NULL,NULL,NULL,NULL,NULL,0.000000,0.000000,0.000000,0,0.000000,0.000000,NULL,1,NULL,0,'0000-00-00'),(15,3,'demo_6',NULL,NULL,NULL,NULL,NULL,0.000000,0.000000,0.000000,0,0.000000,0.000000,NULL,1,NULL,0,'0000-00-00'),(16,4,'demo_5',NULL,NULL,NULL,NULL,NULL,0.000000,0.000000,0.000000,300,0.000000,0.000000,1,1,NULL,0,'0000-00-00'),(17,4,'demo_5',NULL,NULL,NULL,NULL,NULL,0.000000,0.000000,0.000000,300,0.000000,0.000000,NULL,1,NULL,0,'0000-00-00'),(18,4,'demo_5',NULL,NULL,NULL,NULL,NULL,0.000000,0.000000,0.000000,300,0.000000,0.000000,NULL,1,NULL,0,'0000-00-00'),(19,5,'demo_7',NULL,NULL,NULL,NULL,NULL,0.000000,0.000000,0.000000,300,0.000000,0.000000,1,1,NULL,0,'0000-00-00'),(20,5,'demo_7',NULL,NULL,NULL,NULL,NULL,0.000000,0.000000,0.000000,300,0.000000,0.000000,NULL,1,NULL,0,'0000-00-00'),(21,5,'demo_7',NULL,NULL,NULL,NULL,NULL,0.000000,0.000000,0.000000,300,0.000000,0.000000,NULL,1,NULL,0,'0000-00-00'),(22,9,'demo_15',NULL,NULL,NULL,NULL,NULL,0.000000,0.000000,0.000000,0,0.000000,0.000000,1,1,NULL,0,'0000-00-00'),(23,9,'demo_15',NULL,NULL,NULL,NULL,NULL,0.000000,0.000000,0.000000,0,0.000000,0.000000,NULL,1,NULL,0,'0000-00-00'),(24,10,'demo_16',NULL,NULL,NULL,NULL,NULL,0.000000,0.000000,0.000000,300,0.000000,0.000000,1,1,NULL,0,'0000-00-00'),(25,10,'demo_16',NULL,NULL,NULL,NULL,NULL,0.000000,0.000000,0.000000,300,0.000000,0.000000,NULL,1,NULL,0,'0000-00-00'),(26,11,'demo_17',NULL,NULL,NULL,NULL,NULL,0.000000,0.000000,0.000000,300,0.000000,0.000000,1,1,NULL,0,'0000-00-00'),(27,11,'demo_17',NULL,NULL,NULL,NULL,NULL,0.000000,0.000000,0.000000,300,0.000000,0.000000,NULL,1,NULL,0,'0000-00-00');

--
-- Table structure for table `ps_product_attribute_combination`
--

CREATE TABLE `ps_product_attribute_combination` (
  `id_attribute` int(10) unsigned NOT NULL,
  `id_product_attribute` int(10) unsigned NOT NULL,
  PRIMARY KEY (`id_attribute`,`id_product_attribute`),
  KEY `id_product_attribute` (`id_product_attribute`)
) ENGINE=InnoDB DEFAULT CHARSET=utf8;

--
-- Dumping data for table `ps_product_attribute_combination`
--

INSERT INTO `ps_product_attribute_combination` VALUES (1,1),(1,2),(1,9),(2,3),(2,4),(2,10),(3,5),(3,6),(3,11),(4,7),(4,8),(4,12),(8,1),(8,3),(8,5),(8,7),(8,22),(8,24),(8,26),(11,2),(11,4),(11,6),(11,8),(11,23),(11,25),(11,27),(19,13),(19,16),(19,19),(20,14),(20,17),(20,20),(21,15),(21,18),(21,21);

--
-- Table structure for table `ps_product_attribute_image`
--

CREATE TABLE `ps_product_attribute_image` (
  `id_product_attribute` int(10) unsigned NOT NULL,
  `id_image` int(10) unsigned NOT NULL,
  PRIMARY KEY (`id_product_attribute`,`id_image`),
  KEY `id_image` (`id_image`)
) ENGINE=InnoDB DEFAULT CHARSET=utf8;

--
-- Dumping data for table `ps_product_attribute_image`
--

INSERT INTO `ps_product_attribute_image` VALUES (1,24),(1,25),(1,26),(1,27),(1,28),(1,29);

--
-- Table structure for table `ps_product_attribute_shop`
--

CREATE TABLE `ps_product_attribute_shop` (
  `id_product` int(10) unsigned NOT NULL,
  `id_product_attribute` int(10) unsigned NOT NULL,
  `id_shop` int(10) unsigned NOT NULL,
  `wholesale_price` decimal(20,6) NOT NULL DEFAULT 0.000000,
  `price` decimal(20,6) NOT NULL DEFAULT 0.000000,
  `ecotax` decimal(17,6) NOT NULL DEFAULT 0.000000,
  `weight` decimal(20,6) NOT NULL DEFAULT 0.000000,
  `unit_price_impact` decimal(20,6) NOT NULL DEFAULT 0.000000,
  `default_on` tinyint(1) unsigned DEFAULT NULL,
  `minimal_quantity` int(10) unsigned NOT NULL DEFAULT 1,
  `low_stock_threshold` int(10) DEFAULT NULL,
  `low_stock_alert` tinyint(1) NOT NULL DEFAULT 0,
  `available_date` date DEFAULT NULL,
  PRIMARY KEY (`id_product_attribute`,`id_shop`),
  UNIQUE KEY `id_product` (`id_product`,`id_shop`,`default_on`)
) ENGINE=InnoDB DEFAULT CHARSET=utf8;

--
-- Dumping data for table `ps_product_attribute_shop`
--

INSERT INTO `ps_product_attribute_shop` VALUES (1,1,1,0.000000,0.000000,0.000000,0.000000,0.000000,1,1,NULL,0,'0000-00-00'),(1,2,1,0.000000,0.000000,0.000000,0.000000,0.000000,NULL,1,NULL,0,'0000-00-00'),(1,3,1,0.000000,0.000000,0.000000,0.000000,0.000000,NULL,1,NULL,0,'0000-00-00'),(1,4,1,0.000000,0.000000,0.000000,0.000000,0.000000,NULL,1,NULL,0,'0000-00-00'),(1,5,1,0.000000,0.000000,0.000000,0.000000,0.000000,NULL,1,NULL,0,'0000-00-00'),(1,6,1,0.000000,0.000000,0.000000,0.000000,0.000000,NULL,1,NULL,0,'0000-00-00'),(1,7,1,0.000000,0.000000,0.000000,0.000000,0.000000,NULL,1,NULL,0,'0000-00-00'),(1,8,1,0.000000,0.000000,0.000000,0.000000,0.000000,NULL,1,NULL,0,'0000-00-00'),(2,9,1,0.000000,0.000000,0.000000,0.000000,0.000000,1,1,NULL,0,'0000-00-00'),(2,10,1,0.000000,0.000000,0.000000,0.000000,0.000000,NULL,1,NULL,0,'0000-00-00'),(2,11,1,0.000000,0.000000,0.000000,0.000000,0.000000,NULL,1,NULL,0,'0000-00-00'),(2,12,1,0.000000,0.000000,0.000000,0.000000,0.000000,NULL,1,NULL,0,'0000-00-00'),(3,13,1,0.000000,0.000000,0.000000,0.000000,0.000000,1,1,NULL,0,'0000-00-00'),(3,14,1,0.000000,0.000000,0.000000,0.000000,0.000000,NULL,1,NULL,0,'0000-00-00'),(3,15,1,0.000000,0.000000,0.000000,0.000000,0.000000,NULL,1,NULL,0,'0000-00-00'),(4,16,1,0.000000,0.000000,0.000000,0.000000,0.000000,1,1,NULL,0,'0000-00-00'),(4,17,1,0.000000,0.000000,0.000000,0.000000,0.000000,NULL,1,NULL,0,'0000-00-00'),(4,18,1,0.000000,0.000000,0.000000,0.000000,0.000000,NULL,1,NULL,0,'0000-00-00'),(5,19,1,0.000000,0.000000,0.000000,0.000000,0.000000,1,1,NULL,0,'0000-00-00'),(5,20,1,0.000000,0.000000,0.000000,0.000000,0.000000,NULL,1,NULL,0,'0000-00-00'),(5,21,1,0.000000,0.000000,0.000000,0.000000,0.000000,NULL,1,NULL,0,'0000-00-00'),(9,22,1,0.000000,0.000000,0.000000,0.000000,0.000000,1,1,NULL,0,'0000-00-00'),(9,23,1,0.000000,0.000000,0.000000,0.000000,0.000000,NULL,1,NULL,0,'0000-00-00'),(10,24,1,0.000000,0.000000,0.000000,0.000000,0.000000,1,1,NULL,0,'0000-00-00'),(10,25,1,0.000000,0.000000,0.000000,0.000000,0.000000,NULL,1,NULL,0,'0000-00-00'),(11,26,1,0.000000,0.000000,0.000000,0.000000,0.000000,1,1,NULL,0,'0000-00-00'),(11,27,1,0.000000,0.000000,0.000000,0.000000,0.000000,NULL,1,NULL,0,'0000-00-00');

--
-- Table structure for table `ps_product_carrier`
--

CREATE TABLE `ps_product_carrier` (
  `id_product` int(10) unsigned NOT NULL,
  `id_carrier_reference` int(10) unsigned NOT NULL,
  `id_shop` int(10) unsigned NOT NULL,
  PRIMARY KEY (`id_product`,`id_carrier_reference`,`id_shop`)
) ENGINE=InnoDB DEFAULT CHARSET=utf8;

--
-- Dumping data for table `ps_product_carrier`
--


--
-- Table structure for table `ps_product_country_tax`
--

CREATE TABLE `ps_product_country_tax` (
  `id_product` int(11) NOT NULL,
  `id_country` int(11) NOT NULL,
  `id_tax` int(11) NOT NULL,
  PRIMARY KEY (`id_product`,`id_country`)
) ENGINE=InnoDB DEFAULT CHARSET=utf8;

--
-- Dumping data for table `ps_product_country_tax`
--


--
-- Table structure for table `ps_product_download`
--

CREATE TABLE `ps_product_download` (
  `id_product_download` int(10) unsigned NOT NULL AUTO_INCREMENT,
  `id_product` int(10) unsigned NOT NULL,
  `display_filename` varchar(255) DEFAULT NULL,
  `filename` varchar(255) DEFAULT NULL,
  `date_add` datetime NOT NULL,
  `date_expiration` datetime DEFAULT NULL,
  `nb_days_accessible` int(10) unsigned DEFAULT NULL,
  `nb_downloadable` int(10) unsigned DEFAULT 1,
  `active` tinyint(1) unsigned NOT NULL DEFAULT 1,
  `is_shareable` tinyint(1) unsigned NOT NULL DEFAULT 0,
  PRIMARY KEY (`id_product_download`)
) ENGINE=InnoDB DEFAULT CHARSET=utf8;

--
-- Dumping data for table `ps_product_download`
--


--
-- Table structure for table `ps_product_group_reduction_cache`
--

CREATE TABLE `ps_product_group_reduction_cache` (
  `id_product` int(10) unsigned NOT NULL,
  `id_group` int(10) unsigned NOT NULL,
  `reduction` decimal(4,3) NOT NULL,
  PRIMARY KEY (`id_product`,`id_group`)
) ENGINE=InnoDB DEFAULT CHARSET=utf8;

--
-- Dumping data for table `ps_product_group_reduction_cache`
--


--
-- Table structure for table `ps_product_lang`
--

CREATE TABLE `ps_product_lang` (
  `id_product` int(10) unsigned NOT NULL,
  `id_shop` int(11) unsigned NOT NULL DEFAULT 1,
  `id_lang` int(10) unsigned NOT NULL,
  `description` text DEFAULT NULL,
  `description_short` text DEFAULT NULL,
  `link_rewrite` varchar(128) NOT NULL,
  `meta_description` varchar(512) DEFAULT NULL,
  `meta_keywords` varchar(255) DEFAULT NULL,
  `meta_title` varchar(128) DEFAULT NULL,
  `name` varchar(128) NOT NULL,
  `available_now` varchar(255) DEFAULT NULL,
  `available_later` varchar(255) DEFAULT NULL,
  `delivery_in_stock` varchar(255) DEFAULT NULL,
  `delivery_out_stock` varchar(255) DEFAULT NULL,
  PRIMARY KEY (`id_product`,`id_shop`,`id_lang`),
  KEY `id_lang` (`id_lang`),
  KEY `name` (`name`)
) ENGINE=InnoDB DEFAULT CHARSET=utf8;

--
-- Dumping data for table `ps_product_lang`
--

INSERT INTO `ps_product_lang` VALUES (1,1,1,'<p><span style=\"font-size:10pt;font-family:Arial;font-style:normal;\"><span style=\"font-size:10pt;font-family:Arial;font-style:normal;color:#efefef;\">Symbol of lightness and delicacy, the hummingbird evokes curiosity and joy.</span><span style=\"font-size:10pt;font-family:Arial;font-style:normal;\"> Studio Design\' PolyFaune collection features classic products with colorful patterns, inspired by the traditional japanese origamis. To wear with a chino or jeans. The sublimation textile printing process provides an exceptional color rendering and a color, guaranteed overtime.</span></span></p>','<h4>Description</h4>\r\n<p>They don’t want us to eat. Surround yourself with angels, positive energy, beautiful people, beautiful souls, clean heart, angel. You see the hedges, how I got it shaped up? It’s important to shape up your hedges, it’s like getting a haircut, stay fresh.</p>','hummingbird-printed-t-shirt',NULL,NULL,NULL,'Ferrari SP38',NULL,NULL,NULL,NULL),(1,1,2,'<p><span style=\"font-size:10pt;font-family:Arial;font-style:normal;\"><span style=\"font-size:10pt;font-family:Arial;font-style:normal;color:#efefef;\">Symbol of lightness and delicacy, the hummingbird evokes curiosity and joy.</span><span style=\"font-size:10pt;font-family:Arial;font-style:normal;\"> Studio Design\' PolyFaune collection features classic products with colorful patterns, inspired by the traditional japanese origamis. To wear with a chino or jeans. The sublimation textile printing process provides an exceptional color rendering and a color, guaranteed overtime.</span></span></p>','<h4>Description</h4>\r\n<p>They don’t want us to eat. Surround yourself with angels, positive energy, beautiful people, beautiful souls, clean heart, angel. You see the hedges, how I got it shaped up? It’s important to shape up your hedges, it’s like getting a haircut, stay fresh.</p>','hummingbird-printed-t-shirt',NULL,NULL,NULL,'Ferrari SP38',NULL,NULL,NULL,NULL),(1,1,3,'<p><span style=\"font-size:10pt;font-family:Arial;font-style:normal;\"><span style=\"font-size:10pt;font-family:Arial;font-style:normal;color:#efefef;\">Symbol of lightness and delicacy, the hummingbird evokes curiosity and joy.</span><span style=\"font-size:10pt;font-family:Arial;font-style:normal;\"> Studio Design\' PolyFaune collection features classic products with colorful patterns, inspired by the traditional japanese origamis. To wear with a chino or jeans. The sublimation textile printing process provides an exceptional color rendering and a color, guaranteed overtime.</span></span></p>','<h4>Description</h4>\r\n<p>They don’t want us to eat. Surround yourself with angels, positive energy, beautiful people, beautiful souls, clean heart, angel. You see the hedges, how I got it shaped up? It’s important to shape up your hedges, it’s like getting a haircut, stay fresh.</p>','hummingbird-printed-t-shirt',NULL,NULL,NULL,'Ferrari SP38',NULL,NULL,NULL,NULL),(1,1,4,'<p><span style=\"font-size:10pt;font-family:Arial;font-style:normal;\"><span style=\"font-size:10pt;font-family:Arial;font-style:normal;color:#efefef;\">Symbol of lightness and delicacy, the hummingbird evokes curiosity and joy.</span><span style=\"font-size:10pt;font-family:Arial;font-style:normal;\"> Studio Design\' PolyFaune collection features classic products with colorful patterns, inspired by the traditional japanese origamis. To wear with a chino or jeans. The sublimation textile printing process provides an exceptional color rendering and a color, guaranteed overtime.</span></span></p>','<h4>Description</h4>\r\n<p>They don’t want us to eat. Surround yourself with angels, positive energy, beautiful people, beautiful souls, clean heart, angel. You see the hedges, how I got it shaped up? It’s important to shape up your hedges, it’s like getting a haircut, stay fresh.</p>','hummingbird-printed-t-shirt',NULL,NULL,NULL,'Ferrari SP38',NULL,NULL,NULL,NULL),(1,1,5,'<p><span style=\"font-size:10pt;font-family:Arial;font-style:normal;\"><span style=\"font-size:10pt;font-family:Arial;font-style:normal;color:#efefef;\">Symbol of lightness and delicacy, the hummingbird evokes curiosity and joy.</span><span style=\"font-size:10pt;font-family:Arial;font-style:normal;\"> Studio Design\' PolyFaune collection features classic products with colorful patterns, inspired by the traditional japanese origamis. To wear with a chino or jeans. The sublimation textile printing process provides an exceptional color rendering and a color, guaranteed overtime.</span></span></p>','<h4>Description</h4>\r\n<p>They don’t want us to eat. Surround yourself with angels, positive energy, beautiful people, beautiful souls, clean heart, angel. You see the hedges, how I got it shaped up? It’s important to shape up your hedges, it’s like getting a haircut, stay fresh.</p>','hummingbird-printed-t-shirt',NULL,NULL,NULL,'Ferrari SP38',NULL,NULL,NULL,NULL),(1,1,6,'<p><span style=\"font-size:10pt;font-family:Arial;font-style:normal;\"><span style=\"font-size:10pt;font-family:Arial;font-style:normal;color:#efefef;\">Symbol of lightness and delicacy, the hummingbird evokes curiosity and joy.</span><span style=\"font-size:10pt;font-family:Arial;font-style:normal;\"> Studio Design\' PolyFaune collection features classic products with colorful patterns, inspired by the traditional japanese origamis. To wear with a chino or jeans. The sublimation textile printing process provides an exceptional color rendering and a color, guaranteed overtime.</span></span></p>','<h4>Description</h4>\r\n<p>They don’t want us to eat. Surround yourself with angels, positive energy, beautiful people, beautiful souls, clean heart, angel. You see the hedges, how I got it shaped up? It’s important to shape up your hedges, it’s like getting a haircut, stay fresh.</p>','hummingbird-printed-t-shirt',NULL,NULL,NULL,'Ferrari SP38',NULL,NULL,NULL,NULL),(2,1,1,'<p><span style=\"font-size:10pt;font-family:Arial;font-style:normal;\"><span style=\"font-size:10pt;font-family:Arial;font-style:normal;\">Studio Design\' PolyFaune collection features classic products with colorful patterns, inspired by the traditional japanese origamis. To wear with a chino or jeans. The sublimation textile printing process provides an exceptional color rendering and a color, guaranteed overtime.</span></span></p>','<p><span style=\"font-size:10pt;font-family:Arial;font-style:normal;\">Regular fit, round neckline, long sleeves. 100% cotton, brushed inner side for extra comfort. </span></p>','brown-bear-printed-sweater',NULL,NULL,NULL,'Ferrari F12 TRS',NULL,NULL,NULL,NULL),(2,1,2,'<p><span style=\"font-size:10pt;font-family:Arial;font-style:normal;\"><span style=\"font-size:10pt;font-family:Arial;font-style:normal;\">Studio Design\' PolyFaune collection features classic products with colorful patterns, inspired by the traditional japanese origamis. To wear with a chino or jeans. The sublimation textile printing process provides an exceptional color rendering and a color, guaranteed overtime.</span></span></p>','<p><span style=\"font-size:10pt;font-family:Arial;font-style:normal;\">Regular fit, round neckline, long sleeves. 100% cotton, brushed inner side for extra comfort. </span></p>','brown-bear-printed-sweater',NULL,NULL,NULL,'Ferrari F12 TRS',NULL,NULL,NULL,NULL),(2,1,3,'<p><span style=\"font-size:10pt;font-family:Arial;font-style:normal;\"><span style=\"font-size:10pt;font-family:Arial;font-style:normal;\">Studio Design\' PolyFaune collection features classic products with colorful patterns, inspired by the traditional japanese origamis. To wear with a chino or jeans. The sublimation textile printing process provides an exceptional color rendering and a color, guaranteed overtime.</span></span></p>','<p><span style=\"font-size:10pt;font-family:Arial;font-style:normal;\">Regular fit, round neckline, long sleeves. 100% cotton, brushed inner side for extra comfort. </span></p>','brown-bear-printed-sweater',NULL,NULL,NULL,'Ferrari F12 TRS',NULL,NULL,NULL,NULL),(2,1,4,'<p><span style=\"font-size:10pt;font-family:Arial;font-style:normal;\"><span style=\"font-size:10pt;font-family:Arial;font-style:normal;\">Studio Design\' PolyFaune collection features classic products with colorful patterns, inspired by the traditional japanese origamis. To wear with a chino or jeans. The sublimation textile printing process provides an exceptional color rendering and a color, guaranteed overtime.</span></span></p>','<p><span style=\"font-size:10pt;font-family:Arial;font-style:normal;\">Regular fit, round neckline, long sleeves. 100% cotton, brushed inner side for extra comfort. </span></p>','brown-bear-printed-sweater',NULL,NULL,NULL,'Ferrari F12 TRS',NULL,NULL,NULL,NULL),(2,1,5,'<p><span style=\"font-size:10pt;font-family:Arial;font-style:normal;\"><span style=\"font-size:10pt;font-family:Arial;font-style:normal;\">Studio Design\' PolyFaune collection features classic products with colorful patterns, inspired by the traditional japanese origamis. To wear with a chino or jeans. The sublimation textile printing process provides an exceptional color rendering and a color, guaranteed overtime.</span></span></p>','<p><span style=\"font-size:10pt;font-family:Arial;font-style:normal;\">Regular fit, round neckline, long sleeves. 100% cotton, brushed inner side for extra comfort. </span></p>','brown-bear-printed-sweater',NULL,NULL,NULL,'Ferrari F12 TRS',NULL,NULL,NULL,NULL),(2,1,6,'<p><span style=\"font-size:10pt;font-family:Arial;font-style:normal;\"><span style=\"font-size:10pt;font-family:Arial;font-style:normal;\">Studio Design\' PolyFaune collection features classic products with colorful patterns, inspired by the traditional japanese origamis. To wear with a chino or jeans. The sublimation textile printing process provides an exceptional color rendering and a color, guaranteed overtime.</span></span></p>','<p><span style=\"font-size:10pt;font-family:Arial;font-style:normal;\">Regular fit, round neckline, long sleeves. 100% cotton, brushed inner side for extra comfort. </span></p>','brown-bear-printed-sweater',NULL,NULL,NULL,'Ferrari F12 TRS',NULL,NULL,NULL,NULL),(3,1,1,'<p><span style=\"font-size:10pt;font-family:Arial;font-style:normal;\">The best is yet to come! Give your walls a voice with a framed poster. This aesthethic, optimistic poster will look great in your desk or in an open-space office. Painted wooden frame with passe-partout for more depth.</span></p>','<p><span style=\"font-size:10pt;font-family:Arial;font-weight:normal;font-style:normal;color:#000000;\">Printed on rigid matt paper and smooth surface.</span></p>','the-best-is-yet-to-come-framed-poster',NULL,NULL,NULL,'Ferrari 458 MM Speciale',NULL,NULL,NULL,NULL),(3,1,2,'<p><span style=\"font-size:10pt;font-family:Arial;font-style:normal;\">The best is yet to come! Give your walls a voice with a framed poster. This aesthethic, optimistic poster will look great in your desk or in an open-space office. Painted wooden frame with passe-partout for more depth.</span></p>','<p><span style=\"font-size:10pt;font-family:Arial;font-weight:normal;font-style:normal;color:#000000;\">Printed on rigid matt paper and smooth surface.</span></p>','the-best-is-yet-to-come-framed-poster',NULL,NULL,NULL,'Ferrari 458 MM Speciale',NULL,NULL,NULL,NULL),(3,1,3,'<p><span style=\"font-size:10pt;font-family:Arial;font-style:normal;\">The best is yet to come! Give your walls a voice with a framed poster. This aesthethic, optimistic poster will look great in your desk or in an open-space office. Painted wooden frame with passe-partout for more depth.</span></p>','<p><span style=\"font-size:10pt;font-family:Arial;font-weight:normal;font-style:normal;color:#000000;\">Printed on rigid matt paper and smooth surface.</span></p>','the-best-is-yet-to-come-framed-poster',NULL,NULL,NULL,'Ferrari 458 MM Speciale',NULL,NULL,NULL,NULL),(3,1,4,'<p><span style=\"font-size:10pt;font-family:Arial;font-style:normal;\">The best is yet to come! Give your walls a voice with a framed poster. This aesthethic, optimistic poster will look great in your desk or in an open-space office. Painted wooden frame with passe-partout for more depth.</span></p>','<p><span style=\"font-size:10pt;font-family:Arial;font-weight:normal;font-style:normal;color:#000000;\">Printed on rigid matt paper and smooth surface.</span></p>','the-best-is-yet-to-come-framed-poster',NULL,NULL,NULL,'Ferrari 458 MM Speciale',NULL,NULL,NULL,NULL),(3,1,5,'<p><span style=\"font-size:10pt;font-family:Arial;font-style:normal;\">The best is yet to come! Give your walls a voice with a framed poster. This aesthethic, optimistic poster will look great in your desk or in an open-space office. Painted wooden frame with passe-partout for more depth.</span></p>','<p><span style=\"font-size:10pt;font-family:Arial;font-weight:normal;font-style:normal;color:#000000;\">Printed on rigid matt paper and smooth surface.</span></p>','the-best-is-yet-to-come-framed-poster',NULL,NULL,NULL,'Ferrari 458 MM Speciale',NULL,NULL,NULL,NULL),(3,1,6,'<p><span style=\"font-size:10pt;font-family:Arial;font-style:normal;\">The best is yet to come! Give your walls a voice with a framed poster. This aesthethic, optimistic poster will look great in your desk or in an open-space office. Painted wooden frame with passe-partout for more depth.</span></p>','<p><span style=\"font-size:10pt;font-family:Arial;font-weight:normal;font-style:normal;color:#000000;\">Printed on rigid matt paper and smooth surface.</span></p>','the-best-is-yet-to-come-framed-poster',NULL,NULL,NULL,'Ferrari 458 MM Speciale',NULL,NULL,NULL,NULL),(4,1,1,'<p><span style=\"font-size:10pt;font-family:Arial;font-style:normal;\">The best is yet to come! Give your walls a voice with a framed poster. This aesthethic, optimistic poster will look great in your desk or in an open-space office. Painted wooden frame with passe-partout for more depth.</span></p>','<p><span style=\"font-size:10pt;font-family:Arial;font-weight:normal;font-style:normal;color:#000000;\">Printed on rigid matt finish and smooth surface.</span></p>','the-adventure-begins-framed-poster',NULL,NULL,NULL,'Pininfarina Sergio',NULL,NULL,NULL,NULL),(4,1,2,'<p><span style=\"font-size:10pt;font-family:Arial;font-style:normal;\">The best is yet to come! Give your walls a voice with a framed poster. This aesthethic, optimistic poster will look great in your desk or in an open-space office. Painted wooden frame with passe-partout for more depth.</span></p>','<p><span style=\"font-size:10pt;font-family:Arial;font-weight:normal;font-style:normal;color:#000000;\">Printed on rigid matt finish and smooth surface.</span></p>','the-adventure-begins-framed-poster',NULL,NULL,NULL,'Pininfarina Sergio',NULL,NULL,NULL,NULL),(4,1,3,'<p><span style=\"font-size:10pt;font-family:Arial;font-style:normal;\">The best is yet to come! Give your walls a voice with a framed poster. This aesthethic, optimistic poster will look great in your desk or in an open-space office. Painted wooden frame with passe-partout for more depth.</span></p>','<p><span style=\"font-size:10pt;font-family:Arial;font-weight:normal;font-style:normal;color:#000000;\">Printed on rigid matt finish and smooth surface.</span></p>','the-adventure-begins-framed-poster',NULL,NULL,NULL,'Pininfarina Sergio',NULL,NULL,NULL,NULL),(4,1,4,'<p><span style=\"font-size:10pt;font-family:Arial;font-style:normal;\">The best is yet to come! Give your walls a voice with a framed poster. This aesthethic, optimistic poster will look great in your desk or in an open-space office. Painted wooden frame with passe-partout for more depth.</span></p>','<p><span style=\"font-size:10pt;font-family:Arial;font-weight:normal;font-style:normal;color:#000000;\">Printed on rigid matt finish and smooth surface.</span></p>','the-adventure-begins-framed-poster',NULL,NULL,NULL,'Pininfarina Sergio',NULL,NULL,NULL,NULL),(4,1,5,'<p><span style=\"font-size:10pt;font-family:Arial;font-style:normal;\">The best is yet to come! Give your walls a voice with a framed poster. This aesthethic, optimistic poster will look great in your desk or in an open-space office. Painted wooden frame with passe-partout for more depth.</span></p>','<p><span style=\"font-size:10pt;font-family:Arial;font-weight:normal;font-style:normal;color:#000000;\">Printed on rigid matt finish and smooth surface.</span></p>','the-adventure-begins-framed-poster',NULL,NULL,NULL,'Pininfarina Sergio',NULL,NULL,NULL,NULL),(4,1,6,'<p><span style=\"font-size:10pt;font-family:Arial;font-style:normal;\">The best is yet to come! Give your walls a voice with a framed poster. This aesthethic, optimistic poster will look great in your desk or in an open-space office. Painted wooden frame with passe-partout for more depth.</span></p>','<p><span style=\"font-size:10pt;font-family:Arial;font-weight:normal;font-style:normal;color:#000000;\">Printed on rigid matt finish and smooth surface.</span></p>','the-adventure-begins-framed-poster',NULL,NULL,NULL,'Pininfarina Sergio',NULL,NULL,NULL,NULL),(5,1,1,'<p><span style=\"font-size:10pt;font-family:Arial;font-style:normal;\">The best is yet to come! Give your walls a voice with a framed poster. This aesthethic, optimistic poster will look great in your desk or in an open-space office. Painted wooden frame with passe-partout for more depth.</span></p>','<p><span style=\"font-size:10pt;font-family:Arial;font-weight:normal;font-style:normal;color:#000000;\">Printed on rigid paper with matt finish and smooth surface.</span></p>','today-is-a-good-day-framed-poster',NULL,NULL,NULL,'Ferrari F12 TDF',NULL,NULL,NULL,NULL),(5,1,2,'<p><span style=\"font-size:10pt;font-family:Arial;font-style:normal;\">The best is yet to come! Give your walls a voice with a framed poster. This aesthethic, optimistic poster will look great in your desk or in an open-space office. Painted wooden frame with passe-partout for more depth.</span></p>','<p><span style=\"font-size:10pt;font-family:Arial;font-weight:normal;font-style:normal;color:#000000;\">Printed on rigid paper with matt finish and smooth surface.</span></p>','today-is-a-good-day-framed-poster',NULL,NULL,NULL,'Ferrari F12 TDF',NULL,NULL,NULL,NULL),(5,1,3,'<p><span style=\"font-size:10pt;font-family:Arial;font-style:normal;\">The best is yet to come! Give your walls a voice with a framed poster. This aesthethic, optimistic poster will look great in your desk or in an open-space office. Painted wooden frame with passe-partout for more depth.</span></p>','<p><span style=\"font-size:10pt;font-family:Arial;font-weight:normal;font-style:normal;color:#000000;\">Printed on rigid paper with matt finish and smooth surface.</span></p>','today-is-a-good-day-framed-poster',NULL,NULL,NULL,'Ferrari F12 TDF',NULL,NULL,NULL,NULL),(5,1,4,'<p><span style=\"font-size:10pt;font-family:Arial;font-style:normal;\">The best is yet to come! Give your walls a voice with a framed poster. This aesthethic, optimistic poster will look great in your desk or in an open-space office. Painted wooden frame with passe-partout for more depth.</span></p>','<p><span style=\"font-size:10pt;font-family:Arial;font-weight:normal;font-style:normal;color:#000000;\">Printed on rigid paper with matt finish and smooth surface.</span></p>','today-is-a-good-day-framed-poster',NULL,NULL,NULL,'Ferrari F12 TDF',NULL,NULL,NULL,NULL),(5,1,5,'<p><span style=\"font-size:10pt;font-family:Arial;font-style:normal;\">The best is yet to come! Give your walls a voice with a framed poster. This aesthethic, optimistic poster will look great in your desk or in an open-space office. Painted wooden frame with passe-partout for more depth.</span></p>','<p><span style=\"font-size:10pt;font-family:Arial;font-weight:normal;font-style:normal;color:#000000;\">Printed on rigid paper with matt finish and smooth surface.</span></p>','today-is-a-good-day-framed-poster',NULL,NULL,NULL,'Ferrari F12 TDF',NULL,NULL,NULL,NULL),(5,1,6,'<p><span style=\"font-size:10pt;font-family:Arial;font-style:normal;\">The best is yet to come! Give your walls a voice with a framed poster. This aesthethic, optimistic poster will look great in your desk or in an open-space office. Painted wooden frame with passe-partout for more depth.</span></p>','<p><span style=\"font-size:10pt;font-family:Arial;font-weight:normal;font-style:normal;color:#000000;\">Printed on rigid paper with matt finish and smooth surface.</span></p>','today-is-a-good-day-framed-poster',NULL,NULL,NULL,'Ferrari F12 TDF',NULL,NULL,NULL,NULL),(6,1,1,'<p><span style=\"font-size:10pt;font-family:Arial;font-style:normal;\">The best is yet to come! Start the day off right with a positive thought. 8,2cm diameter / 9,5cm height / 0.43kg. Dishwasher-proof.</span></p>','<p><span style=\"font-size:10pt;font-family:Arial;font-style:normal;\">White Ceramic Mug, 325ml.</span></p>','mug-the-best-is-yet-to-come',NULL,NULL,NULL,'Ferrari 488-spider',NULL,NULL,NULL,NULL),(6,1,2,'<p><span style=\"font-size:10pt;font-family:Arial;font-style:normal;\">The best is yet to come! Start the day off right with a positive thought. 8,2cm diameter / 9,5cm height / 0.43kg. Dishwasher-proof.</span></p>','<p><span style=\"font-size:10pt;font-family:Arial;font-style:normal;\">White Ceramic Mug, 325ml.</span></p>','mug-the-best-is-yet-to-come',NULL,NULL,NULL,'Ferrari 488-spider',NULL,NULL,NULL,NULL),(6,1,3,'<p><span style=\"font-size:10pt;font-family:Arial;font-style:normal;\">The best is yet to come! Start the day off right with a positive thought. 8,2cm diameter / 9,5cm height / 0.43kg. Dishwasher-proof.</span></p>','<p><span style=\"font-size:10pt;font-family:Arial;font-style:normal;\">White Ceramic Mug, 325ml.</span></p>','mug-the-best-is-yet-to-come',NULL,NULL,NULL,'Ferrari 488-spider',NULL,NULL,NULL,NULL),(6,1,4,'<p><span style=\"font-size:10pt;font-family:Arial;font-style:normal;\">The best is yet to come! Start the day off right with a positive thought. 8,2cm diameter / 9,5cm height / 0.43kg. Dishwasher-proof.</span></p>','<p><span style=\"font-size:10pt;font-family:Arial;font-style:normal;\">White Ceramic Mug, 325ml.</span></p>','mug-the-best-is-yet-to-come',NULL,NULL,NULL,'Ferrari 488-spider',NULL,NULL,NULL,NULL),(6,1,5,'<p><span style=\"font-size:10pt;font-family:Arial;font-style:normal;\">The best is yet to come! Start the day off right with a positive thought. 8,2cm diameter / 9,5cm height / 0.43kg. Dishwasher-proof.</span></p>','<p><span style=\"font-size:10pt;font-family:Arial;font-style:normal;\">White Ceramic Mug, 325ml.</span></p>','mug-the-best-is-yet-to-come',NULL,NULL,NULL,'Ferrari 488-spider',NULL,NULL,NULL,NULL),(6,1,6,'<p><span style=\"font-size:10pt;font-family:Arial;font-style:normal;\">The best is yet to come! Start the day off right with a positive thought. 8,2cm diameter / 9,5cm height / 0.43kg. Dishwasher-proof.</span></p>','<p><span style=\"font-size:10pt;font-family:Arial;font-style:normal;\">White Ceramic Mug, 325ml.</span></p>','mug-the-best-is-yet-to-come',NULL,NULL,NULL,'Ferrari 488-spider',NULL,NULL,NULL,NULL),(7,1,1,'<p><span style=\"font-size:10pt;font-family:Arial;font-style:normal;\">The adventure begins with a cup of coffee. Set out to conquer the day! 8,2cm diameter / 9,5cm height / 0.43kg. Dishwasher-proof.</span></p>','<p><span style=\"font-size:10pt;font-family:Arial;font-style:normal;\">White Ceramic Mug. 325ml</span></p>','mug-the-adventure-begins',NULL,NULL,NULL,'Ferrari F60 America',NULL,NULL,NULL,NULL),(7,1,2,'<p><span style=\"font-size:10pt;font-family:Arial;font-style:normal;\">The adventure begins with a cup of coffee. Set out to conquer the day! 8,2cm diameter / 9,5cm height / 0.43kg. Dishwasher-proof.</span></p>','<p><span style=\"font-size:10pt;font-family:Arial;font-style:normal;\">White Ceramic Mug. 325ml</span></p>','mug-the-adventure-begins',NULL,NULL,NULL,'Ferrari F60 America',NULL,NULL,NULL,NULL),(7,1,3,'<p><span style=\"font-size:10pt;font-family:Arial;font-style:normal;\">The adventure begins with a cup of coffee. Set out to conquer the day! 8,2cm diameter / 9,5cm height / 0.43kg. Dishwasher-proof.</span></p>','<p><span style=\"font-size:10pt;font-family:Arial;font-style:normal;\">White Ceramic Mug. 325ml</span></p>','mug-the-adventure-begins',NULL,NULL,NULL,'Ferrari F60 America',NULL,NULL,NULL,NULL),(7,1,4,'<p><span style=\"font-size:10pt;font-family:Arial;font-style:normal;\">The adventure begins with a cup of coffee. Set out to conquer the day! 8,2cm diameter / 9,5cm height / 0.43kg. Dishwasher-proof.</span></p>','<p><span style=\"font-size:10pt;font-family:Arial;font-style:normal;\">White Ceramic Mug. 325ml</span></p>','mug-the-adventure-begins',NULL,NULL,NULL,'Ferrari F60 America',NULL,NULL,NULL,NULL),(7,1,5,'<p><span style=\"font-size:10pt;font-family:Arial;font-style:normal;\">The adventure begins with a cup of coffee. Set out to conquer the day! 8,2cm diameter / 9,5cm height / 0.43kg. Dishwasher-proof.</span></p>','<p><span style=\"font-size:10pt;font-family:Arial;font-style:normal;\">White Ceramic Mug. 325ml</span></p>','mug-the-adventure-begins',NULL,NULL,NULL,'Ferrari F60 America',NULL,NULL,NULL,NULL),(7,1,6,'<p><span style=\"font-size:10pt;font-family:Arial;font-style:normal;\">The adventure begins with a cup of coffee. Set out to conquer the day! 8,2cm diameter / 9,5cm height / 0.43kg. Dishwasher-proof.</span></p>','<p><span style=\"font-size:10pt;font-family:Arial;font-style:normal;\">White Ceramic Mug. 325ml</span></p>','mug-the-adventure-begins',NULL,NULL,NULL,'Ferrari F60 America',NULL,NULL,NULL,NULL),(8,1,1,'<p><span style=\"font-size:10pt;font-family:Arial;font-style:normal;\">Add an optimistic touch to your morning coffee and start the day in a good mood! 8,2cm diameter / 9,5cm height / 0.43kg. Dishwasher-proof.</span></p>','<p><span style=\"font-size:10pt;font-family:Arial;font-style:normal;\">White Ceramic Mug. 325ml</span></p>','mug-today-is-a-good-day',NULL,NULL,NULL,'Ferrari SP12 EC',NULL,NULL,NULL,NULL),(8,1,2,'<p><span style=\"font-size:10pt;font-family:Arial;font-style:normal;\">Add an optimistic touch to your morning coffee and start the day in a good mood! 8,2cm diameter / 9,5cm height / 0.43kg. Dishwasher-proof.</span></p>','<p><span style=\"font-size:10pt;font-family:Arial;font-style:normal;\">White Ceramic Mug. 325ml</span></p>','mug-today-is-a-good-day',NULL,NULL,NULL,'Ferrari SP12 EC',NULL,NULL,NULL,NULL),(8,1,3,'<p><span style=\"font-size:10pt;font-family:Arial;font-style:normal;\">Add an optimistic touch to your morning coffee and start the day in a good mood! 8,2cm diameter / 9,5cm height / 0.43kg. Dishwasher-proof.</span></p>','<p><span style=\"font-size:10pt;font-family:Arial;font-style:normal;\">White Ceramic Mug. 325ml</span></p>','mug-today-is-a-good-day',NULL,NULL,NULL,'Ferrari SP12 EC',NULL,NULL,NULL,NULL),(8,1,4,'<p><span style=\"font-size:10pt;font-family:Arial;font-style:normal;\">Add an optimistic touch to your morning coffee and start the day in a good mood! 8,2cm diameter / 9,5cm height / 0.43kg. Dishwasher-proof.</span></p>','<p><span style=\"font-size:10pt;font-family:Arial;font-style:normal;\">White Ceramic Mug. 325ml</span></p>','mug-today-is-a-good-day',NULL,NULL,NULL,'Ferrari SP12 EC',NULL,NULL,NULL,NULL),(8,1,5,'<p><span style=\"font-size:10pt;font-family:Arial;font-style:normal;\">Add an optimistic touch to your morning coffee and start the day in a good mood! 8,2cm diameter / 9,5cm height / 0.43kg. Dishwasher-proof.</span></p>','<p><span style=\"font-size:10pt;font-family:Arial;font-style:normal;\">White Ceramic Mug. 325ml</span></p>','mug-today-is-a-good-day',NULL,NULL,NULL,'Ferrari SP12 EC',NULL,NULL,NULL,NULL),(8,1,6,'<p><span style=\"font-size:10pt;font-family:Arial;font-style:normal;\">Add an optimistic touch to your morning coffee and start the day in a good mood! 8,2cm diameter / 9,5cm height / 0.43kg. Dishwasher-proof.</span></p>','<p><span style=\"font-size:10pt;font-family:Arial;font-style:normal;\">White Ceramic Mug. 325ml</span></p>','mug-today-is-a-good-day',NULL,NULL,NULL,'Ferrari SP12 EC',NULL,NULL,NULL,NULL),(9,1,1,'<p><span style=\"font-size:10pt;font-family:Arial;font-weight:normal;font-style:normal;color:#000000;\">The mountain fox cushion will add a graphic and colorful touch to your sofa, armchair or bed. Create a modern and zen atmosphere that inspires relaxation. Cover 100% cotton, machine washable at 60° / Filling 100% hypoallergenic polyester.</span></p>','<p><span style=\"font-size:10pt;font-family:Arial;font-style:normal;\">Cushion with removable cover and invisible zip on the back. 32x32cm</span></p>','mountain-fox-cushion',NULL,NULL,NULL,'Ferrari GG50',NULL,NULL,NULL,NULL),(9,1,2,'<p><span style=\"font-size:10pt;font-family:Arial;font-weight:normal;font-style:normal;color:#000000;\">The mountain fox cushion will add a graphic and colorful touch to your sofa, armchair or bed. Create a modern and zen atmosphere that inspires relaxation. Cover 100% cotton, machine washable at 60° / Filling 100% hypoallergenic polyester.</span></p>','<p><span style=\"font-size:10pt;font-family:Arial;font-style:normal;\">Cushion with removable cover and invisible zip on the back. 32x32cm</span></p>','mountain-fox-cushion',NULL,NULL,NULL,'Ferrari GG50',NULL,NULL,NULL,NULL),(9,1,3,'<p><span style=\"font-size:10pt;font-family:Arial;font-weight:normal;font-style:normal;color:#000000;\">The mountain fox cushion will add a graphic and colorful touch to your sofa, armchair or bed. Create a modern and zen atmosphere that inspires relaxation. Cover 100% cotton, machine washable at 60° / Filling 100% hypoallergenic polyester.</span></p>','<p><span style=\"font-size:10pt;font-family:Arial;font-style:normal;\">Cushion with removable cover and invisible zip on the back. 32x32cm</span></p>','mountain-fox-cushion',NULL,NULL,NULL,'Ferrari GG50',NULL,NULL,NULL,NULL),(9,1,4,'<p><span style=\"font-size:10pt;font-family:Arial;font-weight:normal;font-style:normal;color:#000000;\">The mountain fox cushion will add a graphic and colorful touch to your sofa, armchair or bed. Create a modern and zen atmosphere that inspires relaxation. Cover 100% cotton, machine washable at 60° / Filling 100% hypoallergenic polyester.</span></p>','<p><span style=\"font-size:10pt;font-family:Arial;font-style:normal;\">Cushion with removable cover and invisible zip on the back. 32x32cm</span></p>','mountain-fox-cushion',NULL,NULL,NULL,'Ferrari GG50',NULL,NULL,NULL,NULL),(9,1,5,'<p><span style=\"font-size:10pt;font-family:Arial;font-weight:normal;font-style:normal;color:#000000;\">The mountain fox cushion will add a graphic and colorful touch to your sofa, armchair or bed. Create a modern and zen atmosphere that inspires relaxation. Cover 100% cotton, machine washable at 60° / Filling 100% hypoallergenic polyester.</span></p>','<p><span style=\"font-size:10pt;font-family:Arial;font-style:normal;\">Cushion with removable cover and invisible zip on the back. 32x32cm</span></p>','mountain-fox-cushion',NULL,NULL,NULL,'Ferrari GG50',NULL,NULL,NULL,NULL),(9,1,6,'<p><span style=\"font-size:10pt;font-family:Arial;font-weight:normal;font-style:normal;color:#000000;\">The mountain fox cushion will add a graphic and colorful touch to your sofa, armchair or bed. Create a modern and zen atmosphere that inspires relaxation. Cover 100% cotton, machine washable at 60° / Filling 100% hypoallergenic polyester.</span></p>','<p><span style=\"font-size:10pt;font-family:Arial;font-style:normal;\">Cushion with removable cover and invisible zip on the back. 32x32cm</span></p>','mountain-fox-cushion',NULL,NULL,NULL,'Ferrari GG50',NULL,NULL,NULL,NULL),(10,1,1,'<p><span style=\"font-size:10pt;font-family:Arial;font-weight:normal;font-style:normal;color:#000000;\">The brown bear cushion will add a graphic and colorful touch to your sofa, armchair or bed. Create a modern and zen atmosphere that inspires relaxation. Cover 100% cotton, machine washable at 60° / Filling 100% hypoallergenic polyester.</span></p>','<p><span style=\"font-size:10pt;font-family:Arial;font-style:normal;\">Cushion with removable cover and invisible zip on the back. 32x32cm</span></p>','brown-bear-cushion',NULL,NULL,NULL,'Ferrari P4/5 Pininfarina',NULL,NULL,NULL,NULL),(10,1,2,'<p><span style=\"font-size:10pt;font-family:Arial;font-weight:normal;font-style:normal;color:#000000;\">The brown bear cushion will add a graphic and colorful touch to your sofa, armchair or bed. Create a modern and zen atmosphere that inspires relaxation. Cover 100% cotton, machine washable at 60° / Filling 100% hypoallergenic polyester.</span></p>','<p><span style=\"font-size:10pt;font-family:Arial;font-style:normal;\">Cushion with removable cover and invisible zip on the back. 32x32cm</span></p>','brown-bear-cushion',NULL,NULL,NULL,'Ferrari P4/5 Pininfarina',NULL,NULL,NULL,NULL),(10,1,3,'<p><span style=\"font-size:10pt;font-family:Arial;font-weight:normal;font-style:normal;color:#000000;\">The brown bear cushion will add a graphic and colorful touch to your sofa, armchair or bed. Create a modern and zen atmosphere that inspires relaxation. Cover 100% cotton, machine washable at 60° / Filling 100% hypoallergenic polyester.</span></p>','<p><span style=\"font-size:10pt;font-family:Arial;font-style:normal;\">Cushion with removable cover and invisible zip on the back. 32x32cm</span></p>','brown-bear-cushion',NULL,NULL,NULL,'Ferrari P4/5 Pininfarina',NULL,NULL,NULL,NULL),(10,1,4,'<p><span style=\"font-size:10pt;font-family:Arial;font-weight:normal;font-style:normal;color:#000000;\">The brown bear cushion will add a graphic and colorful touch to your sofa, armchair or bed. Create a modern and zen atmosphere that inspires relaxation. Cover 100% cotton, machine washable at 60° / Filling 100% hypoallergenic polyester.</span></p>','<p><span style=\"font-size:10pt;font-family:Arial;font-style:normal;\">Cushion with removable cover and invisible zip on the back. 32x32cm</span></p>','brown-bear-cushion',NULL,NULL,NULL,'Ferrari P4/5 Pininfarina',NULL,NULL,NULL,NULL),(10,1,5,'<p><span style=\"font-size:10pt;font-family:Arial;font-weight:normal;font-style:normal;color:#000000;\">The brown bear cushion will add a graphic and colorful touch to your sofa, armchair or bed. Create a modern and zen atmosphere that inspires relaxation. Cover 100% cotton, machine washable at 60° / Filling 100% hypoallergenic polyester.</span></p>','<p><span style=\"font-size:10pt;font-family:Arial;font-style:normal;\">Cushion with removable cover and invisible zip on the back. 32x32cm</span></p>','brown-bear-cushion',NULL,NULL,NULL,'Ferrari P4/5 Pininfarina',NULL,NULL,NULL,NULL),(10,1,6,'<p><span style=\"font-size:10pt;font-family:Arial;font-weight:normal;font-style:normal;color:#000000;\">The brown bear cushion will add a graphic and colorful touch to your sofa, armchair or bed. Create a modern and zen atmosphere that inspires relaxation. Cover 100% cotton, machine washable at 60° / Filling 100% hypoallergenic polyester.</span></p>','<p><span style=\"font-size:10pt;font-family:Arial;font-style:normal;\">Cushion with removable cover and invisible zip on the back. 32x32cm</span></p>','brown-bear-cushion',NULL,NULL,NULL,'Ferrari P4/5 Pininfarina',NULL,NULL,NULL,NULL),(11,1,1,'<p><span style=\"font-size:10pt;font-family:Arial;font-weight:normal;font-style:normal;color:#000000;\">The hummingbird cushion will add a graphic and colorful touch to your sofa, armchair or bed. Create a modern and zen atmosphere that inspires relaxation. Cover 100% cotton, machine washable at 60° / Filling 100% hypoallergenic polyester.</span></p>','<p><span style=\"font-size:10pt;font-family:Arial;font-style:normal;\">Cushion with removable cover and invisible zip on the back. 32x32cm</span></p>','hummingbird-cushion',NULL,NULL,NULL,'Vorsteiner zaragoza',NULL,NULL,NULL,NULL),(11,1,2,'<p><span style=\"font-size:10pt;font-family:Arial;font-weight:normal;font-style:normal;color:#000000;\">The hummingbird cushion will add a graphic and colorful touch to your sofa, armchair or bed. Create a modern and zen atmosphere that inspires relaxation. Cover 100% cotton, machine washable at 60° / Filling 100% hypoallergenic polyester.</span></p>','<p><span style=\"font-size:10pt;font-family:Arial;font-style:normal;\">Cushion with removable cover and invisible zip on the back. 32x32cm</span></p>','hummingbird-cushion',NULL,NULL,NULL,'Vorsteiner zaragoza',NULL,NULL,NULL,NULL),(11,1,3,'<p><span style=\"font-size:10pt;font-family:Arial;font-weight:normal;font-style:normal;color:#000000;\">The hummingbird cushion will add a graphic and colorful touch to your sofa, armchair or bed. Create a modern and zen atmosphere that inspires relaxation. Cover 100% cotton, machine washable at 60° / Filling 100% hypoallergenic polyester.</span></p>','<p><span style=\"font-size:10pt;font-family:Arial;font-style:normal;\">Cushion with removable cover and invisible zip on the back. 32x32cm</span></p>','hummingbird-cushion',NULL,NULL,NULL,'Vorsteiner zaragoza',NULL,NULL,NULL,NULL),(11,1,4,'<p><span style=\"font-size:10pt;font-family:Arial;font-weight:normal;font-style:normal;color:#000000;\">The hummingbird cushion will add a graphic and colorful touch to your sofa, armchair or bed. Create a modern and zen atmosphere that inspires relaxation. Cover 100% cotton, machine washable at 60° / Filling 100% hypoallergenic polyester.</span></p>','<p><span style=\"font-size:10pt;font-family:Arial;font-style:normal;\">Cushion with removable cover and invisible zip on the back. 32x32cm</span></p>','hummingbird-cushion',NULL,NULL,NULL,'Vorsteiner zaragoza',NULL,NULL,NULL,NULL),(11,1,5,'<p><span style=\"font-size:10pt;font-family:Arial;font-weight:normal;font-style:normal;color:#000000;\">The hummingbird cushion will add a graphic and colorful touch to your sofa, armchair or bed. Create a modern and zen atmosphere that inspires relaxation. Cover 100% cotton, machine washable at 60° / Filling 100% hypoallergenic polyester.</span></p>','<p><span style=\"font-size:10pt;font-family:Arial;font-style:normal;\">Cushion with removable cover and invisible zip on the back. 32x32cm</span></p>','hummingbird-cushion',NULL,NULL,NULL,'Vorsteiner zaragoza',NULL,NULL,NULL,NULL),(11,1,6,'<p><span style=\"font-size:10pt;font-family:Arial;font-weight:normal;font-style:normal;color:#000000;\">The hummingbird cushion will add a graphic and colorful touch to your sofa, armchair or bed. Create a modern and zen atmosphere that inspires relaxation. Cover 100% cotton, machine washable at 60° / Filling 100% hypoallergenic polyester.</span></p>','<p><span style=\"font-size:10pt;font-family:Arial;font-style:normal;\">Cushion with removable cover and invisible zip on the back. 32x32cm</span></p>','hummingbird-cushion',NULL,NULL,NULL,'Vorsteiner zaragoza',NULL,NULL,NULL,NULL),(12,1,1,'<p><span style=\"font-size:10pt;font-family:Arial;font-style:normal;\">You have a custom printing creative project? The vector graphic Mountain fox illustration can be used for printing purpose on any support, without size limitation. </span></p>','<p><span style=\"font-size:10pt;font-family:Arial;font-style:normal;\">Vector graphic, format: svg. Download for personal, private and non-commercial use.</span></p>','mountain-fox-vector-graphics',NULL,NULL,NULL,'Mountain fox - Vector graphics',NULL,NULL,NULL,NULL),(12,1,2,'<p><span style=\"font-size:10pt;font-family:Arial;font-style:normal;\">You have a custom printing creative project? The vector graphic Mountain fox illustration can be used for printing purpose on any support, without size limitation. </span></p>','<p><span style=\"font-size:10pt;font-family:Arial;font-style:normal;\">Vector graphic, format: svg. Download for personal, private and non-commercial use.</span></p>','mountain-fox-vector-graphics',NULL,NULL,NULL,'Mountain fox - Vector graphics',NULL,NULL,NULL,NULL),(12,1,3,'<p><span style=\"font-size:10pt;font-family:Arial;font-style:normal;\">You have a custom printing creative project? The vector graphic Mountain fox illustration can be used for printing purpose on any support, without size limitation. </span></p>','<p><span style=\"font-size:10pt;font-family:Arial;font-style:normal;\">Vector graphic, format: svg. Download for personal, private and non-commercial use.</span></p>','mountain-fox-vector-graphics',NULL,NULL,NULL,'Mountain fox - Vector graphics',NULL,NULL,NULL,NULL),(12,1,4,'<p><span style=\"font-size:10pt;font-family:Arial;font-style:normal;\">You have a custom printing creative project? The vector graphic Mountain fox illustration can be used for printing purpose on any support, without size limitation. </span></p>','<p><span style=\"font-size:10pt;font-family:Arial;font-style:normal;\">Vector graphic, format: svg. Download for personal, private and non-commercial use.</span></p>','mountain-fox-vector-graphics',NULL,NULL,NULL,'Mountain fox - Vector graphics',NULL,NULL,NULL,NULL),(12,1,5,'<p><span style=\"font-size:10pt;font-family:Arial;font-style:normal;\">You have a custom printing creative project? The vector graphic Mountain fox illustration can be used for printing purpose on any support, without size limitation. </span></p>','<p><span style=\"font-size:10pt;font-family:Arial;font-style:normal;\">Vector graphic, format: svg. Download for personal, private and non-commercial use.</span></p>','mountain-fox-vector-graphics',NULL,NULL,NULL,'Mountain fox - Vector graphics',NULL,NULL,NULL,NULL),(12,1,6,'<p><span style=\"font-size:10pt;font-family:Arial;font-style:normal;\">You have a custom printing creative project? The vector graphic Mountain fox illustration can be used for printing purpose on any support, without size limitation. </span></p>','<p><span style=\"font-size:10pt;font-family:Arial;font-style:normal;\">Vector graphic, format: svg. Download for personal, private and non-commercial use.</span></p>','mountain-fox-vector-graphics',NULL,NULL,NULL,'Mountain fox - Vector graphics',NULL,NULL,NULL,NULL);

--
-- Table structure for table `ps_product_sale`
--

CREATE TABLE `ps_product_sale` (
  `id_product` int(10) unsigned NOT NULL,
  `quantity` int(10) unsigned NOT NULL DEFAULT 0,
  `sale_nbr` int(10) unsigned NOT NULL DEFAULT 0,
  `date_upd` date DEFAULT NULL,
  PRIMARY KEY (`id_product`),
  KEY `quantity` (`quantity`)
) ENGINE=InnoDB DEFAULT CHARSET=utf8;

--
-- Dumping data for table `ps_product_sale`
--


--
-- Table structure for table `ps_product_shop`
--

CREATE TABLE `ps_product_shop` (
  `id_product` int(10) unsigned NOT NULL,
  `id_shop` int(10) unsigned NOT NULL,
  `id_category_default` int(10) unsigned DEFAULT NULL,
  `id_tax_rules_group` int(11) unsigned NOT NULL,
  `on_sale` tinyint(1) unsigned NOT NULL DEFAULT 0,
  `online_only` tinyint(1) unsigned NOT NULL DEFAULT 0,
  `ecotax` decimal(17,6) NOT NULL DEFAULT 0.000000,
  `minimal_quantity` int(10) unsigned NOT NULL DEFAULT 1,
  `low_stock_threshold` int(10) DEFAULT NULL,
  `low_stock_alert` tinyint(1) NOT NULL DEFAULT 0,
  `price` decimal(20,6) NOT NULL DEFAULT 0.000000,
  `wholesale_price` decimal(20,6) NOT NULL DEFAULT 0.000000,
  `unity` varchar(255) DEFAULT NULL,
  `unit_price_ratio` decimal(20,6) NOT NULL DEFAULT 0.000000,
  `additional_shipping_cost` decimal(20,2) NOT NULL DEFAULT 0.00,
  `customizable` tinyint(2) NOT NULL DEFAULT 0,
  `uploadable_files` tinyint(4) NOT NULL DEFAULT 0,
  `text_fields` tinyint(4) NOT NULL DEFAULT 0,
  `active` tinyint(1) unsigned NOT NULL DEFAULT 0,
  `redirect_type` enum('','404','301-product','302-product','301-category','302-category') NOT NULL DEFAULT '',
  `id_type_redirected` int(10) unsigned NOT NULL DEFAULT 0,
  `available_for_order` tinyint(1) NOT NULL DEFAULT 1,
  `available_date` date DEFAULT NULL,
  `show_condition` tinyint(1) NOT NULL DEFAULT 1,
  `condition` enum('new','used','refurbished') NOT NULL DEFAULT 'new',
  `show_price` tinyint(1) NOT NULL DEFAULT 1,
  `indexed` tinyint(1) NOT NULL DEFAULT 0,
  `visibility` enum('both','catalog','search','none') NOT NULL DEFAULT 'both',
  `cache_default_attribute` int(10) unsigned DEFAULT NULL,
  `advanced_stock_management` tinyint(1) NOT NULL DEFAULT 0,
  `date_add` datetime NOT NULL,
  `date_upd` datetime NOT NULL,
  `pack_stock_type` int(11) unsigned NOT NULL DEFAULT 3,
  PRIMARY KEY (`id_product`,`id_shop`),
  KEY `id_category_default` (`id_category_default`),
  KEY `date_add` (`date_add`,`active`,`visibility`),
  KEY `indexed` (`indexed`,`active`,`id_product`)
) ENGINE=InnoDB DEFAULT CHARSET=utf8;

--
-- Dumping data for table `ps_product_shop`
--

INSERT INTO `ps_product_shop` VALUES (1,1,6,1,0,0,0.000000,1,NULL,0,23.900000,0.000000,NULL,0.000000,0.00,0,0,0,1,'404',0,1,'0000-00-00',0,'new',1,1,'both',1,0,'2018-08-01 09:34:35','2020-08-03 22:15:37',3),(2,1,2,1,0,0,0.000000,1,NULL,0,35.900000,0.000000,NULL,0.000000,0.00,0,0,0,1,'404',0,1,'0000-00-00',0,'new',1,1,'both',9,0,'2018-08-01 09:34:35','2020-08-03 22:15:50',3),(3,1,9,1,0,0,0.000000,1,NULL,0,29.000000,0.000000,NULL,0.000000,0.00,0,0,0,1,'404',0,1,'0000-00-00',0,'new',1,1,'both',13,0,'2018-08-01 09:34:35','2020-08-03 22:16:09',3),(4,1,2,1,0,0,0.000000,1,NULL,0,29.000000,0.000000,NULL,0.000000,0.00,0,0,0,1,'404',0,1,'0000-00-00',0,'new',1,1,'both',16,0,'2018-08-01 09:34:36','2020-08-03 22:16:18',3),(5,1,9,1,0,0,0.000000,1,NULL,0,29.000000,0.000000,NULL,0.000000,0.00,0,0,0,1,'404',0,1,'0000-00-00',0,'new',1,1,'both',19,0,'2018-08-01 09:34:36','2020-08-03 22:16:38',3),(6,1,8,1,0,0,0.000000,1,NULL,0,11.900000,0.000000,NULL,0.000000,0.00,0,0,0,1,'404',0,1,'0000-00-00',0,'new',1,1,'both',0,0,'2018-08-01 09:34:36','2020-08-03 22:16:49',3),(7,1,8,1,0,0,0.000000,1,NULL,0,11.900000,0.000000,NULL,0.000000,0.00,0,0,0,1,'404',0,1,'0000-00-00',0,'new',1,1,'both',0,0,'2018-08-01 09:34:36','2020-08-03 22:17:00',3),(8,1,2,1,0,0,0.000000,1,NULL,0,11.900000,0.000000,NULL,0.000000,0.00,0,0,0,1,'404',0,1,'0000-00-00',0,'new',1,1,'both',0,0,'2018-08-01 09:34:36','2020-08-03 22:17:10',3),(9,1,8,1,0,0,0.000000,1,NULL,0,18.900000,0.000000,NULL,0.000000,0.00,0,0,0,1,'404',0,1,'0000-00-00',0,'new',1,1,'both',22,0,'2018-08-01 09:34:37','2020-08-03 22:17:26',3),(10,1,8,1,0,0,0.000000,1,NULL,0,18.900000,0.000000,NULL,0.000000,0.00,0,0,0,1,'404',0,1,'0000-00-00',0,'new',1,1,'both',24,0,'2018-08-01 09:34:37','2020-08-03 22:07:53',3),(11,1,8,1,0,0,0.000000,1,NULL,0,18.900000,0.000000,NULL,0.000000,0.00,0,0,0,1,'404',0,1,'0000-00-00',0,'new',1,1,'both',26,0,'2018-08-01 09:34:37','2020-08-03 22:17:43',3),(12,1,9,1,0,0,0.000000,1,NULL,0,9.000000,0.000000,NULL,0.000000,0.00,0,0,0,1,'404',0,1,'0000-00-00',0,'new',1,1,'both',0,0,'2018-08-01 09:34:37','2020-08-03 22:17:54',3);

--
-- Table structure for table `ps_product_supplier`
--

CREATE TABLE `ps_product_supplier` (
  `id_product_supplier` int(11) unsigned NOT NULL AUTO_INCREMENT,
  `id_product` int(11) unsigned NOT NULL,
  `id_product_attribute` int(11) unsigned NOT NULL DEFAULT 0,
  `id_supplier` int(11) unsigned NOT NULL,
  `product_supplier_reference` varchar(64) DEFAULT NULL,
  `product_supplier_price_te` decimal(20,6) NOT NULL DEFAULT 0.000000,
  `id_currency` int(11) unsigned NOT NULL,
  PRIMARY KEY (`id_product_supplier`),
  UNIQUE KEY `id_product` (`id_product`,`id_product_attribute`,`id_supplier`),
  KEY `id_supplier` (`id_supplier`,`id_product`)
) ENGINE=InnoDB DEFAULT CHARSET=utf8;

--
-- Dumping data for table `ps_product_supplier`
--


--
-- Table structure for table `ps_product_tag`
--

CREATE TABLE `ps_product_tag` (
  `id_product` int(10) unsigned NOT NULL,
  `id_tag` int(10) unsigned NOT NULL,
  `id_lang` int(10) unsigned NOT NULL,
  PRIMARY KEY (`id_product`,`id_tag`),
  KEY `id_tag` (`id_tag`),
  KEY `id_lang` (`id_lang`,`id_tag`)
) ENGINE=InnoDB DEFAULT CHARSET=utf8;

--
-- Dumping data for table `ps_product_tag`
--


--
-- Table structure for table `ps_profile`
--

CREATE TABLE `ps_profile` (
  `id_profile` int(10) unsigned NOT NULL AUTO_INCREMENT,
  PRIMARY KEY (`id_profile`)
) ENGINE=InnoDB AUTO_INCREMENT=5 DEFAULT CHARSET=utf8;

--
-- Dumping data for table `ps_profile`
--

INSERT INTO `ps_profile` VALUES (1),(2),(3),(4);

--
-- Table structure for table `ps_profile_lang`
--

CREATE TABLE `ps_profile_lang` (
  `id_lang` int(10) unsigned NOT NULL,
  `id_profile` int(10) unsigned NOT NULL,
  `name` varchar(128) NOT NULL,
  PRIMARY KEY (`id_profile`,`id_lang`)
) ENGINE=InnoDB DEFAULT CHARSET=utf8;

--
-- Dumping data for table `ps_profile_lang`
--

INSERT INTO `ps_profile_lang` VALUES (1,1,'SuperAdmin'),(2,1,'SuperAdmin'),(3,1,'SuperAdmin'),(4,1,'SuperAdmin'),(5,1,'SuperAdmin'),(6,1,'مشرف متميز'),(1,2,'Logistician'),(2,2,'Logisticien'),(3,2,'Logistiker'),(4,2,'Addetto alla spedizione'),(5,2,'Encargado de logística'),(6,2,'لوجستي'),(1,3,'Translator'),(2,3,'Traducteur'),(3,3,'Übersetzer'),(4,3,'Traduttore'),(5,3,'Traductor'),(6,3,'مترجم'),(1,4,'Salesman'),(2,4,'Vendeur'),(3,4,'Verkäufer'),(4,4,'Venditore'),(5,4,'Vendedor'),(6,4,'بائع');

--
-- Table structure for table `ps_quick_access`
--

CREATE TABLE `ps_quick_access` (
  `id_quick_access` int(10) unsigned NOT NULL AUTO_INCREMENT,
  `new_window` tinyint(1) NOT NULL DEFAULT 0,
  `link` varchar(255) NOT NULL,
  PRIMARY KEY (`id_quick_access`)
) ENGINE=InnoDB AUTO_INCREMENT=7 DEFAULT CHARSET=utf8;

--
-- Dumping data for table `ps_quick_access`
--

INSERT INTO `ps_quick_access` VALUES (1,0,'index.php?controller=AdminOrders'),(2,0,'index.php?controller=AdminCartRules&addcart_rule'),(3,0,'index.php/sell/catalog/products/new'),(4,0,'index.php?controller=AdminCategories&addcategory'),(5,0,'index.php/improve/modules/manage'),(6,0,'index.php?controller=AdminStats&module=statscheckup');

--
-- Table structure for table `ps_quick_access_lang`
--

CREATE TABLE `ps_quick_access_lang` (
  `id_quick_access` int(10) unsigned NOT NULL,
  `id_lang` int(10) unsigned NOT NULL,
  `name` varchar(32) NOT NULL,
  PRIMARY KEY (`id_quick_access`,`id_lang`)
) ENGINE=InnoDB DEFAULT CHARSET=utf8;

--
-- Dumping data for table `ps_quick_access_lang`
--

INSERT INTO `ps_quick_access_lang` VALUES (1,1,'Orders'),(1,2,'Commandes'),(1,3,'Bestellungen'),(1,4,'Ordini'),(1,5,'Pedidos'),(1,6,'الطلبات'),(2,1,'New voucher'),(2,2,'Nouveau bon de réduction'),(2,3,'Neuer Ermäßigungsgutschein'),(2,4,'Nuovo voucher'),(2,5,'Nuevo cupón de descuento'),(2,6,'قسيمة جديدة'),(3,1,'New product'),(3,2,'Nouveau produit'),(3,3,'Neuer Artikel'),(3,4,'Nuovo prodotto'),(3,5,'Nuevo'),(3,6,'منتج جديد'),(4,1,'New category'),(4,2,'Nouvelle catégorie'),(4,3,'Neue Kategorie'),(4,4,'Nuova categoria'),(4,5,'Nueva categoría'),(4,6,'تصنيف جديد'),(5,1,'Installed modules'),(5,2,'Modules installés'),(5,3,'Installierte Module'),(5,4,'Moduli installati'),(5,5,'Módulos instalados'),(5,6,'الاضافات المثبتة'),(6,1,'Catalog evaluation'),(6,2,'Évaluation du catalogue'),(6,3,'Katalogauswertung'),(6,4,'Valutazione catalogo'),(6,5,'Evaluación del catálogo'),(6,6,'كتالوج التقييم');

--
-- Table structure for table `ps_range_price`
--

CREATE TABLE `ps_range_price` (
  `id_range_price` int(10) unsigned NOT NULL AUTO_INCREMENT,
  `id_carrier` int(10) unsigned NOT NULL,
  `delimiter1` decimal(20,6) NOT NULL,
  `delimiter2` decimal(20,6) NOT NULL,
  PRIMARY KEY (`id_range_price`),
  UNIQUE KEY `id_carrier` (`id_carrier`,`delimiter1`,`delimiter2`)
) ENGINE=InnoDB AUTO_INCREMENT=2 DEFAULT CHARSET=utf8;

--
-- Dumping data for table `ps_range_price`
--

INSERT INTO `ps_range_price` VALUES (1,2,0.000000,10000.000000);

--
-- Table structure for table `ps_range_weight`
--

CREATE TABLE `ps_range_weight` (
  `id_range_weight` int(10) unsigned NOT NULL AUTO_INCREMENT,
  `id_carrier` int(10) unsigned NOT NULL,
  `delimiter1` decimal(20,6) NOT NULL,
  `delimiter2` decimal(20,6) NOT NULL,
  PRIMARY KEY (`id_range_weight`),
  UNIQUE KEY `id_carrier` (`id_carrier`,`delimiter1`,`delimiter2`)
) ENGINE=InnoDB AUTO_INCREMENT=2 DEFAULT CHARSET=utf8;

--
-- Dumping data for table `ps_range_weight`
--

INSERT INTO `ps_range_weight` VALUES (1,2,0.000000,10000.000000);

--
-- Table structure for table `ps_reassurance`
--

CREATE TABLE `ps_reassurance` (
  `id_reassurance` int(10) unsigned NOT NULL AUTO_INCREMENT,
  `id_shop` int(10) unsigned NOT NULL,
  `file_name` varchar(100) NOT NULL,
  PRIMARY KEY (`id_reassurance`)
) ENGINE=InnoDB AUTO_INCREMENT=4 DEFAULT CHARSET=utf8;

--
-- Dumping data for table `ps_reassurance`
--

INSERT INTO `ps_reassurance` VALUES (1,1,'ic_verified_user_black_36dp_1x.png'),(2,1,'ic_local_shipping_black_36dp_1x.png'),(3,1,'ic_swap_horiz_black_36dp_1x.png');

--
-- Table structure for table `ps_reassurance_lang`
--

CREATE TABLE `ps_reassurance_lang` (
  `id_reassurance` int(10) unsigned NOT NULL AUTO_INCREMENT,
  `id_lang` int(10) unsigned NOT NULL,
  `text` varchar(300) NOT NULL,
  PRIMARY KEY (`id_reassurance`,`id_lang`)
) ENGINE=InnoDB AUTO_INCREMENT=4 DEFAULT CHARSET=utf8;

--
-- Dumping data for table `ps_reassurance_lang`
--

INSERT INTO `ps_reassurance_lang` VALUES (1,1,'Security policy (edit with Customer reassurance module)'),(1,2,'Security policy (edit with Customer reassurance module)'),(1,3,'Security policy (edit with Customer reassurance module)'),(1,4,'Security policy (edit with Customer reassurance module)'),(1,5,'Security policy (edit with Customer reassurance module)'),(1,6,'Security policy (edit with Customer reassurance module)'),(2,1,'Delivery policy (edit with Customer reassurance module)'),(2,2,'Delivery policy (edit with Customer reassurance module)'),(2,3,'Delivery policy (edit with Customer reassurance module)'),(2,4,'Delivery policy (edit with Customer reassurance module)'),(2,5,'Delivery policy (edit with Customer reassurance module)'),(2,6,'Delivery policy (edit with Customer reassurance module)'),(3,1,'Return policy (edit with Customer reassurance module)'),(3,2,'Return policy (edit with Customer reassurance module)'),(3,3,'Return policy (edit with Customer reassurance module)'),(3,4,'Return policy (edit with Customer reassurance module)'),(3,5,'Return policy (edit with Customer reassurance module)'),(3,6,'Return policy (edit with Customer reassurance module)');

--
-- Table structure for table `ps_referrer`
--

CREATE TABLE `ps_referrer` (
  `id_referrer` int(10) unsigned NOT NULL AUTO_INCREMENT,
  `name` varchar(64) NOT NULL,
  `passwd` varchar(255) DEFAULT NULL,
  `http_referer_regexp` varchar(64) DEFAULT NULL,
  `http_referer_like` varchar(64) DEFAULT NULL,
  `request_uri_regexp` varchar(64) DEFAULT NULL,
  `request_uri_like` varchar(64) DEFAULT NULL,
  `http_referer_regexp_not` varchar(64) DEFAULT NULL,
  `http_referer_like_not` varchar(64) DEFAULT NULL,
  `request_uri_regexp_not` varchar(64) DEFAULT NULL,
  `request_uri_like_not` varchar(64) DEFAULT NULL,
  `base_fee` decimal(5,2) NOT NULL DEFAULT 0.00,
  `percent_fee` decimal(5,2) NOT NULL DEFAULT 0.00,
  `click_fee` decimal(5,2) NOT NULL DEFAULT 0.00,
  `date_add` datetime NOT NULL,
  PRIMARY KEY (`id_referrer`)
) ENGINE=InnoDB DEFAULT CHARSET=utf8;

--
-- Dumping data for table `ps_referrer`
--


--
-- Table structure for table `ps_referrer_cache`
--

CREATE TABLE `ps_referrer_cache` (
  `id_connections_source` int(11) unsigned NOT NULL,
  `id_referrer` int(11) unsigned NOT NULL,
  PRIMARY KEY (`id_connections_source`,`id_referrer`)
) ENGINE=InnoDB DEFAULT CHARSET=utf8;

--
-- Dumping data for table `ps_referrer_cache`
--


--
-- Table structure for table `ps_referrer_shop`
--

CREATE TABLE `ps_referrer_shop` (
  `id_referrer` int(10) unsigned NOT NULL AUTO_INCREMENT,
  `id_shop` int(10) unsigned NOT NULL DEFAULT 1,
  `cache_visitors` int(11) DEFAULT NULL,
  `cache_visits` int(11) DEFAULT NULL,
  `cache_pages` int(11) DEFAULT NULL,
  `cache_registrations` int(11) DEFAULT NULL,
  `cache_orders` int(11) DEFAULT NULL,
  `cache_sales` decimal(17,2) DEFAULT NULL,
  `cache_reg_rate` decimal(5,4) DEFAULT NULL,
  `cache_order_rate` decimal(5,4) DEFAULT NULL,
  PRIMARY KEY (`id_referrer`,`id_shop`)
) ENGINE=InnoDB DEFAULT CHARSET=utf8;

--
-- Dumping data for table `ps_referrer_shop`
--


--
-- Table structure for table `ps_request_sql`
--

CREATE TABLE `ps_request_sql` (
  `id_request_sql` int(11) NOT NULL AUTO_INCREMENT,
  `name` varchar(200) NOT NULL,
  `sql` text NOT NULL,
  PRIMARY KEY (`id_request_sql`)
) ENGINE=InnoDB DEFAULT CHARSET=utf8;

--
-- Dumping data for table `ps_request_sql`
--


--
-- Table structure for table `ps_required_field`
--

CREATE TABLE `ps_required_field` (
  `id_required_field` int(11) NOT NULL AUTO_INCREMENT,
  `object_name` varchar(32) NOT NULL,
  `field_name` varchar(32) NOT NULL,
  PRIMARY KEY (`id_required_field`),
  KEY `object_name` (`object_name`)
) ENGINE=InnoDB DEFAULT CHARSET=utf8;

--
-- Dumping data for table `ps_required_field`
--


--
-- Table structure for table `ps_risk`
--

CREATE TABLE `ps_risk` (
  `id_risk` int(11) unsigned NOT NULL AUTO_INCREMENT,
  `percent` tinyint(3) NOT NULL,
  `color` varchar(32) DEFAULT NULL,
  PRIMARY KEY (`id_risk`)
) ENGINE=InnoDB AUTO_INCREMENT=5 DEFAULT CHARSET=utf8;

--
-- Dumping data for table `ps_risk`
--

INSERT INTO `ps_risk` VALUES (1,0,'#32CD32'),(2,35,'#FF8C00'),(3,75,'#DC143C'),(4,100,'#ec2e15');

--
-- Table structure for table `ps_risk_lang`
--

CREATE TABLE `ps_risk_lang` (
  `id_risk` int(10) unsigned NOT NULL,
  `id_lang` int(10) unsigned NOT NULL,
  `name` varchar(20) NOT NULL,
  PRIMARY KEY (`id_risk`,`id_lang`),
  KEY `id_risk` (`id_risk`)
) ENGINE=InnoDB DEFAULT CHARSET=utf8;

--
-- Dumping data for table `ps_risk_lang`
--

INSERT INTO `ps_risk_lang` VALUES (1,1,'None'),(1,2,'Aucun'),(1,3,'Keine'),(1,4,'Nessuno'),(1,5,'Ninguno'),(1,6,'لايوجد'),(2,1,'Low'),(2,2,'Basse'),(2,3,'Niedrig'),(2,4,'Bassa'),(2,5,'Baja'),(2,6,'منخفض'),(3,1,'Medium'),(3,2,'Moyenne'),(3,3,'Mittel'),(3,4,'Media'),(3,5,'Medio'),(3,6,'وسط'),(4,1,'High'),(4,2,'Haute'),(4,3,'Hoch'),(4,4,'Alta'),(4,5,'Alto'),(4,6,'مرتفع');

--
-- Table structure for table `ps_search_engine`
--

CREATE TABLE `ps_search_engine` (
  `id_search_engine` int(10) unsigned NOT NULL AUTO_INCREMENT,
  `server` varchar(64) NOT NULL,
  `getvar` varchar(16) NOT NULL,
  PRIMARY KEY (`id_search_engine`)
) ENGINE=InnoDB AUTO_INCREMENT=39 DEFAULT CHARSET=utf8;

--
-- Dumping data for table `ps_search_engine`
--

INSERT INTO `ps_search_engine` VALUES (1,'google','q'),(2,'aol','q'),(3,'yandex','text'),(4,'ask.com','q'),(5,'nhl.com','q'),(6,'yahoo','p'),(7,'baidu','wd'),(8,'lycos','query'),(9,'exalead','q'),(10,'search.live','q'),(11,'voila','rdata'),(12,'altavista','q'),(13,'bing','q'),(14,'daum','q'),(15,'eniro','search_word'),(16,'naver','query'),(17,'msn','q'),(18,'netscape','query'),(19,'cnn','query'),(20,'about','terms'),(21,'mamma','query'),(22,'alltheweb','q'),(23,'virgilio','qs'),(24,'alice','qs'),(25,'najdi','q'),(26,'mama','query'),(27,'seznam','q'),(28,'onet','qt'),(29,'szukacz','q'),(30,'yam','k'),(31,'pchome','q'),(32,'kvasir','q'),(33,'sesam','q'),(34,'ozu','q'),(35,'terra','query'),(36,'mynet','q'),(37,'ekolay','q'),(38,'rambler','words');

--
-- Table structure for table `ps_search_index`
--

CREATE TABLE `ps_search_index` (
  `id_product` int(11) unsigned NOT NULL,
  `id_word` int(11) unsigned NOT NULL,
  `weight` smallint(4) unsigned NOT NULL DEFAULT 1,
  PRIMARY KEY (`id_word`,`id_product`),
  KEY `id_product` (`id_product`,`weight`)
) ENGINE=InnoDB DEFAULT CHARSET=utf8;

--
-- Dumping data for table `ps_search_index`
--

INSERT INTO `ps_search_index` VALUES (1,11682,1),(1,11683,1),(1,11684,1),(1,11685,1),(1,11686,1),(1,11687,1),(1,11688,1),(1,11689,1),(1,11690,1),(1,11691,1),(1,11692,1),(1,11693,1),(1,11694,1),(1,11695,1),(1,11696,1),(1,11697,1),(1,11698,1),(1,11699,1),(1,11700,1),(1,11701,1),(1,11702,1),(1,11703,1),(1,11704,1),(1,11705,1),(1,11706,1),(1,11707,1),(1,11708,1),(1,11709,1),(1,11710,1),(1,11711,1),(1,11712,1),(1,11715,1),(1,11716,1),(1,11717,1),(1,11718,1),(1,11719,1),(1,11720,1),(1,11721,1),(1,11722,1),(1,11723,1),(1,11724,1),(1,11725,1),(1,11726,1),(1,11727,1),(1,11728,1),(1,11729,1),(1,11730,1),(1,11731,1),(1,11732,1),(1,11733,1),(1,11734,1),(1,11735,1),(1,11736,1),(1,11737,1),(1,11738,1),(1,11745,1),(1,11746,1),(1,11747,1),(1,11748,1),(1,11749,1),(1,11750,1),(1,11751,1),(1,11753,1),(1,11754,1),(1,11755,1),(1,11756,1),(1,11757,1),(1,11758,1),(1,11759,1),(1,11760,1),(1,11761,1),(1,11762,1),(1,11763,1),(1,11765,1),(1,11766,1),(1,11767,1),(1,11768,1),(1,11769,1),(1,11770,1),(1,11771,1),(1,11772,1),(1,11773,1),(1,11774,1),(1,11775,1),(1,11776,1),(1,11777,1),(1,11778,1),(1,11779,1),(1,11780,1),(1,11781,1),(1,11782,1),(1,11783,1),(1,11784,1),(1,11787,1),(1,11788,1),(1,11789,1),(1,11790,1),(1,11791,1),(1,11792,1),(1,11793,1),(1,11794,1),(1,11795,1),(1,11796,1),(1,11797,1),(1,11798,1),(1,11799,1),(1,11800,1),(1,11801,1),(1,11802,1),(1,11803,1),(1,11804,1),(1,11805,1),(1,11806,1),(1,11807,1),(1,11808,1),(1,11809,1),(1,11810,1),(1,11817,1),(1,11818,1),(1,11819,1),(1,11820,1),(1,11821,1),(1,11822,1),(1,11823,1),(1,11825,1),(1,11826,1),(1,11827,1),(1,11828,1),(1,11829,1),(1,11830,1),(1,11831,1),(1,11832,1),(1,11833,1),(1,11834,1),(1,11835,1),(1,11837,1),(1,11838,1),(1,11839,1),(1,11840,1),(1,11841,1),(1,11842,1),(1,11843,1),(1,11844,1),(1,11845,1),(1,11846,1),(1,11847,1),(1,11848,1),(1,11849,1),(1,11850,1),(1,11851,1),(1,11852,1),(1,11853,1),(1,11854,1),(1,11855,1),(1,11856,1),(1,11859,1),(1,11860,1),(1,11861,1),(1,11862,1),(1,11863,1),(1,11864,1),(1,11865,1),(1,11866,1),(1,11867,1),(1,11868,1),(1,11869,1),(1,11870,1),(1,11871,1),(1,11872,1),(1,11873,1),(1,11874,1),(1,11875,1),(1,11876,1),(1,11877,1),(1,11878,1),(1,11879,1),(1,11880,1),(1,11881,1),(1,11882,1),(1,11889,1),(1,11890,1),(1,11891,1),(1,11892,1),(1,11893,1),(1,11894,1),(1,11895,1),(1,11897,1),(1,11898,1),(1,11899,1),(1,11900,1),(1,11901,1),(1,11902,1),(1,11903,1),(1,11904,1),(1,11905,1),(1,11906,1),(1,11907,1),(1,11909,1),(1,11910,1),(1,11911,1),(1,11912,1),(1,11913,1),(1,11914,1),(1,11915,1),(1,11916,1),(1,11917,1),(1,11918,1),(1,11919,1),(1,11920,1),(1,11921,1),(1,11922,1),(1,11923,1),(1,11924,1),(1,11925,1),(1,11926,1),(1,11927,1),(1,11928,1),(1,11931,1),(1,11932,1),(1,11933,1),(1,11934,1),(1,11935,1),(1,11936,1),(1,11937,1),(1,11938,1),(1,11939,1),(1,11940,1),(1,11941,1),(1,11942,1),(1,11943,1),(1,11944,1),(1,11945,1),(1,11946,1),(1,11947,1),(1,11948,1),(1,11949,1),(1,11950,1),(1,11951,1),(1,11952,1),(1,11953,1),(1,11954,1),(1,11961,1),(1,11962,1),(1,11963,1),(1,11964,1),(1,11965,1),(1,11966,1),(1,11967,1),(1,11969,1),(1,11970,1),(1,11971,1),(1,11972,1),(1,11973,1),(1,11974,1),(1,11975,1),(1,11976,1),(1,11977,1),(1,11978,1),(1,11979,1),(1,11981,1),(1,11982,1),(1,11983,1),(1,11984,1),(1,11985,1),(1,11986,1),(1,11987,1),(1,11988,1),(1,11989,1),(1,11990,1),(1,11991,1),(1,11992,1),(1,11993,1),(1,11994,1),(1,11995,1),(1,11996,1),(1,11997,1),(1,11998,1),(1,11999,1),(1,12000,1),(1,12003,1),(1,12004,1),(1,12005,1),(1,12006,1),(1,12007,1),(1,12008,1),(1,12009,1),(1,12010,1),(1,12011,1),(1,12012,1),(1,12013,1),(1,12014,1),(1,12015,1),(1,12016,1),(1,12017,1),(1,12018,1),(1,12019,1),(1,12020,1),(1,12021,1),(1,12022,1),(1,12023,1),(1,12024,1),(1,12025,1),(1,12026,1),(1,12033,1),(1,12034,1),(1,12035,1),(1,12036,1),(1,12037,1),(1,12038,1),(1,12039,1),(1,12041,1),(1,12042,1),(1,12043,1),(1,12044,1),(1,12045,1),(1,12046,1),(1,12047,1),(1,12048,1),(1,12049,1),(1,12050,1),(1,12051,1),(1,12053,1),(1,12054,1),(1,12055,1),(1,12056,1),(1,12057,1),(1,12058,1),(1,12059,1),(1,12060,1),(1,12061,1),(1,12062,1),(1,12063,1),(1,12064,1),(1,12065,1),(1,12066,1),(1,12067,1),(1,12068,1),(1,12069,1),(1,12070,1),(1,12071,1),(1,12072,1),(1,12075,1),(1,12076,1),(1,12077,1),(1,12078,1),(1,12079,1),(1,12080,1),(1,12081,1),(1,12082,1),(1,12083,1),(1,12084,1),(1,12085,1),(1,12086,1),(1,12087,1),(1,12088,1),(1,12089,1),(1,12090,1),(1,12091,1),(1,12092,1),(1,12093,1),(1,12094,1),(1,12095,1),(1,12096,1),(1,12097,1),(1,12098,1),(1,11740,2),(1,11741,2),(1,11752,2),(1,11764,2),(1,11812,2),(1,11813,2),(1,11824,2),(1,11836,2),(1,11884,2),(1,11885,2),(1,11896,2),(1,11908,2),(1,11956,2),(1,11957,2),(1,11968,2),(1,11980,2),(1,12028,2),(1,12029,2),(1,12040,2),(1,12052,2),(1,12100,2),(1,12101,2),(1,11739,3),(1,11811,3),(1,11883,3),(1,11955,3),(1,12027,3),(1,12099,3),(1,11713,4),(1,11714,4),(1,11785,4),(1,11786,4),(1,11857,4),(1,11858,4),(1,11929,4),(1,11930,4),(1,12001,4),(1,12002,4),(1,12073,4),(1,12074,4),(1,11679,6),(1,11680,6),(1,11742,6),(1,11743,6),(1,11814,6),(1,11815,6),(1,11886,6),(1,11887,6),(1,11958,6),(1,11959,6),(1,12030,6),(1,12031,6),(1,11681,90),(1,11744,90),(1,11816,90),(1,11888,90),(1,11960,90),(1,12032,90),(2,11715,1),(2,11716,1),(2,11717,1),(2,11718,1),(2,11719,1),(2,11720,1),(2,11721,1),(2,11722,1),(2,11723,1),(2,11724,1),(2,11725,1),(2,11726,1),(2,11727,1),(2,11728,1),(2,11729,1),(2,11730,1),(2,11731,1),(2,11732,1),(2,11733,1),(2,11734,1),(2,11735,1),(2,11736,1),(2,11737,1),(2,11738,1),(2,11752,1),(2,11764,1),(2,11779,1),(2,11787,1),(2,11788,1),(2,11789,1),(2,11790,1),(2,11791,1),(2,11792,1),(2,11793,1),(2,11794,1),(2,11795,1),(2,11796,1),(2,11797,1),(2,11798,1),(2,11799,1),(2,11800,1),(2,11801,1),(2,11802,1),(2,11803,1),(2,11804,1),(2,11805,1),(2,11806,1),(2,11807,1),(2,11808,1),(2,11809,1),(2,11810,1),(2,11824,1),(2,11836,1),(2,11851,1),(2,11859,1),(2,11860,1),(2,11861,1),(2,11862,1),(2,11863,1),(2,11864,1),(2,11865,1),(2,11866,1),(2,11867,1),(2,11868,1),(2,11869,1),(2,11870,1),(2,11871,1),(2,11872,1),(2,11873,1),(2,11874,1),(2,11875,1),(2,11876,1),(2,11877,1),(2,11878,1),(2,11879,1),(2,11880,1),(2,11881,1),(2,11882,1),(2,11896,1),(2,11908,1),(2,11923,1),(2,11931,1),(2,11932,1),(2,11933,1),(2,11934,1),(2,11935,1),(2,11936,1),(2,11937,1),(2,11938,1),(2,11939,1),(2,11940,1),(2,11941,1),(2,11942,1),(2,11943,1),(2,11944,1),(2,11945,1),(2,11946,1),(2,11947,1),(2,11948,1),(2,11949,1),(2,11950,1),(2,11951,1),(2,11952,1),(2,11953,1),(2,11954,1),(2,11968,1),(2,11980,1),(2,11995,1),(2,12003,1),(2,12004,1),(2,12005,1),(2,12006,1),(2,12007,1),(2,12008,1),(2,12009,1),(2,12010,1),(2,12011,1),(2,12012,1),(2,12013,1),(2,12014,1),(2,12015,1),(2,12016,1),(2,12017,1),(2,12018,1),(2,12019,1),(2,12020,1),(2,12021,1),(2,12022,1),(2,12023,1),(2,12024,1),(2,12025,1),(2,12026,1),(2,12040,1),(2,12052,1),(2,12067,1),(2,12075,1),(2,12076,1),(2,12077,1),(2,12078,1),(2,12079,1),(2,12080,1),(2,12081,1),(2,12082,1),(2,12083,1),(2,12084,1),(2,12085,1),(2,12086,1),(2,12087,1),(2,12088,1),(2,12089,1),(2,12090,1),(2,12091,1),(2,12092,1),(2,12093,1),(2,12094,1),(2,12095,1),(2,12096,1),(2,12097,1),(2,12098,1),(2,12104,1),(2,12105,1),(2,12106,1),(2,12107,1),(2,12108,1),(2,12109,1),(2,12110,1),(2,12111,1),(2,12112,1),(2,12113,1),(2,12114,1),(2,12115,1),(2,12116,1),(2,12148,1),(2,12149,1),(2,12150,1),(2,12151,1),(2,12152,1),(2,12153,1),(2,12154,1),(2,12155,1),(2,12156,1),(2,12157,1),(2,12158,1),(2,12159,1),(2,12160,1),(2,12161,1),(2,12196,1),(2,12197,1),(2,12198,1),(2,12199,1),(2,12200,1),(2,12201,1),(2,12202,1),(2,12203,1),(2,12204,1),(2,12205,1),(2,12206,1),(2,12207,1),(2,12208,1),(2,12209,1),(2,12244,1),(2,12245,1),(2,12246,1),(2,12247,1),(2,12248,1),(2,12249,1),(2,12250,1),(2,12251,1),(2,12252,1),(2,12253,1),(2,12254,1),(2,12255,1),(2,12256,1),(2,12257,1),(2,12292,1),(2,12293,1),(2,12294,1),(2,12295,1),(2,12296,1),(2,12297,1),(2,12298,1),(2,12299,1),(2,12300,1),(2,12301,1),(2,12302,1),(2,12303,1),(2,12304,1),(2,12305,1),(2,12340,1),(2,12341,1),(2,12342,1),(2,12343,1),(2,12344,1),(2,12345,1),(2,12346,1),(2,12347,1),(2,12348,1),(2,12349,1),(2,12350,1),(2,12351,1),(2,12352,1),(2,12353,1),(2,12117,3),(2,12162,3),(2,12210,3),(2,12258,3),(2,12306,3),(2,12354,3),(2,12355,3),(2,11713,4),(2,11714,4),(2,11785,4),(2,11786,4),(2,11857,4),(2,11858,4),(2,11929,4),(2,11930,4),(2,12001,4),(2,12002,4),(2,12073,4),(2,12074,4),(2,11679,6),(2,11742,6),(2,11814,6),(2,11886,6),(2,11958,6),(2,12030,6),(2,12102,6),(2,12103,6),(2,12146,6),(2,12147,6),(2,12194,6),(2,12195,6),(2,12242,6),(2,12243,6),(2,12290,6),(2,12291,6),(2,12338,6),(2,12339,6),(2,11681,50),(2,11744,50),(2,11816,50),(2,11888,50),(2,11960,50),(2,12032,50),(3,11752,1),(3,11764,1),(3,11771,1),(3,11779,1),(3,11824,1),(3,11836,1),(3,11843,1),(3,11851,1),(3,11896,1),(3,11908,1),(3,11915,1),(3,11923,1),(3,11968,1),(3,11980,1),(3,11987,1),(3,11995,1),(3,12040,1),(3,12052,1),(3,12059,1),(3,12067,1),(3,12159,1),(3,12207,1),(3,12255,1),(3,12303,1),(3,12351,1),(3,12389,1),(3,12390,1),(3,12391,1),(3,12392,1),(3,12393,1),(3,12394,1),(3,12395,1),(3,12396,1),(3,12397,1),(3,12398,1),(3,12399,1),(3,12400,1),(3,12401,1),(3,12402,1),(3,12403,1),(3,12404,1),(3,12405,1),(3,12406,1),(3,12407,1),(3,12408,1),(3,12409,1),(3,12410,1),(3,12411,1),(3,12412,1),(3,12413,1),(3,12414,1),(3,12415,1),(3,12416,1),(3,12417,1),(3,12418,1),(3,12419,1),(3,12420,1),(3,12421,1),(3,12432,1),(3,12433,1),(3,12434,1),(3,12435,1),(3,12436,1),(3,12437,1),(3,12438,1),(3,12439,1),(3,12440,1),(3,12441,1),(3,12442,1),(3,12443,1),(3,12444,1),(3,12445,1),(3,12446,1),(3,12447,1),(3,12448,1),(3,12449,1),(3,12450,1),(3,12451,1),(3,12452,1),(3,12453,1),(3,12454,1),(3,12455,1),(3,12456,1),(3,12457,1),(3,12458,1),(3,12459,1),(3,12460,1),(3,12461,1),(3,12462,1),(3,12463,1),(3,12464,1),(3,12465,1),(3,12466,1),(3,12482,1),(3,12483,1),(3,12484,1),(3,12485,1),(3,12486,1),(3,12487,1),(3,12488,1),(3,12489,1),(3,12490,1),(3,12491,1),(3,12492,1),(3,12493,1),(3,12494,1),(3,12495,1),(3,12496,1),(3,12497,1),(3,12498,1),(3,12499,1),(3,12500,1),(3,12501,1),(3,12502,1),(3,12503,1),(3,12504,1),(3,12505,1),(3,12506,1),(3,12507,1),(3,12508,1),(3,12509,1),(3,12510,1),(3,12511,1),(3,12512,1),(3,12513,1),(3,12514,1),(3,12515,1),(3,12516,1),(3,12532,1),(3,12533,1),(3,12534,1),(3,12535,1),(3,12536,1),(3,12537,1),(3,12538,1),(3,12539,1),(3,12540,1),(3,12541,1),(3,12542,1),(3,12543,1),(3,12544,1),(3,12545,1),(3,12546,1),(3,12547,1),(3,12548,1),(3,12549,1),(3,12550,1),(3,12551,1),(3,12552,1),(3,12553,1),(3,12554,1),(3,12555,1),(3,12556,1),(3,12557,1),(3,12558,1),(3,12559,1),(3,12560,1),(3,12561,1),(3,12562,1),(3,12563,1),(3,12564,1),(3,12565,1),(3,12566,1),(3,12582,1),(3,12583,1),(3,12584,1),(3,12585,1),(3,12586,1),(3,12587,1),(3,12588,1),(3,12589,1),(3,12590,1),(3,12591,1),(3,12592,1),(3,12593,1),(3,12594,1),(3,12595,1),(3,12596,1),(3,12597,1),(3,12598,1),(3,12599,1),(3,12600,1),(3,12601,1),(3,12602,1),(3,12603,1),(3,12604,1),(3,12605,1),(3,12606,1),(3,12607,1),(3,12608,1),(3,12609,1),(3,12610,1),(3,12611,1),(3,12612,1),(3,12613,1),(3,12614,1),(3,12615,1),(3,12616,1),(3,12632,1),(3,12633,1),(3,12634,1),(3,12635,1),(3,12636,1),(3,12637,1),(3,12638,1),(3,12639,1),(3,12640,1),(3,12641,1),(3,12642,1),(3,12643,1),(3,12644,1),(3,12645,1),(3,12646,1),(3,12647,1),(3,12648,1),(3,12649,1),(3,12650,1),(3,12651,1),(3,12652,1),(3,12653,1),(3,12654,1),(3,12655,1),(3,12656,1),(3,12657,1),(3,12658,1),(3,12659,1),(3,12660,1),(3,12661,1),(3,12662,1),(3,12663,1),(3,12664,1),(3,12665,1),(3,12666,1),(3,12425,2),(3,12426,2),(3,12427,2),(3,12470,2),(3,12471,2),(3,12472,2),(3,12520,2),(3,12521,2),(3,12522,2),(3,12570,2),(3,12571,2),(3,12572,2),(3,12620,2),(3,12621,2),(3,12622,2),(3,12670,2),(3,12671,2),(3,12672,2),(3,12422,3),(3,12423,3),(3,12424,3),(3,12467,3),(3,12468,3),(3,12469,3),(3,12517,3),(3,12518,3),(3,12519,3),(3,12567,3),(3,12568,3),(3,12569,3),(3,12617,3),(3,12618,3),(3,12619,3),(3,12667,3),(3,12668,3),(3,12669,3),(3,11679,6),(3,11742,6),(3,11814,6),(3,11886,6),(3,11958,6),(3,12030,6),(3,12387,6),(3,12388,6),(3,12430,6),(3,12431,6),(3,12480,6),(3,12481,6),(3,12530,6),(3,12531,6),(3,12580,6),(3,12581,6),(3,12630,6),(3,12631,6),(3,11681,40),(3,11744,40),(3,11816,40),(3,11888,40),(3,11960,40),(3,12032,40),(4,11752,1),(4,11764,1),(4,11771,1),(4,11779,1),(4,11824,1),(4,11836,1),(4,11843,1),(4,11851,1),(4,11896,1),(4,11908,1),(4,11915,1),(4,11923,1),(4,11968,1),(4,11980,1),(4,11987,1),(4,11995,1),(4,12040,1),(4,12052,1),(4,12059,1),(4,12067,1),(4,12159,1),(4,12207,1),(4,12255,1),(4,12303,1),(4,12351,1),(4,12389,1),(4,12390,1),(4,12391,1),(4,12393,1),(4,12394,1),(4,12395,1),(4,12396,1),(4,12397,1),(4,12398,1),(4,12399,1),(4,12400,1),(4,12401,1),(4,12402,1),(4,12403,1),(4,12404,1),(4,12405,1),(4,12406,1),(4,12407,1),(4,12408,1),(4,12409,1),(4,12410,1),(4,12411,1),(4,12412,1),(4,12413,1),(4,12414,1),(4,12415,1),(4,12416,1),(4,12417,1),(4,12418,1),(4,12419,1),(4,12420,1),(4,12421,1),(4,12432,1),(4,12433,1),(4,12434,1),(4,12436,1),(4,12437,1),(4,12438,1),(4,12439,1),(4,12440,1),(4,12441,1),(4,12442,1),(4,12443,1),(4,12444,1),(4,12445,1),(4,12446,1),(4,12447,1),(4,12448,1),(4,12449,1),(4,12450,1),(4,12451,1),(4,12452,1),(4,12453,1),(4,12454,1),(4,12455,1),(4,12456,1),(4,12457,1),(4,12458,1),(4,12459,1),(4,12460,1),(4,12461,1),(4,12462,1),(4,12463,1),(4,12464,1),(4,12465,1),(4,12466,1),(4,12482,1),(4,12483,1),(4,12484,1),(4,12486,1),(4,12487,1),(4,12488,1),(4,12489,1),(4,12490,1),(4,12491,1),(4,12492,1),(4,12493,1),(4,12494,1),(4,12495,1),(4,12496,1),(4,12497,1),(4,12498,1),(4,12499,1),(4,12500,1),(4,12501,1),(4,12502,1),(4,12503,1),(4,12504,1),(4,12505,1),(4,12506,1),(4,12507,1),(4,12508,1),(4,12509,1),(4,12510,1),(4,12511,1),(4,12512,1),(4,12513,1),(4,12514,1),(4,12515,1),(4,12516,1),(4,12532,1),(4,12533,1),(4,12534,1),(4,12536,1),(4,12537,1),(4,12538,1),(4,12539,1),(4,12540,1),(4,12541,1),(4,12542,1),(4,12543,1),(4,12544,1),(4,12545,1),(4,12546,1),(4,12547,1),(4,12548,1),(4,12549,1),(4,12550,1),(4,12551,1),(4,12552,1),(4,12553,1),(4,12554,1),(4,12555,1),(4,12556,1),(4,12557,1),(4,12558,1),(4,12559,1),(4,12560,1),(4,12561,1),(4,12562,1),(4,12563,1),(4,12564,1),(4,12565,1),(4,12566,1),(4,12582,1),(4,12583,1),(4,12584,1),(4,12586,1),(4,12587,1),(4,12588,1),(4,12589,1),(4,12590,1),(4,12591,1),(4,12592,1),(4,12593,1),(4,12594,1),(4,12595,1),(4,12596,1),(4,12597,1),(4,12598,1),(4,12599,1),(4,12600,1),(4,12601,1),(4,12602,1),(4,12603,1),(4,12604,1),(4,12605,1),(4,12606,1),(4,12607,1),(4,12608,1),(4,12609,1),(4,12610,1),(4,12611,1),(4,12612,1),(4,12613,1),(4,12614,1),(4,12615,1),(4,12616,1),(4,12632,1),(4,12633,1),(4,12634,1),(4,12636,1),(4,12637,1),(4,12638,1),(4,12639,1),(4,12640,1),(4,12641,1),(4,12642,1),(4,12643,1),(4,12644,1),(4,12645,1),(4,12646,1),(4,12647,1),(4,12648,1),(4,12649,1),(4,12650,1),(4,12651,1),(4,12652,1),(4,12653,1),(4,12654,1),(4,12655,1),(4,12656,1),(4,12657,1),(4,12658,1),(4,12659,1),(4,12660,1),(4,12661,1),(4,12662,1),(4,12663,1),(4,12664,1),(4,12665,1),(4,12666,1),(4,12682,1),(4,12724,1),(4,12773,1),(4,12822,1),(4,12871,1),(4,12920,1),(4,12425,2),(4,12426,2),(4,12427,2),(4,12470,2),(4,12471,2),(4,12472,2),(4,12520,2),(4,12521,2),(4,12522,2),(4,12570,2),(4,12571,2),(4,12572,2),(4,12620,2),(4,12621,2),(4,12622,2),(4,12670,2),(4,12671,2),(4,12672,2),(4,12117,3),(4,12162,3),(4,12210,3),(4,12258,3),(4,12306,3),(4,12354,3),(4,12355,3),(4,12423,3),(4,12424,3),(4,12468,3),(4,12469,3),(4,12518,3),(4,12519,3),(4,12568,3),(4,12569,3),(4,12618,3),(4,12619,3),(4,12668,3),(4,12669,3),(4,12680,6),(4,12681,6),(4,12722,6),(4,12723,6),(4,12771,6),(4,12772,6),(4,12820,6),(4,12821,6),(4,12869,6),(4,12870,6),(4,12918,6),(4,12919,6),(4,11681,40),(4,11744,40),(4,11816,40),(4,11888,40),(4,11960,40),(4,12032,40),(5,11764,1),(5,11771,1),(5,11779,1),(5,11836,1),(5,11843,1),(5,11851,1),(5,11908,1),(5,11915,1),(5,11923,1),(5,11980,1),(5,11987,1),(5,11995,1),(5,12052,1),(5,12059,1),(5,12067,1),(5,12159,1),(5,12207,1),(5,12255,1),(5,12303,1),(5,12351,1),(5,12389,1),(5,12390,1),(5,12391,1),(5,12392,1),(5,12393,1),(5,12394,1),(5,12395,1),(5,12396,1),(5,12397,1),(5,12398,1),(5,12399,1),(5,12400,1),(5,12401,1),(5,12402,1),(5,12403,1),(5,12404,1),(5,12405,1),(5,12406,1),(5,12407,1),(5,12408,1),(5,12409,1),(5,12410,1),(5,12411,1),(5,12412,1),(5,12413,1),(5,12414,1),(5,12415,1),(5,12416,1),(5,12417,1),(5,12418,1),(5,12419,1),(5,12420,1),(5,12421,1),(5,12432,1),(5,12433,1),(5,12434,1),(5,12435,1),(5,12436,1),(5,12437,1),(5,12438,1),(5,12439,1),(5,12440,1),(5,12441,1),(5,12442,1),(5,12443,1),(5,12444,1),(5,12445,1),(5,12446,1),(5,12447,1),(5,12448,1),(5,12449,1),(5,12450,1),(5,12451,1),(5,12452,1),(5,12453,1),(5,12454,1),(5,12455,1),(5,12456,1),(5,12457,1),(5,12458,1),(5,12459,1),(5,12460,1),(5,12461,1),(5,12462,1),(5,12463,1),(5,12464,1),(5,12465,1),(5,12466,1),(5,12482,1),(5,12483,1),(5,12484,1),(5,12485,1),(5,12486,1),(5,12487,1),(5,12488,1),(5,12489,1),(5,12490,1),(5,12491,1),(5,12492,1),(5,12493,1),(5,12494,1),(5,12495,1),(5,12496,1),(5,12497,1),(5,12498,1),(5,12499,1),(5,12500,1),(5,12501,1),(5,12502,1),(5,12503,1),(5,12504,1),(5,12505,1),(5,12506,1),(5,12507,1),(5,12508,1),(5,12509,1),(5,12510,1),(5,12511,1),(5,12512,1),(5,12513,1),(5,12514,1),(5,12515,1),(5,12516,1),(5,12532,1),(5,12533,1),(5,12534,1),(5,12535,1),(5,12536,1),(5,12537,1),(5,12538,1),(5,12539,1),(5,12540,1),(5,12541,1),(5,12542,1),(5,12543,1),(5,12544,1),(5,12545,1),(5,12546,1),(5,12547,1),(5,12548,1),(5,12549,1),(5,12550,1),(5,12551,1),(5,12552,1),(5,12553,1),(5,12554,1),(5,12555,1),(5,12556,1),(5,12557,1),(5,12558,1),(5,12559,1),(5,12560,1),(5,12561,1),(5,12562,1),(5,12563,1),(5,12564,1),(5,12565,1),(5,12566,1),(5,12582,1),(5,12583,1),(5,12584,1),(5,12585,1),(5,12586,1),(5,12587,1),(5,12588,1),(5,12589,1),(5,12590,1),(5,12591,1),(5,12592,1),(5,12593,1),(5,12594,1),(5,12595,1),(5,12596,1),(5,12597,1),(5,12598,1),(5,12599,1),(5,12600,1),(5,12601,1),(5,12602,1),(5,12603,1),(5,12604,1),(5,12605,1),(5,12606,1),(5,12607,1),(5,12608,1),(5,12609,1),(5,12610,1),(5,12611,1),(5,12612,1),(5,12613,1),(5,12614,1),(5,12615,1),(5,12616,1),(5,12632,1),(5,12633,1),(5,12634,1),(5,12635,1),(5,12636,1),(5,12637,1),(5,12638,1),(5,12639,1),(5,12640,1),(5,12641,1),(5,12642,1),(5,12643,1),(5,12644,1),(5,12645,1),(5,12646,1),(5,12647,1),(5,12648,1),(5,12649,1),(5,12650,1),(5,12651,1),(5,12652,1),(5,12653,1),(5,12654,1),(5,12655,1),(5,12656,1),(5,12657,1),(5,12658,1),(5,12659,1),(5,12660,1),(5,12661,1),(5,12662,1),(5,12663,1),(5,12664,1),(5,12665,1),(5,12666,1),(5,12682,1),(5,12724,1),(5,12773,1),(5,12822,1),(5,12871,1),(5,12920,1),(5,11752,2),(5,11824,2),(5,11896,2),(5,11968,2),(5,12040,2),(5,12425,2),(5,12426,2),(5,12427,2),(5,12470,2),(5,12471,2),(5,12472,2),(5,12520,2),(5,12521,2),(5,12522,2),(5,12570,2),(5,12571,2),(5,12572,2),(5,12620,2),(5,12621,2),(5,12622,2),(5,12670,2),(5,12671,2),(5,12672,2),(5,12422,3),(5,12423,3),(5,12424,3),(5,12467,3),(5,12468,3),(5,12469,3),(5,12517,3),(5,12518,3),(5,12519,3),(5,12567,3),(5,12568,3),(5,12569,3),(5,12617,3),(5,12618,3),(5,12619,3),(5,12667,3),(5,12668,3),(5,12669,3),(5,11679,6),(5,11742,6),(5,11814,6),(5,11886,6),(5,11958,6),(5,12030,6),(5,12102,6),(5,12146,6),(5,12194,6),(5,12242,6),(5,12290,6),(5,12338,6),(5,12968,6),(5,13012,6),(5,13063,6),(5,13114,6),(5,13165,6),(5,13216,6),(5,11681,40),(5,11744,40),(5,11816,40),(5,11888,40),(5,11960,40),(5,12032,40),(6,11687,1),(6,11740,1),(6,11752,1),(6,11754,1),(6,11764,1),(6,11824,1),(6,11826,1),(6,11836,1),(6,11896,1),(6,11898,1),(6,11908,1),(6,11968,1),(6,11970,1),(6,11980,1),(6,12040,1),(6,12042,1),(6,12052,1),(6,12395,1),(6,12396,1),(6,12397,1),(6,12438,1),(6,12439,1),(6,12440,1),(6,12488,1),(6,12489,1),(6,12490,1),(6,12538,1),(6,12539,1),(6,12540,1),(6,12588,1),(6,12589,1),(6,12590,1),(6,12638,1),(6,12639,1),(6,12640,1),(6,13271,1),(6,13272,1),(6,13273,1),(6,13274,1),(6,13275,1),(6,13276,1),(6,13277,1),(6,13278,1),(6,13279,1),(6,13280,1),(6,13281,1),(6,13282,1),(6,13283,1),(6,13284,1),(6,13285,1),(6,13286,1),(6,13301,1),(6,13302,1),(6,13303,1),(6,13304,1),(6,13305,1),(6,13306,1),(6,13307,1),(6,13308,1),(6,13309,1),(6,13310,1),(6,13311,1),(6,13312,1),(6,13313,1),(6,13314,1),(6,13315,1),(6,13316,1),(6,13317,1),(6,13318,1),(6,13334,1),(6,13335,1),(6,13336,1),(6,13337,1),(6,13338,1),(6,13339,1),(6,13340,1),(6,13341,1),(6,13342,1),(6,13343,1),(6,13344,1),(6,13345,1),(6,13346,1),(6,13347,1),(6,13348,1),(6,13349,1),(6,13350,1),(6,13351,1),(6,13367,1),(6,13368,1),(6,13369,1),(6,13370,1),(6,13371,1),(6,13372,1),(6,13373,1),(6,13374,1),(6,13375,1),(6,13376,1),(6,13377,1),(6,13378,1),(6,13379,1),(6,13380,1),(6,13381,1),(6,13382,1),(6,13383,1),(6,13384,1),(6,13400,1),(6,13401,1),(6,13402,1),(6,13403,1),(6,13404,1),(6,13405,1),(6,13406,1),(6,13407,1),(6,13408,1),(6,13409,1),(6,13410,1),(6,13411,1),(6,13412,1),(6,13413,1),(6,13414,1),(6,13415,1),(6,13416,1),(6,13417,1),(6,13433,1),(6,13434,1),(6,13435,1),(6,13436,1),(6,13437,1),(6,13438,1),(6,13439,1),(6,13440,1),(6,13441,1),(6,13442,1),(6,13443,1),(6,13444,1),(6,13445,1),(6,13446,1),(6,13447,1),(6,13448,1),(6,13449,1),(6,13450,1),(6,11713,3),(6,11714,3),(6,11785,3),(6,11786,3),(6,11857,3),(6,11858,3),(6,11929,3),(6,11930,3),(6,12001,3),(6,12002,3),(6,12073,3),(6,12074,3),(6,13287,3),(6,13319,3),(6,13352,3),(6,13385,3),(6,13418,3),(6,13451,3),(6,11679,6),(6,11742,6),(6,11814,6),(6,11886,6),(6,11958,6),(6,12030,6),(6,13267,6),(6,13268,6),(6,13269,6),(6,13270,6),(6,13297,6),(6,13298,6),(6,13299,6),(6,13300,6),(6,13330,6),(6,13331,6),(6,13332,6),(6,13333,6),(6,13363,6),(6,13364,6),(6,13365,6),(6,13366,6),(6,13396,6),(6,13397,6),(6,13398,6),(6,13399,6),(6,13429,6),(6,13430,6),(6,13431,6),(6,13432,6),(6,11681,10),(6,11744,10),(6,11816,10),(6,11888,10),(6,11960,10),(6,12032,10),(7,11740,1),(7,11752,1),(7,11764,1),(7,11824,1),(7,11836,1),(7,11896,1),(7,11908,1),(7,11968,1),(7,11980,1),(7,12040,1),(7,12052,1),(7,13271,1),(7,13272,1),(7,13273,1),(7,13275,1),(7,13278,1),(7,13279,1),(7,13280,1),(7,13281,1),(7,13282,1),(7,13283,1),(7,13284,1),(7,13285,1),(7,13286,1),(7,13301,1),(7,13302,1),(7,13303,1),(7,13304,1),(7,13306,1),(7,13310,1),(7,13311,1),(7,13312,1),(7,13313,1),(7,13314,1),(7,13315,1),(7,13316,1),(7,13317,1),(7,13318,1),(7,13334,1),(7,13335,1),(7,13336,1),(7,13337,1),(7,13339,1),(7,13343,1),(7,13344,1),(7,13345,1),(7,13346,1),(7,13347,1),(7,13348,1),(7,13349,1),(7,13350,1),(7,13351,1),(7,13367,1),(7,13368,1),(7,13369,1),(7,13370,1),(7,13372,1),(7,13376,1),(7,13377,1),(7,13378,1),(7,13379,1),(7,13380,1),(7,13381,1),(7,13382,1),(7,13383,1),(7,13384,1),(7,13400,1),(7,13401,1),(7,13402,1),(7,13403,1),(7,13405,1),(7,13409,1),(7,13410,1),(7,13411,1),(7,13412,1),(7,13413,1),(7,13414,1),(7,13415,1),(7,13416,1),(7,13417,1),(7,13433,1),(7,13434,1),(7,13435,1),(7,13436,1),(7,13438,1),(7,13442,1),(7,13443,1),(7,13444,1),(7,13445,1),(7,13446,1),(7,13447,1),(7,13448,1),(7,13449,1),(7,13450,1),(7,13464,1),(7,13465,1),(7,13466,1),(7,13467,1),(7,13468,1),(7,13469,1),(7,13491,1),(7,13492,1),(7,13493,1),(7,13494,1),(7,13495,1),(7,13496,1),(7,13497,1),(7,13521,1),(7,13522,1),(7,13523,1),(7,13524,1),(7,13525,1),(7,13526,1),(7,13527,1),(7,13551,1),(7,13552,1),(7,13553,1),(7,13554,1),(7,13555,1),(7,13556,1),(7,13557,1),(7,13581,1),(7,13582,1),(7,13583,1),(7,13584,1),(7,13585,1),(7,13586,1),(7,13587,1),(7,13611,1),(7,13612,1),(7,13613,1),(7,13614,1),(7,13615,1),(7,13616,1),(7,13617,1),(7,11713,3),(7,11714,3),(7,11785,3),(7,11786,3),(7,11857,3),(7,11858,3),(7,11929,3),(7,11930,3),(7,12001,3),(7,12002,3),(7,12073,3),(7,12074,3),(7,13287,3),(7,13319,3),(7,13352,3),(7,13385,3),(7,13418,3),(7,13451,3),(7,11679,6),(7,11742,6),(7,11814,6),(7,11886,6),(7,11958,6),(7,12030,6),(7,13462,6),(7,13463,6),(7,13489,6),(7,13490,6),(7,13519,6),(7,13520,6),(7,13549,6),(7,13550,6),(7,13579,6),(7,13580,6),(7,13609,6),(7,13610,6),(7,11681,10),(7,11744,10),(7,11816,10),(7,11888,10),(7,11960,10),(7,12032,10),(8,11740,1),(8,11764,1),(8,11771,1),(8,11779,1),(8,11836,1),(8,11843,1),(8,11851,1),(8,11908,1),(8,11915,1),(8,11923,1),(8,11980,1),(8,11987,1),(8,11995,1),(8,12052,1),(8,12059,1),(8,12067,1),(8,12404,1),(8,12448,1),(8,12498,1),(8,12548,1),(8,12598,1),(8,12648,1),(8,13271,1),(8,13272,1),(8,13273,1),(8,13274,1),(8,13275,1),(8,13278,1),(8,13279,1),(8,13280,1),(8,13281,1),(8,13282,1),(8,13283,1),(8,13284,1),(8,13285,1),(8,13286,1),(8,13301,1),(8,13302,1),(8,13303,1),(8,13304,1),(8,13305,1),(8,13306,1),(8,13310,1),(8,13311,1),(8,13312,1),(8,13313,1),(8,13314,1),(8,13315,1),(8,13316,1),(8,13317,1),(8,13318,1),(8,13334,1),(8,13335,1),(8,13336,1),(8,13337,1),(8,13338,1),(8,13339,1),(8,13343,1),(8,13344,1),(8,13345,1),(8,13346,1),(8,13347,1),(8,13348,1),(8,13349,1),(8,13350,1),(8,13351,1),(8,13367,1),(8,13368,1),(8,13369,1),(8,13370,1),(8,13371,1),(8,13372,1),(8,13376,1),(8,13377,1),(8,13378,1),(8,13379,1),(8,13380,1),(8,13381,1),(8,13382,1),(8,13383,1),(8,13384,1),(8,13400,1),(8,13401,1),(8,13402,1),(8,13403,1),(8,13404,1),(8,13405,1),(8,13409,1),(8,13410,1),(8,13411,1),(8,13412,1),(8,13413,1),(8,13414,1),(8,13415,1),(8,13416,1),(8,13417,1),(8,13433,1),(8,13434,1),(8,13435,1),(8,13436,1),(8,13437,1),(8,13438,1),(8,13442,1),(8,13443,1),(8,13444,1),(8,13445,1),(8,13446,1),(8,13447,1),(8,13448,1),(8,13449,1),(8,13450,1),(8,13467,1),(8,13494,1),(8,13524,1),(8,13554,1),(8,13584,1),(8,13614,1),(8,13640,1),(8,13641,1),(8,13642,1),(8,13643,1),(8,13644,1),(8,13668,1),(8,13669,1),(8,13670,1),(8,13671,1),(8,13672,1),(8,13699,1),(8,13700,1),(8,13701,1),(8,13702,1),(8,13703,1),(8,13730,1),(8,13731,1),(8,13732,1),(8,13733,1),(8,13734,1),(8,13761,1),(8,13762,1),(8,13763,1),(8,13764,1),(8,13765,1),(8,13792,1),(8,13793,1),(8,13794,1),(8,13795,1),(8,13796,1),(8,11713,3),(8,11714,3),(8,11785,3),(8,11786,3),(8,11857,3),(8,11858,3),(8,11929,3),(8,11930,3),(8,12001,3),(8,12002,3),(8,12073,3),(8,12074,3),(8,12117,3),(8,12162,3),(8,12210,3),(8,12258,3),(8,12306,3),(8,12354,3),(8,12355,3),(8,11679,6),(8,11742,6),(8,11814,6),(8,11886,6),(8,11958,6),(8,12030,6),(8,13639,6),(8,13667,6),(8,13698,6),(8,13729,6),(8,13760,6),(8,13791,6),(8,11681,10),(8,11744,10),(8,11816,10),(8,11888,10),(8,11960,10),(8,12032,10),(9,11720,1),(9,11752,1),(9,11771,1),(9,11792,1),(9,11824,1),(9,11843,1),(9,11864,1),(9,11896,1),(9,11915,1),(9,11936,1),(9,11968,1),(9,11987,1),(9,12008,1),(9,12040,1),(9,12059,1),(9,12080,1),(9,12110,1),(9,12111,1),(9,12154,1),(9,12155,1),(9,12202,1),(9,12203,1),(9,12250,1),(9,12251,1),(9,12298,1),(9,12299,1),(9,12346,1),(9,12347,1),(9,12405,1),(9,12423,1),(9,12449,1),(9,12468,1),(9,12499,1),(9,12518,1),(9,12549,1),(9,12568,1),(9,12599,1),(9,12618,1),(9,12649,1),(9,12668,1),(9,13640,1),(9,13641,1),(9,13668,1),(9,13669,1),(9,13699,1),(9,13700,1),(9,13730,1),(9,13731,1),(9,13761,1),(9,13762,1),(9,13792,1),(9,13793,1),(9,13825,1),(9,13827,1),(9,13828,1),(9,13829,1),(9,13830,1),(9,13831,1),(9,13832,1),(9,13833,1),(9,13834,1),(9,13835,1),(9,13836,1),(9,13837,1),(9,13838,1),(9,13839,1),(9,13840,1),(9,13841,1),(9,13842,1),(9,13843,1),(9,13844,1),(9,13845,1),(9,13846,1),(9,13863,1),(9,13865,1),(9,13866,1),(9,13867,1),(9,13868,1),(9,13869,1),(9,13870,1),(9,13871,1),(9,13872,1),(9,13873,1),(9,13874,1),(9,13875,1),(9,13876,1),(9,13877,1),(9,13878,1),(9,13879,1),(9,13880,1),(9,13881,1),(9,13882,1),(9,13883,1),(9,13884,1),(9,13885,1),(9,13906,1),(9,13908,1),(9,13909,1),(9,13910,1),(9,13911,1),(9,13912,1),(9,13913,1),(9,13914,1),(9,13915,1),(9,13916,1),(9,13917,1),(9,13918,1),(9,13919,1),(9,13920,1),(9,13921,1),(9,13922,1),(9,13923,1),(9,13924,1),(9,13925,1),(9,13926,1),(9,13927,1),(9,13928,1),(9,13949,1),(9,13951,1),(9,13952,1),(9,13953,1),(9,13954,1),(9,13955,1),(9,13956,1),(9,13957,1),(9,13958,1),(9,13959,1),(9,13960,1),(9,13961,1),(9,13962,1),(9,13963,1),(9,13964,1),(9,13965,1),(9,13966,1),(9,13967,1),(9,13968,1),(9,13969,1),(9,13970,1),(9,13971,1),(9,13992,1),(9,13994,1),(9,13995,1),(9,13996,1),(9,13997,1),(9,13998,1),(9,13999,1),(9,14000,1),(9,14001,1),(9,14002,1),(9,14003,1),(9,14004,1),(9,14005,1),(9,14006,1),(9,14007,1),(9,14008,1),(9,14009,1),(9,14010,1),(9,14011,1),(9,14012,1),(9,14013,1),(9,14014,1),(9,14035,1),(9,14037,1),(9,14038,1),(9,14039,1),(9,14040,1),(9,14041,1),(9,14042,1),(9,14043,1),(9,14044,1),(9,14045,1),(9,14046,1),(9,14047,1),(9,14048,1),(9,14049,1),(9,14050,1),(9,14051,1),(9,14052,1),(9,14053,1),(9,14054,1),(9,14055,1),(9,14056,1),(9,14057,1),(9,11740,2),(9,11741,2),(9,11764,2),(9,11779,2),(9,11812,2),(9,11813,2),(9,11836,2),(9,11851,2),(9,11884,2),(9,11885,2),(9,11908,2),(9,11923,2),(9,11956,2),(9,11957,2),(9,11980,2),(9,11995,2),(9,12028,2),(9,12029,2),(9,12052,2),(9,12067,2),(9,12100,2),(9,12101,2),(9,13824,2),(9,13826,2),(9,13862,2),(9,13864,2),(9,13905,2),(9,13907,2),(9,13948,2),(9,13950,2),(9,13991,2),(9,13993,2),(9,14034,2),(9,14036,2),(9,11713,3),(9,11714,3),(9,11785,3),(9,11786,3),(9,11857,3),(9,11858,3),(9,11929,3),(9,11930,3),(9,12001,3),(9,12002,3),(9,12073,3),(9,12074,3),(9,13287,3),(9,13319,3),(9,13352,3),(9,13385,3),(9,13418,3),(9,13451,3),(9,11679,6),(9,11742,6),(9,11814,6),(9,11886,6),(9,11958,6),(9,12030,6),(9,13823,6),(9,13861,6),(9,13904,6),(9,13947,6),(9,13990,6),(9,14033,6),(9,11681,30),(9,11744,30),(9,11816,30),(9,11888,30),(9,11960,30),(9,12032,30),(10,11720,1),(10,11752,1),(10,11771,1),(10,11792,1),(10,11824,1),(10,11843,1),(10,11864,1),(10,11896,1),(10,11915,1),(10,11936,1),(10,11968,1),(10,11987,1),(10,12008,1),(10,12040,1),(10,12059,1),(10,12080,1),(10,12110,1),(10,12111,1),(10,12154,1),(10,12155,1),(10,12202,1),(10,12203,1),(10,12250,1),(10,12251,1),(10,12298,1),(10,12299,1),(10,12346,1),(10,12347,1),(10,12405,1),(10,12423,1),(10,12449,1),(10,12468,1),(10,12499,1),(10,12518,1),(10,12549,1),(10,12568,1),(10,12599,1),(10,12618,1),(10,12649,1),(10,12668,1),(10,13640,1),(10,13641,1),(10,13668,1),(10,13669,1),(10,13699,1),(10,13700,1),(10,13730,1),(10,13731,1),(10,13761,1),(10,13762,1),(10,13792,1),(10,13793,1),(10,13825,1),(10,13827,1),(10,13828,1),(10,13829,1),(10,13830,1),(10,13833,1),(10,13834,1),(10,13835,1),(10,13836,1),(10,13837,1),(10,13838,1),(10,13839,1),(10,13840,1),(10,13841,1),(10,13842,1),(10,13843,1),(10,13844,1),(10,13845,1),(10,13846,1),(10,13863,1),(10,13865,1),(10,13866,1),(10,13867,1),(10,13868,1),(10,13871,1),(10,13872,1),(10,13873,1),(10,13874,1),(10,13875,1),(10,13876,1),(10,13877,1),(10,13878,1),(10,13879,1),(10,13880,1),(10,13881,1),(10,13882,1),(10,13883,1),(10,13884,1),(10,13885,1),(10,13906,1),(10,13908,1),(10,13909,1),(10,13910,1),(10,13911,1),(10,13914,1),(10,13915,1),(10,13916,1),(10,13917,1),(10,13918,1),(10,13919,1),(10,13920,1),(10,13921,1),(10,13922,1),(10,13923,1),(10,13924,1),(10,13925,1),(10,13926,1),(10,13927,1),(10,13928,1),(10,13949,1),(10,13951,1),(10,13952,1),(10,13953,1),(10,13954,1),(10,13957,1),(10,13958,1),(10,13959,1),(10,13960,1),(10,13961,1),(10,13962,1),(10,13963,1),(10,13964,1),(10,13965,1),(10,13966,1),(10,13967,1),(10,13968,1),(10,13969,1),(10,13970,1),(10,13971,1),(10,13992,1),(10,13994,1),(10,13995,1),(10,13996,1),(10,13997,1),(10,14000,1),(10,14001,1),(10,14002,1),(10,14003,1),(10,14004,1),(10,14005,1),(10,14006,1),(10,14007,1),(10,14008,1),(10,14009,1),(10,14010,1),(10,14011,1),(10,14012,1),(10,14013,1),(10,14014,1),(10,14035,1),(10,14037,1),(10,14038,1),(10,14039,1),(10,14040,1),(10,14043,1),(10,14044,1),(10,14045,1),(10,14046,1),(10,14047,1),(10,14048,1),(10,14049,1),(10,14050,1),(10,14051,1),(10,14052,1),(10,14053,1),(10,14054,1),(10,14055,1),(10,14056,1),(10,14057,1),(10,14077,1),(10,14078,1),(10,14116,1),(10,14117,1),(10,14160,1),(10,14161,1),(10,14204,1),(10,14205,1),(10,14248,1),(10,14249,1),(10,14292,1),(10,14293,1),(10,11740,2),(10,11741,2),(10,11764,2),(10,11779,2),(10,11812,2),(10,11813,2),(10,11836,2),(10,11851,2),(10,11884,2),(10,11885,2),(10,11908,2),(10,11923,2),(10,11956,2),(10,11957,2),(10,11980,2),(10,11995,2),(10,12028,2),(10,12029,2),(10,12052,2),(10,12067,2),(10,12100,2),(10,12101,2),(10,13824,2),(10,13826,2),(10,13862,2),(10,13864,2),(10,13905,2),(10,13907,2),(10,13948,2),(10,13950,2),(10,13991,2),(10,13993,2),(10,14034,2),(10,14036,2),(10,11713,3),(10,11714,3),(10,11785,3),(10,11786,3),(10,11857,3),(10,11858,3),(10,11929,3),(10,11930,3),(10,12001,3),(10,12002,3),(10,12073,3),(10,12074,3),(10,13287,3),(10,13319,3),(10,13352,3),(10,13385,3),(10,13418,3),(10,13451,3),(10,11679,6),(10,11742,6),(10,11814,6),(10,11886,6),(10,11958,6),(10,12030,6),(10,12680,6),(10,12722,6),(10,12771,6),(10,12820,6),(10,12869,6),(10,12918,6),(10,14076,6),(10,14115,6),(10,14159,6),(10,14203,6),(10,14247,6),(10,14291,6),(10,11681,30),(10,11744,30),(10,11816,30),(10,11888,30),(10,11960,30),(10,12032,30),(11,11709,1),(11,11720,1),(11,11752,1),(11,11771,1),(11,11781,1),(11,11792,1),(11,11824,1),(11,11843,1),(11,11853,1),(11,11864,1),(11,11896,1),(11,11915,1),(11,11925,1),(11,11936,1),(11,11968,1),(11,11987,1),(11,11997,1),(11,12008,1),(11,12040,1),(11,12059,1),(11,12069,1),(11,12080,1),(11,12110,1),(11,12111,1),(11,12154,1),(11,12155,1),(11,12202,1),(11,12203,1),(11,12250,1),(11,12251,1),(11,12298,1),(11,12299,1),(11,12346,1),(11,12347,1),(11,12405,1),(11,12423,1),(11,12449,1),(11,12468,1),(11,12499,1),(11,12518,1),(11,12549,1),(11,12568,1),(11,12599,1),(11,12618,1),(11,12649,1),(11,12668,1),(11,13640,1),(11,13641,1),(11,13668,1),(11,13669,1),(11,13699,1),(11,13700,1),(11,13730,1),(11,13731,1),(11,13761,1),(11,13762,1),(11,13792,1),(11,13793,1),(11,13825,1),(11,13827,1),(11,13828,1),(11,13829,1),(11,13830,1),(11,13833,1),(11,13834,1),(11,13835,1),(11,13836,1),(11,13837,1),(11,13838,1),(11,13839,1),(11,13840,1),(11,13841,1),(11,13842,1),(11,13843,1),(11,13844,1),(11,13845,1),(11,13846,1),(11,13863,1),(11,13865,1),(11,13866,1),(11,13867,1),(11,13868,1),(11,13871,1),(11,13872,1),(11,13873,1),(11,13874,1),(11,13875,1),(11,13876,1),(11,13877,1),(11,13878,1),(11,13879,1),(11,13880,1),(11,13881,1),(11,13882,1),(11,13883,1),(11,13884,1),(11,13885,1),(11,13906,1),(11,13908,1),(11,13909,1),(11,13910,1),(11,13911,1),(11,13914,1),(11,13915,1),(11,13916,1),(11,13917,1),(11,13918,1),(11,13919,1),(11,13920,1),(11,13921,1),(11,13922,1),(11,13923,1),(11,13924,1),(11,13925,1),(11,13926,1),(11,13927,1),(11,13928,1),(11,13949,1),(11,13951,1),(11,13952,1),(11,13953,1),(11,13954,1),(11,13957,1),(11,13958,1),(11,13959,1),(11,13960,1),(11,13961,1),(11,13962,1),(11,13963,1),(11,13964,1),(11,13965,1),(11,13966,1),(11,13967,1),(11,13968,1),(11,13969,1),(11,13970,1),(11,13971,1),(11,13992,1),(11,13994,1),(11,13995,1),(11,13996,1),(11,13997,1),(11,14000,1),(11,14001,1),(11,14002,1),(11,14003,1),(11,14004,1),(11,14005,1),(11,14006,1),(11,14007,1),(11,14008,1),(11,14009,1),(11,14010,1),(11,14011,1),(11,14012,1),(11,14013,1),(11,14014,1),(11,14035,1),(11,14037,1),(11,14038,1),(11,14039,1),(11,14040,1),(11,14043,1),(11,14044,1),(11,14045,1),(11,14046,1),(11,14047,1),(11,14048,1),(11,14049,1),(11,14050,1),(11,14051,1),(11,14052,1),(11,14053,1),(11,14054,1),(11,14055,1),(11,14056,1),(11,14057,1),(11,11740,2),(11,11741,2),(11,11764,2),(11,11779,2),(11,11812,2),(11,11813,2),(11,11836,2),(11,11851,2),(11,11884,2),(11,11885,2),(11,11908,2),(11,11923,2),(11,11956,2),(11,11957,2),(11,11980,2),(11,11995,2),(11,12028,2),(11,12029,2),(11,12052,2),(11,12067,2),(11,12100,2),(11,12101,2),(11,13824,2),(11,13826,2),(11,13862,2),(11,13864,2),(11,13905,2),(11,13907,2),(11,13948,2),(11,13950,2),(11,13991,2),(11,13993,2),(11,14034,2),(11,14036,2),(11,11713,3),(11,11714,3),(11,11785,3),(11,11786,3),(11,11857,3),(11,11858,3),(11,11929,3),(11,11930,3),(11,12001,3),(11,12002,3),(11,12073,3),(11,12074,3),(11,13287,3),(11,13319,3),(11,13352,3),(11,13385,3),(11,13418,3),(11,13451,3),(11,14335,6),(11,14336,6),(11,14372,6),(11,14373,6),(11,14414,6),(11,14415,6),(11,14456,6),(11,14457,6),(11,14498,6),(11,14499,6),(11,14540,6),(11,14541,6),(11,11681,30),(11,11744,30),(11,11816,30),(11,11888,30),(11,11960,30),(11,12032,30),(12,11731,1),(12,11762,1),(12,11764,1),(12,11779,1),(12,11803,1),(12,11834,1),(12,11836,1),(12,11851,1),(12,11875,1),(12,11906,1),(12,11908,1),(12,11923,1),(12,11947,1),(12,11978,1),(12,11980,1),(12,11995,1),(12,12019,1),(12,12050,1),(12,12052,1),(12,12067,1),(12,12091,1),(12,14584,1),(12,14585,1),(12,14586,1),(12,14587,1),(12,14588,1),(12,14589,1),(12,14590,1),(12,14591,1),(12,14592,1),(12,14593,1),(12,14594,1),(12,14595,1),(12,14596,1),(12,14597,1),(12,14598,1),(12,14599,1),(12,14600,1),(12,14601,1),(12,14602,1),(12,14603,1),(12,14613,1),(12,14614,1),(12,14615,1),(12,14616,1),(12,14617,1),(12,14618,1),(12,14619,1),(12,14620,1),(12,14621,1),(12,14622,1),(12,14623,1),(12,14624,1),(12,14625,1),(12,14626,1),(12,14627,1),(12,14628,1),(12,14629,1),(12,14630,1),(12,14631,1),(12,14632,1),(12,14633,1),(12,14634,1),(12,14635,1),(12,14649,1),(12,14650,1),(12,14651,1),(12,14652,1),(12,14653,1),(12,14654,1),(12,14655,1),(12,14656,1),(12,14657,1),(12,14658,1),(12,14659,1),(12,14660,1),(12,14661,1),(12,14662,1),(12,14663,1),(12,14664,1),(12,14665,1),(12,14666,1),(12,14667,1),(12,14668,1),(12,14669,1),(12,14670,1),(12,14671,1),(12,14685,1),(12,14686,1),(12,14687,1),(12,14688,1),(12,14689,1),(12,14690,1),(12,14691,1),(12,14692,1),(12,14693,1),(12,14694,1),(12,14695,1),(12,14696,1),(12,14697,1),(12,14698,1),(12,14699,1),(12,14700,1),(12,14701,1),(12,14702,1),(12,14703,1),(12,14704,1),(12,14705,1),(12,14706,1),(12,14707,1),(12,14721,1),(12,14722,1),(12,14723,1),(12,14724,1),(12,14725,1),(12,14726,1),(12,14727,1),(12,14728,1),(12,14729,1),(12,14730,1),(12,14731,1),(12,14732,1),(12,14733,1),(12,14734,1),(12,14735,1),(12,14736,1),(12,14737,1),(12,14738,1),(12,14739,1),(12,14740,1),(12,14741,1),(12,14742,1),(12,14743,1),(12,14757,1),(12,14758,1),(12,14759,1),(12,14760,1),(12,14761,1),(12,14762,1),(12,14763,1),(12,14764,1),(12,14765,1),(12,14766,1),(12,14767,1),(12,14768,1),(12,14769,1),(12,14770,1),(12,14771,1),(12,14772,1),(12,14773,1),(12,14774,1),(12,14775,1),(12,14776,1),(12,14777,1),(12,14778,1),(12,14779,1),(12,12159,2),(12,12207,2),(12,12255,2),(12,12303,2),(12,12351,2),(12,12422,3),(12,12424,3),(12,12467,3),(12,12469,3),(12,12517,3),(12,12519,3),(12,12567,3),(12,12569,3),(12,12617,3),(12,12619,3),(12,12667,3),(12,12669,3),(12,12423,5),(12,12468,5),(12,12518,5),(12,12568,5),(12,12618,5),(12,12668,5),(12,14583,6),(12,14612,6),(12,14648,6),(12,14684,6),(12,14720,6),(12,14756,6),(12,13831,7),(12,13832,7),(12,13869,7),(12,13870,7),(12,13912,7),(12,13913,7),(12,13955,7),(12,13956,7),(12,13998,7),(12,13999,7),(12,14041,7),(12,14042,7),(12,14582,8),(12,14611,8),(12,14647,8),(12,14683,8),(12,14719,8),(12,14755,8),(12,11681,10),(12,11744,10),(12,11816,10),(12,11888,10),(12,11960,10),(12,12032,10),(13,918,1),(13,919,1),(13,1031,1),(13,1032,1),(13,1033,1),(13,1034,1),(13,1035,1),(13,1036,1),(13,1037,1),(13,1038,1),(13,1039,1),(13,1040,1),(13,1041,1),(13,1042,1),(13,1043,1),(13,1044,1),(13,1045,1),(13,1046,1),(13,1047,1),(13,1048,1),(13,676,2),(13,759,3),(13,761,3),(13,760,5),(13,955,6),(13,956,6),(13,1030,6),(13,1029,8),(13,639,10),(14,918,1),(14,919,1),(14,761,3),(14,760,5),(14,636,6),(14,639,10),(15,693,3),(15,859,3),(15,845,7),(15,639,10),(16,646,1),(16,659,1),(16,693,1),(16,731,1),(16,738,1),(16,746,1),(16,922,1),(16,1127,1),(16,1128,1),(16,1129,1),(16,1130,1),(16,1131,1),(16,1132,1),(16,1133,1),(16,1134,1),(16,1135,1),(16,1136,1),(16,1137,1),(16,1138,1),(16,1139,1),(16,1140,1),(16,1141,1),(16,1142,1),(16,1143,1),(16,1144,1),(16,1145,1),(16,1146,1),(16,1147,1),(16,1148,1),(16,1149,1),(16,896,2),(16,1151,2),(16,1152,2),(16,1153,2),(16,760,3),(16,761,3),(16,1150,3),(16,918,7),(16,919,7),(16,1126,8),(16,639,50),(17,646,1),(17,659,1),(17,693,1),(17,731,1),(17,738,1),(17,746,1),(17,918,1),(17,919,1),(17,922,1),(17,1127,1),(17,1128,1),(17,1129,1),(17,1130,1),(17,1131,1),(17,1132,1),(17,1133,1),(17,1134,1),(17,1135,1),(17,1136,1),(17,1137,1),(17,1138,1),(17,1139,1),(17,1140,1),(17,1141,1),(17,1142,1),(17,1143,1),(17,1144,1),(17,1145,1),(17,1146,1),(17,1147,1),(17,1148,1),(17,1149,1),(17,896,2),(17,1151,2),(17,1152,2),(17,1153,2),(17,760,3),(17,761,3),(17,1150,3),(17,1126,8),(17,639,50),(18,659,1),(18,693,1),(18,639,50);

--
-- Table structure for table `ps_search_word`
--

CREATE TABLE `ps_search_word` (
  `id_word` int(10) unsigned NOT NULL AUTO_INCREMENT,
  `id_shop` int(11) unsigned NOT NULL DEFAULT 1,
  `id_lang` int(10) unsigned NOT NULL,
  `word` varchar(15) NOT NULL,
  PRIMARY KEY (`id_word`),
  UNIQUE KEY `id_lang` (`id_lang`,`id_shop`,`word`)
) ENGINE=InnoDB AUTO_INCREMENT=14781 DEFAULT CHARSET=utf8;

--
-- Dumping data for table `ps_search_word`
--

INSERT INTO `ps_search_word` VALUES (13282,1,1,'043kg'),(12110,1,1,'100'),(13273,1,1,'325ml'),(13830,1,1,'32x32cm'),(12425,1,1,'40x60cm'),(12387,1,1,'458'),(13267,1,1,'488'),(13270,1,1,'488-spider'),(13269,1,1,'488spider'),(12426,1,1,'60x90cm'),(12427,1,1,'80x120cm'),(13278,1,1,'82cm'),(13280,1,1,'95cm'),(13640,1,1,'add'),(13464,1,1,'adventure'),(12403,1,1,'aesthethic'),(13463,1,1,'america'),(11694,1,1,'angel'),(11686,1,1,'angels'),(13834,1,1,'armchair'),(12422,1,1,'art'),(13839,1,1,'atmosphere'),(13829,1,1,'back'),(14078,1,1,'bear'),(11689,1,1,'beautiful'),(13835,1,1,'bed'),(13465,1,1,'begins'),(12395,1,1,'best'),(11741,1,1,'black'),(14077,1,1,'brown'),(12112,1,1,'brushed'),(13271,1,1,'ceramic'),(11727,1,1,'chino'),(11718,1,1,'classic'),(11692,1,1,'clean'),(13467,1,1,'coffee'),(11716,1,1,'collection'),(11735,1,1,'color'),(11720,1,1,'colorful'),(12397,1,1,'come'),(12116,1,1,'comfort'),(14590,1,1,'commercial'),(13469,1,1,'conquer'),(12424,1,1,'corner'),(12111,1,1,'cotton'),(13826,1,1,'cover'),(13836,1,1,'create'),(14595,1,1,'creative'),(13466,1,1,'cup'),(11711,1,1,'curiosity'),(13824,1,1,'cushion'),(14594,1,1,'custom'),(13275,1,1,'day'),(11708,1,1,'delicacy'),(11681,1,1,'demo'),(12417,1,1,'depth'),(11682,1,1,'description'),(11714,1,1,'design'),(12408,1,1,'desk'),(13279,1,1,'diameter'),(13283,1,1,'dishwasher'),(13286,1,1,'dishwasher-proo'),(13285,1,1,'dishwasherproof'),(14586,1,1,'download'),(11684,1,1,'eat'),(11688,1,1,'energy'),(11710,1,1,'evokes'),(11734,1,1,'exceptional'),(12115,1,1,'extra'),(12102,1,1,'f12'),(13462,1,1,'f60'),(11717,1,1,'features'),(11679,1,1,'ferrari'),(13844,1,1,'filling'),(12682,1,1,'finish'),(12105,1,1,'fit'),(14584,1,1,'format'),(13832,1,1,'fox'),(12414,1,1,'frame'),(12401,1,1,'framed'),(11705,1,1,'fresh'),(11702,1,1,'getting'),(13823,1,1,'gg50'),(12398,1,1,'give'),(13643,1,1,'good'),(11697,1,1,'got'),(12423,1,1,'graphic'),(14583,1,1,'graphics'),(12407,1,1,'great'),(11737,1,1,'guaranteed'),(11703,1,1,'haircut'),(11693,1,1,'heart'),(11696,1,1,'hedges'),(13281,1,1,'height'),(12117,1,1,'home'),(11709,1,1,'hummingbird'),(13845,1,1,'hypoallergenic'),(14597,1,1,'illustration'),(11699,1,1,'important'),(12113,1,1,'inner'),(11722,1,1,'inspired'),(13840,1,1,'inspires'),(13827,1,1,'invisible'),(11724,1,1,'japanese'),(11728,1,1,'jeans'),(11712,1,1,'joy'),(13287,1,1,'lamborghini'),(11707,1,1,'lightness'),(11701,1,1,'like'),(14603,1,1,'limitation'),(12108,1,1,'long'),(12406,1,1,'look'),(13842,1,1,'machine'),(12391,1,1,'matt'),(684,1,1,'men'),(13837,1,1,'modern'),(13644,1,1,'mood'),(13642,1,1,'morning'),(13831,1,1,'mountain'),(13272,1,1,'mug'),(12107,1,1,'neckline'),(14589,1,1,'non'),(14593,1,1,'non-commercial'),(14592,1,1,'noncommercial'),(12411,1,1,'office'),(12409,1,1,'open'),(12420,1,1,'open-space'),(12418,1,1,'openspace'),(12404,1,1,'optimistic'),(11725,1,1,'origamis'),(11738,1,1,'overtime'),(14076,1,1,'p45'),(12412,1,1,'painted'),(12392,1,1,'paper'),(12416,1,1,'partout'),(12415,1,1,'passe'),(12421,1,1,'passe-partout'),(12419,1,1,'passepartout'),(11721,1,1,'patterns'),(11690,1,1,'people'),(14587,1,1,'personal'),(650,1,1,'pima'),(12680,1,1,'pininfarina'),(13846,1,1,'polyester'),(11715,1,1,'polyfaune'),(11687,1,1,'positive'),(12402,1,1,'poster'),(12389,1,1,'printed'),(11731,1,1,'printing'),(14588,1,1,'private'),(11732,1,1,'process'),(11719,1,1,'products'),(14596,1,1,'project'),(13284,1,1,'proof'),(11733,1,1,'provides'),(14599,1,1,'purpose'),(12104,1,1,'regular'),(13841,1,1,'relaxation'),(13825,1,1,'removable'),(11736,1,1,'rendering'),(13276,1,1,'right'),(12390,1,1,'rigid'),(12106,1,1,'round'),(11695,1,1,'see'),(12681,1,1,'sergio'),(13468,1,1,'set'),(11700,1,1,'shape'),(11698,1,1,'shaped'),(638,1,1,'shirt'),(644,1,1,'short'),(12114,1,1,'side'),(14602,1,1,'size'),(12109,1,1,'sleeves'),(12393,1,1,'smooth'),(13833,1,1,'sofa'),(11691,1,1,'souls'),(13639,1,1,'sp12'),(11680,1,1,'sp38'),(12410,1,1,'space'),(12388,1,1,'speciale'),(13268,1,1,'spider'),(649,1,1,'staple'),(13274,1,1,'start'),(11704,1,1,'stay'),(11713,1,1,'studio'),(11729,1,1,'sublimation'),(14600,1,1,'support'),(12394,1,1,'surface'),(11685,1,1,'surround'),(14585,1,1,'svg'),(687,1,1,'sweater'),(11706,1,1,'symbol'),(12968,1,1,'tdf'),(11730,1,1,'textile'),(13277,1,1,'thought'),(13641,1,1,'touch'),(11723,1,1,'traditional'),(12103,1,1,'trs'),(11739,1,1,'type'),(14591,1,1,'use'),(14598,1,1,'used'),(14582,1,1,'vector'),(12400,1,1,'voice'),(14335,1,1,'vorsteiner'),(12399,1,1,'walls'),(11683,1,1,'want'),(13843,1,1,'washable'),(11726,1,1,'wear'),(11740,1,1,'white'),(12405,1,1,'will'),(14601,1,1,'without'),(12413,1,1,'wooden'),(12396,1,1,'yet'),(14336,1,1,'zaragoza'),(13838,1,1,'zen'),(13828,1,1,'zip'),(13314,1,2,'043kg'),(12154,1,2,'100'),(13304,1,2,'325ml'),(13868,1,2,'32x32cm'),(12470,1,2,'40x60cm'),(12430,1,2,'458'),(13297,1,2,'488'),(13300,1,2,'488-spider'),(13299,1,2,'488spider'),(12471,1,2,'60x90cm'),(12472,1,2,'80x120cm'),(13310,1,2,'82cm'),(13312,1,2,'95cm'),(12162,1,2,'accueil'),(13668,1,2,'add'),(13491,1,2,'adventure'),(12447,1,2,'aesthethic'),(13490,1,2,'america'),(11779,1,2,'and'),(11761,1,2,'angel'),(11753,1,2,'angels'),(14631,1,2,'any'),(13872,1,2,'armchair'),(12467,1,2,'art'),(13877,1,2,'atmosphere'),(13867,1,2,'back'),(14117,1,2,'bear'),(11756,1,2,'beautiful'),(13873,1,2,'bed'),(13492,1,2,'begins'),(12438,1,2,'best'),(11812,1,2,'blanc'),(14116,1,2,'brown'),(12156,1,2,'brushed'),(14628,1,2,'can'),(13302,1,2,'ceramic'),(11799,1,2,'chino'),(11790,1,2,'classic'),(11759,1,2,'clean'),(13494,1,2,'coffee'),(11788,1,2,'collection'),(11807,1,2,'color'),(11792,1,2,'colorful'),(12440,1,2,'come'),(12161,1,2,'comfort'),(14619,1,2,'commercial'),(13497,1,2,'conquer'),(12469,1,2,'corner'),(12155,1,2,'cotton'),(13864,1,2,'cover'),(13874,1,2,'create'),(14625,1,2,'creative'),(13493,1,2,'cup'),(11783,1,2,'curiosity'),(13862,1,2,'cushion'),(14624,1,2,'custom'),(13306,1,2,'day'),(11780,1,2,'delicacy'),(11744,1,2,'demo'),(12462,1,2,'depth'),(11745,1,2,'description'),(11786,1,2,'design'),(12452,1,2,'desk'),(13311,1,2,'diameter'),(13315,1,2,'dishwasher'),(13318,1,2,'dishwasher-proo'),(13317,1,2,'dishwasherproof'),(11747,1,2,'don'),(14615,1,2,'download'),(11749,1,2,'eat'),(11755,1,2,'energy'),(11782,1,2,'evokes'),(11806,1,2,'exceptional'),(12160,1,2,'extra'),(12146,1,2,'f12'),(13489,1,2,'f60'),(11789,1,2,'features'),(11742,1,2,'ferrari'),(13883,1,2,'filling'),(12724,1,2,'finish'),(12149,1,2,'fit'),(12159,1,2,'for'),(14613,1,2,'format'),(13870,1,2,'fox'),(12458,1,2,'frame'),(12444,1,2,'framed'),(11776,1,2,'fresh'),(11773,1,2,'getting'),(13861,1,2,'gg50'),(12441,1,2,'give'),(13671,1,2,'good'),(11767,1,2,'got'),(12468,1,2,'graphic'),(14612,1,2,'graphics'),(12451,1,2,'great'),(11809,1,2,'guaranteed'),(11774,1,2,'haircut'),(14623,1,2,'have'),(11760,1,2,'heart'),(11765,1,2,'hedges'),(13313,1,2,'height'),(11766,1,2,'how'),(11781,1,2,'hummingbird'),(13884,1,2,'hypoallergenic'),(14627,1,2,'illustration'),(11769,1,2,'important'),(12157,1,2,'inner'),(11794,1,2,'inspired'),(13879,1,2,'inspires'),(13865,1,2,'invisible'),(11796,1,2,'japanese'),(11800,1,2,'jeans'),(11784,1,2,'joy'),(13319,1,2,'lamborghini'),(11778,1,2,'lightness'),(11772,1,2,'like'),(14635,1,2,'limitation'),(12152,1,2,'long'),(12450,1,2,'look'),(13881,1,2,'machine'),(12434,1,2,'matt'),(13875,1,2,'modern'),(13672,1,2,'mood'),(12461,1,2,'more'),(13670,1,2,'morning'),(13869,1,2,'mountain'),(13303,1,2,'mug'),(12151,1,2,'neckline'),(11813,1,2,'noir'),(14618,1,2,'non'),(14622,1,2,'non-commercial'),(14621,1,2,'noncommercial'),(13307,1,2,'off'),(12455,1,2,'office'),(12453,1,2,'open'),(12465,1,2,'open-space'),(12463,1,2,'openspace'),(12448,1,2,'optimistic'),(11797,1,2,'origamis'),(13496,1,2,'out'),(11810,1,2,'overtime'),(14115,1,2,'p45'),(12456,1,2,'painted'),(12435,1,2,'paper'),(12460,1,2,'partout'),(12459,1,2,'passe'),(12466,1,2,'passe-partout'),(12464,1,2,'passepartout'),(11793,1,2,'patterns'),(11757,1,2,'people'),(14616,1,2,'personal'),(12722,1,2,'pininfarina'),(13885,1,2,'polyester'),(11787,1,2,'polyfaune'),(11754,1,2,'positive'),(12445,1,2,'poster'),(12432,1,2,'printed'),(11803,1,2,'printing'),(14617,1,2,'private'),(11804,1,2,'process'),(11791,1,2,'products'),(14626,1,2,'project'),(13316,1,2,'proof'),(11805,1,2,'provides'),(14630,1,2,'purpose'),(12148,1,2,'regular'),(13880,1,2,'relaxation'),(13863,1,2,'removable'),(11808,1,2,'rendering'),(13308,1,2,'right'),(12433,1,2,'rigid'),(12150,1,2,'round'),(11763,1,2,'see'),(12723,1,2,'sergio'),(13495,1,2,'set'),(11770,1,2,'shape'),(11768,1,2,'shaped'),(12158,1,2,'side'),(14634,1,2,'size'),(12153,1,2,'sleeves'),(12436,1,2,'smooth'),(13871,1,2,'sofa'),(11758,1,2,'souls'),(13667,1,2,'sp12'),(11743,1,2,'sp38'),(12454,1,2,'space'),(12431,1,2,'speciale'),(13298,1,2,'spider'),(13305,1,2,'start'),(11775,1,2,'stay'),(11785,1,2,'studio'),(11801,1,2,'sublimation'),(14632,1,2,'support'),(12437,1,2,'surface'),(11750,1,2,'surround'),(14614,1,2,'svg'),(11777,1,2,'symbol'),(13012,1,2,'tdf'),(11802,1,2,'textile'),(13878,1,2,'that'),(11764,1,2,'the'),(11746,1,2,'they'),(12446,1,2,'this'),(13309,1,2,'thought'),(13669,1,2,'touch'),(11795,1,2,'traditional'),(12147,1,2,'trs'),(11811,1,2,'type'),(14620,1,2,'use'),(14629,1,2,'used'),(14611,1,2,'vector'),(12443,1,2,'voice'),(14372,1,2,'vorsteiner'),(12442,1,2,'walls'),(11748,1,2,'want'),(13882,1,2,'washable'),(11798,1,2,'wear'),(13301,1,2,'white'),(12449,1,2,'will'),(11752,1,2,'with'),(14633,1,2,'without'),(12457,1,2,'wooden'),(12439,1,2,'yet'),(11762,1,2,'you'),(11771,1,2,'your'),(11751,1,2,'yourself'),(14373,1,2,'zaragoza'),(13876,1,2,'zen'),(13866,1,2,'zip'),(13347,1,3,'043kg'),(12202,1,3,'100'),(13337,1,3,'325ml'),(13911,1,3,'32x32cm'),(12520,1,3,'40x60cm'),(12480,1,3,'458'),(13330,1,3,'488'),(13333,1,3,'488-spider'),(13332,1,3,'488spider'),(12521,1,3,'60x90cm'),(12522,1,3,'80x120cm'),(13343,1,3,'82cm'),(13345,1,3,'95cm'),(13699,1,3,'add'),(13521,1,3,'adventure'),(12497,1,3,'aesthethic'),(13520,1,3,'america'),(11851,1,3,'and'),(11833,1,3,'angel'),(11825,1,3,'angels'),(14667,1,3,'any'),(13915,1,3,'armchair'),(12517,1,3,'art'),(13920,1,3,'atmosphere'),(13910,1,3,'back'),(14161,1,3,'bear'),(11828,1,3,'beautiful'),(13916,1,3,'bed'),(13522,1,3,'begins'),(12488,1,3,'best'),(14160,1,3,'brown'),(12204,1,3,'brushed'),(14664,1,3,'can'),(13335,1,3,'ceramic'),(11871,1,3,'chino'),(11862,1,3,'classic'),(11831,1,3,'clean'),(13524,1,3,'coffee'),(11860,1,3,'collection'),(11879,1,3,'color'),(11864,1,3,'colorful'),(12490,1,3,'come'),(12209,1,3,'comfort'),(14655,1,3,'commercial'),(13527,1,3,'conquer'),(12519,1,3,'corner'),(12203,1,3,'cotton'),(13907,1,3,'cover'),(13917,1,3,'create'),(14661,1,3,'creative'),(13523,1,3,'cup'),(11855,1,3,'curiosity'),(13905,1,3,'cushion'),(14660,1,3,'custom'),(13339,1,3,'day'),(11852,1,3,'delicacy'),(11816,1,3,'demo'),(12512,1,3,'depth'),(11817,1,3,'description'),(11858,1,3,'design'),(12502,1,3,'desk'),(13344,1,3,'diameter'),(13348,1,3,'dishwasher'),(13351,1,3,'dishwasher-proo'),(13350,1,3,'dishwasherproof'),(11819,1,3,'don'),(14651,1,3,'download'),(11821,1,3,'eat'),(11827,1,3,'energy'),(11854,1,3,'evokes'),(11878,1,3,'exceptional'),(12208,1,3,'extra'),(12194,1,3,'f12'),(13519,1,3,'f60'),(11861,1,3,'features'),(11814,1,3,'ferrari'),(13926,1,3,'filling'),(12773,1,3,'finish'),(12197,1,3,'fit'),(12207,1,3,'for'),(14649,1,3,'format'),(13913,1,3,'fox'),(12508,1,3,'frame'),(12494,1,3,'framed'),(11848,1,3,'fresh'),(11845,1,3,'getting'),(13904,1,3,'gg50'),(12491,1,3,'give'),(13702,1,3,'good'),(11839,1,3,'got'),(12518,1,3,'graphic'),(14648,1,3,'graphics'),(12501,1,3,'great'),(11881,1,3,'guaranteed'),(11846,1,3,'haircut'),(14659,1,3,'have'),(11832,1,3,'heart'),(11837,1,3,'hedges'),(13346,1,3,'height'),(11838,1,3,'how'),(11853,1,3,'hummingbird'),(13927,1,3,'hypoallergenic'),(14663,1,3,'illustration'),(11841,1,3,'important'),(12205,1,3,'inner'),(11866,1,3,'inspired'),(13922,1,3,'inspires'),(13908,1,3,'invisible'),(11868,1,3,'japanese'),(11872,1,3,'jeans'),(11856,1,3,'joy'),(13352,1,3,'lamborghini'),(11850,1,3,'lightness'),(11844,1,3,'like'),(14671,1,3,'limitation'),(12200,1,3,'long'),(12500,1,3,'look'),(13924,1,3,'machine'),(12484,1,3,'matt'),(13918,1,3,'modern'),(13703,1,3,'mood'),(12511,1,3,'more'),(13701,1,3,'morning'),(13912,1,3,'mountain'),(13336,1,3,'mug'),(12199,1,3,'neckline'),(14654,1,3,'non'),(14658,1,3,'non-commercial'),(14657,1,3,'noncommercial'),(13340,1,3,'off'),(12505,1,3,'office'),(12503,1,3,'open'),(12515,1,3,'open-space'),(12513,1,3,'openspace'),(12498,1,3,'optimistic'),(11869,1,3,'origamis'),(13526,1,3,'out'),(11882,1,3,'overtime'),(14159,1,3,'p45'),(12506,1,3,'painted'),(12485,1,3,'paper'),(12510,1,3,'partout'),(12509,1,3,'passe'),(12516,1,3,'passe-partout'),(12514,1,3,'passepartout'),(11865,1,3,'patterns'),(11829,1,3,'people'),(14652,1,3,'personal'),(12771,1,3,'pininfarina'),(13928,1,3,'polyester'),(11859,1,3,'polyfaune'),(11826,1,3,'positive'),(12495,1,3,'poster'),(12482,1,3,'printed'),(11875,1,3,'printing'),(14653,1,3,'private'),(11876,1,3,'process'),(11863,1,3,'products'),(14662,1,3,'project'),(13349,1,3,'proof'),(11877,1,3,'provides'),(14666,1,3,'purpose'),(12196,1,3,'regular'),(13923,1,3,'relaxation'),(13906,1,3,'removable'),(11880,1,3,'rendering'),(13341,1,3,'right'),(12483,1,3,'rigid'),(12198,1,3,'round'),(11885,1,3,'schwarz'),(11835,1,3,'see'),(12772,1,3,'sergio'),(13525,1,3,'set'),(11842,1,3,'shape'),(11840,1,3,'shaped'),(12206,1,3,'side'),(14670,1,3,'size'),(12201,1,3,'sleeves'),(12486,1,3,'smooth'),(13914,1,3,'sofa'),(11830,1,3,'souls'),(13698,1,3,'sp12'),(11815,1,3,'sp38'),(12504,1,3,'space'),(12481,1,3,'speciale'),(13331,1,3,'spider'),(13338,1,3,'start'),(12210,1,3,'startseite'),(11847,1,3,'stay'),(11857,1,3,'studio'),(11873,1,3,'sublimation'),(14668,1,3,'support'),(12487,1,3,'surface'),(11822,1,3,'surround'),(14650,1,3,'svg'),(11849,1,3,'symbol'),(13063,1,3,'tdf'),(11874,1,3,'textile'),(13921,1,3,'that'),(11836,1,3,'the'),(11818,1,3,'they'),(12496,1,3,'this'),(13342,1,3,'thought'),(13700,1,3,'touch'),(11867,1,3,'traditional'),(12195,1,3,'trs'),(11883,1,3,'typ'),(14656,1,3,'use'),(14665,1,3,'used'),(14647,1,3,'vector'),(12493,1,3,'voice'),(14414,1,3,'vorsteiner'),(12492,1,3,'walls'),(11820,1,3,'want'),(13925,1,3,'washable'),(11870,1,3,'wear'),(11884,1,3,'weiss'),(13334,1,3,'white'),(12499,1,3,'will'),(11824,1,3,'with'),(14669,1,3,'without'),(12507,1,3,'wooden'),(12489,1,3,'yet'),(11834,1,3,'you'),(11843,1,3,'your'),(11823,1,3,'yourself'),(14415,1,3,'zaragoza'),(13919,1,3,'zen'),(13909,1,3,'zip'),(13380,1,4,'043kg'),(12250,1,4,'100'),(13370,1,4,'325ml'),(13954,1,4,'32x32cm'),(12570,1,4,'40x60cm'),(12530,1,4,'458'),(13363,1,4,'488'),(13366,1,4,'488-spider'),(13365,1,4,'488spider'),(12571,1,4,'60x90cm'),(12572,1,4,'80x120cm'),(13376,1,4,'82cm'),(13378,1,4,'95cm'),(13730,1,4,'add'),(13551,1,4,'adventure'),(12547,1,4,'aesthethic'),(13550,1,4,'america'),(11923,1,4,'and'),(11905,1,4,'angel'),(11897,1,4,'angels'),(14703,1,4,'any'),(13958,1,4,'armchair'),(12567,1,4,'art'),(13963,1,4,'atmosphere'),(13953,1,4,'back'),(14205,1,4,'bear'),(11900,1,4,'beautiful'),(13959,1,4,'bed'),(13552,1,4,'begins'),(12538,1,4,'best'),(11956,1,4,'bianco'),(14204,1,4,'brown'),(12252,1,4,'brushed'),(14700,1,4,'can'),(13368,1,4,'ceramic'),(11943,1,4,'chino'),(11934,1,4,'classic'),(11903,1,4,'clean'),(13554,1,4,'coffee'),(11932,1,4,'collection'),(11951,1,4,'color'),(11936,1,4,'colorful'),(12540,1,4,'come'),(12257,1,4,'comfort'),(14691,1,4,'commercial'),(13557,1,4,'conquer'),(12569,1,4,'corner'),(12251,1,4,'cotton'),(13950,1,4,'cover'),(13960,1,4,'create'),(14697,1,4,'creative'),(13553,1,4,'cup'),(11927,1,4,'curiosity'),(13948,1,4,'cushion'),(14696,1,4,'custom'),(13372,1,4,'day'),(11924,1,4,'delicacy'),(11888,1,4,'demo'),(12562,1,4,'depth'),(11889,1,4,'description'),(11930,1,4,'design'),(12552,1,4,'desk'),(13377,1,4,'diameter'),(13381,1,4,'dishwasher'),(13384,1,4,'dishwasher-proo'),(13383,1,4,'dishwasherproof'),(11891,1,4,'don'),(14687,1,4,'download'),(11893,1,4,'eat'),(11899,1,4,'energy'),(11926,1,4,'evokes'),(11950,1,4,'exceptional'),(12256,1,4,'extra'),(12242,1,4,'f12'),(13549,1,4,'f60'),(11933,1,4,'features'),(11886,1,4,'ferrari'),(13969,1,4,'filling'),(12822,1,4,'finish'),(12245,1,4,'fit'),(12255,1,4,'for'),(14685,1,4,'format'),(13956,1,4,'fox'),(12558,1,4,'frame'),(12544,1,4,'framed'),(11920,1,4,'fresh'),(11917,1,4,'getting'),(13947,1,4,'gg50'),(12541,1,4,'give'),(13733,1,4,'good'),(11911,1,4,'got'),(12568,1,4,'graphic'),(14684,1,4,'graphics'),(12551,1,4,'great'),(11953,1,4,'guaranteed'),(11918,1,4,'haircut'),(14695,1,4,'have'),(11904,1,4,'heart'),(11909,1,4,'hedges'),(13379,1,4,'height'),(12258,1,4,'home'),(11910,1,4,'how'),(11925,1,4,'hummingbird'),(13970,1,4,'hypoallergenic'),(14699,1,4,'illustration'),(11913,1,4,'important'),(12253,1,4,'inner'),(11938,1,4,'inspired'),(13965,1,4,'inspires'),(13951,1,4,'invisible'),(11940,1,4,'japanese'),(11944,1,4,'jeans'),(11928,1,4,'joy'),(13385,1,4,'lamborghini'),(11922,1,4,'lightness'),(11916,1,4,'like'),(14707,1,4,'limitation'),(12248,1,4,'long'),(12550,1,4,'look'),(13967,1,4,'machine'),(12534,1,4,'matt'),(13961,1,4,'modern'),(13734,1,4,'mood'),(12561,1,4,'more'),(13732,1,4,'morning'),(13955,1,4,'mountain'),(13369,1,4,'mug'),(12247,1,4,'neckline'),(11957,1,4,'nero'),(14690,1,4,'non'),(14694,1,4,'non-commercial'),(14693,1,4,'noncommercial'),(13373,1,4,'off'),(12555,1,4,'office'),(12553,1,4,'open'),(12565,1,4,'open-space'),(12563,1,4,'openspace'),(12548,1,4,'optimistic'),(11941,1,4,'origamis'),(13556,1,4,'out'),(11954,1,4,'overtime'),(14203,1,4,'p45'),(12556,1,4,'painted'),(12535,1,4,'paper'),(12560,1,4,'partout'),(12559,1,4,'passe'),(12566,1,4,'passe-partout'),(12564,1,4,'passepartout'),(11937,1,4,'patterns'),(11901,1,4,'people'),(14688,1,4,'personal'),(12820,1,4,'pininfarina'),(13971,1,4,'polyester'),(11931,1,4,'polyfaune'),(11898,1,4,'positive'),(12545,1,4,'poster'),(12532,1,4,'printed'),(11947,1,4,'printing'),(14689,1,4,'private'),(11948,1,4,'process'),(11935,1,4,'products'),(14698,1,4,'project'),(13382,1,4,'proof'),(11949,1,4,'provides'),(14702,1,4,'purpose'),(12244,1,4,'regular'),(13966,1,4,'relaxation'),(13949,1,4,'removable'),(11952,1,4,'rendering'),(13374,1,4,'right'),(12533,1,4,'rigid'),(12246,1,4,'round'),(11907,1,4,'see'),(12821,1,4,'sergio'),(13555,1,4,'set'),(11914,1,4,'shape'),(11912,1,4,'shaped'),(12254,1,4,'side'),(14706,1,4,'size'),(12249,1,4,'sleeves'),(12536,1,4,'smooth'),(13957,1,4,'sofa'),(11902,1,4,'souls'),(13729,1,4,'sp12'),(11887,1,4,'sp38'),(12554,1,4,'space'),(12531,1,4,'speciale'),(13364,1,4,'spider'),(13371,1,4,'start'),(11919,1,4,'stay'),(11929,1,4,'studio'),(11945,1,4,'sublimation'),(14704,1,4,'support'),(12537,1,4,'surface'),(11894,1,4,'surround'),(14686,1,4,'svg'),(11921,1,4,'symbol'),(13114,1,4,'tdf'),(11946,1,4,'textile'),(13964,1,4,'that'),(11908,1,4,'the'),(11890,1,4,'they'),(12546,1,4,'this'),(13375,1,4,'thought'),(11955,1,4,'tipo'),(13731,1,4,'touch'),(11939,1,4,'traditional'),(12243,1,4,'trs'),(14692,1,4,'use'),(14701,1,4,'used'),(14683,1,4,'vector'),(12543,1,4,'voice'),(14456,1,4,'vorsteiner'),(12542,1,4,'walls'),(11892,1,4,'want'),(13968,1,4,'washable'),(11942,1,4,'wear'),(13367,1,4,'white'),(12549,1,4,'will'),(11896,1,4,'with'),(14705,1,4,'without'),(12557,1,4,'wooden'),(12539,1,4,'yet'),(11906,1,4,'you'),(11915,1,4,'your'),(11895,1,4,'yourself'),(14457,1,4,'zaragoza'),(13962,1,4,'zen'),(13952,1,4,'zip'),(13413,1,5,'043kg'),(12298,1,5,'100'),(13403,1,5,'325ml'),(13997,1,5,'32x32cm'),(12620,1,5,'40x60cm'),(12580,1,5,'458'),(13396,1,5,'488'),(13399,1,5,'488-spider'),(13398,1,5,'488spider'),(12621,1,5,'60x90cm'),(12622,1,5,'80x120cm'),(13409,1,5,'82cm'),(13411,1,5,'95cm'),(13761,1,5,'add'),(13581,1,5,'adventure'),(12597,1,5,'aesthethic'),(13580,1,5,'america'),(11995,1,5,'and'),(11977,1,5,'angel'),(11969,1,5,'angels'),(14739,1,5,'any'),(14001,1,5,'armchair'),(12617,1,5,'art'),(14006,1,5,'atmosphere'),(13996,1,5,'back'),(14249,1,5,'bear'),(11972,1,5,'beautiful'),(14002,1,5,'bed'),(13582,1,5,'begins'),(12588,1,5,'best'),(12028,1,5,'blanco'),(14248,1,5,'brown'),(12300,1,5,'brushed'),(14736,1,5,'can'),(13401,1,5,'ceramic'),(12015,1,5,'chino'),(12006,1,5,'classic'),(11975,1,5,'clean'),(13584,1,5,'coffee'),(12004,1,5,'collection'),(12023,1,5,'color'),(12008,1,5,'colorful'),(12590,1,5,'come'),(12305,1,5,'comfort'),(14727,1,5,'commercial'),(13587,1,5,'conquer'),(12619,1,5,'corner'),(12299,1,5,'cotton'),(13993,1,5,'cover'),(14003,1,5,'create'),(14733,1,5,'creative'),(13583,1,5,'cup'),(11999,1,5,'curiosity'),(13991,1,5,'cushion'),(14732,1,5,'custom'),(13405,1,5,'day'),(11996,1,5,'delicacy'),(11960,1,5,'demo'),(12612,1,5,'depth'),(11961,1,5,'description'),(12002,1,5,'design'),(12602,1,5,'desk'),(13410,1,5,'diameter'),(13414,1,5,'dishwasher'),(13417,1,5,'dishwasher-proo'),(13416,1,5,'dishwasherproof'),(11963,1,5,'don'),(14723,1,5,'download'),(11965,1,5,'eat'),(11971,1,5,'energy'),(11998,1,5,'evokes'),(12022,1,5,'exceptional'),(12304,1,5,'extra'),(12290,1,5,'f12'),(13579,1,5,'f60'),(12005,1,5,'features'),(11958,1,5,'ferrari'),(14012,1,5,'filling'),(12871,1,5,'finish'),(12293,1,5,'fit'),(12303,1,5,'for'),(14721,1,5,'format'),(13999,1,5,'fox'),(12608,1,5,'frame'),(12594,1,5,'framed'),(11992,1,5,'fresh'),(11989,1,5,'getting'),(13990,1,5,'gg50'),(12591,1,5,'give'),(13764,1,5,'good'),(11983,1,5,'got'),(12618,1,5,'graphic'),(14720,1,5,'graphics'),(12601,1,5,'great'),(12025,1,5,'guaranteed'),(11990,1,5,'haircut'),(14731,1,5,'have'),(11976,1,5,'heart'),(11981,1,5,'hedges'),(13412,1,5,'height'),(11982,1,5,'how'),(11997,1,5,'hummingbird'),(14013,1,5,'hypoallergenic'),(14735,1,5,'illustration'),(11985,1,5,'important'),(12306,1,5,'inicio'),(12301,1,5,'inner'),(12010,1,5,'inspired'),(14008,1,5,'inspires'),(13994,1,5,'invisible'),(12012,1,5,'japanese'),(12016,1,5,'jeans'),(12000,1,5,'joy'),(13418,1,5,'lamborghini'),(11994,1,5,'lightness'),(11988,1,5,'like'),(14743,1,5,'limitation'),(12296,1,5,'long'),(12600,1,5,'look'),(14010,1,5,'machine'),(12584,1,5,'matt'),(14004,1,5,'modern'),(13765,1,5,'mood'),(12611,1,5,'more'),(13763,1,5,'morning'),(13998,1,5,'mountain'),(13402,1,5,'mug'),(12295,1,5,'neckline'),(12029,1,5,'negro'),(14726,1,5,'non'),(14730,1,5,'non-commercial'),(14729,1,5,'noncommercial'),(13406,1,5,'off'),(12605,1,5,'office'),(12603,1,5,'open'),(12615,1,5,'open-space'),(12613,1,5,'openspace'),(12598,1,5,'optimistic'),(12013,1,5,'origamis'),(13586,1,5,'out'),(12026,1,5,'overtime'),(14247,1,5,'p45'),(12606,1,5,'painted'),(12585,1,5,'paper'),(12610,1,5,'partout'),(12609,1,5,'passe'),(12616,1,5,'passe-partout'),(12614,1,5,'passepartout'),(12009,1,5,'patterns'),(11973,1,5,'people'),(14724,1,5,'personal'),(12869,1,5,'pininfarina'),(14014,1,5,'polyester'),(12003,1,5,'polyfaune'),(11970,1,5,'positive'),(12595,1,5,'poster'),(12582,1,5,'printed'),(12019,1,5,'printing'),(14725,1,5,'private'),(12020,1,5,'process'),(12007,1,5,'products'),(14734,1,5,'project'),(13415,1,5,'proof'),(12021,1,5,'provides'),(14738,1,5,'purpose'),(12292,1,5,'regular'),(14009,1,5,'relaxation'),(13992,1,5,'removable'),(12024,1,5,'rendering'),(13407,1,5,'right'),(12583,1,5,'rigid'),(12294,1,5,'round'),(11979,1,5,'see'),(12870,1,5,'sergio'),(13585,1,5,'set'),(11986,1,5,'shape'),(11984,1,5,'shaped'),(12302,1,5,'side'),(14742,1,5,'size'),(12297,1,5,'sleeves'),(12586,1,5,'smooth'),(14000,1,5,'sofa'),(11974,1,5,'souls'),(13760,1,5,'sp12'),(11959,1,5,'sp38'),(12604,1,5,'space'),(12581,1,5,'speciale'),(13397,1,5,'spider'),(13404,1,5,'start'),(11991,1,5,'stay'),(12001,1,5,'studio'),(12017,1,5,'sublimation'),(14740,1,5,'support'),(12587,1,5,'surface'),(11966,1,5,'surround'),(14722,1,5,'svg'),(11993,1,5,'symbol'),(13165,1,5,'tdf'),(12018,1,5,'textile'),(14007,1,5,'that'),(11980,1,5,'the'),(11962,1,5,'they'),(12596,1,5,'this'),(13408,1,5,'thought'),(12027,1,5,'tipo'),(13762,1,5,'touch'),(12011,1,5,'traditional'),(12291,1,5,'trs'),(14728,1,5,'use'),(14737,1,5,'used'),(14719,1,5,'vector'),(12593,1,5,'voice'),(14498,1,5,'vorsteiner'),(12592,1,5,'walls'),(11964,1,5,'want'),(14011,1,5,'washable'),(12014,1,5,'wear'),(13400,1,5,'white'),(12599,1,5,'will'),(11968,1,5,'with'),(14741,1,5,'without'),(12607,1,5,'wooden'),(12589,1,5,'yet'),(11978,1,5,'you'),(11987,1,5,'your'),(11967,1,5,'yourself'),(14499,1,5,'zaragoza'),(14005,1,5,'zen'),(13995,1,5,'zip'),(13446,1,6,'043kg'),(12346,1,6,'100'),(13436,1,6,'325ml'),(14040,1,6,'32x32cm'),(12670,1,6,'40x60cm'),(12630,1,6,'458'),(13429,1,6,'488'),(13432,1,6,'488-spider'),(13431,1,6,'488spider'),(12671,1,6,'60x90cm'),(12672,1,6,'80x120cm'),(13442,1,6,'82cm'),(13444,1,6,'95cm'),(13792,1,6,'add'),(13611,1,6,'adventure'),(12647,1,6,'aesthethic'),(13610,1,6,'america'),(12067,1,6,'and'),(12049,1,6,'angel'),(12041,1,6,'angels'),(14775,1,6,'any'),(14044,1,6,'armchair'),(12667,1,6,'art'),(14049,1,6,'atmosphere'),(14039,1,6,'back'),(14293,1,6,'bear'),(12044,1,6,'beautiful'),(14045,1,6,'bed'),(13612,1,6,'begins'),(12638,1,6,'best'),(14292,1,6,'brown'),(12348,1,6,'brushed'),(14772,1,6,'can'),(13434,1,6,'ceramic'),(12087,1,6,'chino'),(12078,1,6,'classic'),(12047,1,6,'clean'),(13614,1,6,'coffee'),(12076,1,6,'collection'),(12095,1,6,'color'),(12080,1,6,'colorful'),(12640,1,6,'come'),(12353,1,6,'comfort'),(14763,1,6,'commercial'),(13617,1,6,'conquer'),(12669,1,6,'corner'),(12347,1,6,'cotton'),(14036,1,6,'cover'),(14046,1,6,'create'),(14769,1,6,'creative'),(13613,1,6,'cup'),(12071,1,6,'curiosity'),(14034,1,6,'cushion'),(14768,1,6,'custom'),(13438,1,6,'day'),(12068,1,6,'delicacy'),(12032,1,6,'demo'),(12662,1,6,'depth'),(12033,1,6,'description'),(12074,1,6,'design'),(12652,1,6,'desk'),(13443,1,6,'diameter'),(13447,1,6,'dishwasher'),(13450,1,6,'dishwasher-proo'),(13449,1,6,'dishwasherproof'),(12035,1,6,'don'),(14759,1,6,'download'),(12037,1,6,'eat'),(12043,1,6,'energy'),(12070,1,6,'evokes'),(12094,1,6,'exceptional'),(12352,1,6,'extra'),(12338,1,6,'f12'),(13609,1,6,'f60'),(12077,1,6,'features'),(12030,1,6,'ferrari'),(14055,1,6,'filling'),(12920,1,6,'finish'),(12341,1,6,'fit'),(12351,1,6,'for'),(14757,1,6,'format'),(14042,1,6,'fox'),(12658,1,6,'frame'),(12644,1,6,'framed'),(12064,1,6,'fresh'),(12061,1,6,'getting'),(14033,1,6,'gg50'),(12641,1,6,'give'),(13795,1,6,'good'),(12055,1,6,'got'),(12668,1,6,'graphic'),(14756,1,6,'graphics'),(12651,1,6,'great'),(12097,1,6,'guaranteed'),(12062,1,6,'haircut'),(14767,1,6,'have'),(12048,1,6,'heart'),(12053,1,6,'hedges'),(13445,1,6,'height'),(12054,1,6,'how'),(12069,1,6,'hummingbird'),(14056,1,6,'hypoallergenic'),(14771,1,6,'illustration'),(12057,1,6,'important'),(12349,1,6,'inner'),(12082,1,6,'inspired'),(14051,1,6,'inspires'),(14037,1,6,'invisible'),(12084,1,6,'japanese'),(12088,1,6,'jeans'),(12072,1,6,'joy'),(13451,1,6,'lamborghini'),(12066,1,6,'lightness'),(12060,1,6,'like'),(14779,1,6,'limitation'),(12344,1,6,'long'),(12650,1,6,'look'),(14053,1,6,'machine'),(12634,1,6,'matt'),(14047,1,6,'modern'),(13796,1,6,'mood'),(12661,1,6,'more'),(13794,1,6,'morning'),(14041,1,6,'mountain'),(13435,1,6,'mug'),(12343,1,6,'neckline'),(14762,1,6,'non'),(14766,1,6,'non-commercial'),(14765,1,6,'noncommercial'),(13439,1,6,'off'),(12655,1,6,'office'),(12653,1,6,'open'),(12665,1,6,'open-space'),(12663,1,6,'openspace'),(12648,1,6,'optimistic'),(12085,1,6,'origamis'),(13616,1,6,'out'),(12098,1,6,'overtime'),(14291,1,6,'p45'),(12656,1,6,'painted'),(12635,1,6,'paper'),(12660,1,6,'partout'),(12659,1,6,'passe'),(12666,1,6,'passe-partout'),(12664,1,6,'passepartout'),(12081,1,6,'patterns'),(12045,1,6,'people'),(14760,1,6,'personal'),(12918,1,6,'pininfarina'),(14057,1,6,'polyester'),(12075,1,6,'polyfaune'),(12042,1,6,'positive'),(12645,1,6,'poster'),(12632,1,6,'printed'),(12091,1,6,'printing'),(14761,1,6,'private'),(12092,1,6,'process'),(12079,1,6,'products'),(14770,1,6,'project'),(13448,1,6,'proof'),(12093,1,6,'provides'),(14774,1,6,'purpose'),(12340,1,6,'regular'),(14052,1,6,'relaxation'),(14035,1,6,'removable'),(12096,1,6,'rendering'),(13440,1,6,'right'),(12633,1,6,'rigid'),(12342,1,6,'round'),(12051,1,6,'see'),(12919,1,6,'sergio'),(13615,1,6,'set'),(12058,1,6,'shape'),(12056,1,6,'shaped'),(12350,1,6,'side'),(14778,1,6,'size'),(12345,1,6,'sleeves'),(12636,1,6,'smooth'),(14043,1,6,'sofa'),(12046,1,6,'souls'),(13791,1,6,'sp12'),(12031,1,6,'sp38'),(12654,1,6,'space'),(12631,1,6,'speciale'),(13430,1,6,'spider'),(13437,1,6,'start'),(12063,1,6,'stay'),(12073,1,6,'studio'),(12089,1,6,'sublimation'),(14776,1,6,'support'),(12637,1,6,'surface'),(12038,1,6,'surround'),(14758,1,6,'svg'),(12065,1,6,'symbol'),(13216,1,6,'tdf'),(12090,1,6,'textile'),(14050,1,6,'that'),(12052,1,6,'the'),(12034,1,6,'they'),(12646,1,6,'this'),(13441,1,6,'thought'),(13793,1,6,'touch'),(12083,1,6,'traditional'),(12339,1,6,'trs'),(14764,1,6,'use'),(14773,1,6,'used'),(14755,1,6,'vector'),(12643,1,6,'voice'),(14540,1,6,'vorsteiner'),(12642,1,6,'walls'),(12036,1,6,'want'),(14054,1,6,'washable'),(12086,1,6,'wear'),(13433,1,6,'white'),(12649,1,6,'will'),(12040,1,6,'with'),(14777,1,6,'without'),(12657,1,6,'wooden'),(12639,1,6,'yet'),(12050,1,6,'you'),(12059,1,6,'your'),(12039,1,6,'yourself'),(14541,1,6,'zaragoza'),(14048,1,6,'zen'),(14038,1,6,'zip'),(12100,1,6,'أبيض'),(12101,1,6,'اسود'),(12355,1,6,'الرئيسية'),(12354,1,6,'الصفحة'),(12099,1,6,'النوع');

--
-- Table structure for table `ps_sekeyword`
--

CREATE TABLE `ps_sekeyword` (
  `id_sekeyword` int(10) unsigned NOT NULL AUTO_INCREMENT,
  `id_shop` int(10) unsigned NOT NULL DEFAULT 1,
  `id_shop_group` int(10) unsigned NOT NULL DEFAULT 1,
  `keyword` varchar(256) NOT NULL,
  `date_add` datetime NOT NULL,
  PRIMARY KEY (`id_sekeyword`)
) ENGINE=InnoDB DEFAULT CHARSET=utf8;

--
-- Dumping data for table `ps_sekeyword`
--


--
-- Table structure for table `ps_shop`
--

CREATE TABLE `ps_shop` (
  `id_shop` int(11) NOT NULL AUTO_INCREMENT,
  `id_shop_group` int(11) NOT NULL,
  `name` varchar(64) COLLATE utf8_unicode_ci NOT NULL,
  `id_category` int(11) NOT NULL,
  `theme_name` varchar(255) COLLATE utf8_unicode_ci NOT NULL,
  `active` tinyint(1) NOT NULL,
  `deleted` tinyint(1) NOT NULL,
  PRIMARY KEY (`id_shop`),
  KEY `IDX_CBDFBB9EF5C9E40` (`id_shop_group`)
) ENGINE=InnoDB AUTO_INCREMENT=2 DEFAULT CHARSET=utf8 COLLATE=utf8_unicode_ci;

--
-- Dumping data for table `ps_shop`
--

INSERT INTO `ps_shop` VALUES (1,1,'Leo Rent Car',2,'leo_rent_car',1,0);

--
-- Table structure for table `ps_shop_group`
--

CREATE TABLE `ps_shop_group` (
  `id_shop_group` int(11) NOT NULL AUTO_INCREMENT,
  `name` varchar(64) COLLATE utf8_unicode_ci NOT NULL,
  `share_customer` tinyint(1) NOT NULL,
  `share_order` tinyint(1) NOT NULL,
  `share_stock` tinyint(1) NOT NULL,
  `active` tinyint(1) NOT NULL,
  `deleted` tinyint(1) NOT NULL,
  PRIMARY KEY (`id_shop_group`)
) ENGINE=InnoDB AUTO_INCREMENT=2 DEFAULT CHARSET=utf8 COLLATE=utf8_unicode_ci;

--
-- Dumping data for table `ps_shop_group`
--

INSERT INTO `ps_shop_group` VALUES (1,'Default',0,0,0,1,0);

--
-- Table structure for table `ps_shop_url`
--

CREATE TABLE `ps_shop_url` (
  `id_shop_url` int(11) unsigned NOT NULL AUTO_INCREMENT,
  `id_shop` int(11) unsigned NOT NULL,
  `domain` varchar(150) NOT NULL,
  `domain_ssl` varchar(150) NOT NULL,
  `physical_uri` varchar(64) NOT NULL,
  `virtual_uri` varchar(64) NOT NULL,
  `main` tinyint(1) NOT NULL,
  `active` tinyint(1) NOT NULL,
  PRIMARY KEY (`id_shop_url`),
  UNIQUE KEY `full_shop_url` (`domain`,`physical_uri`,`virtual_uri`),
  UNIQUE KEY `full_shop_url_ssl` (`domain_ssl`,`physical_uri`,`virtual_uri`),
  KEY `id_shop` (`id_shop`,`main`)
) ENGINE=InnoDB AUTO_INCREMENT=2 DEFAULT CHARSET=utf8;

--
-- Dumping data for table `ps_shop_url`
--

INSERT INTO `ps_shop_url` VALUES (1,1,'demo1.leotheme.com','demo1.leotheme.com','/leo_rent_car_demo/','',1,1);

--
-- Table structure for table `ps_smarty_cache`
--

CREATE TABLE `ps_smarty_cache` (
  `id_smarty_cache` char(40) NOT NULL,
  `name` char(40) NOT NULL,
  `cache_id` varchar(254) DEFAULT NULL,
  `modified` timestamp NOT NULL DEFAULT current_timestamp(),
  `content` longtext NOT NULL,
  PRIMARY KEY (`id_smarty_cache`),
  KEY `name` (`name`),
  KEY `cache_id` (`cache_id`),
  KEY `modified` (`modified`)
) ENGINE=InnoDB DEFAULT CHARSET=utf8;

--
-- Dumping data for table `ps_smarty_cache`
--


--
-- Table structure for table `ps_smarty_last_flush`
--

CREATE TABLE `ps_smarty_last_flush` (
  `type` enum('compile','template') NOT NULL,
  `last_flush` datetime NOT NULL DEFAULT '0000-00-00 00:00:00',
  PRIMARY KEY (`type`)
) ENGINE=InnoDB DEFAULT CHARSET=utf8;

--
-- Dumping data for table `ps_smarty_last_flush`
--


--
-- Table structure for table `ps_smarty_lazy_cache`
--

CREATE TABLE `ps_smarty_lazy_cache` (
  `template_hash` varchar(32) NOT NULL DEFAULT '',
  `cache_id` varchar(255) NOT NULL DEFAULT '',
  `compile_id` varchar(32) NOT NULL DEFAULT '',
  `filepath` varchar(255) NOT NULL DEFAULT '',
  `last_update` datetime NOT NULL DEFAULT '0000-00-00 00:00:00',
  PRIMARY KEY (`template_hash`,`cache_id`,`compile_id`)
) ENGINE=InnoDB DEFAULT CHARSET=utf8;

--
-- Dumping data for table `ps_smarty_lazy_cache`
--


--
-- Table structure for table `ps_specific_price`
--

CREATE TABLE `ps_specific_price` (
  `id_specific_price` int(10) unsigned NOT NULL AUTO_INCREMENT,
  `id_specific_price_rule` int(11) unsigned NOT NULL,
  `id_cart` int(11) unsigned NOT NULL,
  `id_product` int(10) unsigned NOT NULL,
  `id_shop` int(11) unsigned NOT NULL DEFAULT 1,
  `id_shop_group` int(11) unsigned NOT NULL,
  `id_currency` int(10) unsigned NOT NULL,
  `id_country` int(10) unsigned NOT NULL,
  `id_group` int(10) unsigned NOT NULL,
  `id_customer` int(10) unsigned NOT NULL,
  `id_product_attribute` int(10) unsigned NOT NULL,
  `price` decimal(20,6) NOT NULL,
  `from_quantity` mediumint(8) unsigned NOT NULL,
  `reduction` decimal(20,6) NOT NULL,
  `reduction_tax` tinyint(1) NOT NULL DEFAULT 1,
  `reduction_type` enum('amount','percentage') NOT NULL,
  `from` datetime NOT NULL,
  `to` datetime NOT NULL,
  PRIMARY KEY (`id_specific_price`),
  UNIQUE KEY `id_product_2` (`id_product`,`id_product_attribute`,`id_customer`,`id_cart`,`from`,`to`,`id_shop`,`id_shop_group`,`id_currency`,`id_country`,`id_group`,`from_quantity`,`id_specific_price_rule`),
  KEY `id_product` (`id_product`,`id_shop`,`id_currency`,`id_country`,`id_group`,`id_customer`,`from_quantity`,`from`,`to`),
  KEY `from_quantity` (`from_quantity`),
  KEY `id_specific_price_rule` (`id_specific_price_rule`),
  KEY `id_cart` (`id_cart`),
  KEY `id_product_attribute` (`id_product_attribute`),
  KEY `id_shop` (`id_shop`),
  KEY `id_customer` (`id_customer`),
  KEY `from` (`from`),
  KEY `to` (`to`)
) ENGINE=InnoDB DEFAULT CHARSET=utf8;

--
-- Dumping data for table `ps_specific_price`
--


--
-- Table structure for table `ps_specific_price_priority`
--

CREATE TABLE `ps_specific_price_priority` (
  `id_specific_price_priority` int(11) NOT NULL AUTO_INCREMENT,
  `id_product` int(11) NOT NULL,
  `priority` varchar(80) NOT NULL,
  PRIMARY KEY (`id_specific_price_priority`,`id_product`),
  UNIQUE KEY `id_product` (`id_product`)
) ENGINE=InnoDB AUTO_INCREMENT=20 DEFAULT CHARSET=utf8;

--
-- Dumping data for table `ps_specific_price_priority`
--

INSERT INTO `ps_specific_price_priority` VALUES (1,1,'id_shop;id_currency;id_country;id_group'),(4,3,'id_shop;id_currency;id_country;id_group'),(5,2,'id_shop;id_currency;id_country;id_group'),(6,4,'id_shop;id_currency;id_country;id_group'),(7,5,'id_shop;id_currency;id_country;id_group'),(9,6,'id_shop;id_currency;id_country;id_group'),(10,7,'id_shop;id_currency;id_country;id_group'),(13,8,'id_shop;id_currency;id_country;id_group'),(14,9,'id_shop;id_currency;id_country;id_group'),(15,10,'id_shop;id_currency;id_country;id_group'),(17,11,'id_shop;id_currency;id_country;id_group'),(19,12,'id_shop;id_currency;id_country;id_group');

--
-- Table structure for table `ps_specific_price_rule`
--

CREATE TABLE `ps_specific_price_rule` (
  `id_specific_price_rule` int(10) unsigned NOT NULL AUTO_INCREMENT,
  `name` varchar(255) NOT NULL,
  `id_shop` int(11) unsigned NOT NULL DEFAULT 1,
  `id_currency` int(10) unsigned NOT NULL,
  `id_country` int(10) unsigned NOT NULL,
  `id_group` int(10) unsigned NOT NULL,
  `from_quantity` mediumint(8) unsigned NOT NULL,
  `price` decimal(20,6) DEFAULT NULL,
  `reduction` decimal(20,6) NOT NULL,
  `reduction_tax` tinyint(1) NOT NULL DEFAULT 1,
  `reduction_type` enum('amount','percentage') NOT NULL,
  `from` datetime NOT NULL,
  `to` datetime NOT NULL,
  PRIMARY KEY (`id_specific_price_rule`),
  KEY `id_product` (`id_shop`,`id_currency`,`id_country`,`id_group`,`from_quantity`,`from`,`to`)
) ENGINE=InnoDB DEFAULT CHARSET=utf8;

--
-- Dumping data for table `ps_specific_price_rule`
--


--
-- Table structure for table `ps_specific_price_rule_condition`
--

CREATE TABLE `ps_specific_price_rule_condition` (
  `id_specific_price_rule_condition` int(11) unsigned NOT NULL AUTO_INCREMENT,
  `id_specific_price_rule_condition_group` int(11) unsigned NOT NULL,
  `type` varchar(255) NOT NULL,
  `value` varchar(255) NOT NULL,
  PRIMARY KEY (`id_specific_price_rule_condition`),
  KEY `id_specific_price_rule_condition_group` (`id_specific_price_rule_condition_group`)
) ENGINE=InnoDB DEFAULT CHARSET=utf8;

--
-- Dumping data for table `ps_specific_price_rule_condition`
--


--
-- Table structure for table `ps_specific_price_rule_condition_group`
--

CREATE TABLE `ps_specific_price_rule_condition_group` (
  `id_specific_price_rule_condition_group` int(11) unsigned NOT NULL AUTO_INCREMENT,
  `id_specific_price_rule` int(11) unsigned NOT NULL,
  PRIMARY KEY (`id_specific_price_rule_condition_group`,`id_specific_price_rule`)
) ENGINE=InnoDB DEFAULT CHARSET=utf8;

--
-- Dumping data for table `ps_specific_price_rule_condition_group`
--


--
-- Table structure for table `ps_state`
--

CREATE TABLE `ps_state` (
  `id_state` int(10) unsigned NOT NULL AUTO_INCREMENT,
  `id_country` int(11) unsigned NOT NULL,
  `id_zone` int(11) unsigned NOT NULL,
  `name` varchar(64) NOT NULL,
  `iso_code` varchar(7) NOT NULL,
  `tax_behavior` smallint(1) NOT NULL DEFAULT 0,
  `active` tinyint(1) NOT NULL DEFAULT 0,
  PRIMARY KEY (`id_state`),
  KEY `id_country` (`id_country`),
  KEY `name` (`name`),
  KEY `id_zone` (`id_zone`)
) ENGINE=InnoDB AUTO_INCREMENT=325 DEFAULT CHARSET=utf8;

--
-- Dumping data for table `ps_state`
--

INSERT INTO `ps_state` VALUES (1,21,2,'AA','AA',0,1),(2,21,2,'AE','AE',0,1),(3,21,2,'AP','AP',0,1),(4,21,2,'Alabama','AL',0,1),(5,21,2,'Alaska','AK',0,1),(6,21,2,'Arizona','AZ',0,1),(7,21,2,'Arkansas','AR',0,1),(8,21,2,'California','CA',0,1),(9,21,2,'Colorado','CO',0,1),(10,21,2,'Connecticut','CT',0,1),(11,21,2,'Delaware','DE',0,1),(12,21,2,'Florida','FL',0,1),(13,21,2,'Georgia','GA',0,1),(14,21,2,'Hawaii','HI',0,1),(15,21,2,'Idaho','ID',0,1),(16,21,2,'Illinois','IL',0,1),(17,21,2,'Indiana','IN',0,1),(18,21,2,'Iowa','IA',0,1),(19,21,2,'Kansas','KS',0,1),(20,21,2,'Kentucky','KY',0,1),(21,21,2,'Louisiana','LA',0,1),(22,21,2,'Maine','ME',0,1),(23,21,2,'Maryland','MD',0,1),(24,21,2,'Massachusetts','MA',0,1),(25,21,2,'Michigan','MI',0,1),(26,21,2,'Minnesota','MN',0,1),(27,21,2,'Mississippi','MS',0,1),(28,21,2,'Missouri','MO',0,1),(29,21,2,'Montana','MT',0,1),(30,21,2,'Nebraska','NE',0,1),(31,21,2,'Nevada','NV',0,1),(32,21,2,'New Hampshire','NH',0,1),(33,21,2,'New Jersey','NJ',0,1),(34,21,2,'New Mexico','NM',0,1),(35,21,2,'New York','NY',0,1),(36,21,2,'North Carolina','NC',0,1),(37,21,2,'North Dakota','ND',0,1),(38,21,2,'Ohio','OH',0,1),(39,21,2,'Oklahoma','OK',0,1),(40,21,2,'Oregon','OR',0,1),(41,21,2,'Pennsylvania','PA',0,1),(42,21,2,'Rhode Island','RI',0,1),(43,21,2,'South Carolina','SC',0,1),(44,21,2,'South Dakota','SD',0,1),(45,21,2,'Tennessee','TN',0,1),(46,21,2,'Texas','TX',0,1),(47,21,2,'Utah','UT',0,1),(48,21,2,'Vermont','VT',0,1),(49,21,2,'Virginia','VA',0,1),(50,21,2,'Washington','WA',0,1),(51,21,2,'West Virginia','WV',0,1),(52,21,2,'Wisconsin','WI',0,1),(53,21,2,'Wyoming','WY',0,1),(54,21,2,'Puerto Rico','PR',0,1),(55,21,2,'US Virgin Islands','VI',0,1),(56,21,2,'District of Columbia','DC',0,1),(57,145,2,'Aguascalientes','AGS',0,1),(58,145,2,'Baja California','BCN',0,1),(59,145,2,'Baja California Sur','BCS',0,1),(60,145,2,'Campeche','CAM',0,1),(61,145,2,'Chiapas','CHP',0,1),(62,145,2,'Chihuahua','CHH',0,1),(63,145,2,'Coahuila','COA',0,1),(64,145,2,'Colima','COL',0,1),(65,145,2,'Distrito Federal','DIF',0,1),(66,145,2,'Durango','DUR',0,1),(67,145,2,'Guanajuato','GUA',0,1),(68,145,2,'Guerrero','GRO',0,1),(69,145,2,'Hidalgo','HID',0,1),(70,145,2,'Jalisco','JAL',0,1),(71,145,2,'Estado de México','MEX',0,1),(72,145,2,'Michoacán','MIC',0,1),(73,145,2,'Morelos','MOR',0,1),(74,145,2,'Nayarit','NAY',0,1),(75,145,2,'Nuevo León','NLE',0,1),(76,145,2,'Oaxaca','OAX',0,1),(77,145,2,'Puebla','PUE',0,1),(78,145,2,'Querétaro','QUE',0,1),(79,145,2,'Quintana Roo','ROO',0,1),(80,145,2,'San Luis Potosí','SLP',0,1),(81,145,2,'Sinaloa','SIN',0,1),(82,145,2,'Sonora','SON',0,1),(83,145,2,'Tabasco','TAB',0,1),(84,145,2,'Tamaulipas','TAM',0,1),(85,145,2,'Tlaxcala','TLA',0,1),(86,145,2,'Veracruz','VER',0,1),(87,145,2,'Yucatán','YUC',0,1),(88,145,2,'Zacatecas','ZAC',0,1),(89,4,2,'Ontario','ON',0,1),(90,4,2,'Quebec','QC',0,1),(91,4,2,'British Columbia','BC',0,1),(92,4,2,'Alberta','AB',0,1),(93,4,2,'Manitoba','MB',0,1),(94,4,2,'Saskatchewan','SK',0,1),(95,4,2,'Nova Scotia','NS',0,1),(96,4,2,'New Brunswick','NB',0,1),(97,4,2,'Newfoundland and Labrador','NL',0,1),(98,4,2,'Prince Edward Island','PE',0,1),(99,4,2,'Northwest Territories','NT',0,1),(100,4,2,'Yukon','YT',0,1),(101,4,2,'Nunavut','NU',0,1),(102,44,6,'Buenos Aires','B',0,1),(103,44,6,'Catamarca','K',0,1),(104,44,6,'Chaco','H',0,1),(105,44,6,'Chubut','U',0,1),(106,44,6,'Ciudad de Buenos Aires','C',0,1),(107,44,6,'Córdoba','X',0,1),(108,44,6,'Corrientes','W',0,1),(109,44,6,'Entre Ríos','E',0,1),(110,44,6,'Formosa','P',0,1),(111,44,6,'Jujuy','Y',0,1),(112,44,6,'La Pampa','L',0,1),(113,44,6,'La Rioja','F',0,1),(114,44,6,'Mendoza','M',0,1),(115,44,6,'Misiones','N',0,1),(116,44,6,'Neuquén','Q',0,1),(117,44,6,'Río Negro','R',0,1),(118,44,6,'Salta','A',0,1),(119,44,6,'San Juan','J',0,1),(120,44,6,'San Luis','D',0,1),(121,44,6,'Santa Cruz','Z',0,1),(122,44,6,'Santa Fe','S',0,1),(123,44,6,'Santiago del Estero','G',0,1),(124,44,6,'Tierra del Fuego','V',0,1),(125,44,6,'Tucumán','T',0,1),(126,10,1,'Agrigento','AG',0,1),(127,10,1,'Alessandria','AL',0,1),(128,10,1,'Ancona','AN',0,1),(129,10,1,'Aosta','AO',0,1),(130,10,1,'Arezzo','AR',0,1),(131,10,1,'Ascoli Piceno','AP',0,1),(132,10,1,'Asti','AT',0,1),(133,10,1,'Avellino','AV',0,1),(134,10,1,'Bari','BA',0,1),(135,10,1,'Barletta-Andria-Trani','BT',0,1),(136,10,1,'Belluno','BL',0,1),(137,10,1,'Benevento','BN',0,1),(138,10,1,'Bergamo','BG',0,1),(139,10,1,'Biella','BI',0,1),(140,10,1,'Bologna','BO',0,1),(141,10,1,'Bolzano','BZ',0,1),(142,10,1,'Brescia','BS',0,1),(143,10,1,'Brindisi','BR',0,1),(144,10,1,'Cagliari','CA',0,1),(145,10,1,'Caltanissetta','CL',0,1),(146,10,1,'Campobasso','CB',0,1),(147,10,1,'Carbonia-Iglesias','CI',0,1),(148,10,1,'Caserta','CE',0,1),(149,10,1,'Catania','CT',0,1),(150,10,1,'Catanzaro','CZ',0,1),(151,10,1,'Chieti','CH',0,1),(152,10,1,'Como','CO',0,1),(153,10,1,'Cosenza','CS',0,1),(154,10,1,'Cremona','CR',0,1),(155,10,1,'Crotone','KR',0,1),(156,10,1,'Cuneo','CN',0,1),(157,10,1,'Enna','EN',0,1),(158,10,1,'Fermo','FM',0,1),(159,10,1,'Ferrara','FE',0,1),(160,10,1,'Firenze','FI',0,1),(161,10,1,'Foggia','FG',0,1),(162,10,1,'Forlì-Cesena','FC',0,1),(163,10,1,'Frosinone','FR',0,1),(164,10,1,'Genova','GE',0,1),(165,10,1,'Gorizia','GO',0,1),(166,10,1,'Grosseto','GR',0,1),(167,10,1,'Imperia','IM',0,1),(168,10,1,'Isernia','IS',0,1),(169,10,1,'L\'Aquila','AQ',0,1),(170,10,1,'La Spezia','SP',0,1),(171,10,1,'Latina','LT',0,1),(172,10,1,'Lecce','LE',0,1),(173,10,1,'Lecco','LC',0,1),(174,10,1,'Livorno','LI',0,1),(175,10,1,'Lodi','LO',0,1),(176,10,1,'Lucca','LU',0,1),(177,10,1,'Macerata','MC',0,1),(178,10,1,'Mantova','MN',0,1),(179,10,1,'Massa','MS',0,1),(180,10,1,'Matera','MT',0,1),(181,10,1,'Medio Campidano','VS',0,1),(182,10,1,'Messina','ME',0,1),(183,10,1,'Milano','MI',0,1),(184,10,1,'Modena','MO',0,1),(185,10,1,'Monza e della Brianza','MB',0,1),(186,10,1,'Napoli','NA',0,1),(187,10,1,'Novara','NO',0,1),(188,10,1,'Nuoro','NU',0,1),(189,10,1,'Ogliastra','OG',0,1),(190,10,1,'Olbia-Tempio','OT',0,1),(191,10,1,'Oristano','OR',0,1),(192,10,1,'Padova','PD',0,1),(193,10,1,'Palermo','PA',0,1),(194,10,1,'Parma','PR',0,1),(195,10,1,'Pavia','PV',0,1),(196,10,1,'Perugia','PG',0,1),(197,10,1,'Pesaro-Urbino','PU',0,1),(198,10,1,'Pescara','PE',0,1),(199,10,1,'Piacenza','PC',0,1),(200,10,1,'Pisa','PI',0,1),(201,10,1,'Pistoia','PT',0,1),(202,10,1,'Pordenone','PN',0,1),(203,10,1,'Potenza','PZ',0,1),(204,10,1,'Prato','PO',0,1),(205,10,1,'Ragusa','RG',0,1),(206,10,1,'Ravenna','RA',0,1),(207,10,1,'Reggio Calabria','RC',0,1),(208,10,1,'Reggio Emilia','RE',0,1),(209,10,1,'Rieti','RI',0,1),(210,10,1,'Rimini','RN',0,1),(211,10,1,'Roma','RM',0,1),(212,10,1,'Rovigo','RO',0,1),(213,10,1,'Salerno','SA',0,1),(214,10,1,'Sassari','SS',0,1),(215,10,1,'Savona','SV',0,1),(216,10,1,'Siena','SI',0,1),(217,10,1,'Siracusa','SR',0,1),(218,10,1,'Sondrio','SO',0,1),(219,10,1,'Taranto','TA',0,1),(220,10,1,'Teramo','TE',0,1),(221,10,1,'Terni','TR',0,1),(222,10,1,'Torino','TO',0,1),(223,10,1,'Trapani','TP',0,1),(224,10,1,'Trento','TN',0,1),(225,10,1,'Treviso','TV',0,1),(226,10,1,'Trieste','TS',0,1),(227,10,1,'Udine','UD',0,1),(228,10,1,'Varese','VA',0,1),(229,10,1,'Venezia','VE',0,1),(230,10,1,'Verbano-Cusio-Ossola','VB',0,1),(231,10,1,'Vercelli','VC',0,1),(232,10,1,'Verona','VR',0,1),(233,10,1,'Vibo Valentia','VV',0,1),(234,10,1,'Vicenza','VI',0,1),(235,10,1,'Viterbo','VT',0,1),(236,111,3,'Aceh','ID-AC',0,1),(237,111,3,'Bali','ID-BA',0,1),(238,111,3,'Banten','ID-BT',0,1),(239,111,3,'Bengkulu','ID-BE',0,1),(240,111,3,'Gorontalo','ID-GO',0,1),(241,111,3,'Jakarta','ID-JK',0,1),(242,111,3,'Jambi','ID-JA',0,1),(243,111,3,'Jawa Barat','ID-JB',0,1),(244,111,3,'Jawa Tengah','ID-JT',0,1),(245,111,3,'Jawa Timur','ID-JI',0,1),(246,111,3,'Kalimantan Barat','ID-KB',0,1),(247,111,3,'Kalimantan Selatan','ID-KS',0,1),(248,111,3,'Kalimantan Tengah','ID-KT',0,1),(249,111,3,'Kalimantan Timur','ID-KI',0,1),(250,111,3,'Kalimantan Utara','ID-KU',0,1),(251,111,3,'Kepulauan Bangka Belitug','ID-BB',0,1),(252,111,3,'Kepulauan Riau','ID-KR',0,1),(253,111,3,'Lampung','ID-LA',0,1),(254,111,3,'Maluku','ID-MA',0,1),(255,111,3,'Maluku Utara','ID-MU',0,1),(256,111,3,'Nusa Tengara Barat','ID-NB',0,1),(257,111,3,'Nusa Tenggara Timur','ID-NT',0,1),(258,111,3,'Papua','ID-PA',0,1),(259,111,3,'Papua Barat','ID-PB',0,1),(260,111,3,'Riau','ID-RI',0,1),(261,111,3,'Sulawesi Barat','ID-SR',0,1),(262,111,3,'Sulawesi Selatan','ID-SN',0,1),(263,111,3,'Sulawesi Tengah','ID-ST',0,1),(264,111,3,'Sulawesi Tenggara','ID-SG',0,1),(265,111,3,'Sulawesi Utara','ID-SA',0,1),(266,111,3,'Sumatera Barat','ID-SB',0,1),(267,111,3,'Sumatera Selatan','ID-SS',0,1),(268,111,3,'Sumatera Utara','ID-SU',0,1),(269,111,3,'Yogyakarta','ID-YO',0,1),(270,11,3,'Aichi','23',0,1),(271,11,3,'Akita','05',0,1),(272,11,3,'Aomori','02',0,1),(273,11,3,'Chiba','12',0,1),(274,11,3,'Ehime','38',0,1),(275,11,3,'Fukui','18',0,1),(276,11,3,'Fukuoka','40',0,1),(277,11,3,'Fukushima','07',0,1),(278,11,3,'Gifu','21',0,1),(279,11,3,'Gunma','10',0,1),(280,11,3,'Hiroshima','34',0,1),(281,11,3,'Hokkaido','01',0,1),(282,11,3,'Hyogo','28',0,1),(283,11,3,'Ibaraki','08',0,1),(284,11,3,'Ishikawa','17',0,1),(285,11,3,'Iwate','03',0,1),(286,11,3,'Kagawa','37',0,1),(287,11,3,'Kagoshima','46',0,1),(288,11,3,'Kanagawa','14',0,1),(289,11,3,'Kochi','39',0,1),(290,11,3,'Kumamoto','43',0,1),(291,11,3,'Kyoto','26',0,1),(292,11,3,'Mie','24',0,1),(293,11,3,'Miyagi','04',0,1),(294,11,3,'Miyazaki','45',0,1),(295,11,3,'Nagano','20',0,1),(296,11,3,'Nagasaki','42',0,1),(297,11,3,'Nara','29',0,1),(298,11,3,'Niigata','15',0,1),(299,11,3,'Oita','44',0,1),(300,11,3,'Okayama','33',0,1),(301,11,3,'Okinawa','47',0,1),(302,11,3,'Osaka','27',0,1),(303,11,3,'Saga','41',0,1),(304,11,3,'Saitama','11',0,1),(305,11,3,'Shiga','25',0,1),(306,11,3,'Shimane','32',0,1),(307,11,3,'Shizuoka','22',0,1),(308,11,3,'Tochigi','09',0,1),(309,11,3,'Tokushima','36',0,1),(310,11,3,'Tokyo','13',0,1),(311,11,3,'Tottori','31',0,1),(312,11,3,'Toyama','16',0,1),(313,11,3,'Wakayama','30',0,1),(314,11,3,'Yamagata','06',0,1),(315,11,3,'Yamaguchi','35',0,1),(316,11,3,'Yamanashi','19',0,1),(317,24,5,'Australian Capital Territory','ACT',0,1),(318,24,5,'New South Wales','NSW',0,1),(319,24,5,'Northern Territory','NT',0,1),(320,24,5,'Queensland','QLD',0,1),(321,24,5,'South Australia','SA',0,1),(322,24,5,'Tasmania','TAS',0,1),(323,24,5,'Victoria','VIC',0,1),(324,24,5,'Western Australia','WA',0,1);

--
-- Table structure for table `ps_statssearch`
--

CREATE TABLE `ps_statssearch` (
  `id_statssearch` int(10) unsigned NOT NULL AUTO_INCREMENT,
  `id_shop` int(10) unsigned NOT NULL DEFAULT 1,
  `id_shop_group` int(10) unsigned NOT NULL DEFAULT 1,
  `keywords` varchar(255) NOT NULL,
  `results` int(6) NOT NULL DEFAULT 0,
  `date_add` datetime NOT NULL,
  PRIMARY KEY (`id_statssearch`)
) ENGINE=InnoDB DEFAULT CHARSET=utf8;

--
-- Dumping data for table `ps_statssearch`
--


--
-- Table structure for table `ps_stock`
--

CREATE TABLE `ps_stock` (
  `id_stock` int(11) unsigned NOT NULL AUTO_INCREMENT,
  `id_warehouse` int(11) unsigned NOT NULL,
  `id_product` int(11) unsigned NOT NULL,
  `id_product_attribute` int(11) unsigned NOT NULL,
  `reference` varchar(64) DEFAULT NULL,
  `ean13` varchar(13) DEFAULT NULL,
  `isbn` varchar(32) DEFAULT NULL,
  `upc` varchar(12) DEFAULT NULL,
  `physical_quantity` int(11) unsigned NOT NULL,
  `usable_quantity` int(11) unsigned NOT NULL,
  `price_te` decimal(20,6) DEFAULT 0.000000,
  PRIMARY KEY (`id_stock`),
  KEY `id_warehouse` (`id_warehouse`),
  KEY `id_product` (`id_product`),
  KEY `id_product_attribute` (`id_product_attribute`)
) ENGINE=InnoDB DEFAULT CHARSET=utf8;

--
-- Dumping data for table `ps_stock`
--


--
-- Table structure for table `ps_stock_available`
--

CREATE TABLE `ps_stock_available` (
  `id_stock_available` int(11) unsigned NOT NULL AUTO_INCREMENT,
  `id_product` int(11) unsigned NOT NULL,
  `id_product_attribute` int(11) unsigned NOT NULL,
  `id_shop` int(11) unsigned NOT NULL,
  `id_shop_group` int(11) unsigned NOT NULL,
  `quantity` int(10) NOT NULL DEFAULT 0,
  `physical_quantity` int(11) NOT NULL DEFAULT 0,
  `reserved_quantity` int(11) NOT NULL DEFAULT 0,
  `depends_on_stock` tinyint(1) unsigned NOT NULL DEFAULT 0,
  `out_of_stock` tinyint(1) unsigned NOT NULL DEFAULT 0,
  `location` varchar(255) NOT NULL DEFAULT '',
  PRIMARY KEY (`id_stock_available`),
  UNIQUE KEY `product_sqlstock` (`id_product`,`id_product_attribute`,`id_shop`,`id_shop_group`),
  KEY `id_shop` (`id_shop`),
  KEY `id_shop_group` (`id_shop_group`),
  KEY `id_product` (`id_product`),
  KEY `id_product_attribute` (`id_product_attribute`)
) ENGINE=InnoDB AUTO_INCREMENT=62 DEFAULT CHARSET=utf8;

--
-- Dumping data for table `ps_stock_available`
--

INSERT INTO `ps_stock_available` VALUES (1,1,0,1,0,2371,2371,0,0,2,''),(2,2,0,1,0,2089,2089,0,0,2,''),(3,3,0,1,0,1495,1495,0,0,2,''),(4,4,0,1,0,1491,1491,0,0,2,''),(5,5,0,1,0,898,898,0,0,2,''),(6,6,0,1,0,296,300,4,0,2,''),(7,7,0,1,0,295,300,5,0,2,''),(8,8,0,1,0,297,301,4,0,2,''),(9,9,0,1,0,600,600,0,0,2,''),(10,10,0,1,0,600,600,0,0,2,''),(11,11,0,1,0,600,600,0,0,2,''),(12,12,0,1,0,299,300,1,0,1,''),(20,1,1,1,0,271,300,29,0,2,''),(21,1,2,1,0,300,300,0,0,2,''),(22,1,3,1,0,300,300,0,0,2,''),(23,1,4,1,0,300,300,0,0,2,''),(24,1,5,1,0,300,300,0,0,2,''),(25,1,6,1,0,300,300,0,0,2,''),(26,1,7,1,0,300,300,0,0,2,''),(27,1,8,1,0,300,300,0,0,2,''),(28,2,9,1,0,1189,1200,11,0,2,''),(29,2,10,1,0,300,300,0,0,2,''),(30,2,11,1,0,300,300,0,0,2,''),(31,2,12,1,0,300,300,0,0,2,''),(32,3,13,1,0,895,900,5,0,2,''),(33,3,14,1,0,300,300,0,0,2,''),(34,3,15,1,0,300,300,0,0,2,''),(35,4,16,1,0,891,902,11,0,2,''),(36,4,17,1,0,300,300,0,0,2,''),(37,4,18,1,0,300,300,0,0,2,''),(38,5,19,1,0,298,300,2,0,2,''),(39,5,20,1,0,300,300,0,0,2,''),(40,5,21,1,0,300,300,0,0,2,''),(41,9,22,1,0,300,300,0,0,2,''),(42,9,23,1,0,300,300,0,0,2,''),(43,10,24,1,0,300,300,0,0,2,''),(44,10,25,1,0,300,300,0,0,2,''),(45,11,26,1,0,300,300,0,0,2,''),(46,11,27,1,0,300,300,0,0,2,''),(59,18,0,1,0,0,0,0,0,0,''),(60,17,0,1,0,0,0,0,0,0,''),(61,16,0,1,0,0,0,0,0,0,'');

--
-- Table structure for table `ps_stock_mvt`
--

CREATE TABLE `ps_stock_mvt` (
  `id_stock_mvt` bigint(20) NOT NULL AUTO_INCREMENT,
  `id_stock` int(11) NOT NULL,
  `id_order` int(11) DEFAULT NULL,
  `id_supply_order` int(11) DEFAULT NULL,
  `id_stock_mvt_reason` int(11) NOT NULL,
  `id_employee` int(11) NOT NULL,
  `employee_lastname` varchar(32) COLLATE utf8_unicode_ci DEFAULT NULL,
  `employee_firstname` varchar(32) COLLATE utf8_unicode_ci DEFAULT NULL,
  `physical_quantity` int(11) NOT NULL,
  `date_add` datetime NOT NULL,
  `sign` smallint(6) NOT NULL DEFAULT 1,
  `price_te` decimal(20,6) DEFAULT 0.000000,
  `last_wa` decimal(20,6) DEFAULT 0.000000,
  `current_wa` decimal(20,6) DEFAULT 0.000000,
  `referer` bigint(20) DEFAULT NULL,
  PRIMARY KEY (`id_stock_mvt`),
  KEY `id_stock` (`id_stock`),
  KEY `id_stock_mvt_reason` (`id_stock_mvt_reason`)
) ENGINE=InnoDB DEFAULT CHARSET=utf8 COLLATE=utf8_unicode_ci;

--
-- Dumping data for table `ps_stock_mvt`
--


--
-- Table structure for table `ps_stock_mvt_reason`
--

CREATE TABLE `ps_stock_mvt_reason` (
  `id_stock_mvt_reason` int(11) unsigned NOT NULL AUTO_INCREMENT,
  `sign` tinyint(1) NOT NULL DEFAULT 1,
  `date_add` datetime NOT NULL,
  `date_upd` datetime NOT NULL,
  `deleted` tinyint(1) unsigned NOT NULL DEFAULT 0,
  PRIMARY KEY (`id_stock_mvt_reason`)
) ENGINE=InnoDB AUTO_INCREMENT=13 DEFAULT CHARSET=utf8;

--
-- Dumping data for table `ps_stock_mvt_reason`
--

INSERT INTO `ps_stock_mvt_reason` VALUES (1,1,'2018-08-01 09:33:59','2018-08-01 09:33:59',0),(2,-1,'2018-08-01 09:33:59','2018-08-01 09:33:59',0),(3,-1,'2018-08-01 09:33:59','2018-08-01 09:33:59',0),(4,-1,'2018-08-01 09:33:59','2018-08-01 09:33:59',0),(5,1,'2018-08-01 09:33:59','2018-08-01 09:33:59',0),(6,-1,'2018-08-01 09:34:00','2018-08-01 09:34:00',0),(7,1,'2018-08-01 09:34:00','2018-08-01 09:34:00',0),(8,1,'2018-08-01 09:34:00','2018-08-01 09:34:00',0),(9,1,'2018-08-01 09:34:00','2018-08-01 09:34:00',0),(10,1,'2018-08-01 09:34:00','2018-08-01 09:34:00',0),(11,1,'2018-08-01 09:34:00','2018-08-01 09:34:00',0),(12,-1,'2018-08-01 09:34:00','2018-08-01 09:34:00',0);

--
-- Table structure for table `ps_stock_mvt_reason_lang`
--

CREATE TABLE `ps_stock_mvt_reason_lang` (
  `id_stock_mvt_reason` int(11) unsigned NOT NULL,
  `id_lang` int(11) unsigned NOT NULL,
  `name` varchar(255) NOT NULL,
  PRIMARY KEY (`id_stock_mvt_reason`,`id_lang`)
) ENGINE=InnoDB DEFAULT CHARSET=utf8;

--
-- Dumping data for table `ps_stock_mvt_reason_lang`
--

INSERT INTO `ps_stock_mvt_reason_lang` VALUES (1,1,'Increase'),(1,2,'Augmentation'),(1,3,'Erhöhung'),(1,4,'Aumento'),(1,5,'Incrementar'),(1,6,'زيادة'),(2,1,'Decrease'),(2,2,'Diminution'),(2,3,'Reduzierung'),(2,4,'Diminuisci'),(2,5,'Decrementar'),(2,6,'تقليل'),(3,1,'Customer Order'),(3,2,'Commande client'),(3,3,'Bestellung'),(3,4,'Ordine Cliente'),(3,5,'Pedido del cliente'),(3,6,'طلب الزبون'),(4,1,'Regulation following an inventory of stock'),(4,2,'Regulation following an inventory of stock'),(4,3,'Regulation following an inventory of stock'),(4,4,'Regulation following an inventory of stock'),(4,5,'Regulation following an inventory of stock'),(4,6,'Regulation following an inventory of stock'),(5,1,'Regulation following an inventory of stock'),(5,2,'Regulation following an inventory of stock'),(5,3,'Regulation following an inventory of stock'),(5,4,'Regulation following an inventory of stock'),(5,5,'Regulation following an inventory of stock'),(5,6,'Regulation following an inventory of stock'),(6,1,'Transfer to another warehouse'),(6,2,'Transfert vers un autre entrepôt'),(6,3,'Übertragung in anderes Lager'),(6,4,'Trasferimento a un altro magazzino'),(6,5,'Transferir a otro almacén'),(6,6,'نّقل إلى مستودع آخر'),(7,1,'Transfer from another warehouse'),(7,2,'Transfert depuis un autre entrepôt'),(7,3,'Übertragung von anderem Lager'),(7,4,'Trasferimento da un altro magazzino'),(7,5,'Transferir desde otro almacén'),(7,6,'نقل من مستودع آخر'),(8,1,'Supply Order'),(8,2,'Commande fournisseur'),(8,3,'Lieferbestellung'),(8,4,'Ordine di Fornitura'),(8,5,'Pedido de suministros'),(8,6,'طلبات التوريد'),(9,1,'Customer Order'),(9,2,'Commande client'),(9,3,'Bestellung'),(9,4,'Ordine Cliente'),(9,5,'Pedido del cliente'),(9,6,'طلب الزبون'),(10,1,'Product return'),(10,2,'Retour produit'),(10,3,'Warenrücksendung'),(10,4,'Reso di un Prodotto'),(10,5,'Devolver producto'),(10,6,'إرجاع المنتج'),(11,1,'Employee Edition'),(11,2,'Employee Edition'),(11,3,'Employee Edition'),(11,4,'Employee Edition'),(11,5,'Employee Edition'),(11,6,'Employee Edition'),(12,1,'Employee Edition'),(12,2,'Employee Edition'),(12,3,'Employee Edition'),(12,4,'Employee Edition'),(12,5,'Employee Edition'),(12,6,'Employee Edition');

--
-- Table structure for table `ps_store`
--

CREATE TABLE `ps_store` (
  `id_store` int(10) unsigned NOT NULL AUTO_INCREMENT,
  `id_country` int(10) unsigned NOT NULL,
  `id_state` int(10) unsigned DEFAULT NULL,
  `city` varchar(64) NOT NULL,
  `postcode` varchar(12) NOT NULL,
  `latitude` decimal(13,8) DEFAULT NULL,
  `longitude` decimal(13,8) DEFAULT NULL,
  `phone` varchar(16) DEFAULT NULL,
  `fax` varchar(16) DEFAULT NULL,
  `email` varchar(255) DEFAULT NULL,
  `active` tinyint(1) unsigned NOT NULL DEFAULT 0,
  `date_add` datetime NOT NULL,
  `date_upd` datetime NOT NULL,
  PRIMARY KEY (`id_store`)
) ENGINE=InnoDB AUTO_INCREMENT=6 DEFAULT CHARSET=utf8;

--
-- Dumping data for table `ps_store`
--

INSERT INTO `ps_store` VALUES (1,21,12,'Miami',' 33135',25.76500500,-80.24379700,NULL,NULL,NULL,1,'2018-08-01 09:35:13','2018-08-01 09:35:13'),(2,21,12,'Miami',' 33304',26.13793600,-80.13943500,NULL,NULL,NULL,1,'2018-08-01 09:35:13','2018-08-01 09:35:13'),(3,21,12,'Miami','33026',26.00998700,-80.29447200,NULL,NULL,NULL,1,'2018-08-01 09:35:13','2018-08-01 09:35:13'),(4,21,12,'Miami',' 33133',25.73629600,-80.24479700,NULL,NULL,NULL,1,'2018-08-01 09:35:13','2018-08-01 09:35:13'),(5,21,12,'Miami','33181',25.88674000,-80.16329200,NULL,NULL,NULL,1,'2018-08-01 09:35:13','2018-08-01 09:35:13');

--
-- Table structure for table `ps_store_lang`
--

CREATE TABLE `ps_store_lang` (
  `id_store` int(11) unsigned NOT NULL,
  `id_lang` int(11) unsigned NOT NULL,
  `name` varchar(255) NOT NULL,
  `address1` varchar(255) NOT NULL,
  `address2` varchar(255) DEFAULT NULL,
  `hours` text DEFAULT NULL,
  `note` text DEFAULT NULL,
  PRIMARY KEY (`id_store`,`id_lang`)
) ENGINE=InnoDB DEFAULT CHARSET=utf8;

--
-- Dumping data for table `ps_store_lang`
--

INSERT INTO `ps_store_lang` VALUES (1,1,'Dade County','3030 SW 8th St Miami',NULL,' [[\"09:00AM - 07:00PM\"],[\"09:00AM - 07:00PM\"],[\"09:00AM - 07:00PM\"],[\"09:00AM - 07:00PM\"],[\"09:00AM - 07:00PM\"],[\"10:00AM - 04:00PM\"],[\"10:00AM - 04:00PM\"]]',NULL),(1,2,'Dade County','3030 SW 8th St Miami',NULL,' [[\"09:00AM - 07:00PM\"],[\"09:00AM - 07:00PM\"],[\"09:00AM - 07:00PM\"],[\"09:00AM - 07:00PM\"],[\"09:00AM - 07:00PM\"],[\"10:00AM - 04:00PM\"],[\"10:00AM - 04:00PM\"]]',NULL),(1,3,'Dade County','3030 SW 8th St Miami',NULL,' [[\"09:00AM - 07:00PM\"],[\"09:00AM - 07:00PM\"],[\"09:00AM - 07:00PM\"],[\"09:00AM - 07:00PM\"],[\"09:00AM - 07:00PM\"],[\"10:00AM - 04:00PM\"],[\"10:00AM - 04:00PM\"]]',NULL),(1,4,'Dade County','3030 SW 8th St Miami',NULL,' [[\"09:00AM - 07:00PM\"],[\"09:00AM - 07:00PM\"],[\"09:00AM - 07:00PM\"],[\"09:00AM - 07:00PM\"],[\"09:00AM - 07:00PM\"],[\"10:00AM - 04:00PM\"],[\"10:00AM - 04:00PM\"]]',NULL),(1,5,'Dade County','3030 SW 8th St Miami',NULL,' [[\"09:00AM - 07:00PM\"],[\"09:00AM - 07:00PM\"],[\"09:00AM - 07:00PM\"],[\"09:00AM - 07:00PM\"],[\"09:00AM - 07:00PM\"],[\"10:00AM - 04:00PM\"],[\"10:00AM - 04:00PM\"]]',NULL),(1,6,'Dade County','3030 SW 8th St Miami',NULL,' [[\"09:00AM - 07:00PM\"],[\"09:00AM - 07:00PM\"],[\"09:00AM - 07:00PM\"],[\"09:00AM - 07:00PM\"],[\"09:00AM - 07:00PM\"],[\"10:00AM - 04:00PM\"],[\"10:00AM - 04:00PM\"]]',NULL),(2,1,'E Fort Lauderdale','1000 Northeast 4th Ave Fort Lauderdale',NULL,' [[\"09:00AM - 07:00PM\"],[\"09:00AM - 07:00PM\"],[\"09:00AM - 07:00PM\"],[\"09:00AM - 07:00PM\"],[\"09:00AM - 07:00PM\"],[\"10:00AM - 04:00PM\"],[\"10:00AM - 04:00PM\"]]',NULL),(2,2,'E Fort Lauderdale','1000 Northeast 4th Ave Fort Lauderdale',NULL,' [[\"09:00AM - 07:00PM\"],[\"09:00AM - 07:00PM\"],[\"09:00AM - 07:00PM\"],[\"09:00AM - 07:00PM\"],[\"09:00AM - 07:00PM\"],[\"10:00AM - 04:00PM\"],[\"10:00AM - 04:00PM\"]]',NULL),(2,3,'E Fort Lauderdale','1000 Northeast 4th Ave Fort Lauderdale',NULL,' [[\"09:00AM - 07:00PM\"],[\"09:00AM - 07:00PM\"],[\"09:00AM - 07:00PM\"],[\"09:00AM - 07:00PM\"],[\"09:00AM - 07:00PM\"],[\"10:00AM - 04:00PM\"],[\"10:00AM - 04:00PM\"]]',NULL),(2,4,'E Fort Lauderdale','1000 Northeast 4th Ave Fort Lauderdale',NULL,' [[\"09:00AM - 07:00PM\"],[\"09:00AM - 07:00PM\"],[\"09:00AM - 07:00PM\"],[\"09:00AM - 07:00PM\"],[\"09:00AM - 07:00PM\"],[\"10:00AM - 04:00PM\"],[\"10:00AM - 04:00PM\"]]',NULL),(2,5,'E Fort Lauderdale','1000 Northeast 4th Ave Fort Lauderdale',NULL,' [[\"09:00AM - 07:00PM\"],[\"09:00AM - 07:00PM\"],[\"09:00AM - 07:00PM\"],[\"09:00AM - 07:00PM\"],[\"09:00AM - 07:00PM\"],[\"10:00AM - 04:00PM\"],[\"10:00AM - 04:00PM\"]]',NULL),(2,6,'E Fort Lauderdale','1000 Northeast 4th Ave Fort Lauderdale',NULL,' [[\"09:00AM - 07:00PM\"],[\"09:00AM - 07:00PM\"],[\"09:00AM - 07:00PM\"],[\"09:00AM - 07:00PM\"],[\"09:00AM - 07:00PM\"],[\"10:00AM - 04:00PM\"],[\"10:00AM - 04:00PM\"]]',NULL),(3,1,'Pembroke Pines','11001 Pines Blvd Pembroke Pines',NULL,' [[\"09:00AM - 07:00PM\"],[\"09:00AM - 07:00PM\"],[\"09:00AM - 07:00PM\"],[\"09:00AM - 07:00PM\"],[\"09:00AM - 07:00PM\"],[\"10:00AM - 04:00PM\"],[\"10:00AM - 04:00PM\"]]',NULL),(3,2,'Pembroke Pines','11001 Pines Blvd Pembroke Pines',NULL,' [[\"09:00AM - 07:00PM\"],[\"09:00AM - 07:00PM\"],[\"09:00AM - 07:00PM\"],[\"09:00AM - 07:00PM\"],[\"09:00AM - 07:00PM\"],[\"10:00AM - 04:00PM\"],[\"10:00AM - 04:00PM\"]]',NULL),(3,3,'Pembroke Pines','11001 Pines Blvd Pembroke Pines',NULL,' [[\"09:00AM - 07:00PM\"],[\"09:00AM - 07:00PM\"],[\"09:00AM - 07:00PM\"],[\"09:00AM - 07:00PM\"],[\"09:00AM - 07:00PM\"],[\"10:00AM - 04:00PM\"],[\"10:00AM - 04:00PM\"]]',NULL),(3,4,'Pembroke Pines','11001 Pines Blvd Pembroke Pines',NULL,' [[\"09:00AM - 07:00PM\"],[\"09:00AM - 07:00PM\"],[\"09:00AM - 07:00PM\"],[\"09:00AM - 07:00PM\"],[\"09:00AM - 07:00PM\"],[\"10:00AM - 04:00PM\"],[\"10:00AM - 04:00PM\"]]',NULL),(3,5,'Pembroke Pines','11001 Pines Blvd Pembroke Pines',NULL,' [[\"09:00AM - 07:00PM\"],[\"09:00AM - 07:00PM\"],[\"09:00AM - 07:00PM\"],[\"09:00AM - 07:00PM\"],[\"09:00AM - 07:00PM\"],[\"10:00AM - 04:00PM\"],[\"10:00AM - 04:00PM\"]]',NULL),(3,6,'Pembroke Pines','11001 Pines Blvd Pembroke Pines',NULL,' [[\"09:00AM - 07:00PM\"],[\"09:00AM - 07:00PM\"],[\"09:00AM - 07:00PM\"],[\"09:00AM - 07:00PM\"],[\"09:00AM - 07:00PM\"],[\"10:00AM - 04:00PM\"],[\"10:00AM - 04:00PM\"]]',NULL),(4,1,'Coconut Grove','2999 SW 32nd Avenue',NULL,' [[\"09:00AM - 07:00PM\"],[\"09:00AM - 07:00PM\"],[\"09:00AM - 07:00PM\"],[\"09:00AM - 07:00PM\"],[\"09:00AM - 07:00PM\"],[\"10:00AM - 04:00PM\"],[\"10:00AM - 04:00PM\"]]',NULL),(4,2,'Coconut Grove','2999 SW 32nd Avenue',NULL,' [[\"09:00AM - 07:00PM\"],[\"09:00AM - 07:00PM\"],[\"09:00AM - 07:00PM\"],[\"09:00AM - 07:00PM\"],[\"09:00AM - 07:00PM\"],[\"10:00AM - 04:00PM\"],[\"10:00AM - 04:00PM\"]]',NULL),(4,3,'Coconut Grove','2999 SW 32nd Avenue',NULL,' [[\"09:00AM - 07:00PM\"],[\"09:00AM - 07:00PM\"],[\"09:00AM - 07:00PM\"],[\"09:00AM - 07:00PM\"],[\"09:00AM - 07:00PM\"],[\"10:00AM - 04:00PM\"],[\"10:00AM - 04:00PM\"]]',NULL),(4,4,'Coconut Grove','2999 SW 32nd Avenue',NULL,' [[\"09:00AM - 07:00PM\"],[\"09:00AM - 07:00PM\"],[\"09:00AM - 07:00PM\"],[\"09:00AM - 07:00PM\"],[\"09:00AM - 07:00PM\"],[\"10:00AM - 04:00PM\"],[\"10:00AM - 04:00PM\"]]',NULL),(4,5,'Coconut Grove','2999 SW 32nd Avenue',NULL,' [[\"09:00AM - 07:00PM\"],[\"09:00AM - 07:00PM\"],[\"09:00AM - 07:00PM\"],[\"09:00AM - 07:00PM\"],[\"09:00AM - 07:00PM\"],[\"10:00AM - 04:00PM\"],[\"10:00AM - 04:00PM\"]]',NULL),(4,6,'Coconut Grove','2999 SW 32nd Avenue',NULL,' [[\"09:00AM - 07:00PM\"],[\"09:00AM - 07:00PM\"],[\"09:00AM - 07:00PM\"],[\"09:00AM - 07:00PM\"],[\"09:00AM - 07:00PM\"],[\"10:00AM - 04:00PM\"],[\"10:00AM - 04:00PM\"]]',NULL),(5,1,'N Miami/Biscayne','12055 Biscayne Blvd',NULL,' [[\"09:00AM - 07:00PM\"],[\"09:00AM - 07:00PM\"],[\"09:00AM - 07:00PM\"],[\"09:00AM - 07:00PM\"],[\"09:00AM - 07:00PM\"],[\"10:00AM - 04:00PM\"],[\"10:00AM - 04:00PM\"]]',NULL),(5,2,'N Miami/Biscayne','12055 Biscayne Blvd',NULL,' [[\"09:00AM - 07:00PM\"],[\"09:00AM - 07:00PM\"],[\"09:00AM - 07:00PM\"],[\"09:00AM - 07:00PM\"],[\"09:00AM - 07:00PM\"],[\"10:00AM - 04:00PM\"],[\"10:00AM - 04:00PM\"]]',NULL),(5,3,'N Miami/Biscayne','12055 Biscayne Blvd',NULL,' [[\"09:00AM - 07:00PM\"],[\"09:00AM - 07:00PM\"],[\"09:00AM - 07:00PM\"],[\"09:00AM - 07:00PM\"],[\"09:00AM - 07:00PM\"],[\"10:00AM - 04:00PM\"],[\"10:00AM - 04:00PM\"]]',NULL),(5,4,'N Miami/Biscayne','12055 Biscayne Blvd',NULL,' [[\"09:00AM - 07:00PM\"],[\"09:00AM - 07:00PM\"],[\"09:00AM - 07:00PM\"],[\"09:00AM - 07:00PM\"],[\"09:00AM - 07:00PM\"],[\"10:00AM - 04:00PM\"],[\"10:00AM - 04:00PM\"]]',NULL),(5,5,'N Miami/Biscayne','12055 Biscayne Blvd',NULL,' [[\"09:00AM - 07:00PM\"],[\"09:00AM - 07:00PM\"],[\"09:00AM - 07:00PM\"],[\"09:00AM - 07:00PM\"],[\"09:00AM - 07:00PM\"],[\"10:00AM - 04:00PM\"],[\"10:00AM - 04:00PM\"]]',NULL),(5,6,'N Miami/Biscayne','12055 Biscayne Blvd',NULL,' [[\"09:00AM - 07:00PM\"],[\"09:00AM - 07:00PM\"],[\"09:00AM - 07:00PM\"],[\"09:00AM - 07:00PM\"],[\"09:00AM - 07:00PM\"],[\"10:00AM - 04:00PM\"],[\"10:00AM - 04:00PM\"]]',NULL);

--
-- Table structure for table `ps_store_shop`
--

CREATE TABLE `ps_store_shop` (
  `id_store` int(11) unsigned NOT NULL,
  `id_shop` int(11) unsigned NOT NULL,
  PRIMARY KEY (`id_store`,`id_shop`),
  KEY `id_shop` (`id_shop`)
) ENGINE=InnoDB DEFAULT CHARSET=utf8;

--
-- Dumping data for table `ps_store_shop`
--

INSERT INTO `ps_store_shop` VALUES (1,1),(2,1),(3,1),(4,1),(5,1);

--
-- Table structure for table `ps_supplier`
--

CREATE TABLE `ps_supplier` (
  `id_supplier` int(10) unsigned NOT NULL AUTO_INCREMENT,
  `name` varchar(64) NOT NULL,
  `date_add` datetime NOT NULL,
  `date_upd` datetime NOT NULL,
  `active` tinyint(1) NOT NULL DEFAULT 0,
  PRIMARY KEY (`id_supplier`)
) ENGINE=InnoDB DEFAULT CHARSET=utf8;

--
-- Dumping data for table `ps_supplier`
--


--
-- Table structure for table `ps_supplier_lang`
--

CREATE TABLE `ps_supplier_lang` (
  `id_supplier` int(10) unsigned NOT NULL,
  `id_lang` int(10) unsigned NOT NULL,
  `description` text DEFAULT NULL,
  `meta_title` varchar(255) DEFAULT NULL,
  `meta_keywords` varchar(255) DEFAULT NULL,
  `meta_description` varchar(512) DEFAULT NULL,
  PRIMARY KEY (`id_supplier`,`id_lang`)
) ENGINE=InnoDB DEFAULT CHARSET=utf8;

--
-- Dumping data for table `ps_supplier_lang`
--


--
-- Table structure for table `ps_supplier_shop`
--

CREATE TABLE `ps_supplier_shop` (
  `id_supplier` int(11) unsigned NOT NULL,
  `id_shop` int(11) unsigned NOT NULL,
  PRIMARY KEY (`id_supplier`,`id_shop`),
  KEY `id_shop` (`id_shop`)
) ENGINE=InnoDB DEFAULT CHARSET=utf8;

--
-- Dumping data for table `ps_supplier_shop`
--


--
-- Table structure for table `ps_supply_order`
--

CREATE TABLE `ps_supply_order` (
  `id_supply_order` int(11) unsigned NOT NULL AUTO_INCREMENT,
  `id_supplier` int(11) unsigned NOT NULL,
  `supplier_name` varchar(64) NOT NULL,
  `id_lang` int(11) unsigned NOT NULL,
  `id_warehouse` int(11) unsigned NOT NULL,
  `id_supply_order_state` int(11) unsigned NOT NULL,
  `id_currency` int(11) unsigned NOT NULL,
  `id_ref_currency` int(11) unsigned NOT NULL,
  `reference` varchar(64) NOT NULL,
  `date_add` datetime NOT NULL,
  `date_upd` datetime NOT NULL,
  `date_delivery_expected` datetime DEFAULT NULL,
  `total_te` decimal(20,6) DEFAULT 0.000000,
  `total_with_discount_te` decimal(20,6) DEFAULT 0.000000,
  `total_tax` decimal(20,6) DEFAULT 0.000000,
  `total_ti` decimal(20,6) DEFAULT 0.000000,
  `discount_rate` decimal(20,6) DEFAULT 0.000000,
  `discount_value_te` decimal(20,6) DEFAULT 0.000000,
  `is_template` tinyint(1) DEFAULT 0,
  PRIMARY KEY (`id_supply_order`),
  KEY `id_supplier` (`id_supplier`),
  KEY `id_warehouse` (`id_warehouse`),
  KEY `reference` (`reference`)
) ENGINE=InnoDB DEFAULT CHARSET=utf8;

--
-- Dumping data for table `ps_supply_order`
--


--
-- Table structure for table `ps_supply_order_detail`
--

CREATE TABLE `ps_supply_order_detail` (
  `id_supply_order_detail` int(11) unsigned NOT NULL AUTO_INCREMENT,
  `id_supply_order` int(11) unsigned NOT NULL,
  `id_currency` int(11) unsigned NOT NULL,
  `id_product` int(11) unsigned NOT NULL,
  `id_product_attribute` int(11) unsigned NOT NULL,
  `reference` varchar(64) NOT NULL,
  `supplier_reference` varchar(64) NOT NULL,
  `name` varchar(128) NOT NULL,
  `ean13` varchar(13) DEFAULT NULL,
  `isbn` varchar(32) DEFAULT NULL,
  `upc` varchar(12) DEFAULT NULL,
  `exchange_rate` decimal(20,6) DEFAULT 0.000000,
  `unit_price_te` decimal(20,6) DEFAULT 0.000000,
  `quantity_expected` int(11) unsigned NOT NULL,
  `quantity_received` int(11) unsigned NOT NULL,
  `price_te` decimal(20,6) DEFAULT 0.000000,
  `discount_rate` decimal(20,6) DEFAULT 0.000000,
  `discount_value_te` decimal(20,6) DEFAULT 0.000000,
  `price_with_discount_te` decimal(20,6) DEFAULT 0.000000,
  `tax_rate` decimal(20,6) DEFAULT 0.000000,
  `tax_value` decimal(20,6) DEFAULT 0.000000,
  `price_ti` decimal(20,6) DEFAULT 0.000000,
  `tax_value_with_order_discount` decimal(20,6) DEFAULT 0.000000,
  `price_with_order_discount_te` decimal(20,6) DEFAULT 0.000000,
  PRIMARY KEY (`id_supply_order_detail`),
  KEY `id_supply_order` (`id_supply_order`,`id_product`),
  KEY `id_product_attribute` (`id_product_attribute`),
  KEY `id_product_product_attribute` (`id_product`,`id_product_attribute`)
) ENGINE=InnoDB DEFAULT CHARSET=utf8;

--
-- Dumping data for table `ps_supply_order_detail`
--


--
-- Table structure for table `ps_supply_order_history`
--

CREATE TABLE `ps_supply_order_history` (
  `id_supply_order_history` int(11) unsigned NOT NULL AUTO_INCREMENT,
  `id_supply_order` int(11) unsigned NOT NULL,
  `id_employee` int(11) unsigned NOT NULL,
  `employee_lastname` varchar(255) DEFAULT '',
  `employee_firstname` varchar(255) DEFAULT '',
  `id_state` int(11) unsigned NOT NULL,
  `date_add` datetime NOT NULL,
  PRIMARY KEY (`id_supply_order_history`),
  KEY `id_supply_order` (`id_supply_order`),
  KEY `id_employee` (`id_employee`),
  KEY `id_state` (`id_state`)
) ENGINE=InnoDB DEFAULT CHARSET=utf8;

--
-- Dumping data for table `ps_supply_order_history`
--


--
-- Table structure for table `ps_supply_order_receipt_history`
--

CREATE TABLE `ps_supply_order_receipt_history` (
  `id_supply_order_receipt_history` int(11) unsigned NOT NULL AUTO_INCREMENT,
  `id_supply_order_detail` int(11) unsigned NOT NULL,
  `id_employee` int(11) unsigned NOT NULL,
  `employee_lastname` varchar(255) DEFAULT '',
  `employee_firstname` varchar(32) DEFAULT '',
  `id_supply_order_state` int(11) unsigned NOT NULL,
  `quantity` int(11) unsigned NOT NULL,
  `date_add` datetime NOT NULL,
  PRIMARY KEY (`id_supply_order_receipt_history`),
  KEY `id_supply_order_detail` (`id_supply_order_detail`),
  KEY `id_supply_order_state` (`id_supply_order_state`)
) ENGINE=InnoDB DEFAULT CHARSET=utf8;

--
-- Dumping data for table `ps_supply_order_receipt_history`
--


--
-- Table structure for table `ps_supply_order_state`
--

CREATE TABLE `ps_supply_order_state` (
  `id_supply_order_state` int(11) unsigned NOT NULL AUTO_INCREMENT,
  `delivery_note` tinyint(1) NOT NULL DEFAULT 0,
  `editable` tinyint(1) NOT NULL DEFAULT 0,
  `receipt_state` tinyint(1) NOT NULL DEFAULT 0,
  `pending_receipt` tinyint(1) NOT NULL DEFAULT 0,
  `enclosed` tinyint(1) NOT NULL DEFAULT 0,
  `color` varchar(32) DEFAULT NULL,
  PRIMARY KEY (`id_supply_order_state`)
) ENGINE=InnoDB AUTO_INCREMENT=7 DEFAULT CHARSET=utf8;

--
-- Dumping data for table `ps_supply_order_state`
--

INSERT INTO `ps_supply_order_state` VALUES (1,0,1,0,0,0,'#faab00'),(2,1,0,0,0,0,'#273cff'),(3,0,0,0,1,0,'#ff37f5'),(4,0,0,1,1,0,'#ff3e33'),(5,0,0,1,0,1,'#00d60c'),(6,0,0,0,0,1,'#666666');

--
-- Table structure for table `ps_supply_order_state_lang`
--

CREATE TABLE `ps_supply_order_state_lang` (
  `id_supply_order_state` int(11) unsigned NOT NULL,
  `id_lang` int(11) unsigned NOT NULL,
  `name` varchar(128) DEFAULT NULL,
  PRIMARY KEY (`id_supply_order_state`,`id_lang`)
) ENGINE=InnoDB DEFAULT CHARSET=utf8;

--
-- Dumping data for table `ps_supply_order_state_lang`
--

INSERT INTO `ps_supply_order_state_lang` VALUES (1,1,'1 - Creation in progress'),(1,2,'1 - En cours de création'),(1,3,'1 - In Bearbeitung'),(1,4,'1 - Creazione in corso'),(1,5,'1 - Creación en proceso'),(1,6,'1- الإضافة قيد التقدم'),(2,1,'2 - Order validated'),(2,2,'2 - Commande validée'),(2,3,'2 - Bestellung geprüft'),(2,4,'2 - Ordine convalidato'),(2,5,'2 - Pedido validado'),(2,6,'2 ـ الطلب مصادق عليه'),(3,1,'3 - Pending receipt'),(3,2,'3 - En attente de réception'),(3,3,'3 - Warten auf Rechnung'),(3,4,'3 - In attesa di ricevimento'),(3,5,'3 - Pendiente de recepción'),(3,6,'3 - في إنتظار الإستلام'),(4,1,'4 - Order received in part'),(4,2,'4 - Commande reçue partiellement'),(4,3,'4 - Teillieferung erhalten'),(4,4,'4 - Ordine ricevuto in parte'),(4,5,'4 - Pedido recibido parcialmente'),(4,6,'4 ـ تم استلام الطلب على أجزاء'),(5,1,'5 - Order received completely'),(5,2,'5 - Commande reçue intégralement'),(5,3,'5 - Lieferung erhalten'),(5,4,'5 - Ordine ricevuto completamente'),(5,5,'5 - Pedido recibido al completo'),(5,6,'5 - تم إستلام الطلب بالكامل'),(6,1,'6 - Order canceled'),(6,2,'6 - Commande annulée'),(6,3,'6 - Bestellung storniert'),(6,4,'6 - Ordine annullato'),(6,5,'6 - Pedido cancelado'),(6,6,'6 ـ تم إلغاء الطلب');

--
-- Table structure for table `ps_tab`
--

CREATE TABLE `ps_tab` (
  `id_tab` int(11) NOT NULL AUTO_INCREMENT,
  `id_parent` int(11) NOT NULL,
  `position` int(11) NOT NULL,
  `module` varchar(64) COLLATE utf8_unicode_ci DEFAULT NULL,
  `class_name` varchar(64) COLLATE utf8_unicode_ci DEFAULT NULL,
  `active` tinyint(1) NOT NULL,
  `hide_host_mode` tinyint(1) NOT NULL,
  `icon` varchar(32) COLLATE utf8_unicode_ci DEFAULT NULL,
  PRIMARY KEY (`id_tab`)
) ENGINE=InnoDB AUTO_INCREMENT=218 DEFAULT CHARSET=utf8 COLLATE=utf8_unicode_ci;

--
-- Dumping data for table `ps_tab`
--

INSERT INTO `ps_tab` VALUES (1,0,0,NULL,'AdminDashboard',1,0,'trending_up'),(2,0,1,NULL,'SELL',1,0,NULL),(3,2,0,NULL,'AdminParentOrders',1,0,'shopping_basket'),(4,3,0,NULL,'AdminOrders',1,0,NULL),(5,3,1,NULL,'AdminInvoices',1,0,NULL),(6,3,2,NULL,'AdminSlip',1,0,NULL),(7,3,3,NULL,'AdminDeliverySlip',1,0,NULL),(8,3,4,NULL,'AdminCarts',1,0,NULL),(9,2,1,NULL,'AdminCatalog',1,0,'store'),(10,9,0,NULL,'AdminProducts',1,0,NULL),(11,9,1,NULL,'AdminCategories',1,0,NULL),(12,9,2,NULL,'AdminTracking',1,0,NULL),(13,9,3,NULL,'AdminParentAttributesGroups',1,0,NULL),(14,13,0,NULL,'AdminAttributesGroups',1,0,NULL),(15,13,1,NULL,'AdminFeatures',1,0,NULL),(16,9,4,NULL,'AdminParentManufacturers',1,0,NULL),(17,16,0,NULL,'AdminManufacturers',1,0,NULL),(18,16,1,NULL,'AdminSuppliers',1,0,NULL),(19,9,5,NULL,'AdminAttachments',1,0,NULL),(20,9,6,NULL,'AdminParentCartRules',1,0,NULL),(21,20,0,NULL,'AdminCartRules',1,0,NULL),(22,20,1,NULL,'AdminSpecificPriceRule',1,0,NULL),(23,9,7,NULL,'AdminStockManagement',1,0,NULL),(24,2,2,NULL,'AdminParentCustomer',1,0,'account_circle'),(25,24,0,NULL,'AdminCustomers',1,0,NULL),(26,24,1,NULL,'AdminAddresses',1,0,NULL),(27,24,2,NULL,'AdminOutstanding',0,0,NULL),(28,2,3,NULL,'AdminParentCustomerThreads',1,0,'chat'),(29,28,0,NULL,'AdminCustomerThreads',1,0,NULL),(30,28,1,NULL,'AdminOrderMessage',1,0,NULL),(31,28,2,NULL,'AdminReturn',1,0,NULL),(32,2,4,NULL,'AdminStats',1,0,'assessment'),(33,2,5,NULL,'AdminStock',1,0,'store'),(34,33,0,NULL,'AdminWarehouses',1,0,NULL),(35,33,1,NULL,'AdminParentStockManagement',1,0,NULL),(36,35,0,NULL,'AdminStockManagement',1,0,NULL),(37,36,0,NULL,'AdminStockMvt',1,0,NULL),(38,36,1,NULL,'AdminStockInstantState',1,0,NULL),(39,36,2,NULL,'AdminStockCover',1,0,NULL),(40,33,2,NULL,'AdminSupplyOrders',1,0,NULL),(41,33,3,NULL,'AdminStockConfiguration',1,0,NULL),(42,0,2,NULL,'IMPROVE',1,0,NULL),(43,42,1,NULL,'AdminParentModulesSf',1,0,'extension'),(44,43,0,NULL,'AdminModulesSf',1,0,NULL),(45,44,0,NULL,'AdminModulesManage',1,0,NULL),(46,205,0,NULL,'AdminModulesCatalog',1,0,NULL),(47,44,2,NULL,'AdminModulesNotifications',1,0,NULL),(48,43,1,NULL,'AdminModules',0,0,NULL),(49,205,1,NULL,'AdminAddonsCatalog',1,0,NULL),(50,42,2,NULL,'AdminParentThemes',1,0,'desktop_mac'),(51,121,1,NULL,'AdminThemes',1,0,NULL),(52,50,1,NULL,'AdminThemesCatalog',1,0,NULL),(53,50,2,NULL,'AdminCmsContent',1,0,NULL),(54,50,3,NULL,'AdminModulesPositions',1,0,NULL),(55,50,4,NULL,'AdminImages',1,0,NULL),(56,42,3,NULL,'AdminParentShipping',1,0,'local_shipping'),(57,56,0,NULL,'AdminCarriers',1,0,NULL),(58,56,1,NULL,'AdminShipping',1,0,NULL),(59,42,4,NULL,'AdminParentPayment',1,0,'payment'),(60,59,0,NULL,'AdminPayment',1,0,NULL),(61,59,1,NULL,'AdminPaymentPreferences',1,0,NULL),(62,42,5,NULL,'AdminInternational',1,0,'language'),(63,62,0,NULL,'AdminParentLocalization',1,0,NULL),(64,63,0,NULL,'AdminLocalization',1,0,NULL),(65,63,1,NULL,'AdminLanguages',1,0,NULL),(66,63,2,NULL,'AdminCurrencies',1,0,NULL),(67,63,3,NULL,'AdminGeolocation',1,0,NULL),(68,62,1,NULL,'AdminParentCountries',1,0,NULL),(69,68,0,NULL,'AdminZones',1,0,NULL),(70,68,1,NULL,'AdminCountries',1,0,NULL),(71,68,2,NULL,'AdminStates',1,0,NULL),(72,62,2,NULL,'AdminParentTaxes',1,0,NULL),(73,72,0,NULL,'AdminTaxes',1,0,NULL),(74,72,1,NULL,'AdminTaxRulesGroup',1,0,NULL),(75,62,3,NULL,'AdminTranslations',1,0,NULL),(76,0,3,NULL,'CONFIGURE',1,0,NULL),(77,76,0,NULL,'ShopParameters',1,0,'settings'),(78,77,0,NULL,'AdminParentPreferences',1,0,NULL),(79,78,0,NULL,'AdminPreferences',1,0,NULL),(80,78,1,NULL,'AdminMaintenance',1,0,NULL),(81,77,1,NULL,'AdminParentOrderPreferences',1,0,NULL),(82,81,0,NULL,'AdminOrderPreferences',1,0,NULL),(83,81,1,NULL,'AdminStatuses',1,0,NULL),(84,77,2,NULL,'AdminPPreferences',1,0,NULL),(85,77,3,NULL,'AdminParentCustomerPreferences',1,0,NULL),(86,85,0,NULL,'AdminCustomerPreferences',1,0,NULL),(87,85,1,NULL,'AdminGroups',1,0,NULL),(88,85,2,NULL,'AdminGenders',1,0,NULL),(89,77,4,NULL,'AdminParentStores',1,0,NULL),(90,89,0,NULL,'AdminContacts',1,0,NULL),(91,89,1,NULL,'AdminStores',1,0,NULL),(92,77,5,NULL,'AdminParentMeta',1,0,NULL),(93,92,0,NULL,'AdminMeta',1,0,NULL),(94,92,1,NULL,'AdminSearchEngines',1,0,NULL),(95,92,2,NULL,'AdminReferrers',1,0,NULL),(96,77,6,NULL,'AdminParentSearchConf',1,0,NULL),(97,96,0,NULL,'AdminSearchConf',1,0,NULL),(98,96,1,NULL,'AdminTags',1,0,NULL),(99,76,1,NULL,'AdminAdvancedParameters',1,0,'settings_applications'),(100,99,0,NULL,'AdminInformation',1,0,NULL),(101,99,1,NULL,'AdminPerformance',1,0,NULL),(102,99,2,NULL,'AdminAdminPreferences',1,0,NULL),(103,99,3,NULL,'AdminEmails',1,0,NULL),(104,99,4,NULL,'AdminImport',1,0,NULL),(105,99,5,NULL,'AdminParentEmployees',1,0,NULL),(106,105,0,NULL,'AdminEmployees',1,0,NULL),(107,105,1,NULL,'AdminProfiles',1,0,NULL),(108,105,2,NULL,'AdminAccess',1,0,NULL),(109,99,6,NULL,'AdminParentRequestSql',1,0,NULL),(110,109,0,NULL,'AdminRequestSql',1,0,NULL),(111,109,1,NULL,'AdminBackup',1,0,NULL),(112,99,7,NULL,'AdminLogs',1,0,NULL),(113,99,8,NULL,'AdminWebservice',1,0,NULL),(114,99,9,NULL,'AdminShopGroup',0,0,NULL),(115,99,10,NULL,'AdminShopUrl',0,0,NULL),(116,-1,0,NULL,'AdminQuickAccesses',1,0,NULL),(117,0,4,NULL,'DEFAULT',1,0,NULL),(118,-1,1,NULL,'AdminPatterns',1,0,NULL),(119,-1,2,'dashgoals','AdminDashgoals',1,0,NULL),(120,50,5,'ps_linklist','AdminLinkWidget',1,0,NULL),(121,50,0,NULL,'AdminThemesParent',1,0,NULL),(122,121,2,'ps_themecusto','AdminPsThemeCustoConfiguration',1,0,NULL),(123,121,3,'ps_themecusto','AdminPsThemeCustoAdvanced',1,0,NULL),(124,0,5,'welcome','AdminWelcome',1,0,NULL),(125,77,7,'gamification','AdminGamification',1,0,NULL),(126,-1,3,'cronjobs','AdminCronJobs',1,0,NULL),(127,42,6,'appagebuilder','AdminApPageBuilder',1,0,'tab'),(128,127,1,'appagebuilder','AdminApPageBuilderProfiles',1,0,NULL),(129,127,2,'appagebuilder','AdminApPageBuilderPositions',1,0,NULL),(130,127,3,'appagebuilder','AdminApPageBuilderShortcode',1,0,NULL),(131,-1,4,'appagebuilder','AdminApPageBuilderHome',1,0,NULL),(132,127,4,'appagebuilder','AdminApPageBuilderProducts',1,0,NULL),(133,127,5,'appagebuilder','AdminApPageBuilderDetails',1,0,NULL),(135,127,6,'appagebuilder','AdminApPageBuilderThemeEditor',1,0,NULL),(136,127,7,'appagebuilder','AdminApPageBuilderModule',1,0,NULL),(137,127,8,'appagebuilder','AdminApPageBuilderThemeConfiguration',1,0,NULL),(138,-1,5,'appagebuilder','AdminApPageBuilderImages',1,0,NULL),(139,-1,6,'appagebuilder','AdminApPageBuilderShortcodes',1,0,NULL),(146,43,3,'leobootstrapmenu','AdminLeoBootstrapMenuModule',1,0,NULL),(147,-1,7,'leobootstrapmenu','AdminLeoWidgets',1,0,NULL),(148,-1,8,'leoslideshow','AdminLeoSlideshow',1,0,NULL),(149,43,4,'leoslideshow','AdminLeoSlideshowMenuModule',1,0,NULL),(150,42,7,'leofeature','AdminLeofeatureManagement',1,0,'star'),(151,150,1,'leofeature','AdminLeofeatureModule',1,0,NULL),(152,150,2,'leofeature','AdminLeofeatureReviews',1,0,NULL),(153,43,5,'leoquicklogin','AdminLeoQuickLoginModule',1,0,NULL),(189,42,8,'apcarrental','AdminApcarrentalManagement',1,0,'directions_car'),(190,189,1,'apcarrental','AdminApcarrentalSettings',1,0,NULL),(191,189,2,'apcarrental','AdminApcarrentalServices',1,0,NULL),(192,189,3,'apcarrental','AdminApcarrentalOrder',1,0,NULL),(193,189,4,'apcarrental','AdminApcarrentalCar',1,0,NULL),(197,42,9,'leoblog','AdminLeoblogManagement',1,0,'create'),(198,197,1,'leoblog','AdminLeoblogDashboard',1,0,NULL),(199,197,2,'leoblog','AdminLeoblogCategories',1,0,NULL),(200,197,3,'leoblog','AdminLeoblogBlogs',1,0,NULL),(201,197,4,'leoblog','AdminLeoblogComments',1,0,NULL),(202,197,5,'leoblog','AdminLeoblogModule',1,0,NULL),(204,44,3,NULL,'AdminModulesUpdates',1,0,NULL),(205,43,6,NULL,'AdminParentModulesCatalog',1,0,NULL),(210,215,1,NULL,'AdminMailTheme',1,0,NULL),(211,-1,9,'ps_faviconnotificationbo','AdminAjaxFaviconBO',1,0,NULL),(215,50,2,NULL,'AdminParentMailTheme',1,0,NULL),(216,189,5,'apcarrental','AdminApcarrentalType',1,0,NULL),(217,127,9,'appagebuilder','AdminApPageBuilderHook',1,0,'');

--
-- Table structure for table `ps_tab_advice`
--

CREATE TABLE `ps_tab_advice` (
  `id_tab` int(11) NOT NULL,
  `id_advice` int(11) NOT NULL,
  PRIMARY KEY (`id_tab`,`id_advice`)
) ENGINE=InnoDB DEFAULT CHARSET=utf8;

--
-- Dumping data for table `ps_tab_advice`
--

INSERT INTO `ps_tab_advice` VALUES (0,4),(0,35),(0,66),(0,97),(0,128),(0,159),(0,190),(0,221),(0,252),(0,283),(0,314),(0,345),(0,376),(0,407),(0,438),(0,469),(0,500),(0,531),(0,562),(0,593),(0,624),(0,655),(0,686),(0,717),(0,746),(1,3),(1,8),(1,10),(1,11),(1,12),(1,13),(1,14),(1,15),(1,16),(1,17),(1,18),(1,19),(1,20),(1,21),(1,22),(1,23),(1,24),(1,25),(1,26),(1,27),(1,28),(1,29),(1,30),(1,31),(1,34),(1,39),(1,41),(1,42),(1,43),(1,44),(1,45),(1,46),(1,47),(1,48),(1,49),(1,50),(1,51),(1,52),(1,53),(1,54),(1,55),(1,56),(1,57),(1,58),(1,59),(1,60),(1,61),(1,62),(1,65),(1,70),(1,72),(1,73),(1,74),(1,75),(1,76),(1,77),(1,78),(1,79),(1,80),(1,81),(1,82),(1,83),(1,84),(1,85),(1,86),(1,87),(1,88),(1,89),(1,90),(1,91),(1,92),(1,93),(1,96),(1,101),(1,103),(1,104),(1,105),(1,106),(1,107),(1,108),(1,109),(1,110),(1,111),(1,112),(1,113),(1,114),(1,115),(1,116),(1,117),(1,118),(1,119),(1,120),(1,121),(1,122),(1,123),(1,124),(1,127),(1,132),(1,134),(1,135),(1,136),(1,137),(1,138),(1,139),(1,140),(1,141),(1,142),(1,143),(1,144),(1,145),(1,146),(1,147),(1,148),(1,149),(1,150),(1,151),(1,152),(1,153),(1,154),(1,155),(1,158),(1,163),(1,165),(1,166),(1,167),(1,168),(1,169),(1,170),(1,171),(1,172),(1,173),(1,174),(1,175),(1,176),(1,177),(1,178),(1,179),(1,180),(1,181),(1,182),(1,183),(1,184),(1,185),(1,186),(1,189),(1,194),(1,196),(1,197),(1,198),(1,199),(1,200),(1,201),(1,202),(1,203),(1,204),(1,205),(1,206),(1,207),(1,208),(1,209),(1,210),(1,211),(1,212),(1,213),(1,214),(1,215),(1,216),(1,217),(1,220),(1,225),(1,227),(1,228),(1,229),(1,230),(1,231),(1,232),(1,233),(1,234),(1,235),(1,236),(1,237),(1,238),(1,239),(1,240),(1,241),(1,242),(1,243),(1,244),(1,245),(1,246),(1,247),(1,248),(1,251),(1,256),(1,258),(1,259),(1,260),(1,261),(1,262),(1,263),(1,264),(1,265),(1,266),(1,267),(1,268),(1,269),(1,270),(1,271),(1,272),(1,273),(1,274),(1,275),(1,276),(1,277),(1,278),(1,279),(1,282),(1,287),(1,289),(1,290),(1,291),(1,292),(1,293),(1,294),(1,295),(1,296),(1,297),(1,298),(1,299),(1,300),(1,301),(1,302),(1,303),(1,304),(1,305),(1,306),(1,307),(1,308),(1,309),(1,310),(1,313),(1,318),(1,320),(1,321),(1,322),(1,323),(1,324),(1,325),(1,326),(1,327),(1,328),(1,329),(1,330),(1,331),(1,332),(1,333),(1,334),(1,335),(1,336),(1,337),(1,338),(1,339),(1,340),(1,341),(1,344),(1,349),(1,351),(1,352),(1,353),(1,354),(1,355),(1,356),(1,357),(1,358),(1,359),(1,360),(1,361),(1,362),(1,363),(1,364),(1,365),(1,366),(1,367),(1,368),(1,369),(1,370),(1,371),(1,372),(1,375),(1,380),(1,382),(1,383),(1,384),(1,385),(1,386),(1,387),(1,388),(1,389),(1,390),(1,391),(1,392),(1,393),(1,394),(1,395),(1,396),(1,397),(1,398),(1,399),(1,400),(1,401),(1,402),(1,403),(1,406),(1,411),(1,413),(1,414),(1,415),(1,416),(1,417),(1,418),(1,419),(1,420),(1,421),(1,422),(1,423),(1,424),(1,425),(1,426),(1,427),(1,428),(1,429),(1,430),(1,431),(1,432),(1,433),(1,434),(1,437),(1,442),(1,444),(1,445),(1,446),(1,447),(1,448),(1,449),(1,450),(1,451),(1,452),(1,453),(1,454),(1,455),(1,456),(1,457),(1,458),(1,459),(1,460),(1,461),(1,462),(1,463),(1,464),(1,465),(1,468),(1,473),(1,475),(1,476),(1,477),(1,478),(1,479),(1,480),(1,481),(1,482),(1,483),(1,484),(1,485),(1,486),(1,487),(1,488),(1,489),(1,490),(1,491),(1,492),(1,493),(1,494),(1,495),(1,496),(1,499),(1,504),(1,506),(1,507),(1,508),(1,509),(1,510),(1,511),(1,512),(1,513),(1,514),(1,515),(1,516),(1,517),(1,518),(1,519),(1,520),(1,521),(1,522),(1,523),(1,524),(1,525),(1,526),(1,527),(1,530),(1,535),(1,537),(1,538),(1,539),(1,540),(1,541),(1,542),(1,543),(1,544),(1,545),(1,546),(1,547),(1,548),(1,549),(1,550),(1,551),(1,552),(1,553),(1,554),(1,555),(1,556),(1,557),(1,558),(1,561),(1,566),(1,568),(1,569),(1,570),(1,571),(1,572),(1,573),(1,574),(1,575),(1,576),(1,577),(1,578),(1,579),(1,580),(1,581),(1,582),(1,583),(1,584),(1,585),(1,586),(1,587),(1,588),(1,589),(1,592),(1,597),(1,599),(1,600),(1,601),(1,602),(1,603),(1,604),(1,605),(1,606),(1,607),(1,608),(1,609),(1,610),(1,611),(1,612),(1,613),(1,614),(1,615),(1,616),(1,617),(1,618),(1,619),(1,620),(1,623),(1,628),(1,630),(1,631),(1,632),(1,633),(1,634),(1,635),(1,636),(1,637),(1,638),(1,639),(1,640),(1,641),(1,642),(1,643),(1,644),(1,645),(1,646),(1,647),(1,648),(1,649),(1,650),(1,651),(1,654),(1,659),(1,661),(1,662),(1,663),(1,664),(1,665),(1,666),(1,667),(1,668),(1,669),(1,670),(1,671),(1,672),(1,673),(1,674),(1,675),(1,676),(1,677),(1,678),(1,679),(1,680),(1,681),(1,682),(1,685),(1,690),(1,692),(1,693),(1,694),(1,695),(1,696),(1,697),(1,698),(1,699),(1,700),(1,701),(1,702),(1,703),(1,704),(1,705),(1,706),(1,707),(1,708),(1,709),(1,710),(1,711),(1,712),(1,713),(1,716),(1,721),(1,723),(1,724),(1,725),(1,726),(1,727),(1,728),(1,729),(1,730),(1,731),(1,732),(1,733),(1,734),(1,735),(1,736),(1,737),(1,738),(1,739),(1,740),(1,741),(1,742),(1,745),(1,750),(1,752),(1,753),(1,754),(1,755),(1,756),(1,757),(1,758),(1,759),(1,760),(1,761),(1,762),(1,763),(1,764),(1,765),(1,766),(1,767),(1,768),(5,1),(5,32),(5,63),(5,94),(5,125),(5,156),(5,187),(5,218),(5,249),(5,280),(5,311),(5,342),(5,373),(5,404),(5,435),(5,466),(5,497),(5,528),(5,559),(5,590),(5,621),(5,652),(5,683),(5,714),(5,743),(10,1),(10,5),(10,6),(10,8),(10,32),(10,36),(10,37),(10,39),(10,63),(10,67),(10,68),(10,70),(10,94),(10,98),(10,99),(10,101),(10,125),(10,129),(10,130),(10,132),(10,156),(10,160),(10,161),(10,163),(10,187),(10,191),(10,192),(10,194),(10,218),(10,222),(10,223),(10,225),(10,249),(10,253),(10,254),(10,256),(10,280),(10,284),(10,285),(10,287),(10,311),(10,315),(10,316),(10,318),(10,342),(10,346),(10,347),(10,349),(10,373),(10,377),(10,378),(10,380),(10,404),(10,408),(10,409),(10,411),(10,435),(10,439),(10,440),(10,442),(10,466),(10,470),(10,471),(10,473),(10,497),(10,501),(10,502),(10,504),(10,528),(10,532),(10,533),(10,535),(10,559),(10,563),(10,564),(10,566),(10,590),(10,594),(10,595),(10,597),(10,621),(10,625),(10,626),(10,628),(10,652),(10,656),(10,657),(10,659),(10,683),(10,687),(10,688),(10,690),(10,714),(10,718),(10,719),(10,721),(10,743),(10,747),(10,748),(10,750),(11,1),(11,8),(11,9),(11,32),(11,39),(11,40),(11,63),(11,70),(11,71),(11,94),(11,101),(11,102),(11,125),(11,132),(11,133),(11,156),(11,163),(11,164),(11,187),(11,194),(11,195),(11,218),(11,225),(11,226),(11,249),(11,256),(11,257),(11,280),(11,287),(11,288),(11,311),(11,318),(11,319),(11,342),(11,349),(11,350),(11,373),(11,380),(11,381),(11,404),(11,411),(11,412),(11,435),(11,442),(11,443),(11,466),(11,473),(11,474),(11,497),(11,504),(11,505),(11,528),(11,535),(11,536),(11,559),(11,566),(11,567),(11,590),(11,597),(11,598),(11,621),(11,628),(11,629),(11,652),(11,659),(11,660),(11,683),(11,690),(11,691),(11,714),(11,721),(11,722),(11,743),(11,750),(11,751),(25,7),(25,38),(25,69),(25,100),(25,131),(25,162),(25,193),(25,224),(25,255),(25,286),(25,317),(25,348),(25,379),(25,410),(25,441),(25,472),(25,503),(25,534),(25,565),(25,596),(25,627),(25,658),(25,689),(25,720),(25,749),(29,7),(29,38),(29,69),(29,100),(29,131),(29,162),(29,193),(29,224),(29,255),(29,286),(29,317),(29,348),(29,379),(29,410),(29,441),(29,472),(29,503),(29,534),(29,565),(29,596),(29,627),(29,658),(29,689),(29,720),(29,749),(48,8),(48,39),(48,70),(48,101),(48,132),(48,163),(48,194),(48,225),(48,256),(48,287),(48,318),(48,349),(48,380),(48,411),(48,442),(48,473),(48,504),(48,535),(48,566),(48,597),(48,628),(48,659),(48,690),(48,721),(48,750),(51,8),(51,39),(51,70),(51,101),(51,132),(51,163),(51,194),(51,225),(51,256),(51,287),(51,318),(51,349),(51,380),(51,411),(51,442),(51,473),(51,504),(51,535),(51,566),(51,597),(51,628),(51,659),(51,690),(51,721),(51,750),(53,8),(53,39),(53,70),(53,101),(53,132),(53,163),(53,194),(53,225),(53,256),(53,287),(53,318),(53,349),(53,380),(53,411),(53,442),(53,473),(53,504),(53,535),(53,566),(53,597),(53,628),(53,659),(53,690),(53,721),(53,750),(75,2),(75,33),(75,64),(75,95),(75,126),(75,157),(75,188),(75,219),(75,250),(75,281),(75,312),(75,343),(75,374),(75,405),(75,436),(75,467),(75,498),(75,529),(75,560),(75,591),(75,622),(75,653),(75,684),(75,715),(75,744),(91,1),(91,32),(91,63),(91,94),(91,125),(91,156),(91,187),(91,218),(91,249),(91,280),(91,311),(91,342),(91,373),(91,404),(91,435),(91,466),(91,497),(91,528),(91,559),(91,590),(91,621),(91,652),(91,683),(91,714),(91,743),(104,8),(104,39),(104,70),(104,101),(104,132),(104,163),(104,194),(104,225),(104,256),(104,287),(104,318),(104,349),(104,380),(104,411),(104,442),(104,473),(104,504),(104,535),(104,566),(104,597),(104,628),(104,659),(104,690),(104,721),(104,750);

--
-- Table structure for table `ps_tab_lang`
--

CREATE TABLE `ps_tab_lang` (
  `id_tab` int(11) NOT NULL,
  `id_lang` int(11) NOT NULL,
  `name` varchar(128) COLLATE utf8_unicode_ci NOT NULL,
  PRIMARY KEY (`id_tab`,`id_lang`),
  KEY `IDX_CFD9262DED47AB56` (`id_tab`),
  KEY `IDX_CFD9262DBA299860` (`id_lang`)
) ENGINE=InnoDB DEFAULT CHARSET=utf8 COLLATE=utf8_unicode_ci;

--
-- Dumping data for table `ps_tab_lang`
--

INSERT INTO `ps_tab_lang` VALUES (1,1,'Dashboard'),(1,2,'Tableau de bord'),(1,3,'Übersicht'),(1,4,'Pannello di controllo'),(1,5,'Inicio'),(1,6,'لوحة التحكم'),(2,1,'Sell'),(2,2,'Vendre'),(2,3,'Verkauf'),(2,4,'Vendi'),(2,5,'Vender'),(2,6,'بيع'),(3,1,'Orders'),(3,2,'Commandes'),(3,3,'Bestellungen'),(3,4,'Ordini'),(3,5,'Pedidos'),(3,6,'الطلبات'),(4,1,'Orders'),(4,2,'Commandes'),(4,3,'Bestellungen'),(4,4,'Ordini'),(4,5,'Pedidos'),(4,6,'الطلبات'),(5,1,'Invoices'),(5,2,'Factures'),(5,3,'Rechnungen'),(5,4,'Fatture'),(5,5,'Facturas'),(5,6,'الفواتير'),(6,1,'Credit Slips'),(6,2,'Avoirs'),(6,3,'Rückvergütungen'),(6,4,'Buoni sconto'),(6,5,'Facturas por abono'),(6,6,'إيصالت الائتمان'),(7,1,'Delivery Slips'),(7,2,'Bons de livraison'),(7,3,'Lieferscheine'),(7,4,'Bolle di consegna'),(7,5,'Albaranes de entrega'),(7,6,'إيصالت التسليم'),(8,1,'Shopping Carts'),(8,2,'Paniers'),(8,3,'Warenkörbe'),(8,4,'Carrello della spesa'),(8,5,'Carritos de compra'),(8,6,'سلات الشراء'),(9,1,'Catalog'),(9,2,'Catalogue'),(9,3,'Katalog'),(9,4,'Catalogo'),(9,5,'Catálogo'),(9,6,'الفهرس'),(10,1,'Products'),(10,2,'Produits'),(10,3,'Artikel'),(10,4,'Prodotti'),(10,5,'Productos'),(10,6,'المنتجات'),(11,1,'Categories'),(11,2,'Catégories'),(11,3,'Kategorien'),(11,4,'Categorie'),(11,5,'Categorías'),(11,6,'التصنيفات'),(12,1,'Monitoring'),(12,2,'Suivi'),(12,3,'Kontrollübersicht'),(12,4,'Monitoraggio'),(12,5,'Monitoreo'),(12,6,'المراقبة'),(13,1,'Attributes & Features'),(13,2,'Attributs & caractéristiques'),(13,3,'Varianten & Eigenschaften'),(13,4,'Attributi e Funzionalità'),(13,5,'Atributos y Características'),(13,6,'سمات وميزات'),(14,1,'Attributes'),(14,2,'Attributs'),(14,3,'Varianten'),(14,4,'Attributi'),(14,5,'Atributos'),(14,6,'الخصائص'),(15,1,'Features'),(15,2,'Caractéristiques'),(15,3,'Maßnahmen'),(15,4,'Funzioni'),(15,5,'Características'),(15,6,'الخصائص'),(16,1,'Brands & Suppliers'),(16,2,'Marques et fournisseurs'),(16,3,'Marken & Lieferanten'),(16,4,'Marche & Fornitori'),(16,5,'Marcas y Proveedores'),(16,6,'مورد/ العلامة التجارية'),(17,1,'Brands'),(17,2,'Marques'),(17,3,'Marken'),(17,4,'Marchi'),(17,5,'Marcas'),(17,6,'الماركات'),(18,1,'Suppliers'),(18,2,'Fournisseurs'),(18,3,'Lieferanten'),(18,4,'Fornitori'),(18,5,'Proveedores'),(18,6,'الموردون'),(19,1,'Files'),(19,2,'Fichiers'),(19,3,'Dateien'),(19,4,'File'),(19,5,'Archivos'),(19,6,'ملفات'),(20,1,'Discounts'),(20,2,'Réductions'),(20,3,'Rabatt'),(20,4,'Buoni sconto'),(20,5,'Descuentos'),(20,6,'خصومات'),(21,1,'Cart Rules'),(21,2,'Règles panier'),(21,3,'Warenkorb Preisregeln'),(21,4,'Regole Carrello'),(21,5,'Reglas del carrito'),(21,6,'قواعد سلة الشراء'),(22,1,'Catalog Price Rules'),(22,2,'Règles de prix catalogue'),(22,3,'Katalog Preisregeln'),(22,4,'Regole Catalogo Prezzi'),(22,5,'Reglas de Precios del Catálogo'),(22,6,'آلية تسعير كتالوج المنتجات'),(23,1,'Stocks'),(23,2,'Stocks'),(23,3,'Stocks'),(23,4,'Stocks'),(23,5,'Stocks'),(23,6,'Stocks'),(24,1,'Customers'),(24,2,'Clients'),(24,3,'Kunden'),(24,4,'Clienti'),(24,5,'Clientes'),(24,6,'العملاء'),(25,1,'Customers'),(25,2,'Clients'),(25,3,'Kunden'),(25,4,'Clienti'),(25,5,'Clientes'),(25,6,'العملاء'),(26,1,'Addresses'),(26,2,'Adresses'),(26,3,'Adressen'),(26,4,'Indirizzi'),(26,5,'Direcciones'),(26,6,'العناوين'),(27,1,'Outstanding'),(27,2,'Encours autorisés'),(27,3,'Offene Posten'),(27,4,'In sospeso'),(27,5,'Saldo pendiente por cobrar'),(27,6,'مستحقات'),(28,1,'Customer Service'),(28,2,'SAV'),(28,3,'Kundenservice'),(28,4,'Servizio clienti'),(28,5,'Servicio al Cliente'),(28,6,'خدمة العملاء'),(29,1,'Customer Service'),(29,2,'SAV'),(29,3,'Kundenservice'),(29,4,'Servizio clienti'),(29,5,'Servicio al Cliente'),(29,6,'خدمة العملاء'),(30,1,'Order Messages'),(30,2,'Messages prédéfinis'),(30,3,'Bestellnachrichten'),(30,4,'Messaggi d\'ordine'),(30,5,'Mensajes de Pedidos'),(30,6,'رسائل طلبات الشراء'),(31,1,'Merchandise Returns'),(31,2,'Retours produits'),(31,3,'Warenrücksendungen'),(31,4,'Restituzione Prodotto'),(31,5,'Devoluciones de mercancía'),(31,6,'إرجاع البضائع'),(32,1,'Stats'),(32,2,'Statistiques'),(32,3,'Statistiken'),(32,4,'Statistiche'),(32,5,'Estadísticas'),(32,6,'الإحصائيات'),(34,1,'Warehouses'),(34,2,'Entrepôts'),(34,3,'Lager'),(34,4,'Magazzini'),(34,5,'Almacenes'),(34,6,'المستودعات'),(35,1,'Stock Management'),(35,2,'Gestion du stock'),(35,3,'Lagerverwaltung'),(35,4,'Gestione del Magazzino'),(35,5,'Gestión de stock'),(35,6,'إدارة المستدوع'),(36,1,'Stock Management'),(36,2,'Gestion du stock'),(36,3,'Lagerverwaltung'),(36,4,'Gestione del Magazzino'),(36,5,'Gestión de stock'),(36,6,'إدارة المستدوع'),(37,1,'Stock Movement'),(37,2,'Mouvements de stock'),(37,3,'Lagerbewegung'),(37,4,'Movimenti di magazzino'),(37,5,'Movimiento de Stock'),(37,6,'حركة الأسهم'),(38,1,'Instant Stock Status'),(38,2,'État instantané du stock'),(38,3,'Aktueller Lagerbestand'),(38,4,'Stato dello Stock Istantaneo'),(38,5,'Estado actual del stock'),(38,6,'حالة المخزون'),(39,1,'Stock Coverage'),(39,2,'Couverture du stock'),(39,3,'Lagerbestand'),(39,4,'Disponibilità di magazzino'),(39,5,'Cobertura de stock'),(39,6,'تغطية الأسهم'),(40,1,'Supply orders'),(40,2,'Commandes fournisseurs'),(40,3,'Bestellaufträge'),(40,4,'Ordini fornitura'),(40,5,'Pedidos de suministros'),(40,6,'طلبات التوريد'),(41,1,'Configuration'),(41,2,'Paramètres'),(41,3,'Einstellungen'),(41,4,'Configurazione'),(41,5,'Configuración'),(41,6,'الإعدادات'),(42,1,'Improve'),(42,2,'Personnaliser'),(42,3,'Optimierung'),(42,4,'Migliora'),(42,5,'Personalizar'),(42,6,'تحسين'),(43,1,'Modules'),(43,2,'Modules'),(43,3,'Module'),(43,4,'Moduli'),(43,5,'Módulos'),(43,6,'الإضاقات'),(44,1,'Module Manager'),(44,2,'Gestionnaire de modules'),(44,3,'Modulmanager'),(44,4,'Gestione moduli'),(44,5,'Gestor de módulos'),(44,6,'الإضافات والخدمات'),(45,1,'Modules'),(45,2,'Modules'),(45,3,'Module'),(45,4,'Moduli'),(45,5,'módulos'),(45,6,'الاضافات المثبتة'),(46,1,'Module Catalog'),(46,2,'Catalogue de modules'),(46,3,'Versanddienst'),(46,4,'Catalogo dei moduli'),(46,5,'Catálogo de módulos'),(46,6,'اختيار'),(47,1,'Alerts'),(47,2,'Alertes'),(47,3,'Benachrichtigungen'),(47,4,'Avvisi'),(47,5,'Alertas'),(47,6,'الإشعارات'),(49,1,'Module Selections'),(49,2,'Sélections de modules'),(49,3,'Auswahl von Modulen'),(49,4,'Selezioni Moduli'),(49,5,'Selecciones de módulos'),(49,6,'تصنيف الاضافات'),(50,1,'Design'),(50,2,'Apparence'),(50,3,'Design'),(50,4,'Design'),(50,5,'Diseño'),(50,6,'التصميم'),(51,1,'Theme & Logo'),(51,2,'Thème et logo'),(51,3,'Template und Logo'),(51,4,'Tema & Logo'),(51,5,'Tema y logotipo'),(51,6,'القالب والشعار'),(52,1,'Theme Catalog'),(52,2,'Catalogue de thèmes'),(52,3,'Templates'),(52,4,'Catalogo dei Temi'),(52,5,'Catálogo de Temas'),(52,6,'تصنيف القالب'),(53,1,'Pages'),(53,2,'Pages'),(53,3,'Seiten'),(53,4,'Pagine'),(53,5,'Páginas'),(53,6,'الصفحات'),(54,1,'Positions'),(54,2,'Positions'),(54,3,'Positionen'),(54,4,'Posizioni'),(54,5,'Posiciones'),(54,6,'أماكن العرض'),(55,1,'Image Settings'),(55,2,'Images'),(55,3,'Bilder'),(55,4,'Impostazioni immagine'),(55,5,'Ajustes de imágenes'),(55,6,'إعدادات الصورة'),(56,1,'Shipping'),(56,2,'Livraison'),(56,3,'Versand'),(56,4,'Spedizione'),(56,5,'Transporte'),(56,6,'الشحن'),(57,1,'Carriers'),(57,2,'Transporteurs'),(57,3,'Versanddienste'),(57,4,'Mezzi di spedizione'),(57,5,'Transportistas'),(57,6,'جهات الشحن:'),(58,1,'Preferences'),(58,2,'Préférences'),(58,3,'Voreinstellungen'),(58,4,'Impostazioni'),(58,5,'Preferencias'),(58,6,'تفضيلات'),(59,1,'Payment'),(59,2,'Paiement'),(59,3,'Zahlungsart'),(59,4,'Pagamento'),(59,5,'Pago'),(59,6,'الدفع'),(60,1,'Payment Methods'),(60,2,'Modes de paiement'),(60,3,'Zahlungsarten'),(60,4,'Metodi di Pagamento'),(60,5,'Métodos de pago'),(60,6,'طرق الدفع'),(61,1,'Preferences'),(61,2,'Préférences'),(61,3,'Voreinstellungen'),(61,4,'Impostazioni'),(61,5,'Preferencias'),(61,6,'تفضيلات'),(62,1,'International'),(62,2,'International'),(62,3,'international'),(62,4,'Internazionale'),(62,5,'Internacional'),(62,6,'عالمي'),(63,1,'Localization'),(63,2,'Localisation'),(63,3,'Lokalisierung'),(63,4,'Localizzazione'),(63,5,'Localización'),(63,6,'اللغة والإعدادت الإقليمية'),(64,1,'Localization'),(64,2,'Localisation'),(64,3,'Lokalisierung'),(64,4,'Localizzazione'),(64,5,'Localización'),(64,6,'اللغة والإعدادت الإقليمية'),(65,1,'Languages'),(65,2,'Langues'),(65,3,'Sprachen'),(65,4,'Lingue'),(65,5,'Idiomas'),(65,6,'لغات'),(66,1,'Currencies'),(66,2,'Devises'),(66,3,'Währungen'),(66,4,'Valute'),(66,5,'Monedas'),(66,6,'العملات:'),(67,1,'Geolocation'),(67,2,'Géolocalisation'),(67,3,'Geotargeting'),(67,4,'Geolocalizzazione'),(67,5,'Geolocalización'),(67,6,'الموقع الجغرافي'),(68,1,'Locations'),(68,2,'Zones géographiques'),(68,3,'Länder & Gebiete'),(68,4,'Località'),(68,5,'Ubicaciones Geográficas'),(68,6,'المواقع'),(69,1,'Zones'),(69,2,'Zones'),(69,3,'Gebiete'),(69,4,'Zone'),(69,5,'Zonas'),(69,6,'النطاقات الجغرافية'),(70,1,'Countries'),(70,2,'Pays'),(70,3,'Länder'),(70,4,'Nazione'),(70,5,'Países'),(70,6,'الدول'),(71,1,'States'),(71,2,'États'),(71,3,'Bundesländer'),(71,4,'Province'),(71,5,'Provincias'),(71,6,'المناطق'),(72,1,'Taxes'),(72,2,'Taxes'),(72,3,'Steuersätze'),(72,4,'Tasse'),(72,5,'Impuestos'),(72,6,'الضرائب'),(73,1,'Taxes'),(73,2,'Taxes'),(73,3,'Steuersätze'),(73,4,'Tasse'),(73,5,'Impuestos'),(73,6,'الضرائب'),(74,1,'Tax Rules'),(74,2,'Règles de taxes'),(74,3,'Steuerregeln'),(74,4,'Aliquote Iva'),(74,5,'Reglas de impuestos'),(74,6,'القواعد الضريبية'),(75,1,'Translations'),(75,2,'Traductions'),(75,3,'Übersetzungen'),(75,4,'Traduzioni'),(75,5,'Traducciones'),(75,6,'الترجمات'),(76,1,'Configure'),(76,2,'Configurer'),(76,3,'Einstellungen'),(76,4,'Configura'),(76,5,'Configurar'),(76,6,'الإعدادات'),(77,1,'Shop Parameters'),(77,2,'Paramètres de la boutique'),(77,3,'Shop-Einstellungen'),(77,4,'Parametri Negozio'),(77,5,'Parámetros de la tienda'),(77,6,'إعدادات المتجر'),(78,1,'General'),(78,2,'Paramètres généraux'),(78,3,'Allgemein'),(78,4,'Generale'),(78,5,'Configuración'),(78,6,'عام'),(79,1,'General'),(79,2,'Paramètres généraux'),(79,3,'Allgemein'),(79,4,'Generale'),(79,5,'Configuración'),(79,6,'عام'),(80,1,'Maintenance'),(80,2,'Maintenance'),(80,3,'Wartung'),(80,4,'Manutenzione'),(80,5,'Mantenimiento'),(80,6,'الصيانة'),(81,1,'Order Settings'),(81,2,'Commandes'),(81,3,'Bestellungen'),(81,4,'Impostazioni Ordine'),(81,5,'Configuración de Pedidos'),(81,6,'تفاصيل الطلب'),(82,1,'Order Settings'),(82,2,'Commandes'),(82,3,'Bestellungen'),(82,4,'Impostazioni Ordine'),(82,5,'Configuración de Pedidos'),(82,6,'تفاصيل الطلب'),(83,1,'Statuses'),(83,2,'États de commandes'),(83,3,'Status'),(83,4,'Stati'),(83,5,'Estados'),(83,6,'ضبط حالات الطلب'),(84,1,'Product Settings'),(84,2,'Produits'),(84,3,'Artikel'),(84,4,'Prodotti'),(84,5,'Configuración de Productos'),(84,6,'إعدادات المنتج'),(85,1,'Customer Settings'),(85,2,'Clients'),(85,3,'Benutzerdefinierte Einstellungen'),(85,4,'Impostazioni clienti'),(85,5,'Ajustes sobre clientes'),(85,6,'إعدادات العملاء'),(86,1,'Customers'),(86,2,'Clients'),(86,3,'Kunden'),(86,4,'Clienti'),(86,5,'Clientes'),(86,6,'العملاء'),(87,1,'Groups'),(87,2,'Groupes'),(87,3,'Gruppen'),(87,4,'Gruppi'),(87,5,'Grupos'),(87,6,'مجموعات المستخدمين'),(88,1,'Titles'),(88,2,'Titres de civilité'),(88,3,'Anreden'),(88,4,'Titoli'),(88,5,'Tratamientos'),(88,6,'المسميات'),(89,1,'Contact'),(89,2,'Contact'),(89,3,'Kontakt'),(89,4,'Contatto'),(89,5,'Contacto'),(89,6,'اتصل بنا'),(90,1,'Contacts'),(90,2,'Contacts'),(90,3,'Kontakte'),(90,4,'Contatti'),(90,5,'Contacto'),(90,6,'جهات الاتصال'),(91,1,'Stores'),(91,2,'Magasins'),(91,3,'Geschäfte'),(91,4,'Negozi'),(91,5,'Tiendas'),(91,6,'المتاجر'),(92,1,'Traffic & SEO'),(92,2,'Trafic et SEO'),(92,3,'Traffic & SEO'),(92,4,'Traffico & SEO'),(92,5,'Tráfico & SEO'),(92,6,'التجارة وادارة الاعمال'),(93,1,'SEO & URLs'),(93,2,'SEO & URL'),(93,3,'SEO & URLs'),(93,4,'SEO & URLs'),(93,5,'SEO y URLs'),(93,6,'SEO & URLs'),(94,1,'Search Engines'),(94,2,'Moteurs de recherche'),(94,3,'Suchmaschinen'),(94,4,'Motori di ricerca'),(94,5,'Motores de búsqueda'),(94,6,'محرك البحث'),(95,1,'Referrers'),(95,2,'Affiliés'),(95,3,'Referrer'),(95,4,'Affiliati'),(95,5,'Afiliados'),(95,6,'المشيرين'),(96,1,'Search'),(96,2,'Rechercher'),(96,3,'Suche'),(96,4,'Cerca'),(96,5,'Buscar'),(96,6,'بحث'),(97,1,'Search'),(97,2,'Rechercher'),(97,3,'Suche'),(97,4,'Cerca'),(97,5,'Buscar'),(97,6,'بحث'),(98,1,'Tags'),(98,2,'Mots-clés'),(98,3,'Stichwörter'),(98,4,'Tags'),(98,5,'Etiquetas'),(98,6,'الوسوم:'),(99,1,'Advanced Parameters'),(99,2,'Paramètres avancés'),(99,3,'Erweiterte Einstellungen'),(99,4,'Parametri Avanzati'),(99,5,'Parámetros Avanzados'),(99,6,'الإعدادات المتقدمة'),(100,1,'Information'),(100,2,'Informations'),(100,3,'Informationen'),(100,4,'Informazioni'),(100,5,'Información'),(100,6,'روابط ذات صلة'),(101,1,'Performance'),(101,2,'Performances'),(101,3,'Leistung'),(101,4,'Prestazioni'),(101,5,'Rendimiento'),(101,6,'الخصائص'),(102,1,'Administration'),(102,2,'Administration'),(102,3,'Verwaltung'),(102,4,'Amministrazione'),(102,5,'Administración'),(102,6,'الإدارة'),(103,1,'E-mail'),(103,2,'Email'),(103,3,'E-Mail'),(103,4,'Email'),(103,5,'Dirección de correo electrónico'),(103,6,'البريد الإكتروني'),(104,1,'Import'),(104,2,'Importer'),(104,3,'Importieren'),(104,4,'Importa'),(104,5,'Importar'),(104,6,'استيراد'),(105,1,'Team'),(105,2,'Équipe'),(105,3,'Benutzerrechte'),(105,4,'Dipendenti'),(105,5,'Equipo'),(105,6,'الفريق'),(106,1,'Employees'),(106,2,'Employés'),(106,3,'Mitarbeiter'),(106,4,'Dipendenti'),(106,5,'Empleados'),(106,6,'الموظفين'),(107,1,'Profiles'),(107,2,'Profils'),(107,3,'Profile'),(107,4,'Profili'),(107,5,'Perfiles'),(107,6,'الصفات'),(108,1,'Permissions'),(108,2,'Permissions'),(108,3,'Berechtigungen'),(108,4,'Permessi'),(108,5,'Permisos'),(108,6,'صلاحيات الموظفين'),(109,1,'Database'),(109,2,'Base de données'),(109,3,'Datenbank'),(109,4,'Database'),(109,5,'Base de datos'),(109,6,'قاعدة البيانات'),(110,1,'SQL Manager'),(110,2,'Gestionnaire SQL'),(110,3,'SQL-Abfragen'),(110,4,'Manager SQL'),(110,5,'Gestor SQL'),(110,6,'مدير قاعدة البيانات SQL'),(111,1,'DB Backup'),(111,2,'Sauvegarde BDD'),(111,3,'Datenbank-Backup'),(111,4,'Backup DB'),(111,5,'Respaldar BD'),(111,6,'نسخ احتياطي لقاعدة البيانات'),(112,1,'Logs'),(112,2,'Logs'),(112,3,'Log-Dateien'),(112,4,'Logs'),(112,5,'Registros/Logs'),(112,6,'السجلات'),(113,1,'Webservice'),(113,2,'Webservice'),(113,3,'Webservice'),(113,4,'Webservice'),(113,5,'Webservice'),(113,6,'Webservice'),(114,1,'Multistore'),(114,2,'Multiboutique'),(114,3,'Multishop'),(114,4,'Multinegozio'),(114,5,'Multitienda'),(114,6,'المتجر المتعدد'),(115,1,'Multistore'),(115,2,'Multiboutique'),(115,3,'Multishop'),(115,4,'Multinegozio'),(115,5,'Multitienda'),(115,6,'المتجر المتعدد'),(116,1,'Quick Access'),(116,2,'Accès rapide'),(116,3,'Schnellzugriff'),(116,4,'Accesso Veloce'),(116,5,'Acceso rápido'),(116,6,'الوصول السريع'),(117,1,'More'),(117,2,'Détails'),(117,3,'Mehr'),(117,4,'Più'),(117,5,'Más'),(117,6,'مشاهدة المزيد'),(119,1,'Dashgoals'),(119,2,'Dashgoals'),(119,3,'Dashgoals'),(119,4,'Dashgoals'),(119,5,'Dashgoals'),(119,6,'Dashgoals'),(120,1,'Link Widget'),(120,2,'Link Widget'),(120,3,'Link Widget'),(120,4,'Link Widget'),(120,5,'Link Widget'),(120,6,'Link Widget'),(121,1,'Theme & Logo'),(121,2,'Thème et logo'),(121,3,'Template und Logo'),(121,4,'Tema & Logo'),(121,5,'Tema y logotipo'),(121,6,'القالب والشعار'),(122,1,'Homepage Configuration'),(122,2,'Homepage Configuration'),(122,3,'Homepage Configuration'),(122,4,'Homepage Configuration'),(122,5,'Homepage Configuration'),(122,6,'Homepage Configuration'),(123,1,'Advanced Customization'),(123,2,'Advanced Customization'),(123,3,'Advanced Customization'),(123,4,'Advanced Customization'),(123,5,'Advanced Customization'),(123,6,'Advanced Customization'),(124,1,'Welcome'),(124,2,'Welcome'),(124,3,'Welcome'),(124,4,'Welcome'),(124,5,'Welcome'),(124,6,'Welcome'),(125,1,'Merchant Expertise'),(125,2,'Merchant Expertise'),(125,3,'Merchant Expertise'),(125,4,'Merchant Expertise'),(125,5,'Merchant Expertise'),(125,6,'Merchant Expertise'),(126,1,'Cron Jobs'),(126,2,'Cron Jobs'),(126,3,'Cron Jobs'),(126,4,'Cron Jobs'),(126,5,'Cron Jobs'),(126,6,'Cron Jobs'),(127,1,'Ap PageBuilder'),(127,2,'Ap PageBuilder'),(127,3,'Ap PageBuilder'),(127,4,'Ap PageBuilder'),(127,5,'Ap PageBuilder'),(127,6,'Ap PageBuilder'),(128,1,'Ap Profiles Manage'),(128,2,'Ap Profiles Manage'),(128,3,'Ap Profiles Manage'),(128,4,'Ap Profiles Manage'),(128,5,'Ap Profiles Manage'),(128,6,'Ap Profiles Manage'),(129,1,'Ap Positions Manage'),(129,2,'Ap Positions Manage'),(129,3,'Ap Positions Manage'),(129,4,'Ap Positions Manage'),(129,5,'Ap Positions Manage'),(129,6,'Ap Positions Manage'),(130,1,'Ap ShortCode Manage'),(130,2,'Ap ShortCode Manage'),(130,3,'Ap ShortCode Manage'),(130,4,'Ap ShortCode Manage'),(130,5,'Ap ShortCode Manage'),(130,6,'Ap ShortCode Manage'),(131,1,'Ap Hook Builder'),(131,2,'Ap Hook Builder'),(131,3,'Ap Hook Builder'),(131,4,'Ap Hook Builder'),(131,5,'Ap Hook Builder'),(131,6,'Ap Hook Builder'),(132,1,'Ap Products List Builder'),(132,2,'Ap Products List Builder'),(132,3,'Ap Products List Builder'),(132,4,'Ap Products List Builder'),(132,5,'Ap Products List Builder'),(132,6,'Ap Products List Builder'),(133,1,'Ap Products Details Builder'),(133,2,'Ap Products Details Builder'),(133,3,'Ap Products Details Builder'),(133,4,'Ap Products Details Builder'),(133,5,'Ap Products Details Builder'),(133,6,'Ap Products Details Builder'),(135,1,'Ap Live Theme Editor'),(135,2,'Ap Live Theme Editor'),(135,3,'Ap Live Theme Editor'),(135,4,'Ap Live Theme Editor'),(135,5,'Ap Live Theme Editor'),(135,6,'Ap Live Theme Editor'),(136,1,'Ap Module Configuration'),(136,2,'Ap Module Configuration'),(136,3,'Ap Module Configuration'),(136,4,'Ap Module Configuration'),(136,5,'Ap Module Configuration'),(136,6,'Ap Module Configuration'),(137,1,'Ap Theme Configuration'),(137,2,'Ap Theme Configuration'),(137,3,'Ap Theme Configuration'),(137,4,'Ap Theme Configuration'),(137,5,'Ap Theme Configuration'),(137,6,'Ap Theme Configuration'),(138,1,'Ap Image Manage'),(138,2,'Ap Image Manage'),(138,3,'Ap Image Manage'),(138,4,'Ap Image Manage'),(138,5,'Ap Image Manage'),(138,6,'Ap Image Manage'),(139,1,'Ap Shortcodes Builder'),(139,2,'Ap Shortcodes Builder'),(139,3,'Ap Shortcodes Builder'),(139,4,'Ap Shortcodes Builder'),(139,5,'Ap Shortcodes Builder'),(139,6,'Ap Shortcodes Builder'),(146,1,'Leo Megamenu Configuration'),(146,2,'Leo Megamenu Configuration'),(146,3,'Leo Megamenu Configuration'),(146,4,'Leo Megamenu Configuration'),(146,5,'Leo Megamenu Configuration'),(146,6,'Leo Megamenu Configuration'),(147,1,'Leo Widgets'),(147,2,'Leo Widgets'),(147,3,'Leo Widgets'),(147,4,'Leo Widgets'),(147,5,'Leo Widgets'),(147,6,'Leo Widgets'),(148,1,'LeoSlideShow'),(148,2,'LeoSlideShow'),(148,3,'LeoSlideShow'),(148,4,'LeoSlideShow'),(148,5,'LeoSlideShow'),(148,6,'LeoSlideShow'),(149,1,'Leo Slideshow Configuration'),(149,2,'Leo Slideshow Configuration'),(149,3,'Leo Slideshow Configuration'),(149,4,'Leo Slideshow Configuration'),(149,5,'Leo Slideshow Configuration'),(149,6,'Leo Slideshow Configuration'),(150,1,'Leo Feature Management'),(150,2,'Leo Feature Management'),(150,3,'Leo Feature Management'),(150,4,'Leo Feature Management'),(150,5,'Leo Feature Management'),(150,6,'Leo Feature Management'),(151,1,'Leo Feature Configuration'),(151,2,'Leo Feature Configuration'),(151,3,'Leo Feature Configuration'),(151,4,'Leo Feature Configuration'),(151,5,'Leo Feature Configuration'),(151,6,'Leo Feature Configuration'),(152,1,'Product Review Management'),(152,2,'Product Review Management'),(152,3,'Product Review Management'),(152,4,'Product Review Management'),(152,5,'Product Review Management'),(152,6,'Product Review Management'),(153,1,'Leo Quick Login Configuration'),(153,2,'Leo Quick Login Configuration'),(153,3,'Leo Quick Login Configuration'),(153,4,'Leo Quick Login Configuration'),(153,5,'Leo Quick Login Configuration'),(153,6,'Leo Quick Login Configuration'),(155,1,'Ap Car Rental'),(156,1,'Apcarrental Settings'),(157,1,'Apcarrental Services'),(158,1,'Apcarrental Order'),(159,1,'Apcarrental Car'),(160,1,'Ap Car Rental'),(161,1,'Ap Car Rental'),(162,1,'Ap Car Rental'),(163,1,'Ap Car Rental'),(164,1,'Ap Car Rental'),(165,1,'Ap Car Rental'),(166,1,'Ap Car Rental'),(167,1,'Apcarrental Settings'),(168,1,'Apcarrental Services'),(169,1,'Apcarrental Order'),(170,1,'Apcarrental Car'),(171,1,'Ap Car Rental'),(172,1,'Ap Car Rental'),(173,1,'Ap Car Rental'),(174,1,'Apcarrental Settings'),(175,1,'Apcarrental Services'),(176,1,'Apcarrental Order'),(177,1,'Apcarrental Car'),(178,1,'Ap Car Rental'),(179,1,'Apcarrental Settings'),(180,1,'Apcarrental Services'),(181,1,'Apcarrental Order'),(182,1,'Apcarrental Car'),(183,1,'Ap Car Rental'),(184,1,'Ap Car Rental'),(185,1,'Apcarrental Settings'),(186,1,'Apcarrental Services'),(187,1,'Apcarrental Order'),(188,1,'Apcarrental Car'),(189,1,'Ap Car Rental'),(189,2,'Ap Car Rental'),(189,3,'Ap Car Rental'),(189,4,'Ap Car Rental'),(189,5,'Ap Car Rental'),(189,6,'Ap Car Rental'),(190,1,'Apcarrental Settings'),(190,2,'Apcarrental Settings'),(190,3,'Apcarrental Settings'),(190,4,'Apcarrental Settings'),(190,5,'Apcarrental Settings'),(190,6,'Apcarrental Settings'),(191,1,'Apcarrental Services'),(191,2,'Apcarrental Services'),(191,3,'Apcarrental Services'),(191,4,'Apcarrental Services'),(191,5,'Apcarrental Services'),(191,6,'Apcarrental Services'),(192,1,'Apcarrental Order'),(192,2,'Apcarrental Order'),(192,3,'Apcarrental Order'),(192,4,'Apcarrental Order'),(192,5,'Apcarrental Order'),(192,6,'Apcarrental Order'),(193,1,'Apcarrental Car'),(193,2,'Apcarrental Car'),(193,3,'Apcarrental Car'),(193,4,'Apcarrental Car'),(193,5,'Apcarrental Car'),(193,6,'Apcarrental Car'),(197,1,'Leo Blog Management'),(197,2,'Leo Blog Management'),(197,3,'Leo Blog Management'),(197,4,'Leo Blog Management'),(197,5,'Leo Blog Management'),(197,6,'Leo Blog Management'),(198,1,'Blog Dashboard'),(198,2,'Blog Dashboard'),(198,3,'Blog Dashboard'),(198,4,'Blog Dashboard'),(198,5,'Blog Dashboard'),(198,6,'Blog Dashboard'),(199,1,'Categories Management'),(199,2,'Categories Management'),(199,3,'Categories Management'),(199,4,'Categories Management'),(199,5,'Categories Management'),(199,6,'Categories Management'),(200,1,'Blogs Management'),(200,2,'Blogs Management'),(200,3,'Blogs Management'),(200,4,'Blogs Management'),(200,5,'Blogs Management'),(200,6,'Blogs Management'),(201,1,'Comment Management'),(201,2,'Comment Management'),(201,3,'Comment Management'),(201,4,'Comment Management'),(201,5,'Comment Management'),(201,6,'Comment Management'),(202,1,'Leo Blog Configuration'),(202,2,'Leo Blog Configuration'),(202,3,'Leo Blog Configuration'),(202,4,'Leo Blog Configuration'),(202,5,'Leo Blog Configuration'),(202,6,'Leo Blog Configuration'),(204,1,'Updates'),(204,2,'Mises à jour'),(204,3,'Aktualisierung'),(204,4,'Aggiornamenti'),(204,5,'Actualizaciones'),(204,6,'التحديثات'),(205,1,'Module Catalog'),(205,2,'Catalogue de modules'),(205,3,'Modulkatalog'),(205,4,'Catalogo dei moduli'),(205,5,'Catálogo de módulos'),(205,6,'كتالوج الوحدة'),(209,1,'Email Themes'),(209,2,'Email Themes'),(209,3,'Email Themes'),(209,4,'Email Themes'),(209,5,'Email Themes'),(209,6,'Email Themes'),(210,1,'Email Themes'),(210,2,'Email Themes'),(210,3,'Email Themes'),(210,4,'Email Themes'),(210,5,'Email Themes'),(210,6,'Email Themes'),(211,1,'ps_faviconnotificationbo'),(211,2,'ps_faviconnotificationbo'),(211,3,'ps_faviconnotificationbo'),(211,4,'ps_faviconnotificationbo'),(211,5,'ps_faviconnotificationbo'),(211,6,'ps_faviconnotificationbo'),(215,1,'Email Themes'),(215,2,'Email Themes'),(215,3,'Email Themes'),(215,4,'Email Themes'),(215,5,'Email Themes'),(215,6,'Email Themes'),(216,1,'Apcarrental Type'),(216,2,'Apcarrental Type'),(216,3,'Apcarrental Type'),(216,4,'Apcarrental Type'),(216,5,'Apcarrental Type'),(216,6,'Apcarrental Type'),(217,1,'Ap Hook Control Panel'),(217,2,'Ap Hook Control Panel'),(217,3,'Ap Hook Control Panel'),(217,4,'Ap Hook Control Panel'),(217,5,'Ap Hook Control Panel'),(217,6,'Ap Hook Control Panel');

--
-- Table structure for table `ps_tab_module_preference`
--

CREATE TABLE `ps_tab_module_preference` (
  `id_tab_module_preference` int(11) NOT NULL AUTO_INCREMENT,
  `id_employee` int(11) NOT NULL,
  `id_tab` int(11) NOT NULL,
  `module` varchar(255) NOT NULL,
  PRIMARY KEY (`id_tab_module_preference`),
  UNIQUE KEY `employee_module` (`id_employee`,`id_tab`,`module`)
) ENGINE=InnoDB DEFAULT CHARSET=utf8;

--
-- Dumping data for table `ps_tab_module_preference`
--


--
-- Table structure for table `ps_tag`
--

CREATE TABLE `ps_tag` (
  `id_tag` int(10) unsigned NOT NULL AUTO_INCREMENT,
  `id_lang` int(10) unsigned NOT NULL,
  `name` varchar(32) NOT NULL,
  PRIMARY KEY (`id_tag`),
  KEY `tag_name` (`name`),
  KEY `id_lang` (`id_lang`)
) ENGINE=InnoDB DEFAULT CHARSET=utf8;

--
-- Dumping data for table `ps_tag`
--


--
-- Table structure for table `ps_tag_count`
--

CREATE TABLE `ps_tag_count` (
  `id_group` int(10) unsigned NOT NULL DEFAULT 0,
  `id_tag` int(10) unsigned NOT NULL DEFAULT 0,
  `id_lang` int(10) unsigned NOT NULL DEFAULT 0,
  `id_shop` int(11) unsigned NOT NULL DEFAULT 0,
  `counter` int(10) unsigned NOT NULL DEFAULT 0,
  PRIMARY KEY (`id_group`,`id_tag`),
  KEY `id_group` (`id_group`,`id_lang`,`id_shop`,`counter`)
) ENGINE=InnoDB DEFAULT CHARSET=utf8;

--
-- Dumping data for table `ps_tag_count`
--


--
-- Table structure for table `ps_tax`
--

CREATE TABLE `ps_tax` (
  `id_tax` int(10) unsigned NOT NULL AUTO_INCREMENT,
  `rate` decimal(10,3) NOT NULL,
  `active` tinyint(1) unsigned NOT NULL DEFAULT 1,
  `deleted` tinyint(1) unsigned NOT NULL DEFAULT 0,
  PRIMARY KEY (`id_tax`)
) ENGINE=InnoDB AUTO_INCREMENT=53 DEFAULT CHARSET=utf8;

--
-- Dumping data for table `ps_tax`
--

INSERT INTO `ps_tax` VALUES (1,4.000,1,0),(2,0.000,1,0),(3,6.600,1,0),(4,6.000,1,0),(5,8.250,1,0),(6,2.900,1,0),(7,0.000,1,0),(8,0.000,1,0),(9,6.000,1,0),(10,4.000,1,0),(11,4.000,1,0),(12,6.000,1,0),(13,6.250,1,0),(14,7.000,1,0),(15,6.000,1,0),(16,5.300,1,0),(17,6.000,1,0),(18,4.000,1,0),(19,5.000,1,0),(20,6.000,1,0),(21,6.250,1,0),(22,6.000,1,0),(23,6.875,1,0),(24,7.000,1,0),(25,4.225,1,0),(26,0.000,1,0),(27,5.500,1,0),(28,6.850,1,0),(29,0.000,1,0),(30,7.000,1,0),(31,5.125,1,0),(32,4.000,1,0),(33,5.500,1,0),(34,5.000,1,0),(35,5.500,1,0),(36,4.500,1,0),(37,0.000,1,0),(38,6.000,1,0),(39,7.000,1,0),(40,6.000,1,0),(41,4.000,1,0),(42,7.000,1,0),(43,6.250,1,0),(44,4.750,1,0),(45,6.000,1,0),(46,4.000,1,0),(47,6.500,1,0),(48,6.000,1,0),(49,5.000,1,0),(50,4.000,1,0),(51,5.500,1,0),(52,6.000,1,0);

--
-- Table structure for table `ps_tax_lang`
--

CREATE TABLE `ps_tax_lang` (
  `id_tax` int(10) unsigned NOT NULL,
  `id_lang` int(10) unsigned NOT NULL,
  `name` varchar(32) NOT NULL,
  PRIMARY KEY (`id_tax`,`id_lang`)
) ENGINE=InnoDB DEFAULT CHARSET=utf8;

--
-- Dumping data for table `ps_tax_lang`
--

INSERT INTO `ps_tax_lang` VALUES (1,1,'Sales-taxes US-AL 4%'),(1,2,'Sales-taxes US-AL 4%'),(1,3,'Sales-taxes US-AL 4%'),(1,4,'Sales-taxes US-AL 4%'),(1,5,'Sales-taxes US-AL 4%'),(1,6,'Sales-taxes US-AL 4%'),(2,1,'Sales-taxes US-AK 0%'),(2,2,'Sales-taxes US-AK 0%'),(2,3,'Sales-taxes US-AK 0%'),(2,4,'Sales-taxes US-AK 0%'),(2,5,'Sales-taxes US-AK 0%'),(2,6,'Sales-taxes US-AK 0%'),(3,1,'Sales-taxes US-AZ 6.6%'),(3,2,'Sales-taxes US-AZ 6.6%'),(3,3,'Sales-taxes US-AZ 6.6%'),(3,4,'Sales-taxes US-AZ 6.6%'),(3,5,'Sales-taxes US-AZ 6.6%'),(3,6,'Sales-taxes US-AZ 6.6%'),(4,1,'Sales-taxes US-AR 6%'),(4,2,'Sales-taxes US-AR 6%'),(4,3,'Sales-taxes US-AR 6%'),(4,4,'Sales-taxes US-AR 6%'),(4,5,'Sales-taxes US-AR 6%'),(4,6,'Sales-taxes US-AR 6%'),(5,1,'Sales-taxes US-CA 8.25%'),(5,2,'Sales-taxes US-CA 8.25%'),(5,3,'Sales-taxes US-CA 8.25%'),(5,4,'Sales-taxes US-CA 8.25%'),(5,5,'Sales-taxes US-CA 8.25%'),(5,6,'Sales-taxes US-CA 8.25%'),(6,1,'Sales-taxes US-CO 2.9%'),(6,2,'Sales-taxes US-CO 2.9%'),(6,3,'Sales-taxes US-CO 2.9%'),(6,4,'Sales-taxes US-CO 2.9%'),(6,5,'Sales-taxes US-CO 2.9%'),(6,6,'Sales-taxes US-CO 2.9%'),(7,1,'Sales-taxes US-CT 0%'),(7,2,'Sales-taxes US-CT 0%'),(7,3,'Sales-taxes US-CT 0%'),(7,4,'Sales-taxes US-CT 0%'),(7,5,'Sales-taxes US-CT 0%'),(7,6,'Sales-taxes US-CT 0%'),(8,1,'Sales-taxes US-DE 0%'),(8,2,'Sales-taxes US-DE 0%'),(8,3,'Sales-taxes US-DE 0%'),(8,4,'Sales-taxes US-DE 0%'),(8,5,'Sales-taxes US-DE 0%'),(8,6,'Sales-taxes US-DE 0%'),(9,1,'Sales-taxes US-FL 6%'),(9,2,'Sales-taxes US-FL 6%'),(9,3,'Sales-taxes US-FL 6%'),(9,4,'Sales-taxes US-FL 6%'),(9,5,'Sales-taxes US-FL 6%'),(9,6,'Sales-taxes US-FL 6%'),(10,1,'Sales-taxes US-GA 4%'),(10,2,'Sales-taxes US-GA 4%'),(10,3,'Sales-taxes US-GA 4%'),(10,4,'Sales-taxes US-GA 4%'),(10,5,'Sales-taxes US-GA 4%'),(10,6,'Sales-taxes US-GA 4%'),(11,1,'Sales-taxes US-HI 4%'),(11,2,'Sales-taxes US-HI 4%'),(11,3,'Sales-taxes US-HI 4%'),(11,4,'Sales-taxes US-HI 4%'),(11,5,'Sales-taxes US-HI 4%'),(11,6,'Sales-taxes US-HI 4%'),(12,1,'Sales-taxes US-ID 6%'),(12,2,'Sales-taxes US-ID 6%'),(12,3,'Sales-taxes US-ID 6%'),(12,4,'Sales-taxes US-ID 6%'),(12,5,'Sales-taxes US-ID 6%'),(12,6,'Sales-taxes US-ID 6%'),(13,1,'Sales-taxes US-IL 6.25%'),(13,2,'Sales-taxes US-IL 6.25%'),(13,3,'Sales-taxes US-IL 6.25%'),(13,4,'Sales-taxes US-IL 6.25%'),(13,5,'Sales-taxes US-IL 6.25%'),(13,6,'Sales-taxes US-IL 6.25%'),(14,1,'Sales-taxes US-IN 7%'),(14,2,'Sales-taxes US-IN 7%'),(14,3,'Sales-taxes US-IN 7%'),(14,4,'Sales-taxes US-IN 7%'),(14,5,'Sales-taxes US-IN 7%'),(14,6,'Sales-taxes US-IN 7%'),(15,1,'Sales-taxes US-IA 6%'),(15,2,'Sales-taxes US-IA 6%'),(15,3,'Sales-taxes US-IA 6%'),(15,4,'Sales-taxes US-IA 6%'),(15,5,'Sales-taxes US-IA 6%'),(15,6,'Sales-taxes US-IA 6%'),(16,1,'Sales-taxes US-KS 5.3%'),(16,2,'Sales-taxes US-KS 5.3%'),(16,3,'Sales-taxes US-KS 5.3%'),(16,4,'Sales-taxes US-KS 5.3%'),(16,5,'Sales-taxes US-KS 5.3%'),(16,6,'Sales-taxes US-KS 5.3%'),(17,1,'Sales-taxes US-KY 6%'),(17,2,'Sales-taxes US-KY 6%'),(17,3,'Sales-taxes US-KY 6%'),(17,4,'Sales-taxes US-KY 6%'),(17,5,'Sales-taxes US-KY 6%'),(17,6,'Sales-taxes US-KY 6%'),(18,1,'Sales-taxes US-LA 4%'),(18,2,'Sales-taxes US-LA 4%'),(18,3,'Sales-taxes US-LA 4%'),(18,4,'Sales-taxes US-LA 4%'),(18,5,'Sales-taxes US-LA 4%'),(18,6,'Sales-taxes US-LA 4%'),(19,1,'Sales-taxes US-ME 5%'),(19,2,'Sales-taxes US-ME 5%'),(19,3,'Sales-taxes US-ME 5%'),(19,4,'Sales-taxes US-ME 5%'),(19,5,'Sales-taxes US-ME 5%'),(19,6,'Sales-taxes US-ME 5%'),(20,1,'Sales-taxes US-MD 6%'),(20,2,'Sales-taxes US-MD 6%'),(20,3,'Sales-taxes US-MD 6%'),(20,4,'Sales-taxes US-MD 6%'),(20,5,'Sales-taxes US-MD 6%'),(20,6,'Sales-taxes US-MD 6%'),(21,1,'Sales-taxes US-MA 6.25%'),(21,2,'Sales-taxes US-MA 6.25%'),(21,3,'Sales-taxes US-MA 6.25%'),(21,4,'Sales-taxes US-MA 6.25%'),(21,5,'Sales-taxes US-MA 6.25%'),(21,6,'Sales-taxes US-MA 6.25%'),(22,1,'Sales-taxes US-MI 6%'),(22,2,'Sales-taxes US-MI 6%'),(22,3,'Sales-taxes US-MI 6%'),(22,4,'Sales-taxes US-MI 6%'),(22,5,'Sales-taxes US-MI 6%'),(22,6,'Sales-taxes US-MI 6%'),(23,1,'Sales-taxes US-MN 6.875%'),(23,2,'Sales-taxes US-MN 6.875%'),(23,3,'Sales-taxes US-MN 6.875%'),(23,4,'Sales-taxes US-MN 6.875%'),(23,5,'Sales-taxes US-MN 6.875%'),(23,6,'Sales-taxes US-MN 6.875%'),(24,1,'Sales-taxes US-MS 7%'),(24,2,'Sales-taxes US-MS 7%'),(24,3,'Sales-taxes US-MS 7%'),(24,4,'Sales-taxes US-MS 7%'),(24,5,'Sales-taxes US-MS 7%'),(24,6,'Sales-taxes US-MS 7%'),(25,1,'Sales-taxes US-MO 4.225%'),(25,2,'Sales-taxes US-MO 4.225%'),(25,3,'Sales-taxes US-MO 4.225%'),(25,4,'Sales-taxes US-MO 4.225%'),(25,5,'Sales-taxes US-MO 4.225%'),(25,6,'Sales-taxes US-MO 4.225%'),(26,1,'Sales-taxes US-MT 0.0%'),(26,2,'Sales-taxes US-MT 0.0%'),(26,3,'Sales-taxes US-MT 0.0%'),(26,4,'Sales-taxes US-MT 0.0%'),(26,5,'Sales-taxes US-MT 0.0%'),(26,6,'Sales-taxes US-MT 0.0%'),(27,1,'Sales-taxes US-NE 5.5%'),(27,2,'Sales-taxes US-NE 5.5%'),(27,3,'Sales-taxes US-NE 5.5%'),(27,4,'Sales-taxes US-NE 5.5%'),(27,5,'Sales-taxes US-NE 5.5%'),(27,6,'Sales-taxes US-NE 5.5%'),(28,1,'Sales-taxes US-NV 6.85%'),(28,2,'Sales-taxes US-NV 6.85%'),(28,3,'Sales-taxes US-NV 6.85%'),(28,4,'Sales-taxes US-NV 6.85%'),(28,5,'Sales-taxes US-NV 6.85%'),(28,6,'Sales-taxes US-NV 6.85%'),(29,1,'Sales-taxes US-NH 0%'),(29,2,'Sales-taxes US-NH 0%'),(29,3,'Sales-taxes US-NH 0%'),(29,4,'Sales-taxes US-NH 0%'),(29,5,'Sales-taxes US-NH 0%'),(29,6,'Sales-taxes US-NH 0%'),(30,1,'Sales-taxes US-NJ 7%'),(30,2,'Sales-taxes US-NJ 7%'),(30,3,'Sales-taxes US-NJ 7%'),(30,4,'Sales-taxes US-NJ 7%'),(30,5,'Sales-taxes US-NJ 7%'),(30,6,'Sales-taxes US-NJ 7%'),(31,1,'Sales-taxes US-NM 5.125%'),(31,2,'Sales-taxes US-NM 5.125%'),(31,3,'Sales-taxes US-NM 5.125%'),(31,4,'Sales-taxes US-NM 5.125%'),(31,5,'Sales-taxes US-NM 5.125%'),(31,6,'Sales-taxes US-NM 5.125%'),(32,1,'Sales-taxes US-NY 4%'),(32,2,'Sales-taxes US-NY 4%'),(32,3,'Sales-taxes US-NY 4%'),(32,4,'Sales-taxes US-NY 4%'),(32,5,'Sales-taxes US-NY 4%'),(32,6,'Sales-taxes US-NY 4%'),(33,1,'Sales-taxes US-NC 5.5%'),(33,2,'Sales-taxes US-NC 5.5%'),(33,3,'Sales-taxes US-NC 5.5%'),(33,4,'Sales-taxes US-NC 5.5%'),(33,5,'Sales-taxes US-NC 5.5%'),(33,6,'Sales-taxes US-NC 5.5%'),(34,1,'Sales-taxes US-ND 5%'),(34,2,'Sales-taxes US-ND 5%'),(34,3,'Sales-taxes US-ND 5%'),(34,4,'Sales-taxes US-ND 5%'),(34,5,'Sales-taxes US-ND 5%'),(34,6,'Sales-taxes US-ND 5%'),(35,1,'Sales-taxes US-OH 5.5%'),(35,2,'Sales-taxes US-OH 5.5%'),(35,3,'Sales-taxes US-OH 5.5%'),(35,4,'Sales-taxes US-OH 5.5%'),(35,5,'Sales-taxes US-OH 5.5%'),(35,6,'Sales-taxes US-OH 5.5%'),(36,1,'Sales-taxes US-OK 4.5%'),(36,2,'Sales-taxes US-OK 4.5%'),(36,3,'Sales-taxes US-OK 4.5%'),(36,4,'Sales-taxes US-OK 4.5%'),(36,5,'Sales-taxes US-OK 4.5%'),(36,6,'Sales-taxes US-OK 4.5%'),(37,1,'Sales-taxes US-OR 0%'),(37,2,'Sales-taxes US-OR 0%'),(37,3,'Sales-taxes US-OR 0%'),(37,4,'Sales-taxes US-OR 0%'),(37,5,'Sales-taxes US-OR 0%'),(37,6,'Sales-taxes US-OR 0%'),(38,1,'Sales-taxes US-PA 6%'),(38,2,'Sales-taxes US-PA 6%'),(38,3,'Sales-taxes US-PA 6%'),(38,4,'Sales-taxes US-PA 6%'),(38,5,'Sales-taxes US-PA 6%'),(38,6,'Sales-taxes US-PA 6%'),(39,1,'Sales-taxes US-RI 7%'),(39,2,'Sales-taxes US-RI 7%'),(39,3,'Sales-taxes US-RI 7%'),(39,4,'Sales-taxes US-RI 7%'),(39,5,'Sales-taxes US-RI 7%'),(39,6,'Sales-taxes US-RI 7%'),(40,1,'Sales-taxes US-SC 6%'),(40,2,'Sales-taxes US-SC 6%'),(40,3,'Sales-taxes US-SC 6%'),(40,4,'Sales-taxes US-SC 6%'),(40,5,'Sales-taxes US-SC 6%'),(40,6,'Sales-taxes US-SC 6%'),(41,1,'Sales-taxes US-SD 4%'),(41,2,'Sales-taxes US-SD 4%'),(41,3,'Sales-taxes US-SD 4%'),(41,4,'Sales-taxes US-SD 4%'),(41,5,'Sales-taxes US-SD 4%'),(41,6,'Sales-taxes US-SD 4%'),(42,1,'Sales-taxes US-TN 7%'),(42,2,'Sales-taxes US-TN 7%'),(42,3,'Sales-taxes US-TN 7%'),(42,4,'Sales-taxes US-TN 7%'),(42,5,'Sales-taxes US-TN 7%'),(42,6,'Sales-taxes US-TN 7%'),(43,1,'Sales-taxes US-TX 6.25%'),(43,2,'Sales-taxes US-TX 6.25%'),(43,3,'Sales-taxes US-TX 6.25%'),(43,4,'Sales-taxes US-TX 6.25%'),(43,5,'Sales-taxes US-TX 6.25%'),(43,6,'Sales-taxes US-TX 6.25%'),(44,1,'Sales-taxes US-UT 4.75%'),(44,2,'Sales-taxes US-UT 4.75%'),(44,3,'Sales-taxes US-UT 4.75%'),(44,4,'Sales-taxes US-UT 4.75%'),(44,5,'Sales-taxes US-UT 4.75%'),(44,6,'Sales-taxes US-UT 4.75%'),(45,1,'Sales-taxes US-VT 6%'),(45,2,'Sales-taxes US-VT 6%'),(45,3,'Sales-taxes US-VT 6%'),(45,4,'Sales-taxes US-VT 6%'),(45,5,'Sales-taxes US-VT 6%'),(45,6,'Sales-taxes US-VT 6%'),(46,1,'Sales-taxes US-VA 4%'),(46,2,'Sales-taxes US-VA 4%'),(46,3,'Sales-taxes US-VA 4%'),(46,4,'Sales-taxes US-VA 4%'),(46,5,'Sales-taxes US-VA 4%'),(46,6,'Sales-taxes US-VA 4%'),(47,1,'Sales-taxes US-WA 6.5%'),(47,2,'Sales-taxes US-WA 6.5%'),(47,3,'Sales-taxes US-WA 6.5%'),(47,4,'Sales-taxes US-WA 6.5%'),(47,5,'Sales-taxes US-WA 6.5%'),(47,6,'Sales-taxes US-WA 6.5%'),(48,1,'Sales-taxes US-WV 6%'),(48,2,'Sales-taxes US-WV 6%'),(48,3,'Sales-taxes US-WV 6%'),(48,4,'Sales-taxes US-WV 6%'),(48,5,'Sales-taxes US-WV 6%'),(48,6,'Sales-taxes US-WV 6%'),(49,1,'Sales-taxes US-WI 5%'),(49,2,'Sales-taxes US-WI 5%'),(49,3,'Sales-taxes US-WI 5%'),(49,4,'Sales-taxes US-WI 5%'),(49,5,'Sales-taxes US-WI 5%'),(49,6,'Sales-taxes US-WI 5%'),(50,1,'Sales-taxes US-WY 4%'),(50,2,'Sales-taxes US-WY 4%'),(50,3,'Sales-taxes US-WY 4%'),(50,4,'Sales-taxes US-WY 4%'),(50,5,'Sales-taxes US-WY 4%'),(50,6,'Sales-taxes US-WY 4%'),(51,1,'Sales-taxes US-PR 5.5%'),(51,2,'Sales-taxes US-PR 5.5%'),(51,3,'Sales-taxes US-PR 5.5%'),(51,4,'Sales-taxes US-PR 5.5%'),(51,5,'Sales-taxes US-PR 5.5%'),(51,6,'Sales-taxes US-PR 5.5%'),(52,1,'Sales-taxes US-DC 6%'),(52,2,'Sales-taxes US-DC 6%'),(52,3,'Sales-taxes US-DC 6%'),(52,4,'Sales-taxes US-DC 6%'),(52,5,'Sales-taxes US-DC 6%'),(52,6,'Sales-taxes US-DC 6%');

--
-- Table structure for table `ps_tax_rule`
--

CREATE TABLE `ps_tax_rule` (
  `id_tax_rule` int(11) NOT NULL AUTO_INCREMENT,
  `id_tax_rules_group` int(11) NOT NULL,
  `id_country` int(11) NOT NULL,
  `id_state` int(11) NOT NULL,
  `zipcode_from` varchar(12) NOT NULL,
  `zipcode_to` varchar(12) NOT NULL,
  `id_tax` int(11) NOT NULL,
  `behavior` int(11) NOT NULL,
  `description` varchar(100) NOT NULL,
  PRIMARY KEY (`id_tax_rule`),
  KEY `id_tax_rules_group` (`id_tax_rules_group`),
  KEY `id_tax` (`id_tax`),
  KEY `category_getproducts` (`id_tax_rules_group`,`id_country`,`id_state`,`zipcode_from`)
) ENGINE=InnoDB AUTO_INCREMENT=53 DEFAULT CHARSET=utf8;

--
-- Dumping data for table `ps_tax_rule`
--

INSERT INTO `ps_tax_rule` VALUES (1,1,21,4,'0','0',1,1,''),(2,2,21,5,'0','0',2,1,''),(3,3,21,6,'0','0',3,1,''),(4,4,21,7,'0','0',4,1,''),(5,5,21,8,'0','0',5,1,''),(6,6,21,9,'0','0',6,1,''),(7,7,21,10,'0','0',7,1,''),(8,8,21,11,'0','0',8,1,''),(9,9,21,12,'0','0',9,1,''),(10,10,21,13,'0','0',10,1,''),(11,11,21,14,'0','0',11,1,''),(12,12,21,15,'0','0',12,1,''),(13,13,21,16,'0','0',13,1,''),(14,14,21,17,'0','0',14,1,''),(15,15,21,18,'0','0',15,1,''),(16,16,21,19,'0','0',16,1,''),(17,17,21,20,'0','0',17,1,''),(18,18,21,21,'0','0',18,1,''),(19,19,21,22,'0','0',19,1,''),(20,20,21,23,'0','0',20,1,''),(21,21,21,24,'0','0',21,1,''),(22,22,21,25,'0','0',22,1,''),(23,23,21,26,'0','0',23,1,''),(24,24,21,27,'0','0',24,1,''),(25,25,21,28,'0','0',25,1,''),(26,26,21,29,'0','0',26,1,''),(27,27,21,30,'0','0',27,1,''),(28,28,21,31,'0','0',28,1,''),(29,29,21,32,'0','0',29,1,''),(30,30,21,33,'0','0',30,1,''),(31,31,21,34,'0','0',31,1,''),(32,32,21,35,'0','0',32,1,''),(33,33,21,36,'0','0',33,1,''),(34,34,21,37,'0','0',34,1,''),(35,35,21,38,'0','0',35,1,''),(36,36,21,39,'0','0',36,1,''),(37,37,21,40,'0','0',37,1,''),(38,38,21,41,'0','0',38,1,''),(39,39,21,42,'0','0',39,1,''),(40,40,21,43,'0','0',40,1,''),(41,41,21,44,'0','0',41,1,''),(42,42,21,45,'0','0',42,1,''),(43,43,21,46,'0','0',43,1,''),(44,44,21,47,'0','0',44,1,''),(45,45,21,48,'0','0',45,1,''),(46,46,21,49,'0','0',46,1,''),(47,47,21,50,'0','0',47,1,''),(48,48,21,51,'0','0',48,1,''),(49,49,21,52,'0','0',49,1,''),(50,50,21,53,'0','0',50,1,''),(51,51,21,54,'0','0',51,1,''),(52,52,21,56,'0','0',52,1,'');

--
-- Table structure for table `ps_tax_rules_group`
--

CREATE TABLE `ps_tax_rules_group` (
  `id_tax_rules_group` int(11) NOT NULL AUTO_INCREMENT,
  `name` varchar(50) NOT NULL,
  `active` int(11) NOT NULL,
  `deleted` tinyint(1) unsigned NOT NULL,
  `date_add` datetime NOT NULL,
  `date_upd` datetime NOT NULL,
  PRIMARY KEY (`id_tax_rules_group`)
) ENGINE=InnoDB AUTO_INCREMENT=53 DEFAULT CHARSET=utf8;

--
-- Dumping data for table `ps_tax_rules_group`
--

INSERT INTO `ps_tax_rules_group` VALUES (1,'US-AL Rate (4%)',1,0,'2018-08-01 09:34:10','2018-08-01 09:34:10'),(2,'US-AK Rate (0%)',1,0,'2018-08-01 09:34:10','2018-08-01 09:34:10'),(3,'US-AZ Rate (6.6%)',1,0,'2018-08-01 09:34:11','2018-08-01 09:34:11'),(4,'US-AR Rate (6%)',1,0,'2018-08-01 09:34:11','2018-08-01 09:34:11'),(5,'US-CA Rate (8.25%)',1,0,'2018-08-01 09:34:11','2018-08-01 09:34:11'),(6,'US-CO Rate (2.9%)',1,0,'2018-08-01 09:34:11','2018-08-01 09:34:11'),(7,'US-CT Rate (0%)',1,0,'2018-08-01 09:34:11','2018-08-01 09:34:11'),(8,'US-DE Rate (0%)',1,0,'2018-08-01 09:34:11','2018-08-01 09:34:11'),(9,'US-FL Rate (6%)',1,0,'2018-08-01 09:34:11','2018-08-01 09:34:11'),(10,'US-GA Rate (4%)',1,0,'2018-08-01 09:34:12','2018-08-01 09:34:12'),(11,'US-HI Rate (4%)',1,0,'2018-08-01 09:34:12','2018-08-01 09:34:12'),(12,'US-ID Rate (6%)',1,0,'2018-08-01 09:34:12','2018-08-01 09:34:12'),(13,'US-IL Rate (6.25%)',1,0,'2018-08-01 09:34:12','2018-08-01 09:34:12'),(14,'US-IN Rate (7%)',1,0,'2018-08-01 09:34:13','2018-08-01 09:34:13'),(15,'US-IA Rate (6%)',1,0,'2018-08-01 09:34:13','2018-08-01 09:34:13'),(16,'US-KS Rate (5.3%)',1,0,'2018-08-01 09:34:13','2018-08-01 09:34:13'),(17,'US-KY Rate (6%)',1,0,'2018-08-01 09:34:13','2018-08-01 09:34:13'),(18,'US-LA Rate (4%)',1,0,'2018-08-01 09:34:13','2018-08-01 09:34:13'),(19,'US-ME Rate (5%)',1,0,'2018-08-01 09:34:14','2018-08-01 09:34:14'),(20,'US-MD Rate (6%)',1,0,'2018-08-01 09:34:14','2018-08-01 09:34:14'),(21,'US-MA Rate (6.25%)',1,0,'2018-08-01 09:34:14','2018-08-01 09:34:14'),(22,'US-MI Rate (6%)',1,0,'2018-08-01 09:34:14','2018-08-01 09:34:14'),(23,'US-MN Rate (6.875%)',1,0,'2018-08-01 09:34:14','2018-08-01 09:34:14'),(24,'US-MS Rate (7%)',1,0,'2018-08-01 09:34:14','2018-08-01 09:34:14'),(25,'US-MO Rate (4.225%)',1,0,'2018-08-01 09:34:15','2018-08-01 09:34:15'),(26,'US-MT Rate (0%)',1,0,'2018-08-01 09:34:15','2018-08-01 09:34:15'),(27,'US-NE Rate (5.5%)',1,0,'2018-08-01 09:34:15','2018-08-01 09:34:15'),(28,'US-NV Rate (6.85%)',1,0,'2018-08-01 09:34:15','2018-08-01 09:34:15'),(29,'US-NH Rate (0%)',1,0,'2018-08-01 09:34:15','2018-08-01 09:34:15'),(30,'US-NJ Rate (7%)',1,0,'2018-08-01 09:34:15','2018-08-01 09:34:15'),(31,'US-NM Rate (5.125%)',1,0,'2018-08-01 09:34:16','2018-08-01 09:34:16'),(32,'US-NY Rate (4%)',1,0,'2018-08-01 09:34:16','2018-08-01 09:34:16'),(33,'US-NC Rate (5.5%)',1,0,'2018-08-01 09:34:16','2018-08-01 09:34:16'),(34,'US-ND Rate (5%)',1,0,'2018-08-01 09:34:16','2018-08-01 09:34:16'),(35,'US-OH Rate (5.5%)',1,0,'2018-08-01 09:34:16','2018-08-01 09:34:16'),(36,'US-OK Rate (4.5%)',1,0,'2018-08-01 09:34:16','2018-08-01 09:34:16'),(37,'US-OR Rate (0%)',1,0,'2018-08-01 09:34:17','2018-08-01 09:34:17'),(38,'US-PA Rate (6%)',1,0,'2018-08-01 09:34:17','2018-08-01 09:34:17'),(39,'US-RI Rate (7%)',1,0,'2018-08-01 09:34:17','2018-08-01 09:34:17'),(40,'US-SC Rate (6%)',1,0,'2018-08-01 09:34:17','2018-08-01 09:34:17'),(41,'US-SD Rate (4%)',1,0,'2018-08-01 09:34:17','2018-08-01 09:34:17'),(42,'US-TN Rate (7%)',1,0,'2018-08-01 09:34:18','2018-08-01 09:34:18'),(43,'US-TX Rate (6.25%)',1,0,'2018-08-01 09:34:18','2018-08-01 09:34:18'),(44,'US-UT Rate (4.75%)',1,0,'2018-08-01 09:34:18','2018-08-01 09:34:18'),(45,'US-VT Rate (6%)',1,0,'2018-08-01 09:34:18','2018-08-01 09:34:18'),(46,'US-VA Rate (4%)',1,0,'2018-08-01 09:34:18','2018-08-01 09:34:18'),(47,'US-WA Rate (6.5%)',1,0,'2018-08-01 09:34:19','2018-08-01 09:34:19'),(48,'US-WV Rate (6%)',1,0,'2018-08-01 09:34:19','2018-08-01 09:34:19'),(49,'US-WI Rate (5%)',1,0,'2018-08-01 09:34:19','2018-08-01 09:34:19'),(50,'US-WY Rate (4%)',1,0,'2018-08-01 09:34:19','2018-08-01 09:34:19'),(51,'US-PR Rate (5.5%)',1,0,'2018-08-01 09:34:19','2018-08-01 09:34:19'),(52,'US-DC Rate (6%)',1,0,'2018-08-01 09:34:19','2018-08-01 09:34:19');

--
-- Table structure for table `ps_tax_rules_group_shop`
--

CREATE TABLE `ps_tax_rules_group_shop` (
  `id_tax_rules_group` int(11) unsigned NOT NULL,
  `id_shop` int(11) unsigned NOT NULL,
  PRIMARY KEY (`id_tax_rules_group`,`id_shop`),
  KEY `id_shop` (`id_shop`)
) ENGINE=InnoDB DEFAULT CHARSET=utf8;

--
-- Dumping data for table `ps_tax_rules_group_shop`
--

INSERT INTO `ps_tax_rules_group_shop` VALUES (1,1),(2,1),(3,1),(4,1),(5,1),(6,1),(7,1),(8,1),(9,1),(10,1),(11,1),(12,1),(13,1),(14,1),(15,1),(16,1),(17,1),(18,1),(19,1),(20,1),(21,1),(22,1),(23,1),(24,1),(25,1),(26,1),(27,1),(28,1),(29,1),(30,1),(31,1),(32,1),(33,1),(34,1),(35,1),(36,1),(37,1),(38,1),(39,1),(40,1),(41,1),(42,1),(43,1),(44,1),(45,1),(46,1),(47,1),(48,1),(49,1),(50,1),(51,1),(52,1);

--
-- Table structure for table `ps_timezone`
--

CREATE TABLE `ps_timezone` (
  `id_timezone` int(10) unsigned NOT NULL AUTO_INCREMENT,
  `name` varchar(32) NOT NULL,
  PRIMARY KEY (`id_timezone`)
) ENGINE=InnoDB AUTO_INCREMENT=561 DEFAULT CHARSET=utf8;

--
-- Dumping data for table `ps_timezone`
--

INSERT INTO `ps_timezone` VALUES (1,'Africa/Abidjan'),(2,'Africa/Accra'),(3,'Africa/Addis_Ababa'),(4,'Africa/Algiers'),(5,'Africa/Asmara'),(6,'Africa/Asmera'),(7,'Africa/Bamako'),(8,'Africa/Bangui'),(9,'Africa/Banjul'),(10,'Africa/Bissau'),(11,'Africa/Blantyre'),(12,'Africa/Brazzaville'),(13,'Africa/Bujumbura'),(14,'Africa/Cairo'),(15,'Africa/Casablanca'),(16,'Africa/Ceuta'),(17,'Africa/Conakry'),(18,'Africa/Dakar'),(19,'Africa/Dar_es_Salaam'),(20,'Africa/Djibouti'),(21,'Africa/Douala'),(22,'Africa/El_Aaiun'),(23,'Africa/Freetown'),(24,'Africa/Gaborone'),(25,'Africa/Harare'),(26,'Africa/Johannesburg'),(27,'Africa/Kampala'),(28,'Africa/Khartoum'),(29,'Africa/Kigali'),(30,'Africa/Kinshasa'),(31,'Africa/Lagos'),(32,'Africa/Libreville'),(33,'Africa/Lome'),(34,'Africa/Luanda'),(35,'Africa/Lubumbashi'),(36,'Africa/Lusaka'),(37,'Africa/Malabo'),(38,'Africa/Maputo'),(39,'Africa/Maseru'),(40,'Africa/Mbabane'),(41,'Africa/Mogadishu'),(42,'Africa/Monrovia'),(43,'Africa/Nairobi'),(44,'Africa/Ndjamena'),(45,'Africa/Niamey'),(46,'Africa/Nouakchott'),(47,'Africa/Ouagadougou'),(48,'Africa/Porto-Novo'),(49,'Africa/Sao_Tome'),(50,'Africa/Timbuktu'),(51,'Africa/Tripoli'),(52,'Africa/Tunis'),(53,'Africa/Windhoek'),(54,'America/Adak'),(55,'America/Anchorage '),(56,'America/Anguilla'),(57,'America/Antigua'),(58,'America/Araguaina'),(59,'America/Argentina/Buenos_Aires'),(60,'America/Argentina/Catamarca'),(61,'America/Argentina/ComodRivadavia'),(62,'America/Argentina/Cordoba'),(63,'America/Argentina/Jujuy'),(64,'America/Argentina/La_Rioja'),(65,'America/Argentina/Mendoza'),(66,'America/Argentina/Rio_Gallegos'),(67,'America/Argentina/Salta'),(68,'America/Argentina/San_Juan'),(69,'America/Argentina/San_Luis'),(70,'America/Argentina/Tucuman'),(71,'America/Argentina/Ushuaia'),(72,'America/Aruba'),(73,'America/Asuncion'),(74,'America/Atikokan'),(75,'America/Atka'),(76,'America/Bahia'),(77,'America/Barbados'),(78,'America/Belem'),(79,'America/Belize'),(80,'America/Blanc-Sablon'),(81,'America/Boa_Vista'),(82,'America/Bogota'),(83,'America/Boise'),(84,'America/Buenos_Aires'),(85,'America/Cambridge_Bay'),(86,'America/Campo_Grande'),(87,'America/Cancun'),(88,'America/Caracas'),(89,'America/Catamarca'),(90,'America/Cayenne'),(91,'America/Cayman'),(92,'America/Chicago'),(93,'America/Chihuahua'),(94,'America/Coral_Harbour'),(95,'America/Cordoba'),(96,'America/Costa_Rica'),(97,'America/Cuiaba'),(98,'America/Curacao'),(99,'America/Danmarkshavn'),(100,'America/Dawson'),(101,'America/Dawson_Creek'),(102,'America/Denver'),(103,'America/Detroit'),(104,'America/Dominica'),(105,'America/Edmonton'),(106,'America/Eirunepe'),(107,'America/El_Salvador'),(108,'America/Ensenada'),(109,'America/Fort_Wayne'),(110,'America/Fortaleza'),(111,'America/Glace_Bay'),(112,'America/Godthab'),(113,'America/Goose_Bay'),(114,'America/Grand_Turk'),(115,'America/Grenada'),(116,'America/Guadeloupe'),(117,'America/Guatemala'),(118,'America/Guayaquil'),(119,'America/Guyana'),(120,'America/Halifax'),(121,'America/Havana'),(122,'America/Hermosillo'),(123,'America/Indiana/Indianapolis'),(124,'America/Indiana/Knox'),(125,'America/Indiana/Marengo'),(126,'America/Indiana/Petersburg'),(127,'America/Indiana/Tell_City'),(128,'America/Indiana/Vevay'),(129,'America/Indiana/Vincennes'),(130,'America/Indiana/Winamac'),(131,'America/Indianapolis'),(132,'America/Inuvik'),(133,'America/Iqaluit'),(134,'America/Jamaica'),(135,'America/Jujuy'),(136,'America/Juneau'),(137,'America/Kentucky/Louisville'),(138,'America/Kentucky/Monticello'),(139,'America/Knox_IN'),(140,'America/La_Paz'),(141,'America/Lima'),(142,'America/Los_Angeles'),(143,'America/Louisville'),(144,'America/Maceio'),(145,'America/Managua'),(146,'America/Manaus'),(147,'America/Marigot'),(148,'America/Martinique'),(149,'America/Mazatlan'),(150,'America/Mendoza'),(151,'America/Menominee'),(152,'America/Merida'),(153,'America/Mexico_City'),(154,'America/Miquelon'),(155,'America/Moncton'),(156,'America/Monterrey'),(157,'America/Montevideo'),(158,'America/Montreal'),(159,'America/Montserrat'),(160,'America/Nassau'),(161,'America/New_York'),(162,'America/Nipigon'),(163,'America/Nome'),(164,'America/Noronha'),(165,'America/North_Dakota/Center'),(166,'America/North_Dakota/New_Salem'),(167,'America/Panama'),(168,'America/Pangnirtung'),(169,'America/Paramaribo'),(170,'America/Phoenix'),(171,'America/Port-au-Prince'),(172,'America/Port_of_Spain'),(173,'America/Porto_Acre'),(174,'America/Porto_Velho'),(175,'America/Puerto_Rico'),(176,'America/Rainy_River'),(177,'America/Rankin_Inlet'),(178,'America/Recife'),(179,'America/Regina'),(180,'America/Resolute'),(181,'America/Rio_Branco'),(182,'America/Rosario'),(183,'America/Santarem'),(184,'America/Santiago'),(185,'America/Santo_Domingo'),(186,'America/Sao_Paulo'),(187,'America/Scoresbysund'),(188,'America/Shiprock'),(189,'America/St_Barthelemy'),(190,'America/St_Johns'),(191,'America/St_Kitts'),(192,'America/St_Lucia'),(193,'America/St_Thomas'),(194,'America/St_Vincent'),(195,'America/Swift_Current'),(196,'America/Tegucigalpa'),(197,'America/Thule'),(198,'America/Thunder_Bay'),(199,'America/Tijuana'),(200,'America/Toronto'),(201,'America/Tortola'),(202,'America/Vancouver'),(203,'America/Virgin'),(204,'America/Whitehorse'),(205,'America/Winnipeg'),(206,'America/Yakutat'),(207,'America/Yellowknife'),(208,'Antarctica/Casey'),(209,'Antarctica/Davis'),(210,'Antarctica/DumontDUrville'),(211,'Antarctica/Mawson'),(212,'Antarctica/McMurdo'),(213,'Antarctica/Palmer'),(214,'Antarctica/Rothera'),(215,'Antarctica/South_Pole'),(216,'Antarctica/Syowa'),(217,'Antarctica/Vostok'),(218,'Arctic/Longyearbyen'),(219,'Asia/Aden'),(220,'Asia/Almaty'),(221,'Asia/Amman'),(222,'Asia/Anadyr'),(223,'Asia/Aqtau'),(224,'Asia/Aqtobe'),(225,'Asia/Ashgabat'),(226,'Asia/Ashkhabad'),(227,'Asia/Baghdad'),(228,'Asia/Bahrain'),(229,'Asia/Baku'),(230,'Asia/Bangkok'),(231,'Asia/Beirut'),(232,'Asia/Bishkek'),(233,'Asia/Brunei'),(234,'Asia/Calcutta'),(235,'Asia/Choibalsan'),(236,'Asia/Chongqing'),(237,'Asia/Chungking'),(238,'Asia/Colombo'),(239,'Asia/Dacca'),(240,'Asia/Damascus'),(241,'Asia/Dhaka'),(242,'Asia/Dili'),(243,'Asia/Dubai'),(244,'Asia/Dushanbe'),(245,'Asia/Gaza'),(246,'Asia/Harbin'),(247,'Asia/Ho_Chi_Minh'),(248,'Asia/Hong_Kong'),(249,'Asia/Hovd'),(250,'Asia/Irkutsk'),(251,'Asia/Istanbul'),(252,'Asia/Jakarta'),(253,'Asia/Jayapura'),(254,'Asia/Jerusalem'),(255,'Asia/Kabul'),(256,'Asia/Kamchatka'),(257,'Asia/Karachi'),(258,'Asia/Kashgar'),(259,'Asia/Kathmandu'),(260,'Asia/Katmandu'),(261,'Asia/Kolkata'),(262,'Asia/Krasnoyarsk'),(263,'Asia/Kuala_Lumpur'),(264,'Asia/Kuching'),(265,'Asia/Kuwait'),(266,'Asia/Macao'),(267,'Asia/Macau'),(268,'Asia/Magadan'),(269,'Asia/Makassar'),(270,'Asia/Manila'),(271,'Asia/Muscat'),(272,'Asia/Nicosia'),(273,'Asia/Novosibirsk'),(274,'Asia/Omsk'),(275,'Asia/Oral'),(276,'Asia/Phnom_Penh'),(277,'Asia/Pontianak'),(278,'Asia/Pyongyang'),(279,'Asia/Qatar'),(280,'Asia/Qyzylorda'),(281,'Asia/Rangoon'),(282,'Asia/Riyadh'),(283,'Asia/Saigon'),(284,'Asia/Sakhalin'),(285,'Asia/Samarkand'),(286,'Asia/Seoul'),(287,'Asia/Shanghai'),(288,'Asia/Singapore'),(289,'Asia/Taipei'),(290,'Asia/Tashkent'),(291,'Asia/Tbilisi'),(292,'Asia/Tehran'),(293,'Asia/Tel_Aviv'),(294,'Asia/Thimbu'),(295,'Asia/Thimphu'),(296,'Asia/Tokyo'),(297,'Asia/Ujung_Pandang'),(298,'Asia/Ulaanbaatar'),(299,'Asia/Ulan_Bator'),(300,'Asia/Urumqi'),(301,'Asia/Vientiane'),(302,'Asia/Vladivostok'),(303,'Asia/Yakutsk'),(304,'Asia/Yekaterinburg'),(305,'Asia/Yerevan'),(306,'Atlantic/Azores'),(307,'Atlantic/Bermuda'),(308,'Atlantic/Canary'),(309,'Atlantic/Cape_Verde'),(310,'Atlantic/Faeroe'),(311,'Atlantic/Faroe'),(312,'Atlantic/Jan_Mayen'),(313,'Atlantic/Madeira'),(314,'Atlantic/Reykjavik'),(315,'Atlantic/South_Georgia'),(316,'Atlantic/St_Helena'),(317,'Atlantic/Stanley'),(318,'Australia/ACT'),(319,'Australia/Adelaide'),(320,'Australia/Brisbane'),(321,'Australia/Broken_Hill'),(322,'Australia/Canberra'),(323,'Australia/Currie'),(324,'Australia/Darwin'),(325,'Australia/Eucla'),(326,'Australia/Hobart'),(327,'Australia/LHI'),(328,'Australia/Lindeman'),(329,'Australia/Lord_Howe'),(330,'Australia/Melbourne'),(331,'Australia/North'),(332,'Australia/NSW'),(333,'Australia/Perth'),(334,'Australia/Queensland'),(335,'Australia/South'),(336,'Australia/Sydney'),(337,'Australia/Tasmania'),(338,'Australia/Victoria'),(339,'Australia/West'),(340,'Australia/Yancowinna'),(341,'Europe/Amsterdam'),(342,'Europe/Andorra'),(343,'Europe/Athens'),(344,'Europe/Belfast'),(345,'Europe/Belgrade'),(346,'Europe/Berlin'),(347,'Europe/Bratislava'),(348,'Europe/Brussels'),(349,'Europe/Bucharest'),(350,'Europe/Budapest'),(351,'Europe/Chisinau'),(352,'Europe/Copenhagen'),(353,'Europe/Dublin'),(354,'Europe/Gibraltar'),(355,'Europe/Guernsey'),(356,'Europe/Helsinki'),(357,'Europe/Isle_of_Man'),(358,'Europe/Istanbul'),(359,'Europe/Jersey'),(360,'Europe/Kaliningrad'),(361,'Europe/Kiev'),(362,'Europe/Lisbon'),(363,'Europe/Ljubljana'),(364,'Europe/London'),(365,'Europe/Luxembourg'),(366,'Europe/Madrid'),(367,'Europe/Malta'),(368,'Europe/Mariehamn'),(369,'Europe/Minsk'),(370,'Europe/Monaco'),(371,'Europe/Moscow'),(372,'Europe/Nicosia'),(373,'Europe/Oslo'),(374,'Europe/Paris'),(375,'Europe/Podgorica'),(376,'Europe/Prague'),(377,'Europe/Riga'),(378,'Europe/Rome'),(379,'Europe/Samara'),(380,'Europe/San_Marino'),(381,'Europe/Sarajevo'),(382,'Europe/Simferopol'),(383,'Europe/Skopje'),(384,'Europe/Sofia'),(385,'Europe/Stockholm'),(386,'Europe/Tallinn'),(387,'Europe/Tirane'),(388,'Europe/Tiraspol'),(389,'Europe/Uzhgorod'),(390,'Europe/Vaduz'),(391,'Europe/Vatican'),(392,'Europe/Vienna'),(393,'Europe/Vilnius'),(394,'Europe/Volgograd'),(395,'Europe/Warsaw'),(396,'Europe/Zagreb'),(397,'Europe/Zaporozhye'),(398,'Europe/Zurich'),(399,'Indian/Antananarivo'),(400,'Indian/Chagos'),(401,'Indian/Christmas'),(402,'Indian/Cocos'),(403,'Indian/Comoro'),(404,'Indian/Kerguelen'),(405,'Indian/Mahe'),(406,'Indian/Maldives'),(407,'Indian/Mauritius'),(408,'Indian/Mayotte'),(409,'Indian/Reunion'),(410,'Pacific/Apia'),(411,'Pacific/Auckland'),(412,'Pacific/Chatham'),(413,'Pacific/Easter'),(414,'Pacific/Efate'),(415,'Pacific/Enderbury'),(416,'Pacific/Fakaofo'),(417,'Pacific/Fiji'),(418,'Pacific/Funafuti'),(419,'Pacific/Galapagos'),(420,'Pacific/Gambier'),(421,'Pacific/Guadalcanal'),(422,'Pacific/Guam'),(423,'Pacific/Honolulu'),(424,'Pacific/Johnston'),(425,'Pacific/Kiritimati'),(426,'Pacific/Kosrae'),(427,'Pacific/Kwajalein'),(428,'Pacific/Majuro'),(429,'Pacific/Marquesas'),(430,'Pacific/Midway'),(431,'Pacific/Nauru'),(432,'Pacific/Niue'),(433,'Pacific/Norfolk'),(434,'Pacific/Noumea'),(435,'Pacific/Pago_Pago'),(436,'Pacific/Palau'),(437,'Pacific/Pitcairn'),(438,'Pacific/Ponape'),(439,'Pacific/Port_Moresby'),(440,'Pacific/Rarotonga'),(441,'Pacific/Saipan'),(442,'Pacific/Samoa'),(443,'Pacific/Tahiti'),(444,'Pacific/Tarawa'),(445,'Pacific/Tongatapu'),(446,'Pacific/Truk'),(447,'Pacific/Wake'),(448,'Pacific/Wallis'),(449,'Pacific/Yap'),(450,'Brazil/Acre'),(451,'Brazil/DeNoronha'),(452,'Brazil/East'),(453,'Brazil/West'),(454,'Canada/Atlantic'),(455,'Canada/Central'),(456,'Canada/East-Saskatchewan'),(457,'Canada/Eastern'),(458,'Canada/Mountain'),(459,'Canada/Newfoundland'),(460,'Canada/Pacific'),(461,'Canada/Saskatchewan'),(462,'Canada/Yukon'),(463,'CET'),(464,'Chile/Continental'),(465,'Chile/EasterIsland'),(466,'CST6CDT'),(467,'Cuba'),(468,'EET'),(469,'Egypt'),(470,'Eire'),(471,'EST'),(472,'EST5EDT'),(473,'Etc/GMT'),(474,'Etc/GMT+0'),(475,'Etc/GMT+1'),(476,'Etc/GMT+10'),(477,'Etc/GMT+11'),(478,'Etc/GMT+12'),(479,'Etc/GMT+2'),(480,'Etc/GMT+3'),(481,'Etc/GMT+4'),(482,'Etc/GMT+5'),(483,'Etc/GMT+6'),(484,'Etc/GMT+7'),(485,'Etc/GMT+8'),(486,'Etc/GMT+9'),(487,'Etc/GMT-0'),(488,'Etc/GMT-1'),(489,'Etc/GMT-10'),(490,'Etc/GMT-11'),(491,'Etc/GMT-12'),(492,'Etc/GMT-13'),(493,'Etc/GMT-14'),(494,'Etc/GMT-2'),(495,'Etc/GMT-3'),(496,'Etc/GMT-4'),(497,'Etc/GMT-5'),(498,'Etc/GMT-6'),(499,'Etc/GMT-7'),(500,'Etc/GMT-8'),(501,'Etc/GMT-9'),(502,'Etc/GMT0'),(503,'Etc/Greenwich'),(504,'Etc/UCT'),(505,'Etc/Universal'),(506,'Etc/UTC'),(507,'Etc/Zulu'),(508,'Factory'),(509,'GB'),(510,'GB-Eire'),(511,'GMT'),(512,'GMT+0'),(513,'GMT-0'),(514,'GMT0'),(515,'Greenwich'),(516,'Hongkong'),(517,'HST'),(518,'Iceland'),(519,'Iran'),(520,'Israel'),(521,'Jamaica'),(522,'Japan'),(523,'Kwajalein'),(524,'Libya'),(525,'MET'),(526,'Mexico/BajaNorte'),(527,'Mexico/BajaSur'),(528,'Mexico/General'),(529,'MST'),(530,'MST7MDT'),(531,'Navajo'),(532,'NZ'),(533,'NZ-CHAT'),(534,'Poland'),(535,'Portugal'),(536,'PRC'),(537,'PST8PDT'),(538,'ROC'),(539,'ROK'),(540,'Singapore'),(541,'Turkey'),(542,'UCT'),(543,'Universal'),(544,'US/Alaska'),(545,'US/Aleutian'),(546,'US/Arizona'),(547,'US/Central'),(548,'US/East-Indiana'),(549,'US/Eastern'),(550,'US/Hawaii'),(551,'US/Indiana-Starke'),(552,'US/Michigan'),(553,'US/Mountain'),(554,'US/Pacific'),(555,'US/Pacific-New'),(556,'US/Samoa'),(557,'UTC'),(558,'W-SU'),(559,'WET'),(560,'Zulu');

--
-- Table structure for table `ps_translation`
--

CREATE TABLE `ps_translation` (
  `id_translation` int(11) NOT NULL AUTO_INCREMENT,
  `id_lang` int(11) NOT NULL,
  `key` text COLLATE utf8_unicode_ci NOT NULL,
  `translation` longtext COLLATE utf8_unicode_ci NOT NULL,
  `domain` varchar(80) COLLATE utf8_unicode_ci NOT NULL,
  `theme` varchar(32) COLLATE utf8_unicode_ci DEFAULT NULL,
  PRIMARY KEY (`id_translation`),
  KEY `IDX_ADEBEB36BA299860` (`id_lang`),
  KEY `key` (`domain`)
) ENGINE=InnoDB AUTO_INCREMENT=45 DEFAULT CHARSET=utf8 COLLATE=utf8_unicode_ci;

--
-- Dumping data for table `ps_translation`
--

INSERT INTO `ps_translation` VALUES (4,6,'Relevance','ملاءمة','ModulesFacetedsearchShop','classic'),(5,6,'Name, A to Z','اسم، A إلى Z','ShopThemeCatalog','classic'),(6,6,'Name, Z to A','الاسم، من Z إلى A','ShopThemeCatalog','classic'),(7,6,'Price, low to high','السعر من الارخص للاعلى','ShopThemeCatalog','classic'),(8,6,'Price, high to low','السعر، من الأعلى إلى الأقل','ShopThemeCatalog','classic'),(9,6,'My shopping cart','عربة التسوق','ModulesLegalcomplianceShop','classic'),(10,6,'1 item','1 البند','ShopThemeCheckout','classic'),(11,6,'Subtotal','إجمالي فرعي','ShopThemeCheckout','classic'),(12,6,'Total','مجموع','ShopPdf','classic'),(14,6,'%d items','%d البنود','ShopThemeCheckout','classic'),(15,6,'Total (Tax Excl.)','الإجمالي (بدون الضريبة)','ShopPdf','classic'),(16,6,'Personal Information','معلومات شخصية','ShopThemeCheckout','classic'),(17,6,'Address Complement','تكملة العنوان','ShopFormsLabels','classic'),(18,6,'I agree to the [terms of service] and [revocation terms] and will adhere to them unconditionally.','أوافق على [شروط الخدمة] و [شروط الإلغاء]، وسوف ألتزم بها دون قيد أو شرط.','ModulesLegalcomplianceShop','classic'),(19,6,'Please send us your check following these rules:','الرجاء ارسال الشيك الخاص بك وفقا لهذه القواعد:','ModulesCheckpaymentShop','classic'),(20,6,'Send your check to this address','أرسل الشيك إلى هذا العنوان','ModulesCheckpaymentShop','classic'),(21,6,'Payee','المستفيد','ModulesCheckpaymentShop','classic'),(22,6,'Pay by check','الدفع عن طريق شيك','ModulesCheckpaymentShop','classic'),(23,6,'Please transfer the invoice amount to our bank account. You will receive our order confirmation by email containing bank details and order number.','يرجى تحويل مبلغ الفاتورة إلى حسابنا المصرفي. سوف تتلقى تأكيد النظام عن طريق البريد الإلكتروني التي تحتوي على تفاصيل البنك ورقم الطلب.','ModulesWirepaymentShop','classic'),(24,6,'Goods will be reserved %s days for you and we\'ll process the order immediately after receiving the payment.','سيتم حجز البضائع %s أيام بالنسبة لك، ونحن سوف معالجة النظام مباشرة بعد تلقي الدفع.','ModulesWirepaymentShop','classic'),(25,6,'Shipping and handling','الشحن والمناولة','ShopThemeCheckout','classic'),(26,6,'Birthdate','تاريخ الميلاد','ShopFormsLabels','classic'),(27,6,'Receive offers from our partners','تلقي العروض من شركائنا','ShopThemeCustomeraccount','classic'),(28,6,'Sign up for our newsletter[1][2]%conditions%[/2]','الإشتراك فى نشرتنا الإخباريه[1][2]%conditions%[/2]','ModulesEmailsubscriptionShop','classic'),(29,6,'Personal info','معلومات شخصية','ModulesCustomeraccountlinksAdmin',NULL),(30,6,'Our previous price','لدينا السعر السابق','ModulesLegalcomplianceShop','classic'),(31,6,'Relevance','ملاءمة','ShopThemeCatalog','classic'),(32,6,'The page you are looking for was not found.','لم يتم العثور على الصفحة التي تبحث عنها.','ShopThemeGlobal','classic'),(33,2,'New','Neuf','ModulesFacetedsearchShop','classic'),(34,6,'My Address','عنواني','ShopThemeCheckout','classic'),(35,6,'Could not update your information, please check your data.','تعذر تحديث معلوماتك، يرجى التحقق من بياناتك','ShopNotificationsError','classic'),(36,6,'Invalid email/password combination','تركيبة بريد إلكتروني / كلمة مرور غير صالحة','ShopNotificationsError','classic'),(37,6,'Invalid postcode - should look like \"%1$s\"','الرمز البريدي غير صالح - يجب أن يبدو \"%1$s\"','ShopFormsErrors','classic'),(38,6,'Please fix the error below.','الرجاء إصلاح الخطأ أدناه.','ShopNotificationsError','classic'),(39,6,'Format should be %s.','يجب أن يكون التنسيق %s.','ShopFormsErrors','classic'),(40,6,'The email \"%s\" is already used, please choose another one or sign in','البريد الإلكتروني \"%s\" يستخدم بالفعل، الرجاء اختيار واحد آخر أو تسجيل الدخول','ShopNotificationsError','classic'),(41,6,'Invalid format.','تنسيق غير صالح.','ShopFormsErrors','classic'),(42,6,'Address successfully added!','تمت إضافة العنوان بنجاح!','ShopNotificationsSuccess','classic'),(43,6,'Information successfully updated.','تم تحديث المعلومات بنجاح','ShopNotificationsSuccess','classic'),(44,6,'Invalid name','اسم غير صالح','ShopFormsErrors','classic');

--
-- Table structure for table `ps_warehouse`
--

CREATE TABLE `ps_warehouse` (
  `id_warehouse` int(11) unsigned NOT NULL AUTO_INCREMENT,
  `id_currency` int(11) unsigned NOT NULL,
  `id_address` int(11) unsigned NOT NULL,
  `id_employee` int(11) unsigned NOT NULL,
  `reference` varchar(64) DEFAULT NULL,
  `name` varchar(45) NOT NULL,
  `management_type` enum('WA','FIFO','LIFO') NOT NULL DEFAULT 'WA',
  `deleted` tinyint(1) unsigned NOT NULL DEFAULT 0,
  PRIMARY KEY (`id_warehouse`)
) ENGINE=InnoDB DEFAULT CHARSET=utf8;

--
-- Dumping data for table `ps_warehouse`
--


--
-- Table structure for table `ps_warehouse_carrier`
--

CREATE TABLE `ps_warehouse_carrier` (
  `id_carrier` int(11) unsigned NOT NULL,
  `id_warehouse` int(11) unsigned NOT NULL,
  PRIMARY KEY (`id_warehouse`,`id_carrier`),
  KEY `id_warehouse` (`id_warehouse`),
  KEY `id_carrier` (`id_carrier`)
) ENGINE=InnoDB DEFAULT CHARSET=utf8;

--
-- Dumping data for table `ps_warehouse_carrier`
--


--
-- Table structure for table `ps_warehouse_product_location`
--

CREATE TABLE `ps_warehouse_product_location` (
  `id_warehouse_product_location` int(11) unsigned NOT NULL AUTO_INCREMENT,
  `id_product` int(11) unsigned NOT NULL,
  `id_product_attribute` int(11) unsigned NOT NULL,
  `id_warehouse` int(11) unsigned NOT NULL,
  `location` varchar(64) DEFAULT NULL,
  PRIMARY KEY (`id_warehouse_product_location`),
  UNIQUE KEY `id_product` (`id_product`,`id_product_attribute`,`id_warehouse`)
) ENGINE=InnoDB DEFAULT CHARSET=utf8;

--
-- Dumping data for table `ps_warehouse_product_location`
--


--
-- Table structure for table `ps_warehouse_shop`
--

CREATE TABLE `ps_warehouse_shop` (
  `id_shop` int(11) unsigned NOT NULL,
  `id_warehouse` int(11) unsigned NOT NULL,
  PRIMARY KEY (`id_warehouse`,`id_shop`),
  KEY `id_warehouse` (`id_warehouse`),
  KEY `id_shop` (`id_shop`)
) ENGINE=InnoDB DEFAULT CHARSET=utf8;

--
-- Dumping data for table `ps_warehouse_shop`
--


--
-- Table structure for table `ps_web_browser`
--

CREATE TABLE `ps_web_browser` (
  `id_web_browser` int(10) unsigned NOT NULL AUTO_INCREMENT,
  `name` varchar(64) DEFAULT NULL,
  PRIMARY KEY (`id_web_browser`)
) ENGINE=InnoDB AUTO_INCREMENT=12 DEFAULT CHARSET=utf8;

--
-- Dumping data for table `ps_web_browser`
--

INSERT INTO `ps_web_browser` VALUES (1,'Safari'),(2,'Safari iPad'),(3,'Firefox'),(4,'Opera'),(5,'IE 6'),(6,'IE 7'),(7,'IE 8'),(8,'IE 9'),(9,'IE 10'),(10,'IE 11'),(11,'Chrome');

--
-- Table structure for table `ps_webservice_account`
--

CREATE TABLE `ps_webservice_account` (
  `id_webservice_account` int(11) NOT NULL AUTO_INCREMENT,
  `key` varchar(32) NOT NULL,
  `description` text DEFAULT NULL,
  `class_name` varchar(50) NOT NULL DEFAULT 'WebserviceRequest',
  `is_module` tinyint(2) NOT NULL DEFAULT 0,
  `module_name` varchar(50) DEFAULT NULL,
  `active` tinyint(2) NOT NULL,
  PRIMARY KEY (`id_webservice_account`),
  KEY `key` (`key`)
) ENGINE=InnoDB DEFAULT CHARSET=utf8;

--
-- Dumping data for table `ps_webservice_account`
--


--
-- Table structure for table `ps_webservice_account_shop`
--

CREATE TABLE `ps_webservice_account_shop` (
  `id_webservice_account` int(11) unsigned NOT NULL,
  `id_shop` int(11) unsigned NOT NULL,
  PRIMARY KEY (`id_webservice_account`,`id_shop`),
  KEY `id_shop` (`id_shop`)
) ENGINE=InnoDB DEFAULT CHARSET=utf8;

--
-- Dumping data for table `ps_webservice_account_shop`
--


--
-- Table structure for table `ps_webservice_permission`
--

CREATE TABLE `ps_webservice_permission` (
  `id_webservice_permission` int(11) NOT NULL AUTO_INCREMENT,
  `resource` varchar(50) NOT NULL,
  `method` enum('GET','POST','PUT','DELETE','HEAD') NOT NULL,
  `id_webservice_account` int(11) NOT NULL,
  PRIMARY KEY (`id_webservice_permission`),
  UNIQUE KEY `resource_2` (`resource`,`method`,`id_webservice_account`),
  KEY `resource` (`resource`),
  KEY `method` (`method`),
  KEY `id_webservice_account` (`id_webservice_account`)
) ENGINE=InnoDB DEFAULT CHARSET=utf8;

--
-- Dumping data for table `ps_webservice_permission`
--


--
-- Table structure for table `ps_zone`
--

CREATE TABLE `ps_zone` (
  `id_zone` int(10) unsigned NOT NULL AUTO_INCREMENT,
  `name` varchar(64) NOT NULL,
  `active` tinyint(1) unsigned NOT NULL DEFAULT 0,
  PRIMARY KEY (`id_zone`)
) ENGINE=InnoDB AUTO_INCREMENT=9 DEFAULT CHARSET=utf8;

--
-- Dumping data for table `ps_zone`
--

INSERT INTO `ps_zone` VALUES (1,'Europe',1),(2,'North America',1),(3,'Asia',1),(4,'Africa',1),(5,'Oceania',1),(6,'South America',1),(7,'Europe (non-EU)',1),(8,'Central America/Antilla',1);

--
-- Table structure for table `ps_zone_shop`
--

CREATE TABLE `ps_zone_shop` (
  `id_zone` int(11) unsigned NOT NULL,
  `id_shop` int(11) unsigned NOT NULL,
  PRIMARY KEY (`id_zone`,`id_shop`),
  KEY `id_shop` (`id_shop`)
) ENGINE=InnoDB DEFAULT CHARSET=utf8;

--
-- Dumping data for table `ps_zone_shop`
--

INSERT INTO `ps_zone_shop` VALUES (1,1),(2,1),(3,1),(4,1),(5,1),(6,1),(7,1),(8,1);


