
--
-- Table structure for table `ps_appagebuilder_page`
--

CREATE TABLE `ps_appagebuilder_page` (
  `id_product` int(11) unsigned NOT NULL,
  `id_category` int(11) unsigned NOT NULL,
  `page` varchar(255) NOT NULL,
  `id_shop` int(10) unsigned NOT NULL,
  PRIMARY KEY (`id_product`,`id_category`,`id_shop`)
) ENGINE=InnoDB DEFAULT CHARSET=utf8;

--
-- Dumping data for table `ps_appagebuilder_page`
--


--
-- Table structure for table `ps_appagebuilder_positions`
--

CREATE TABLE `ps_appagebuilder_positions` (
  `id_appagebuilder_positions` int(11) NOT NULL AUTO_INCREMENT,
  `name` varchar(255) NOT NULL,
  `position` varchar(255) NOT NULL,
  `position_key` varchar(255) NOT NULL,
  `params` text DEFAULT NULL,
  PRIMARY KEY (`id_appagebuilder_positions`)
) ENGINE=InnoDB AUTO_INCREMENT=11 DEFAULT CHARSET=utf8;

--
-- Dumping data for table `ps_appagebuilder_positions`
--

INSERT INTO `ps_appagebuilder_positions` VALUES (5,'Header 1','header','position1501866647',NULL),(6,'Content 1','content','position1501862346',NULL),(7,'Footer 1','footer','position1501874413',NULL),(8,'Product 1','product','position1482602696',NULL),(9,'Content 2','content','position1534240543',NULL),(10,'Content 3','content','position1534758803',NULL);

--
-- Table structure for table `ps_appagebuilder_positions_shop`
--

CREATE TABLE `ps_appagebuilder_positions_shop` (
  `id_appagebuilder_positions` int(11) NOT NULL AUTO_INCREMENT,
  `id_shop` int(10) unsigned NOT NULL,
  PRIMARY KEY (`id_appagebuilder_positions`,`id_shop`)
) ENGINE=InnoDB AUTO_INCREMENT=11 DEFAULT CHARSET=utf8;

--
-- Dumping data for table `ps_appagebuilder_positions_shop`
--

INSERT INTO `ps_appagebuilder_positions_shop` VALUES (5,1),(6,1),(7,1),(8,1),(9,1),(10,1);

--
-- Table structure for table `ps_appagebuilder_products`
--

CREATE TABLE `ps_appagebuilder_products` (
  `id_appagebuilder_products` int(11) NOT NULL AUTO_INCREMENT,
  `plist_key` varchar(255) DEFAULT NULL,
  `name` varchar(255) DEFAULT NULL,
  `class` varchar(255) DEFAULT NULL,
  `params` text DEFAULT NULL,
  `type` tinyint(1) DEFAULT NULL,
  `active` tinyint(1) DEFAULT NULL,
  `active_mobile` int(11) NOT NULL,
  `active_tablet` int(11) NOT NULL,
  PRIMARY KEY (`id_appagebuilder_products`)
) ENGINE=InnoDB AUTO_INCREMENT=7 DEFAULT CHARSET=utf8;

--
-- Dumping data for table `ps_appagebuilder_products`
--

INSERT INTO `ps_appagebuilder_products` VALUES (4,'plist1482660638','profile-default','profile-default','{\"gridLeft\":{\"0\":{\"name\":\"product_thumbnail\"}},\"gridRight\":{\"0\":{\"name\":\"product_name\"},\"1\":{\"name\":\"product_price_and_shipping\"},\"2\":{\"name\":\"leo_car_extra\"},\"3\":{\"name\":\"product_description_short\"},\"4\":{\"name\":\"code\",\"code\":\"<div class=_APQUOT_view-detail_APQUOT_>_APENTER_<a itemprop=_APQUOT_url_APQUOT_ class=_APQUOT_lnk_view btn_APQUOT_ href=_APQUOT_{$product.link|escape:_APAPOST_html_APAPOST_:_APAPOST_UTF-8_APAPOST_}_APQUOT_>{l s=_APAPOST_view detail_APAPOST_ d=_APAPOST_Shop.Theme.Global_APAPOST_} <i class=_APQUOT_icon-right-arrow_APQUOT_></i></a>_APENTER_</div>\"}}}',0,1,0,0),(5,'plist1532887382','product h2','plist-h2','{\"gridLeft\":{\"0\":{\"name\":\"product_name\"},\"1\":{\"name\":\"product_price_and_shipping\"},\"2\":{\"name\":\"code\",\"code\":\"<div class=_APQUOT_box-extra_APQUOT_>\"},\"3\":{\"name\":\"product_thumbnail\"},\"4\":{\"name\":\"leo_car_extra\"},\"5\":{\"name\":\"code\",\"code\":\"</div>\"}},\"gridRight\":{\"0\":{\"name\":\"code\",\"code\":\"<div class=_APQUOT_view-detail_APQUOT_>_APENTER_<a itemprop=_APQUOT_url_APQUOT_ class=_APQUOT_lnk_view btn_APQUOT_ href=_APQUOT_{$product.link|escape:_APAPOST_html_APAPOST_:_APAPOST_UTF-8_APAPOST_}_APQUOT_>{l s=_APAPOST_view detail_APAPOST_ d=_APAPOST_Shop.Theme.Global_APAPOST_} <i class=_APQUOT_icon-right-arrow_APQUOT_></i></a>_APENTER_</div>\"}}}',0,0,0,0),(6,'plist1533024000','plist-info','plist-info','{\"gridLeft\":{\"0\":{\"name\":\"product_thumbnail\"},\"1\":{\"name\":\"product_flags\"},\"2\":{\"name\":\"product_variants\"}},\"gridRight\":{\"0\":{\"name\":\"product_name\"},\"1\":{\"name\":\"code\",\"code\":\"<div class=_APQUOT_product-info_APQUOT_>\"},\"2\":{\"name\":\"product_price_and_shipping\"},\"3\":{\"name\":\"reviews\"},\"4\":{\"name\":\"product_description_short\"},\"5\":{\"name\":\"code\",\"code\":\"</div>\"},\"6\":{\"name\":\"functional_buttons\",\"element\":{\"0\":{\"name\":\"add_to_cart\"},\"1\":{\"name\":\"wishlist\"},\"2\":{\"name\":\"compare\"},\"3\":{\"name\":\"quickview\"}}}}}',0,0,0,0);

--
-- Table structure for table `ps_appagebuilder_products_shop`
--

CREATE TABLE `ps_appagebuilder_products_shop` (
  `id_appagebuilder_products` int(11) NOT NULL AUTO_INCREMENT,
  `id_shop` int(10) unsigned NOT NULL,
  `active` tinyint(1) DEFAULT NULL,
  `active_mobile` int(11) NOT NULL,
  `active_tablet` int(11) NOT NULL,
  PRIMARY KEY (`id_appagebuilder_products`,`id_shop`)
) ENGINE=InnoDB AUTO_INCREMENT=7 DEFAULT CHARSET=utf8;

--
-- Dumping data for table `ps_appagebuilder_products_shop`
--

INSERT INTO `ps_appagebuilder_products_shop` VALUES (4,1,1,0,0),(5,1,NULL,0,0),(6,1,NULL,0,0);

--
-- Table structure for table `ps_appagebuilder_profiles`
--

CREATE TABLE `ps_appagebuilder_profiles` (
  `id_appagebuilder_profiles` int(11) NOT NULL AUTO_INCREMENT,
  `name` varchar(255) DEFAULT NULL,
  `group_box` varchar(255) DEFAULT NULL,
  `profile_key` varchar(255) DEFAULT NULL,
  `page` varchar(255) DEFAULT NULL,
  `params` text DEFAULT NULL,
  `header` int(11) unsigned NOT NULL,
  `content` int(11) unsigned NOT NULL,
  `footer` int(11) unsigned NOT NULL,
  `product` int(11) unsigned NOT NULL,
  `active` tinyint(1) DEFAULT NULL,
  `active_mobile` int(11) NOT NULL,
  `active_tablet` int(11) NOT NULL,
  PRIMARY KEY (`id_appagebuilder_profiles`)
) ENGINE=InnoDB AUTO_INCREMENT=5 DEFAULT CHARSET=utf8;

--
-- Dumping data for table `ps_appagebuilder_profiles`
--

INSERT INTO `ps_appagebuilder_profiles` VALUES (2,'Home 1',NULL,'profile1501868705','index','{\"displayHome\":{\"productCarousel\":{\"order_way\":\"random\"}},\"displayFooterBefore\":{\"index\":[]},\"fullwidth_index_hook\":{\"displayBanner\":0,\"displayNav1\":0,\"displayNav2\":0,\"displayTop\":\"1\",\"displayHome\":\"1\",\"displayFooterBefore\":0,\"displayFooter\":0,\"displayFooterAfter\":0},\"fullwidth_other_hook\":{\"displayBanner\":0,\"displayNav1\":0,\"displayNav2\":0,\"displayTop\":\"1\",\"displayHome\":0,\"displayFooterBefore\":0,\"displayFooter\":0,\"displayFooterAfter\":0},\"disable_cache_hook\":{\"displayBanner\":0,\"displayNav1\":0,\"displayNav2\":0,\"displayTop\":\"1\",\"displayHome\":0,\"displayFooterBefore\":0,\"displayFooter\":0,\"displayFooterAfter\":0}}',5,6,7,8,0,1,1),(3,'Home 2',NULL,'profile1534249230','index','{\"displayFooterBefore\":{\"index\":[]},\"fullwidth_index_hook\":{\"displayBanner\":0,\"displayNav1\":0,\"displayNav2\":0,\"displayTop\":\"1\",\"displayHome\":\"1\",\"displayFooterBefore\":0,\"displayFooter\":0,\"displayFooterAfter\":0},\"fullwidth_other_hook\":{\"displayBanner\":0,\"displayNav1\":0,\"displayNav2\":0,\"displayTop\":\"1\",\"displayHome\":0,\"displayFooterBefore\":0,\"displayFooter\":0,\"displayFooterAfter\":0},\"disable_cache_hook\":{\"displayBanner\":0,\"displayNav1\":0,\"displayNav2\":0,\"displayTop\":\"1\",\"displayHome\":0,\"displayFooterBefore\":0,\"displayFooter\":0,\"displayFooterAfter\":0}}',5,9,7,8,NULL,0,0),(4,'Home 3',NULL,'profile1534755930','index','{\"displayFooterBefore\":{\"index\":[]},\"fullwidth_index_hook\":{\"displayBanner\":0,\"displayNav1\":0,\"displayNav2\":0,\"displayTop\":\"1\",\"displayHome\":\"1\",\"displayFooterBefore\":0,\"displayFooter\":0,\"displayFooterAfter\":0},\"fullwidth_other_hook\":{\"displayBanner\":0,\"displayNav1\":0,\"displayNav2\":0,\"displayTop\":\"1\",\"displayHome\":0,\"displayFooterBefore\":0,\"displayFooter\":0,\"displayFooterAfter\":0},\"disable_cache_hook\":{\"displayBanner\":0,\"displayNav1\":0,\"displayNav2\":0,\"displayTop\":\"1\",\"displayHome\":0,\"displayFooterBefore\":0,\"displayFooter\":0,\"displayFooterAfter\":0}}',5,10,7,8,NULL,0,0);

--
-- Table structure for table `ps_appagebuilder_profiles_lang`
--

CREATE TABLE `ps_appagebuilder_profiles_lang` (
  `id_appagebuilder_profiles` int(11) NOT NULL AUTO_INCREMENT,
  `id_lang` int(10) unsigned NOT NULL,
  `friendly_url` varchar(255) DEFAULT NULL,
  `meta_title` varchar(255) DEFAULT NULL,
  `meta_description` varchar(255) DEFAULT NULL,
  `meta_keywords` varchar(255) DEFAULT NULL,
  PRIMARY KEY (`id_appagebuilder_profiles`,`id_lang`)
) ENGINE=InnoDB AUTO_INCREMENT=5 DEFAULT CHARSET=utf8;

--
-- Dumping data for table `ps_appagebuilder_profiles_lang`
--

INSERT INTO `ps_appagebuilder_profiles_lang` VALUES (2,1,'home-1',NULL,NULL,NULL),(2,2,'home-1',NULL,NULL,NULL),(2,3,'home-1',NULL,NULL,NULL),(2,4,'home-1',NULL,NULL,NULL),(2,5,'home-1',NULL,NULL,NULL),(2,6,'home-1',NULL,NULL,NULL),(3,1,'home-2',NULL,NULL,NULL),(3,2,'home-2',NULL,NULL,NULL),(3,3,'home-2',NULL,NULL,NULL),(3,4,'home-2',NULL,NULL,NULL),(3,5,'home-2',NULL,NULL,NULL),(3,6,'home-2',NULL,NULL,NULL),(4,1,'home-3',NULL,NULL,NULL),(4,2,'home-3',NULL,NULL,NULL),(4,3,'home-3',NULL,NULL,NULL),(4,4,'home-3',NULL,NULL,NULL),(4,5,'home-3',NULL,NULL,NULL),(4,6,'home-3',NULL,NULL,NULL);

--
-- Table structure for table `ps_appagebuilder_profiles_shop`
--

CREATE TABLE `ps_appagebuilder_profiles_shop` (
  `id_appagebuilder_profiles` int(11) NOT NULL AUTO_INCREMENT,
  `id_shop` int(10) unsigned NOT NULL,
  `active` tinyint(1) DEFAULT NULL,
  `active_mobile` int(11) NOT NULL,
  `active_tablet` int(11) NOT NULL,
  PRIMARY KEY (`id_appagebuilder_profiles`,`id_shop`)
) ENGINE=InnoDB AUTO_INCREMENT=5 DEFAULT CHARSET=utf8;

--
-- Dumping data for table `ps_appagebuilder_profiles_shop`
--

INSERT INTO `ps_appagebuilder_profiles_shop` VALUES (2,1,1,1,1),(3,1,0,0,0),(4,1,0,0,0);

--
-- Table structure for table `ps_appagebuilder_shop`
--

CREATE TABLE `ps_appagebuilder_shop` (
  `id_appagebuilder` int(11) NOT NULL AUTO_INCREMENT,
  `id_shop` int(10) unsigned NOT NULL,
  PRIMARY KEY (`id_appagebuilder`,`id_shop`)
) ENGINE=InnoDB AUTO_INCREMENT=46 DEFAULT CHARSET=utf8;

--
-- Dumping data for table `ps_appagebuilder_shop`
--

INSERT INTO `ps_appagebuilder_shop` VALUES (19,1),(20,1),(21,1),(22,1),(23,1),(24,1),(25,1),(26,1),(27,1),(28,1),(29,1),(30,1),(31,1),(32,1),(33,1),(34,1),(35,1),(37,1),(38,1),(39,1),(40,1),(41,1),(42,1),(43,1),(44,1),(45,1);

--
-- Table structure for table `ps_appagebuilder_shortcode`
--

CREATE TABLE `ps_appagebuilder_shortcode` (
  `id_appagebuilder_shortcode` int(11) NOT NULL AUTO_INCREMENT,
  `shortcode_key` varchar(255) NOT NULL,
  `active` tinyint(1) DEFAULT NULL,
  PRIMARY KEY (`id_appagebuilder_shortcode`)
) ENGINE=InnoDB AUTO_INCREMENT=9 DEFAULT CHARSET=utf8;

--
-- Dumping data for table `ps_appagebuilder_shortcode`
--

INSERT INTO `ps_appagebuilder_shortcode` VALUES (3,'sc1532679037',1),(5,'sc1534228661',1),(6,'sc1534239659',1),(7,'sc1534860890',1),(8,'sc1534870994',1);

--
-- Table structure for table `ps_appagebuilder_shortcode_lang`
--

CREATE TABLE `ps_appagebuilder_shortcode_lang` (
  `id_appagebuilder_shortcode` int(11) unsigned NOT NULL,
  `id_lang` int(10) unsigned NOT NULL,
  `shortcode_name` text NOT NULL,
  PRIMARY KEY (`id_appagebuilder_shortcode`,`id_lang`)
) ENGINE=InnoDB DEFAULT CHARSET=utf8;

--
-- Dumping data for table `ps_appagebuilder_shortcode_lang`
--

INSERT INTO `ps_appagebuilder_shortcode_lang` VALUES (3,1,'Contact Map'),(3,2,'Contact Map'),(3,3,'Contact Map'),(3,4,'Contact Map'),(3,5,'Contact Map'),(3,6,'Contact Map'),(5,1,'Images Gallery'),(5,2,'Images Gallery'),(5,3,'Images Gallery'),(5,4,'Images Gallery'),(5,5,'Images Gallery'),(5,6,'Images Gallery'),(6,1,'banner detail'),(6,2,'banner detail'),(6,3,'banner detail'),(6,4,'banner detail'),(6,5,'banner detail'),(6,6,'banner detail'),(8,1,'FAQ'),(8,2,'FAQ'),(8,3,'FAQ'),(8,4,'FAQ'),(8,5,'FAQ'),(8,6,'FAQ');

--
-- Table structure for table `ps_appagebuilder_shortcode_shop`
--

CREATE TABLE `ps_appagebuilder_shortcode_shop` (
  `id_appagebuilder_shortcode` int(11) unsigned NOT NULL,
  `id_shop` int(10) unsigned NOT NULL,
  `active` tinyint(1) DEFAULT NULL,
  PRIMARY KEY (`id_appagebuilder_shortcode`,`id_shop`)
) ENGINE=InnoDB DEFAULT CHARSET=utf8;

--
-- Dumping data for table `ps_appagebuilder_shortcode_shop`
--

INSERT INTO `ps_appagebuilder_shortcode_shop` VALUES (3,1,1),(5,1,1),(6,1,1),(8,1,1);

--
-- Table structure for table `ps_attachment`
--

CREATE TABLE `ps_attachment` (
  `id_attachment` int(10) unsigned NOT NULL AUTO_INCREMENT,
  `file` varchar(40) NOT NULL,
  `file_name` varchar(128) NOT NULL,
  `file_size` bigint(10) unsigned NOT NULL DEFAULT 0,
  `mime` varchar(128) NOT NULL,
  PRIMARY KEY (`id_attachment`)
) ENGINE=InnoDB DEFAULT CHARSET=utf8;

--
-- Dumping data for table `ps_attachment`
--


--
-- Table structure for table `ps_attachment_lang`
--

CREATE TABLE `ps_attachment_lang` (
  `id_attachment` int(10) unsigned NOT NULL AUTO_INCREMENT,
  `id_lang` int(10) unsigned NOT NULL,
  `name` varchar(32) DEFAULT NULL,
  `description` text DEFAULT NULL,
  PRIMARY KEY (`id_attachment`,`id_lang`)
) ENGINE=InnoDB DEFAULT CHARSET=utf8;

--
-- Dumping data for table `ps_attachment_lang`
--


--
-- Table structure for table `ps_attribute`
--

CREATE TABLE `ps_attribute` (
  `id_attribute` int(11) NOT NULL AUTO_INCREMENT,
  `id_attribute_group` int(11) NOT NULL,
  `color` varchar(32) COLLATE utf8_unicode_ci NOT NULL,
  `position` int(11) NOT NULL,
  PRIMARY KEY (`id_attribute`),
  KEY `attribute_group` (`id_attribute_group`)
) ENGINE=InnoDB AUTO_INCREMENT=26 DEFAULT CHARSET=utf8 COLLATE=utf8_unicode_ci;

--
-- Dumping data for table `ps_attribute`
--

INSERT INTO `ps_attribute` VALUES (1,1,'',0),(2,1,'',1),(3,1,'',2),(4,1,'',3),(5,2,'#AAB2BD',0),(6,2,'#CFC4A6',1),(7,2,'#f5f5dc',2),(8,2,'#ffffff',3),(9,2,'#faebd7',4),(10,2,'#E84C3D',5),(11,2,'#434A54',6),(12,2,'#C19A6B',7),(13,2,'#F39C11',8),(14,2,'#5D9CEC',9),(15,2,'#A0D468',10),(16,2,'#F1C40F',11),(17,2,'#964B00',12),(18,2,'#FCCACD',13),(19,3,'',0),(20,3,'',1),(21,3,'',2),(22,4,'',0),(23,4,'',1),(24,4,'',2),(25,4,'',3);

--
-- Table structure for table `ps_attribute_group`
--

CREATE TABLE `ps_attribute_group` (
  `id_attribute_group` int(11) NOT NULL AUTO_INCREMENT,
  `is_color_group` tinyint(1) NOT NULL,
  `group_type` varchar(255) COLLATE utf8_unicode_ci NOT NULL,
  `position` int(11) NOT NULL,
  PRIMARY KEY (`id_attribute_group`)
) ENGINE=InnoDB AUTO_INCREMENT=5 DEFAULT CHARSET=utf8 COLLATE=utf8_unicode_ci;

--
-- Dumping data for table `ps_attribute_group`
--

INSERT INTO `ps_attribute_group` VALUES (1,0,'select',0),(2,1,'color',1),(3,0,'select',2),(4,0,'select',3);

--
-- Table structure for table `ps_attribute_group_lang`
--

CREATE TABLE `ps_attribute_group_lang` (
  `id_attribute_group` int(11) NOT NULL,
  `id_lang` int(11) NOT NULL,
  `name` varchar(128) COLLATE utf8_unicode_ci NOT NULL,
  `public_name` varchar(64) COLLATE utf8_unicode_ci NOT NULL,
  PRIMARY KEY (`id_attribute_group`,`id_lang`),
  KEY `IDX_4653726C67A664FB` (`id_attribute_group`),
  KEY `IDX_4653726CBA299860` (`id_lang`)
) ENGINE=InnoDB DEFAULT CHARSET=utf8 COLLATE=utf8_unicode_ci;

--
-- Dumping data for table `ps_attribute_group_lang`
--

INSERT INTO `ps_attribute_group_lang` VALUES (1,1,'Size','Size'),(1,2,'Taille','Taille'),(1,3,'Größe','Größe'),(1,4,'Dimensione','Dimensione'),(1,5,'Tamaño','Tamaño'),(1,6,'الحجم','الحجم'),(2,1,'Color','Color'),(2,2,'Couleur','Couleur'),(2,3,'Farbe','Farbe'),(2,4,'Colore','Colore'),(2,5,'Color','Color'),(2,6,'اللون:','اللون:'),(3,1,'Dimension','Dimension'),(3,2,'Dimension','Dimension'),(3,3,'Dimension','Dimension'),(3,4,'Dimension','Dimension'),(3,5,'Dimension','Dimension'),(3,6,'Dimension','Dimension'),(4,1,'Paper Type','Paper Type'),(4,2,'Paper Type','Paper Type'),(4,3,'Paper Type','Paper Type'),(4,4,'Paper Type','Paper Type'),(4,5,'Paper Type','Paper Type'),(4,6,'Paper Type','Paper Type');

--
-- Table structure for table `ps_attribute_group_shop`
--

CREATE TABLE `ps_attribute_group_shop` (
  `id_attribute_group` int(11) NOT NULL,
  `id_shop` int(11) NOT NULL,
  PRIMARY KEY (`id_attribute_group`,`id_shop`),
  KEY `IDX_DB30BAAC67A664FB` (`id_attribute_group`),
  KEY `IDX_DB30BAAC274A50A0` (`id_shop`)
) ENGINE=InnoDB DEFAULT CHARSET=utf8 COLLATE=utf8_unicode_ci;

--
-- Dumping data for table `ps_attribute_group_shop`
--

INSERT INTO `ps_attribute_group_shop` VALUES (1,1),(2,1),(3,1),(4,1);

--
-- Table structure for table `ps_attribute_impact`
--

CREATE TABLE `ps_attribute_impact` (
  `id_attribute_impact` int(10) unsigned NOT NULL AUTO_INCREMENT,
  `id_product` int(11) unsigned NOT NULL,
  `id_attribute` int(11) unsigned NOT NULL,
  `weight` decimal(20,6) NOT NULL,
  `price` decimal(17,2) NOT NULL,
  PRIMARY KEY (`id_attribute_impact`),
  UNIQUE KEY `id_product` (`id_product`,`id_attribute`)
) ENGINE=InnoDB DEFAULT CHARSET=utf8;

--
-- Dumping data for table `ps_attribute_impact`
--


--
-- Table structure for table `ps_attribute_lang`
--

CREATE TABLE `ps_attribute_lang` (
  `id_attribute` int(11) NOT NULL,
  `id_lang` int(11) NOT NULL,
  `name` varchar(128) COLLATE utf8_unicode_ci NOT NULL,
  PRIMARY KEY (`id_attribute`,`id_lang`),
  KEY `IDX_3ABE46A77A4F53DC` (`id_attribute`),
  KEY `IDX_3ABE46A7BA299860` (`id_lang`)
) ENGINE=InnoDB DEFAULT CHARSET=utf8 COLLATE=utf8_unicode_ci;

--
-- Dumping data for table `ps_attribute_lang`
--

INSERT INTO `ps_attribute_lang` VALUES (1,1,'S'),(1,2,'S'),(1,3,'S'),(1,4,'S'),(1,5,'S'),(1,6,'ص'),(2,1,'M'),(2,2,'M'),(2,3,'M'),(2,4,'M'),(2,5,'M'),(2,6,'م'),(3,1,'L'),(3,2,'L'),(3,3,'L'),(3,4,'L'),(3,5,'L'),(3,6,'ك'),(4,1,'XL'),(4,2,'XL'),(4,3,'XL'),(4,4,'XL'),(4,5,'XL'),(4,6,'XL'),(5,1,'Grey'),(5,2,'Gris'),(5,3,'Grau'),(5,4,'Grigio'),(5,5,'Gris'),(5,6,'رمادي'),(6,1,'Taupe'),(6,2,'Taupe'),(6,3,'Taupe'),(6,4,'Talpa'),(6,5,'Gris pardo'),(6,6,'رمادي داكن'),(7,1,'Beige'),(7,2,'Beige'),(7,3,'Beige'),(7,4,'Beige'),(7,5,'Beige'),(7,6,'اللون البيج'),(8,1,'White'),(8,2,'Blanc'),(8,3,'Weiß'),(8,4,'Bianco'),(8,5,'Blanco'),(8,6,'أبيض'),(9,1,'Off White'),(9,2,'Blanc cassé'),(9,3,'Wollweiß'),(9,4,'Avorio'),(9,5,'Blanco roto'),(9,6,'ابيض مطفي'),(10,1,'Red'),(10,2,'Rouge'),(10,3,'Rot'),(10,4,'Rosso'),(10,5,'Rojo'),(10,6,'احمر'),(11,1,'Black'),(11,2,'Noir'),(11,3,'Schwarz'),(11,4,'Nero'),(11,5,'Negro'),(11,6,'اسود'),(12,1,'Camel'),(12,2,'Camel'),(12,3,'Camel'),(12,4,'Cammello'),(12,5,'Camel'),(12,6,'جمل'),(13,1,'Orange'),(13,2,'Orange'),(13,3,'Orange'),(13,4,'Arancione'),(13,5,'Naranja'),(13,6,'برتقالي'),(14,1,'Blue'),(14,2,'Bleu'),(14,3,'Blau'),(14,4,'Blu'),(14,5,'Azul'),(14,6,'ازرق'),(15,1,'Green'),(15,2,'Vert'),(15,3,'Grün'),(15,4,'Verde'),(15,5,'Verde'),(15,6,'اخضر'),(16,1,'Yellow'),(16,2,'Jaune'),(16,3,'Gelb'),(16,4,'Giallo'),(16,5,'Amarillo'),(16,6,'أصفر'),(17,1,'Brown'),(17,2,'Marron'),(17,3,'Braun'),(17,4,'Marrone'),(17,5,'Marrón'),(17,6,'بنّي'),(18,1,'Pink'),(18,2,'Rose'),(18,3,'Pink'),(18,4,'Rosa'),(18,5,'Rosa'),(18,6,'وردي'),(19,1,'40x60cm'),(19,2,'40x60cm'),(19,3,'40x60cm'),(19,4,'40x60cm'),(19,5,'40x60cm'),(19,6,'40x60cm'),(20,1,'60x90cm'),(20,2,'60x90cm'),(20,3,'60x90cm'),(20,4,'60x90cm'),(20,5,'60x90cm'),(20,6,'60x90cm'),(21,1,'80x120cm'),(21,2,'80x120cm'),(21,3,'80x120cm'),(21,4,'80x120cm'),(21,5,'80x120cm'),(21,6,'80x120cm'),(22,1,'Ruled'),(22,2,'Ruled'),(22,3,'Ruled'),(22,4,'Ruled'),(22,5,'Ruled'),(22,6,'Ruled'),(23,1,'Plain'),(23,2,'Plain'),(23,3,'Plain'),(23,4,'Plain'),(23,5,'Plain'),(23,6,'Plain'),(24,1,'Squarred'),(24,2,'Squarred'),(24,3,'Squarred'),(24,4,'Squarred'),(24,5,'Squarred'),(24,6,'Squarred'),(25,1,'Doted'),(25,2,'Doted'),(25,3,'Doted'),(25,4,'Doted'),(25,5,'Doted'),(25,6,'Doted');

--
-- Table structure for table `ps_attribute_shop`
--

CREATE TABLE `ps_attribute_shop` (
  `id_attribute` int(11) NOT NULL,
  `id_shop` int(11) NOT NULL,
  PRIMARY KEY (`id_attribute`,`id_shop`),
  KEY `IDX_A7DD8E677A4F53DC` (`id_attribute`),
  KEY `IDX_A7DD8E67274A50A0` (`id_shop`)
) ENGINE=InnoDB DEFAULT CHARSET=utf8 COLLATE=utf8_unicode_ci;

--
-- Dumping data for table `ps_attribute_shop`
--

INSERT INTO `ps_attribute_shop` VALUES (1,1),(2,1),(3,1),(4,1),(5,1),(6,1),(7,1),(8,1),(9,1),(10,1),(11,1),(12,1),(13,1),(14,1),(15,1),(16,1),(17,1),(18,1),(19,1),(20,1),(21,1),(22,1),(23,1),(24,1),(25,1);

--
-- Table structure for table `ps_authorization_role`
--

CREATE TABLE `ps_authorization_role` (
  `id_authorization_role` int(10) unsigned NOT NULL AUTO_INCREMENT,
  `slug` varchar(255) NOT NULL,
  PRIMARY KEY (`id_authorization_role`),
  UNIQUE KEY `slug` (`slug`)
) ENGINE=InnoDB AUTO_INCREMENT=1119 DEFAULT CHARSET=utf8;

--
-- Dumping data for table `ps_authorization_role`
--

INSERT INTO `ps_authorization_role` VALUES (983,'ROLE_MOD_MODULE_APCARRENTAL_CREATE'),(986,'ROLE_MOD_MODULE_APCARRENTAL_DELETE'),(984,'ROLE_MOD_MODULE_APCARRENTAL_READ'),(985,'ROLE_MOD_MODULE_APCARRENTAL_UPDATE'),(705,'ROLE_MOD_MODULE_APPAGEBUILDER_CREATE'),(708,'ROLE_MOD_MODULE_APPAGEBUILDER_DELETE'),(706,'ROLE_MOD_MODULE_APPAGEBUILDER_READ'),(707,'ROLE_MOD_MODULE_APPAGEBUILDER_UPDATE'),(821,'ROLE_MOD_MODULE_BLOCKGROUPTOP_CREATE'),(824,'ROLE_MOD_MODULE_BLOCKGROUPTOP_DELETE'),(822,'ROLE_MOD_MODULE_BLOCKGROUPTOP_READ'),(823,'ROLE_MOD_MODULE_BLOCKGROUPTOP_UPDATE'),(701,'ROLE_MOD_MODULE_BLOCKREASSURANCE_CREATE'),(704,'ROLE_MOD_MODULE_BLOCKREASSURANCE_DELETE'),(702,'ROLE_MOD_MODULE_BLOCKREASSURANCE_READ'),(703,'ROLE_MOD_MODULE_BLOCKREASSURANCE_UPDATE'),(453,'ROLE_MOD_MODULE_CONTACTFORM_CREATE'),(456,'ROLE_MOD_MODULE_CONTACTFORM_DELETE'),(454,'ROLE_MOD_MODULE_CONTACTFORM_READ'),(455,'ROLE_MOD_MODULE_CONTACTFORM_UPDATE'),(693,'ROLE_MOD_MODULE_CRONJOBS_CREATE'),(696,'ROLE_MOD_MODULE_CRONJOBS_DELETE'),(694,'ROLE_MOD_MODULE_CRONJOBS_READ'),(695,'ROLE_MOD_MODULE_CRONJOBS_UPDATE'),(457,'ROLE_MOD_MODULE_DASHACTIVITY_CREATE'),(460,'ROLE_MOD_MODULE_DASHACTIVITY_DELETE'),(458,'ROLE_MOD_MODULE_DASHACTIVITY_READ'),(459,'ROLE_MOD_MODULE_DASHACTIVITY_UPDATE'),(469,'ROLE_MOD_MODULE_DASHGOALS_CREATE'),(472,'ROLE_MOD_MODULE_DASHGOALS_DELETE'),(470,'ROLE_MOD_MODULE_DASHGOALS_READ'),(471,'ROLE_MOD_MODULE_DASHGOALS_UPDATE'),(473,'ROLE_MOD_MODULE_DASHPRODUCTS_CREATE'),(476,'ROLE_MOD_MODULE_DASHPRODUCTS_DELETE'),(474,'ROLE_MOD_MODULE_DASHPRODUCTS_READ'),(475,'ROLE_MOD_MODULE_DASHPRODUCTS_UPDATE'),(461,'ROLE_MOD_MODULE_DASHTRENDS_CREATE'),(464,'ROLE_MOD_MODULE_DASHTRENDS_DELETE'),(462,'ROLE_MOD_MODULE_DASHTRENDS_READ'),(463,'ROLE_MOD_MODULE_DASHTRENDS_UPDATE'),(689,'ROLE_MOD_MODULE_GAMIFICATION_CREATE'),(692,'ROLE_MOD_MODULE_GAMIFICATION_DELETE'),(690,'ROLE_MOD_MODULE_GAMIFICATION_READ'),(691,'ROLE_MOD_MODULE_GAMIFICATION_UPDATE'),(477,'ROLE_MOD_MODULE_GRAPHNVD3_CREATE'),(480,'ROLE_MOD_MODULE_GRAPHNVD3_DELETE'),(478,'ROLE_MOD_MODULE_GRAPHNVD3_READ'),(479,'ROLE_MOD_MODULE_GRAPHNVD3_UPDATE'),(481,'ROLE_MOD_MODULE_GRIDHTML_CREATE'),(484,'ROLE_MOD_MODULE_GRIDHTML_DELETE'),(482,'ROLE_MOD_MODULE_GRIDHTML_READ'),(483,'ROLE_MOD_MODULE_GRIDHTML_UPDATE'),(1079,'ROLE_MOD_MODULE_GSITEMAP_CREATE'),(1082,'ROLE_MOD_MODULE_GSITEMAP_DELETE'),(1080,'ROLE_MOD_MODULE_GSITEMAP_READ'),(1081,'ROLE_MOD_MODULE_GSITEMAP_UPDATE'),(999,'ROLE_MOD_MODULE_LEOBLOG_CREATE'),(1002,'ROLE_MOD_MODULE_LEOBLOG_DELETE'),(1000,'ROLE_MOD_MODULE_LEOBLOG_READ'),(1001,'ROLE_MOD_MODULE_LEOBLOG_UPDATE'),(797,'ROLE_MOD_MODULE_LEOBOOTSTRAPMENU_CREATE'),(800,'ROLE_MOD_MODULE_LEOBOOTSTRAPMENU_DELETE'),(798,'ROLE_MOD_MODULE_LEOBOOTSTRAPMENU_READ'),(799,'ROLE_MOD_MODULE_LEOBOOTSTRAPMENU_UPDATE'),(825,'ROLE_MOD_MODULE_LEOFEATURE_CREATE'),(828,'ROLE_MOD_MODULE_LEOFEATURE_DELETE'),(826,'ROLE_MOD_MODULE_LEOFEATURE_READ'),(827,'ROLE_MOD_MODULE_LEOFEATURE_UPDATE'),(841,'ROLE_MOD_MODULE_LEOQUICKLOGIN_CREATE'),(844,'ROLE_MOD_MODULE_LEOQUICKLOGIN_DELETE'),(842,'ROLE_MOD_MODULE_LEOQUICKLOGIN_READ'),(843,'ROLE_MOD_MODULE_LEOQUICKLOGIN_UPDATE'),(817,'ROLE_MOD_MODULE_LEOSLIDESHOW_CREATE'),(820,'ROLE_MOD_MODULE_LEOSLIDESHOW_DELETE'),(818,'ROLE_MOD_MODULE_LEOSLIDESHOW_READ'),(819,'ROLE_MOD_MODULE_LEOSLIDESHOW_UPDATE'),(585,'ROLE_MOD_MODULE_PAGESNOTFOUND_CREATE'),(588,'ROLE_MOD_MODULE_PAGESNOTFOUND_DELETE'),(586,'ROLE_MOD_MODULE_PAGESNOTFOUND_READ'),(587,'ROLE_MOD_MODULE_PAGESNOTFOUND_UPDATE'),(485,'ROLE_MOD_MODULE_PS_BANNER_CREATE'),(488,'ROLE_MOD_MODULE_PS_BANNER_DELETE'),(486,'ROLE_MOD_MODULE_PS_BANNER_READ'),(487,'ROLE_MOD_MODULE_PS_BANNER_UPDATE'),(489,'ROLE_MOD_MODULE_PS_CATEGORYTREE_CREATE'),(492,'ROLE_MOD_MODULE_PS_CATEGORYTREE_DELETE'),(490,'ROLE_MOD_MODULE_PS_CATEGORYTREE_READ'),(491,'ROLE_MOD_MODULE_PS_CATEGORYTREE_UPDATE'),(493,'ROLE_MOD_MODULE_PS_CHECKPAYMENT_CREATE'),(496,'ROLE_MOD_MODULE_PS_CHECKPAYMENT_DELETE'),(494,'ROLE_MOD_MODULE_PS_CHECKPAYMENT_READ'),(495,'ROLE_MOD_MODULE_PS_CHECKPAYMENT_UPDATE'),(497,'ROLE_MOD_MODULE_PS_CONTACTINFO_CREATE'),(500,'ROLE_MOD_MODULE_PS_CONTACTINFO_DELETE'),(498,'ROLE_MOD_MODULE_PS_CONTACTINFO_READ'),(499,'ROLE_MOD_MODULE_PS_CONTACTINFO_UPDATE'),(501,'ROLE_MOD_MODULE_PS_CURRENCYSELECTOR_CREATE'),(504,'ROLE_MOD_MODULE_PS_CURRENCYSELECTOR_DELETE'),(502,'ROLE_MOD_MODULE_PS_CURRENCYSELECTOR_READ'),(503,'ROLE_MOD_MODULE_PS_CURRENCYSELECTOR_UPDATE'),(505,'ROLE_MOD_MODULE_PS_CUSTOMERACCOUNTLINKS_CREATE'),(508,'ROLE_MOD_MODULE_PS_CUSTOMERACCOUNTLINKS_DELETE'),(506,'ROLE_MOD_MODULE_PS_CUSTOMERACCOUNTLINKS_READ'),(507,'ROLE_MOD_MODULE_PS_CUSTOMERACCOUNTLINKS_UPDATE'),(509,'ROLE_MOD_MODULE_PS_CUSTOMERSIGNIN_CREATE'),(512,'ROLE_MOD_MODULE_PS_CUSTOMERSIGNIN_DELETE'),(510,'ROLE_MOD_MODULE_PS_CUSTOMERSIGNIN_READ'),(511,'ROLE_MOD_MODULE_PS_CUSTOMERSIGNIN_UPDATE'),(513,'ROLE_MOD_MODULE_PS_CUSTOMTEXT_CREATE'),(516,'ROLE_MOD_MODULE_PS_CUSTOMTEXT_DELETE'),(514,'ROLE_MOD_MODULE_PS_CUSTOMTEXT_READ'),(515,'ROLE_MOD_MODULE_PS_CUSTOMTEXT_UPDATE'),(517,'ROLE_MOD_MODULE_PS_EMAILSUBSCRIPTION_CREATE'),(520,'ROLE_MOD_MODULE_PS_EMAILSUBSCRIPTION_DELETE'),(518,'ROLE_MOD_MODULE_PS_EMAILSUBSCRIPTION_READ'),(519,'ROLE_MOD_MODULE_PS_EMAILSUBSCRIPTION_UPDATE'),(1111,'ROLE_MOD_MODULE_PS_FACETEDSEARCH_CREATE'),(1114,'ROLE_MOD_MODULE_PS_FACETEDSEARCH_DELETE'),(1112,'ROLE_MOD_MODULE_PS_FACETEDSEARCH_READ'),(1113,'ROLE_MOD_MODULE_PS_FACETEDSEARCH_UPDATE'),(1083,'ROLE_MOD_MODULE_PS_FAVICONNOTIFICATIONBO_CREATE'),(1086,'ROLE_MOD_MODULE_PS_FAVICONNOTIFICATIONBO_DELETE'),(1084,'ROLE_MOD_MODULE_PS_FAVICONNOTIFICATIONBO_READ'),(1085,'ROLE_MOD_MODULE_PS_FAVICONNOTIFICATIONBO_UPDATE'),(525,'ROLE_MOD_MODULE_PS_FEATUREDPRODUCTS_CREATE'),(528,'ROLE_MOD_MODULE_PS_FEATUREDPRODUCTS_DELETE'),(526,'ROLE_MOD_MODULE_PS_FEATUREDPRODUCTS_READ'),(527,'ROLE_MOD_MODULE_PS_FEATUREDPRODUCTS_UPDATE'),(529,'ROLE_MOD_MODULE_PS_IMAGESLIDER_CREATE'),(532,'ROLE_MOD_MODULE_PS_IMAGESLIDER_DELETE'),(530,'ROLE_MOD_MODULE_PS_IMAGESLIDER_READ'),(531,'ROLE_MOD_MODULE_PS_IMAGESLIDER_UPDATE'),(533,'ROLE_MOD_MODULE_PS_LANGUAGESELECTOR_CREATE'),(536,'ROLE_MOD_MODULE_PS_LANGUAGESELECTOR_DELETE'),(534,'ROLE_MOD_MODULE_PS_LANGUAGESELECTOR_READ'),(535,'ROLE_MOD_MODULE_PS_LANGUAGESELECTOR_UPDATE'),(793,'ROLE_MOD_MODULE_PS_LEGALCOMPLIANCE_CREATE'),(796,'ROLE_MOD_MODULE_PS_LEGALCOMPLIANCE_DELETE'),(794,'ROLE_MOD_MODULE_PS_LEGALCOMPLIANCE_READ'),(795,'ROLE_MOD_MODULE_PS_LEGALCOMPLIANCE_UPDATE'),(537,'ROLE_MOD_MODULE_PS_LINKLIST_CREATE'),(540,'ROLE_MOD_MODULE_PS_LINKLIST_DELETE'),(538,'ROLE_MOD_MODULE_PS_LINKLIST_READ'),(539,'ROLE_MOD_MODULE_PS_LINKLIST_UPDATE'),(545,'ROLE_MOD_MODULE_PS_MAINMENU_CREATE'),(548,'ROLE_MOD_MODULE_PS_MAINMENU_DELETE'),(546,'ROLE_MOD_MODULE_PS_MAINMENU_READ'),(547,'ROLE_MOD_MODULE_PS_MAINMENU_UPDATE'),(789,'ROLE_MOD_MODULE_PS_NEWPRODUCTS_CREATE'),(792,'ROLE_MOD_MODULE_PS_NEWPRODUCTS_DELETE'),(790,'ROLE_MOD_MODULE_PS_NEWPRODUCTS_READ'),(791,'ROLE_MOD_MODULE_PS_NEWPRODUCTS_UPDATE'),(549,'ROLE_MOD_MODULE_PS_SEARCHBAR_CREATE'),(552,'ROLE_MOD_MODULE_PS_SEARCHBAR_DELETE'),(550,'ROLE_MOD_MODULE_PS_SEARCHBAR_READ'),(551,'ROLE_MOD_MODULE_PS_SEARCHBAR_UPDATE'),(553,'ROLE_MOD_MODULE_PS_SHAREBUTTONS_CREATE'),(556,'ROLE_MOD_MODULE_PS_SHAREBUTTONS_DELETE'),(554,'ROLE_MOD_MODULE_PS_SHAREBUTTONS_READ'),(555,'ROLE_MOD_MODULE_PS_SHAREBUTTONS_UPDATE'),(557,'ROLE_MOD_MODULE_PS_SHOPPINGCART_CREATE'),(560,'ROLE_MOD_MODULE_PS_SHOPPINGCART_DELETE'),(558,'ROLE_MOD_MODULE_PS_SHOPPINGCART_READ'),(559,'ROLE_MOD_MODULE_PS_SHOPPINGCART_UPDATE'),(561,'ROLE_MOD_MODULE_PS_SOCIALFOLLOW_CREATE'),(564,'ROLE_MOD_MODULE_PS_SOCIALFOLLOW_DELETE'),(562,'ROLE_MOD_MODULE_PS_SOCIALFOLLOW_READ'),(563,'ROLE_MOD_MODULE_PS_SOCIALFOLLOW_UPDATE'),(565,'ROLE_MOD_MODULE_PS_THEMECUSTO_CREATE'),(568,'ROLE_MOD_MODULE_PS_THEMECUSTO_DELETE'),(566,'ROLE_MOD_MODULE_PS_THEMECUSTO_READ'),(567,'ROLE_MOD_MODULE_PS_THEMECUSTO_UPDATE'),(581,'ROLE_MOD_MODULE_PS_WIREPAYMENT_CREATE'),(584,'ROLE_MOD_MODULE_PS_WIREPAYMENT_DELETE'),(582,'ROLE_MOD_MODULE_PS_WIREPAYMENT_READ'),(583,'ROLE_MOD_MODULE_PS_WIREPAYMENT_UPDATE'),(589,'ROLE_MOD_MODULE_SEKEYWORDS_CREATE'),(592,'ROLE_MOD_MODULE_SEKEYWORDS_DELETE'),(590,'ROLE_MOD_MODULE_SEKEYWORDS_READ'),(591,'ROLE_MOD_MODULE_SEKEYWORDS_UPDATE'),(593,'ROLE_MOD_MODULE_STATSBESTCATEGORIES_CREATE'),(596,'ROLE_MOD_MODULE_STATSBESTCATEGORIES_DELETE'),(594,'ROLE_MOD_MODULE_STATSBESTCATEGORIES_READ'),(595,'ROLE_MOD_MODULE_STATSBESTCATEGORIES_UPDATE'),(597,'ROLE_MOD_MODULE_STATSBESTCUSTOMERS_CREATE'),(600,'ROLE_MOD_MODULE_STATSBESTCUSTOMERS_DELETE'),(598,'ROLE_MOD_MODULE_STATSBESTCUSTOMERS_READ'),(599,'ROLE_MOD_MODULE_STATSBESTCUSTOMERS_UPDATE'),(601,'ROLE_MOD_MODULE_STATSBESTPRODUCTS_CREATE'),(604,'ROLE_MOD_MODULE_STATSBESTPRODUCTS_DELETE'),(602,'ROLE_MOD_MODULE_STATSBESTPRODUCTS_READ'),(603,'ROLE_MOD_MODULE_STATSBESTPRODUCTS_UPDATE'),(605,'ROLE_MOD_MODULE_STATSBESTSUPPLIERS_CREATE'),(608,'ROLE_MOD_MODULE_STATSBESTSUPPLIERS_DELETE'),(606,'ROLE_MOD_MODULE_STATSBESTSUPPLIERS_READ'),(607,'ROLE_MOD_MODULE_STATSBESTSUPPLIERS_UPDATE'),(609,'ROLE_MOD_MODULE_STATSBESTVOUCHERS_CREATE'),(612,'ROLE_MOD_MODULE_STATSBESTVOUCHERS_DELETE'),(610,'ROLE_MOD_MODULE_STATSBESTVOUCHERS_READ'),(611,'ROLE_MOD_MODULE_STATSBESTVOUCHERS_UPDATE'),(613,'ROLE_MOD_MODULE_STATSCARRIER_CREATE'),(616,'ROLE_MOD_MODULE_STATSCARRIER_DELETE'),(614,'ROLE_MOD_MODULE_STATSCARRIER_READ'),(615,'ROLE_MOD_MODULE_STATSCARRIER_UPDATE'),(617,'ROLE_MOD_MODULE_STATSCATALOG_CREATE'),(620,'ROLE_MOD_MODULE_STATSCATALOG_DELETE'),(618,'ROLE_MOD_MODULE_STATSCATALOG_READ'),(619,'ROLE_MOD_MODULE_STATSCATALOG_UPDATE'),(621,'ROLE_MOD_MODULE_STATSCHECKUP_CREATE'),(624,'ROLE_MOD_MODULE_STATSCHECKUP_DELETE'),(622,'ROLE_MOD_MODULE_STATSCHECKUP_READ'),(623,'ROLE_MOD_MODULE_STATSCHECKUP_UPDATE'),(625,'ROLE_MOD_MODULE_STATSDATA_CREATE'),(628,'ROLE_MOD_MODULE_STATSDATA_DELETE'),(626,'ROLE_MOD_MODULE_STATSDATA_READ'),(627,'ROLE_MOD_MODULE_STATSDATA_UPDATE'),(629,'ROLE_MOD_MODULE_STATSEQUIPMENT_CREATE'),(632,'ROLE_MOD_MODULE_STATSEQUIPMENT_DELETE'),(630,'ROLE_MOD_MODULE_STATSEQUIPMENT_READ'),(631,'ROLE_MOD_MODULE_STATSEQUIPMENT_UPDATE'),(633,'ROLE_MOD_MODULE_STATSFORECAST_CREATE'),(636,'ROLE_MOD_MODULE_STATSFORECAST_DELETE'),(634,'ROLE_MOD_MODULE_STATSFORECAST_READ'),(635,'ROLE_MOD_MODULE_STATSFORECAST_UPDATE'),(637,'ROLE_MOD_MODULE_STATSLIVE_CREATE'),(640,'ROLE_MOD_MODULE_STATSLIVE_DELETE'),(638,'ROLE_MOD_MODULE_STATSLIVE_READ'),(639,'ROLE_MOD_MODULE_STATSLIVE_UPDATE'),(641,'ROLE_MOD_MODULE_STATSNEWSLETTER_CREATE'),(644,'ROLE_MOD_MODULE_STATSNEWSLETTER_DELETE'),(642,'ROLE_MOD_MODULE_STATSNEWSLETTER_READ'),(643,'ROLE_MOD_MODULE_STATSNEWSLETTER_UPDATE'),(645,'ROLE_MOD_MODULE_STATSORIGIN_CREATE'),(648,'ROLE_MOD_MODULE_STATSORIGIN_DELETE'),(646,'ROLE_MOD_MODULE_STATSORIGIN_READ'),(647,'ROLE_MOD_MODULE_STATSORIGIN_UPDATE'),(649,'ROLE_MOD_MODULE_STATSPERSONALINFOS_CREATE'),(652,'ROLE_MOD_MODULE_STATSPERSONALINFOS_DELETE'),(650,'ROLE_MOD_MODULE_STATSPERSONALINFOS_READ'),(651,'ROLE_MOD_MODULE_STATSPERSONALINFOS_UPDATE'),(653,'ROLE_MOD_MODULE_STATSPRODUCT_CREATE'),(656,'ROLE_MOD_MODULE_STATSPRODUCT_DELETE'),(654,'ROLE_MOD_MODULE_STATSPRODUCT_READ'),(655,'ROLE_MOD_MODULE_STATSPRODUCT_UPDATE'),(657,'ROLE_MOD_MODULE_STATSREGISTRATIONS_CREATE'),(660,'ROLE_MOD_MODULE_STATSREGISTRATIONS_DELETE'),(658,'ROLE_MOD_MODULE_STATSREGISTRATIONS_READ'),(659,'ROLE_MOD_MODULE_STATSREGISTRATIONS_UPDATE'),(661,'ROLE_MOD_MODULE_STATSSALES_CREATE'),(664,'ROLE_MOD_MODULE_STATSSALES_DELETE'),(662,'ROLE_MOD_MODULE_STATSSALES_READ'),(663,'ROLE_MOD_MODULE_STATSSALES_UPDATE'),(665,'ROLE_MOD_MODULE_STATSSEARCH_CREATE'),(668,'ROLE_MOD_MODULE_STATSSEARCH_DELETE'),(666,'ROLE_MOD_MODULE_STATSSEARCH_READ'),(667,'ROLE_MOD_MODULE_STATSSEARCH_UPDATE'),(669,'ROLE_MOD_MODULE_STATSSTOCK_CREATE'),(672,'ROLE_MOD_MODULE_STATSSTOCK_DELETE'),(670,'ROLE_MOD_MODULE_STATSSTOCK_READ'),(671,'ROLE_MOD_MODULE_STATSSTOCK_UPDATE'),(673,'ROLE_MOD_MODULE_STATSVISITS_CREATE'),(676,'ROLE_MOD_MODULE_STATSVISITS_DELETE'),(674,'ROLE_MOD_MODULE_STATSVISITS_READ'),(675,'ROLE_MOD_MODULE_STATSVISITS_UPDATE'),(677,'ROLE_MOD_MODULE_WELCOME_CREATE'),(680,'ROLE_MOD_MODULE_WELCOME_DELETE'),(678,'ROLE_MOD_MODULE_WELCOME_READ'),(679,'ROLE_MOD_MODULE_WELCOME_UPDATE'),(1,'ROLE_MOD_TAB_ADMINACCESS_CREATE'),(4,'ROLE_MOD_TAB_ADMINACCESS_DELETE'),(2,'ROLE_MOD_TAB_ADMINACCESS_READ'),(3,'ROLE_MOD_TAB_ADMINACCESS_UPDATE'),(5,'ROLE_MOD_TAB_ADMINADDONSCATALOG_CREATE'),(8,'ROLE_MOD_TAB_ADMINADDONSCATALOG_DELETE'),(6,'ROLE_MOD_TAB_ADMINADDONSCATALOG_READ'),(7,'ROLE_MOD_TAB_ADMINADDONSCATALOG_UPDATE'),(9,'ROLE_MOD_TAB_ADMINADDRESSES_CREATE'),(12,'ROLE_MOD_TAB_ADMINADDRESSES_DELETE'),(10,'ROLE_MOD_TAB_ADMINADDRESSES_READ'),(11,'ROLE_MOD_TAB_ADMINADDRESSES_UPDATE'),(13,'ROLE_MOD_TAB_ADMINADMINPREFERENCES_CREATE'),(16,'ROLE_MOD_TAB_ADMINADMINPREFERENCES_DELETE'),(14,'ROLE_MOD_TAB_ADMINADMINPREFERENCES_READ'),(15,'ROLE_MOD_TAB_ADMINADMINPREFERENCES_UPDATE'),(17,'ROLE_MOD_TAB_ADMINADVANCEDPARAMETERS_CREATE'),(20,'ROLE_MOD_TAB_ADMINADVANCEDPARAMETERS_DELETE'),(18,'ROLE_MOD_TAB_ADMINADVANCEDPARAMETERS_READ'),(19,'ROLE_MOD_TAB_ADMINADVANCEDPARAMETERS_UPDATE'),(1087,'ROLE_MOD_TAB_ADMINAJAXFAVICONBO_CREATE'),(1090,'ROLE_MOD_TAB_ADMINAJAXFAVICONBO_DELETE'),(1088,'ROLE_MOD_TAB_ADMINAJAXFAVICONBO_READ'),(1089,'ROLE_MOD_TAB_ADMINAJAXFAVICONBO_UPDATE'),(979,'ROLE_MOD_TAB_ADMINAPCARRENTALCAR_CREATE'),(982,'ROLE_MOD_TAB_ADMINAPCARRENTALCAR_DELETE'),(980,'ROLE_MOD_TAB_ADMINAPCARRENTALCAR_READ'),(981,'ROLE_MOD_TAB_ADMINAPCARRENTALCAR_UPDATE'),(963,'ROLE_MOD_TAB_ADMINAPCARRENTALMANAGEMENT_CREATE'),(966,'ROLE_MOD_TAB_ADMINAPCARRENTALMANAGEMENT_DELETE'),(964,'ROLE_MOD_TAB_ADMINAPCARRENTALMANAGEMENT_READ'),(965,'ROLE_MOD_TAB_ADMINAPCARRENTALMANAGEMENT_UPDATE'),(975,'ROLE_MOD_TAB_ADMINAPCARRENTALORDER_CREATE'),(978,'ROLE_MOD_TAB_ADMINAPCARRENTALORDER_DELETE'),(976,'ROLE_MOD_TAB_ADMINAPCARRENTALORDER_READ'),(977,'ROLE_MOD_TAB_ADMINAPCARRENTALORDER_UPDATE'),(971,'ROLE_MOD_TAB_ADMINAPCARRENTALSERVICES_CREATE'),(974,'ROLE_MOD_TAB_ADMINAPCARRENTALSERVICES_DELETE'),(972,'ROLE_MOD_TAB_ADMINAPCARRENTALSERVICES_READ'),(973,'ROLE_MOD_TAB_ADMINAPCARRENTALSERVICES_UPDATE'),(967,'ROLE_MOD_TAB_ADMINAPCARRENTALSETTINGS_CREATE'),(970,'ROLE_MOD_TAB_ADMINAPCARRENTALSETTINGS_DELETE'),(968,'ROLE_MOD_TAB_ADMINAPCARRENTALSETTINGS_READ'),(969,'ROLE_MOD_TAB_ADMINAPCARRENTALSETTINGS_UPDATE'),(1107,'ROLE_MOD_TAB_ADMINAPCARRENTALTYPE_CREATE'),(1110,'ROLE_MOD_TAB_ADMINAPCARRENTALTYPE_DELETE'),(1108,'ROLE_MOD_TAB_ADMINAPCARRENTALTYPE_READ'),(1109,'ROLE_MOD_TAB_ADMINAPCARRENTALTYPE_UPDATE'),(733,'ROLE_MOD_TAB_ADMINAPPAGEBUILDERDETAILS_CREATE'),(736,'ROLE_MOD_TAB_ADMINAPPAGEBUILDERDETAILS_DELETE'),(734,'ROLE_MOD_TAB_ADMINAPPAGEBUILDERDETAILS_READ'),(735,'ROLE_MOD_TAB_ADMINAPPAGEBUILDERDETAILS_UPDATE'),(725,'ROLE_MOD_TAB_ADMINAPPAGEBUILDERHOME_CREATE'),(728,'ROLE_MOD_TAB_ADMINAPPAGEBUILDERHOME_DELETE'),(726,'ROLE_MOD_TAB_ADMINAPPAGEBUILDERHOME_READ'),(727,'ROLE_MOD_TAB_ADMINAPPAGEBUILDERHOME_UPDATE'),(1115,'ROLE_MOD_TAB_ADMINAPPAGEBUILDERHOOK_CREATE'),(1118,'ROLE_MOD_TAB_ADMINAPPAGEBUILDERHOOK_DELETE'),(1116,'ROLE_MOD_TAB_ADMINAPPAGEBUILDERHOOK_READ'),(1117,'ROLE_MOD_TAB_ADMINAPPAGEBUILDERHOOK_UPDATE'),(753,'ROLE_MOD_TAB_ADMINAPPAGEBUILDERIMAGES_CREATE'),(756,'ROLE_MOD_TAB_ADMINAPPAGEBUILDERIMAGES_DELETE'),(754,'ROLE_MOD_TAB_ADMINAPPAGEBUILDERIMAGES_READ'),(755,'ROLE_MOD_TAB_ADMINAPPAGEBUILDERIMAGES_UPDATE'),(745,'ROLE_MOD_TAB_ADMINAPPAGEBUILDERMODULE_CREATE'),(748,'ROLE_MOD_TAB_ADMINAPPAGEBUILDERMODULE_DELETE'),(746,'ROLE_MOD_TAB_ADMINAPPAGEBUILDERMODULE_READ'),(747,'ROLE_MOD_TAB_ADMINAPPAGEBUILDERMODULE_UPDATE'),(717,'ROLE_MOD_TAB_ADMINAPPAGEBUILDERPOSITIONS_CREATE'),(720,'ROLE_MOD_TAB_ADMINAPPAGEBUILDERPOSITIONS_DELETE'),(718,'ROLE_MOD_TAB_ADMINAPPAGEBUILDERPOSITIONS_READ'),(719,'ROLE_MOD_TAB_ADMINAPPAGEBUILDERPOSITIONS_UPDATE'),(729,'ROLE_MOD_TAB_ADMINAPPAGEBUILDERPRODUCTS_CREATE'),(732,'ROLE_MOD_TAB_ADMINAPPAGEBUILDERPRODUCTS_DELETE'),(730,'ROLE_MOD_TAB_ADMINAPPAGEBUILDERPRODUCTS_READ'),(731,'ROLE_MOD_TAB_ADMINAPPAGEBUILDERPRODUCTS_UPDATE'),(713,'ROLE_MOD_TAB_ADMINAPPAGEBUILDERPROFILES_CREATE'),(716,'ROLE_MOD_TAB_ADMINAPPAGEBUILDERPROFILES_DELETE'),(714,'ROLE_MOD_TAB_ADMINAPPAGEBUILDERPROFILES_READ'),(715,'ROLE_MOD_TAB_ADMINAPPAGEBUILDERPROFILES_UPDATE'),(757,'ROLE_MOD_TAB_ADMINAPPAGEBUILDERSHORTCODES_CREATE'),(760,'ROLE_MOD_TAB_ADMINAPPAGEBUILDERSHORTCODES_DELETE'),(758,'ROLE_MOD_TAB_ADMINAPPAGEBUILDERSHORTCODES_READ'),(759,'ROLE_MOD_TAB_ADMINAPPAGEBUILDERSHORTCODES_UPDATE'),(721,'ROLE_MOD_TAB_ADMINAPPAGEBUILDERSHORTCODE_CREATE'),(724,'ROLE_MOD_TAB_ADMINAPPAGEBUILDERSHORTCODE_DELETE'),(722,'ROLE_MOD_TAB_ADMINAPPAGEBUILDERSHORTCODE_READ'),(723,'ROLE_MOD_TAB_ADMINAPPAGEBUILDERSHORTCODE_UPDATE'),(749,'ROLE_MOD_TAB_ADMINAPPAGEBUILDERTHEMECONFIGURATION_CREATE'),(752,'ROLE_MOD_TAB_ADMINAPPAGEBUILDERTHEMECONFIGURATION_DELETE'),(750,'ROLE_MOD_TAB_ADMINAPPAGEBUILDERTHEMECONFIGURATION_READ'),(751,'ROLE_MOD_TAB_ADMINAPPAGEBUILDERTHEMECONFIGURATION_UPDATE'),(741,'ROLE_MOD_TAB_ADMINAPPAGEBUILDERTHEMEEDITOR_CREATE'),(744,'ROLE_MOD_TAB_ADMINAPPAGEBUILDERTHEMEEDITOR_DELETE'),(742,'ROLE_MOD_TAB_ADMINAPPAGEBUILDERTHEMEEDITOR_READ'),(743,'ROLE_MOD_TAB_ADMINAPPAGEBUILDERTHEMEEDITOR_UPDATE'),(709,'ROLE_MOD_TAB_ADMINAPPAGEBUILDER_CREATE'),(712,'ROLE_MOD_TAB_ADMINAPPAGEBUILDER_DELETE'),(710,'ROLE_MOD_TAB_ADMINAPPAGEBUILDER_READ'),(711,'ROLE_MOD_TAB_ADMINAPPAGEBUILDER_UPDATE'),(21,'ROLE_MOD_TAB_ADMINATTACHMENTS_CREATE'),(24,'ROLE_MOD_TAB_ADMINATTACHMENTS_DELETE'),(22,'ROLE_MOD_TAB_ADMINATTACHMENTS_READ'),(23,'ROLE_MOD_TAB_ADMINATTACHMENTS_UPDATE'),(25,'ROLE_MOD_TAB_ADMINATTRIBUTESGROUPS_CREATE'),(28,'ROLE_MOD_TAB_ADMINATTRIBUTESGROUPS_DELETE'),(26,'ROLE_MOD_TAB_ADMINATTRIBUTESGROUPS_READ'),(27,'ROLE_MOD_TAB_ADMINATTRIBUTESGROUPS_UPDATE'),(29,'ROLE_MOD_TAB_ADMINBACKUP_CREATE'),(32,'ROLE_MOD_TAB_ADMINBACKUP_DELETE'),(30,'ROLE_MOD_TAB_ADMINBACKUP_READ'),(31,'ROLE_MOD_TAB_ADMINBACKUP_UPDATE'),(33,'ROLE_MOD_TAB_ADMINCARRIERS_CREATE'),(36,'ROLE_MOD_TAB_ADMINCARRIERS_DELETE'),(34,'ROLE_MOD_TAB_ADMINCARRIERS_READ'),(35,'ROLE_MOD_TAB_ADMINCARRIERS_UPDATE'),(37,'ROLE_MOD_TAB_ADMINCARTRULES_CREATE'),(40,'ROLE_MOD_TAB_ADMINCARTRULES_DELETE'),(38,'ROLE_MOD_TAB_ADMINCARTRULES_READ'),(39,'ROLE_MOD_TAB_ADMINCARTRULES_UPDATE'),(41,'ROLE_MOD_TAB_ADMINCARTS_CREATE'),(44,'ROLE_MOD_TAB_ADMINCARTS_DELETE'),(42,'ROLE_MOD_TAB_ADMINCARTS_READ'),(43,'ROLE_MOD_TAB_ADMINCARTS_UPDATE'),(45,'ROLE_MOD_TAB_ADMINCATALOG_CREATE'),(48,'ROLE_MOD_TAB_ADMINCATALOG_DELETE'),(46,'ROLE_MOD_TAB_ADMINCATALOG_READ'),(47,'ROLE_MOD_TAB_ADMINCATALOG_UPDATE'),(49,'ROLE_MOD_TAB_ADMINCATEGORIES_CREATE'),(52,'ROLE_MOD_TAB_ADMINCATEGORIES_DELETE'),(50,'ROLE_MOD_TAB_ADMINCATEGORIES_READ'),(51,'ROLE_MOD_TAB_ADMINCATEGORIES_UPDATE'),(53,'ROLE_MOD_TAB_ADMINCMSCONTENT_CREATE'),(56,'ROLE_MOD_TAB_ADMINCMSCONTENT_DELETE'),(54,'ROLE_MOD_TAB_ADMINCMSCONTENT_READ'),(55,'ROLE_MOD_TAB_ADMINCMSCONTENT_UPDATE'),(57,'ROLE_MOD_TAB_ADMINCONTACTS_CREATE'),(60,'ROLE_MOD_TAB_ADMINCONTACTS_DELETE'),(58,'ROLE_MOD_TAB_ADMINCONTACTS_READ'),(59,'ROLE_MOD_TAB_ADMINCONTACTS_UPDATE'),(61,'ROLE_MOD_TAB_ADMINCOUNTRIES_CREATE'),(64,'ROLE_MOD_TAB_ADMINCOUNTRIES_DELETE'),(62,'ROLE_MOD_TAB_ADMINCOUNTRIES_READ'),(63,'ROLE_MOD_TAB_ADMINCOUNTRIES_UPDATE'),(697,'ROLE_MOD_TAB_ADMINCRONJOBS_CREATE'),(700,'ROLE_MOD_TAB_ADMINCRONJOBS_DELETE'),(698,'ROLE_MOD_TAB_ADMINCRONJOBS_READ'),(699,'ROLE_MOD_TAB_ADMINCRONJOBS_UPDATE'),(65,'ROLE_MOD_TAB_ADMINCURRENCIES_CREATE'),(68,'ROLE_MOD_TAB_ADMINCURRENCIES_DELETE'),(66,'ROLE_MOD_TAB_ADMINCURRENCIES_READ'),(67,'ROLE_MOD_TAB_ADMINCURRENCIES_UPDATE'),(69,'ROLE_MOD_TAB_ADMINCUSTOMERPREFERENCES_CREATE'),(72,'ROLE_MOD_TAB_ADMINCUSTOMERPREFERENCES_DELETE'),(70,'ROLE_MOD_TAB_ADMINCUSTOMERPREFERENCES_READ'),(71,'ROLE_MOD_TAB_ADMINCUSTOMERPREFERENCES_UPDATE'),(73,'ROLE_MOD_TAB_ADMINCUSTOMERS_CREATE'),(76,'ROLE_MOD_TAB_ADMINCUSTOMERS_DELETE'),(74,'ROLE_MOD_TAB_ADMINCUSTOMERS_READ'),(75,'ROLE_MOD_TAB_ADMINCUSTOMERS_UPDATE'),(77,'ROLE_MOD_TAB_ADMINCUSTOMERTHREADS_CREATE'),(80,'ROLE_MOD_TAB_ADMINCUSTOMERTHREADS_DELETE'),(78,'ROLE_MOD_TAB_ADMINCUSTOMERTHREADS_READ'),(79,'ROLE_MOD_TAB_ADMINCUSTOMERTHREADS_UPDATE'),(81,'ROLE_MOD_TAB_ADMINDASHBOARD_CREATE'),(84,'ROLE_MOD_TAB_ADMINDASHBOARD_DELETE'),(82,'ROLE_MOD_TAB_ADMINDASHBOARD_READ'),(83,'ROLE_MOD_TAB_ADMINDASHBOARD_UPDATE'),(465,'ROLE_MOD_TAB_ADMINDASHGOALS_CREATE'),(468,'ROLE_MOD_TAB_ADMINDASHGOALS_DELETE'),(466,'ROLE_MOD_TAB_ADMINDASHGOALS_READ'),(467,'ROLE_MOD_TAB_ADMINDASHGOALS_UPDATE'),(85,'ROLE_MOD_TAB_ADMINDELIVERYSLIP_CREATE'),(88,'ROLE_MOD_TAB_ADMINDELIVERYSLIP_DELETE'),(86,'ROLE_MOD_TAB_ADMINDELIVERYSLIP_READ'),(87,'ROLE_MOD_TAB_ADMINDELIVERYSLIP_UPDATE'),(89,'ROLE_MOD_TAB_ADMINEMAILS_CREATE'),(92,'ROLE_MOD_TAB_ADMINEMAILS_DELETE'),(90,'ROLE_MOD_TAB_ADMINEMAILS_READ'),(91,'ROLE_MOD_TAB_ADMINEMAILS_UPDATE'),(93,'ROLE_MOD_TAB_ADMINEMPLOYEES_CREATE'),(96,'ROLE_MOD_TAB_ADMINEMPLOYEES_DELETE'),(94,'ROLE_MOD_TAB_ADMINEMPLOYEES_READ'),(95,'ROLE_MOD_TAB_ADMINEMPLOYEES_UPDATE'),(97,'ROLE_MOD_TAB_ADMINFEATURES_CREATE'),(100,'ROLE_MOD_TAB_ADMINFEATURES_DELETE'),(98,'ROLE_MOD_TAB_ADMINFEATURES_READ'),(99,'ROLE_MOD_TAB_ADMINFEATURES_UPDATE'),(685,'ROLE_MOD_TAB_ADMINGAMIFICATION_CREATE'),(688,'ROLE_MOD_TAB_ADMINGAMIFICATION_DELETE'),(686,'ROLE_MOD_TAB_ADMINGAMIFICATION_READ'),(687,'ROLE_MOD_TAB_ADMINGAMIFICATION_UPDATE'),(101,'ROLE_MOD_TAB_ADMINGENDERS_CREATE'),(104,'ROLE_MOD_TAB_ADMINGENDERS_DELETE'),(102,'ROLE_MOD_TAB_ADMINGENDERS_READ'),(103,'ROLE_MOD_TAB_ADMINGENDERS_UPDATE'),(105,'ROLE_MOD_TAB_ADMINGEOLOCATION_CREATE'),(108,'ROLE_MOD_TAB_ADMINGEOLOCATION_DELETE'),(106,'ROLE_MOD_TAB_ADMINGEOLOCATION_READ'),(107,'ROLE_MOD_TAB_ADMINGEOLOCATION_UPDATE'),(109,'ROLE_MOD_TAB_ADMINGROUPS_CREATE'),(112,'ROLE_MOD_TAB_ADMINGROUPS_DELETE'),(110,'ROLE_MOD_TAB_ADMINGROUPS_READ'),(111,'ROLE_MOD_TAB_ADMINGROUPS_UPDATE'),(113,'ROLE_MOD_TAB_ADMINIMAGES_CREATE'),(116,'ROLE_MOD_TAB_ADMINIMAGES_DELETE'),(114,'ROLE_MOD_TAB_ADMINIMAGES_READ'),(115,'ROLE_MOD_TAB_ADMINIMAGES_UPDATE'),(117,'ROLE_MOD_TAB_ADMINIMPORT_CREATE'),(120,'ROLE_MOD_TAB_ADMINIMPORT_DELETE'),(118,'ROLE_MOD_TAB_ADMINIMPORT_READ'),(119,'ROLE_MOD_TAB_ADMINIMPORT_UPDATE'),(121,'ROLE_MOD_TAB_ADMININFORMATION_CREATE'),(124,'ROLE_MOD_TAB_ADMININFORMATION_DELETE'),(122,'ROLE_MOD_TAB_ADMININFORMATION_READ'),(123,'ROLE_MOD_TAB_ADMININFORMATION_UPDATE'),(125,'ROLE_MOD_TAB_ADMININTERNATIONAL_CREATE'),(128,'ROLE_MOD_TAB_ADMININTERNATIONAL_DELETE'),(126,'ROLE_MOD_TAB_ADMININTERNATIONAL_READ'),(127,'ROLE_MOD_TAB_ADMININTERNATIONAL_UPDATE'),(129,'ROLE_MOD_TAB_ADMININVOICES_CREATE'),(132,'ROLE_MOD_TAB_ADMININVOICES_DELETE'),(130,'ROLE_MOD_TAB_ADMININVOICES_READ'),(131,'ROLE_MOD_TAB_ADMININVOICES_UPDATE'),(133,'ROLE_MOD_TAB_ADMINLANGUAGES_CREATE'),(136,'ROLE_MOD_TAB_ADMINLANGUAGES_DELETE'),(134,'ROLE_MOD_TAB_ADMINLANGUAGES_READ'),(135,'ROLE_MOD_TAB_ADMINLANGUAGES_UPDATE'),(1015,'ROLE_MOD_TAB_ADMINLEOBLOGBLOGS_CREATE'),(1018,'ROLE_MOD_TAB_ADMINLEOBLOGBLOGS_DELETE'),(1016,'ROLE_MOD_TAB_ADMINLEOBLOGBLOGS_READ'),(1017,'ROLE_MOD_TAB_ADMINLEOBLOGBLOGS_UPDATE'),(1011,'ROLE_MOD_TAB_ADMINLEOBLOGCATEGORIES_CREATE'),(1014,'ROLE_MOD_TAB_ADMINLEOBLOGCATEGORIES_DELETE'),(1012,'ROLE_MOD_TAB_ADMINLEOBLOGCATEGORIES_READ'),(1013,'ROLE_MOD_TAB_ADMINLEOBLOGCATEGORIES_UPDATE'),(1019,'ROLE_MOD_TAB_ADMINLEOBLOGCOMMENTS_CREATE'),(1022,'ROLE_MOD_TAB_ADMINLEOBLOGCOMMENTS_DELETE'),(1020,'ROLE_MOD_TAB_ADMINLEOBLOGCOMMENTS_READ'),(1021,'ROLE_MOD_TAB_ADMINLEOBLOGCOMMENTS_UPDATE'),(1007,'ROLE_MOD_TAB_ADMINLEOBLOGDASHBOARD_CREATE'),(1010,'ROLE_MOD_TAB_ADMINLEOBLOGDASHBOARD_DELETE'),(1008,'ROLE_MOD_TAB_ADMINLEOBLOGDASHBOARD_READ'),(1009,'ROLE_MOD_TAB_ADMINLEOBLOGDASHBOARD_UPDATE'),(1003,'ROLE_MOD_TAB_ADMINLEOBLOGMANAGEMENT_CREATE'),(1006,'ROLE_MOD_TAB_ADMINLEOBLOGMANAGEMENT_DELETE'),(1004,'ROLE_MOD_TAB_ADMINLEOBLOGMANAGEMENT_READ'),(1005,'ROLE_MOD_TAB_ADMINLEOBLOGMANAGEMENT_UPDATE'),(1023,'ROLE_MOD_TAB_ADMINLEOBLOGMODULE_CREATE'),(1026,'ROLE_MOD_TAB_ADMINLEOBLOGMODULE_DELETE'),(1024,'ROLE_MOD_TAB_ADMINLEOBLOGMODULE_READ'),(1025,'ROLE_MOD_TAB_ADMINLEOBLOGMODULE_UPDATE'),(801,'ROLE_MOD_TAB_ADMINLEOBOOTSTRAPMENUMODULE_CREATE'),(804,'ROLE_MOD_TAB_ADMINLEOBOOTSTRAPMENUMODULE_DELETE'),(802,'ROLE_MOD_TAB_ADMINLEOBOOTSTRAPMENUMODULE_READ'),(803,'ROLE_MOD_TAB_ADMINLEOBOOTSTRAPMENUMODULE_UPDATE'),(829,'ROLE_MOD_TAB_ADMINLEOFEATUREMANAGEMENT_CREATE'),(832,'ROLE_MOD_TAB_ADMINLEOFEATUREMANAGEMENT_DELETE'),(830,'ROLE_MOD_TAB_ADMINLEOFEATUREMANAGEMENT_READ'),(831,'ROLE_MOD_TAB_ADMINLEOFEATUREMANAGEMENT_UPDATE'),(833,'ROLE_MOD_TAB_ADMINLEOFEATUREMODULE_CREATE'),(836,'ROLE_MOD_TAB_ADMINLEOFEATUREMODULE_DELETE'),(834,'ROLE_MOD_TAB_ADMINLEOFEATUREMODULE_READ'),(835,'ROLE_MOD_TAB_ADMINLEOFEATUREMODULE_UPDATE'),(837,'ROLE_MOD_TAB_ADMINLEOFEATUREREVIEWS_CREATE'),(840,'ROLE_MOD_TAB_ADMINLEOFEATUREREVIEWS_DELETE'),(838,'ROLE_MOD_TAB_ADMINLEOFEATUREREVIEWS_READ'),(839,'ROLE_MOD_TAB_ADMINLEOFEATUREREVIEWS_UPDATE'),(845,'ROLE_MOD_TAB_ADMINLEOQUICKLOGINMODULE_CREATE'),(848,'ROLE_MOD_TAB_ADMINLEOQUICKLOGINMODULE_DELETE'),(846,'ROLE_MOD_TAB_ADMINLEOQUICKLOGINMODULE_READ'),(847,'ROLE_MOD_TAB_ADMINLEOQUICKLOGINMODULE_UPDATE'),(813,'ROLE_MOD_TAB_ADMINLEOSLIDESHOWMENUMODULE_CREATE'),(816,'ROLE_MOD_TAB_ADMINLEOSLIDESHOWMENUMODULE_DELETE'),(814,'ROLE_MOD_TAB_ADMINLEOSLIDESHOWMENUMODULE_READ'),(815,'ROLE_MOD_TAB_ADMINLEOSLIDESHOWMENUMODULE_UPDATE'),(809,'ROLE_MOD_TAB_ADMINLEOSLIDESHOW_CREATE'),(812,'ROLE_MOD_TAB_ADMINLEOSLIDESHOW_DELETE'),(810,'ROLE_MOD_TAB_ADMINLEOSLIDESHOW_READ'),(811,'ROLE_MOD_TAB_ADMINLEOSLIDESHOW_UPDATE'),(805,'ROLE_MOD_TAB_ADMINLEOWIDGETS_CREATE'),(808,'ROLE_MOD_TAB_ADMINLEOWIDGETS_DELETE'),(806,'ROLE_MOD_TAB_ADMINLEOWIDGETS_READ'),(807,'ROLE_MOD_TAB_ADMINLEOWIDGETS_UPDATE'),(137,'ROLE_MOD_TAB_ADMINLINKWIDGET_CREATE'),(140,'ROLE_MOD_TAB_ADMINLINKWIDGET_DELETE'),(138,'ROLE_MOD_TAB_ADMINLINKWIDGET_READ'),(139,'ROLE_MOD_TAB_ADMINLINKWIDGET_UPDATE'),(141,'ROLE_MOD_TAB_ADMINLOCALIZATION_CREATE'),(144,'ROLE_MOD_TAB_ADMINLOCALIZATION_DELETE'),(142,'ROLE_MOD_TAB_ADMINLOCALIZATION_READ'),(143,'ROLE_MOD_TAB_ADMINLOCALIZATION_UPDATE'),(145,'ROLE_MOD_TAB_ADMINLOGS_CREATE'),(148,'ROLE_MOD_TAB_ADMINLOGS_DELETE'),(146,'ROLE_MOD_TAB_ADMINLOGS_READ'),(147,'ROLE_MOD_TAB_ADMINLOGS_UPDATE'),(1051,'ROLE_MOD_TAB_ADMINMAILTHEMEPARENT_CREATE'),(1054,'ROLE_MOD_TAB_ADMINMAILTHEMEPARENT_DELETE'),(1052,'ROLE_MOD_TAB_ADMINMAILTHEMEPARENT_READ'),(1053,'ROLE_MOD_TAB_ADMINMAILTHEMEPARENT_UPDATE'),(1055,'ROLE_MOD_TAB_ADMINMAILTHEME_CREATE'),(1058,'ROLE_MOD_TAB_ADMINMAILTHEME_DELETE'),(1056,'ROLE_MOD_TAB_ADMINMAILTHEME_READ'),(1057,'ROLE_MOD_TAB_ADMINMAILTHEME_UPDATE'),(149,'ROLE_MOD_TAB_ADMINMAINTENANCE_CREATE'),(152,'ROLE_MOD_TAB_ADMINMAINTENANCE_DELETE'),(150,'ROLE_MOD_TAB_ADMINMAINTENANCE_READ'),(151,'ROLE_MOD_TAB_ADMINMAINTENANCE_UPDATE'),(153,'ROLE_MOD_TAB_ADMINMANUFACTURERS_CREATE'),(156,'ROLE_MOD_TAB_ADMINMANUFACTURERS_DELETE'),(154,'ROLE_MOD_TAB_ADMINMANUFACTURERS_READ'),(155,'ROLE_MOD_TAB_ADMINMANUFACTURERS_UPDATE'),(157,'ROLE_MOD_TAB_ADMINMETA_CREATE'),(160,'ROLE_MOD_TAB_ADMINMETA_DELETE'),(158,'ROLE_MOD_TAB_ADMINMETA_READ'),(159,'ROLE_MOD_TAB_ADMINMETA_UPDATE'),(1071,'ROLE_MOD_TAB_ADMINMODULESCATALOG_CREATE'),(1074,'ROLE_MOD_TAB_ADMINMODULESCATALOG_DELETE'),(1072,'ROLE_MOD_TAB_ADMINMODULESCATALOG_READ'),(1073,'ROLE_MOD_TAB_ADMINMODULESCATALOG_UPDATE'),(1067,'ROLE_MOD_TAB_ADMINMODULESMANAGE_CREATE'),(1070,'ROLE_MOD_TAB_ADMINMODULESMANAGE_DELETE'),(1068,'ROLE_MOD_TAB_ADMINMODULESMANAGE_READ'),(1069,'ROLE_MOD_TAB_ADMINMODULESMANAGE_UPDATE'),(1063,'ROLE_MOD_TAB_ADMINMODULESNOTIFICATIONS_CREATE'),(1066,'ROLE_MOD_TAB_ADMINMODULESNOTIFICATIONS_DELETE'),(1064,'ROLE_MOD_TAB_ADMINMODULESNOTIFICATIONS_READ'),(1065,'ROLE_MOD_TAB_ADMINMODULESNOTIFICATIONS_UPDATE'),(165,'ROLE_MOD_TAB_ADMINMODULESPOSITIONS_CREATE'),(168,'ROLE_MOD_TAB_ADMINMODULESPOSITIONS_DELETE'),(166,'ROLE_MOD_TAB_ADMINMODULESPOSITIONS_READ'),(167,'ROLE_MOD_TAB_ADMINMODULESPOSITIONS_UPDATE'),(169,'ROLE_MOD_TAB_ADMINMODULESSF_CREATE'),(172,'ROLE_MOD_TAB_ADMINMODULESSF_DELETE'),(170,'ROLE_MOD_TAB_ADMINMODULESSF_READ'),(171,'ROLE_MOD_TAB_ADMINMODULESSF_UPDATE'),(1031,'ROLE_MOD_TAB_ADMINMODULESUPDATES_CREATE'),(1034,'ROLE_MOD_TAB_ADMINMODULESUPDATES_DELETE'),(1032,'ROLE_MOD_TAB_ADMINMODULESUPDATES_READ'),(1033,'ROLE_MOD_TAB_ADMINMODULESUPDATES_UPDATE'),(161,'ROLE_MOD_TAB_ADMINMODULES_CREATE'),(164,'ROLE_MOD_TAB_ADMINMODULES_DELETE'),(162,'ROLE_MOD_TAB_ADMINMODULES_READ'),(163,'ROLE_MOD_TAB_ADMINMODULES_UPDATE'),(173,'ROLE_MOD_TAB_ADMINORDERMESSAGE_CREATE'),(176,'ROLE_MOD_TAB_ADMINORDERMESSAGE_DELETE'),(174,'ROLE_MOD_TAB_ADMINORDERMESSAGE_READ'),(175,'ROLE_MOD_TAB_ADMINORDERMESSAGE_UPDATE'),(177,'ROLE_MOD_TAB_ADMINORDERPREFERENCES_CREATE'),(180,'ROLE_MOD_TAB_ADMINORDERPREFERENCES_DELETE'),(178,'ROLE_MOD_TAB_ADMINORDERPREFERENCES_READ'),(179,'ROLE_MOD_TAB_ADMINORDERPREFERENCES_UPDATE'),(181,'ROLE_MOD_TAB_ADMINORDERS_CREATE'),(184,'ROLE_MOD_TAB_ADMINORDERS_DELETE'),(182,'ROLE_MOD_TAB_ADMINORDERS_READ'),(183,'ROLE_MOD_TAB_ADMINORDERS_UPDATE'),(185,'ROLE_MOD_TAB_ADMINOUTSTANDING_CREATE'),(188,'ROLE_MOD_TAB_ADMINOUTSTANDING_DELETE'),(186,'ROLE_MOD_TAB_ADMINOUTSTANDING_READ'),(187,'ROLE_MOD_TAB_ADMINOUTSTANDING_UPDATE'),(189,'ROLE_MOD_TAB_ADMINPARENTATTRIBUTESGROUPS_CREATE'),(192,'ROLE_MOD_TAB_ADMINPARENTATTRIBUTESGROUPS_DELETE'),(190,'ROLE_MOD_TAB_ADMINPARENTATTRIBUTESGROUPS_READ'),(191,'ROLE_MOD_TAB_ADMINPARENTATTRIBUTESGROUPS_UPDATE'),(193,'ROLE_MOD_TAB_ADMINPARENTCARTRULES_CREATE'),(196,'ROLE_MOD_TAB_ADMINPARENTCARTRULES_DELETE'),(194,'ROLE_MOD_TAB_ADMINPARENTCARTRULES_READ'),(195,'ROLE_MOD_TAB_ADMINPARENTCARTRULES_UPDATE'),(197,'ROLE_MOD_TAB_ADMINPARENTCOUNTRIES_CREATE'),(200,'ROLE_MOD_TAB_ADMINPARENTCOUNTRIES_DELETE'),(198,'ROLE_MOD_TAB_ADMINPARENTCOUNTRIES_READ'),(199,'ROLE_MOD_TAB_ADMINPARENTCOUNTRIES_UPDATE'),(205,'ROLE_MOD_TAB_ADMINPARENTCUSTOMERPREFERENCES_CREATE'),(208,'ROLE_MOD_TAB_ADMINPARENTCUSTOMERPREFERENCES_DELETE'),(206,'ROLE_MOD_TAB_ADMINPARENTCUSTOMERPREFERENCES_READ'),(207,'ROLE_MOD_TAB_ADMINPARENTCUSTOMERPREFERENCES_UPDATE'),(209,'ROLE_MOD_TAB_ADMINPARENTCUSTOMERTHREADS_CREATE'),(212,'ROLE_MOD_TAB_ADMINPARENTCUSTOMERTHREADS_DELETE'),(210,'ROLE_MOD_TAB_ADMINPARENTCUSTOMERTHREADS_READ'),(211,'ROLE_MOD_TAB_ADMINPARENTCUSTOMERTHREADS_UPDATE'),(201,'ROLE_MOD_TAB_ADMINPARENTCUSTOMER_CREATE'),(204,'ROLE_MOD_TAB_ADMINPARENTCUSTOMER_DELETE'),(202,'ROLE_MOD_TAB_ADMINPARENTCUSTOMER_READ'),(203,'ROLE_MOD_TAB_ADMINPARENTCUSTOMER_UPDATE'),(213,'ROLE_MOD_TAB_ADMINPARENTEMPLOYEES_CREATE'),(216,'ROLE_MOD_TAB_ADMINPARENTEMPLOYEES_DELETE'),(214,'ROLE_MOD_TAB_ADMINPARENTEMPLOYEES_READ'),(215,'ROLE_MOD_TAB_ADMINPARENTEMPLOYEES_UPDATE'),(217,'ROLE_MOD_TAB_ADMINPARENTLOCALIZATION_CREATE'),(220,'ROLE_MOD_TAB_ADMINPARENTLOCALIZATION_DELETE'),(218,'ROLE_MOD_TAB_ADMINPARENTLOCALIZATION_READ'),(219,'ROLE_MOD_TAB_ADMINPARENTLOCALIZATION_UPDATE'),(1103,'ROLE_MOD_TAB_ADMINPARENTMAILTHEME_CREATE'),(1106,'ROLE_MOD_TAB_ADMINPARENTMAILTHEME_DELETE'),(1104,'ROLE_MOD_TAB_ADMINPARENTMAILTHEME_READ'),(1105,'ROLE_MOD_TAB_ADMINPARENTMAILTHEME_UPDATE'),(221,'ROLE_MOD_TAB_ADMINPARENTMANUFACTURERS_CREATE'),(224,'ROLE_MOD_TAB_ADMINPARENTMANUFACTURERS_DELETE'),(222,'ROLE_MOD_TAB_ADMINPARENTMANUFACTURERS_READ'),(223,'ROLE_MOD_TAB_ADMINPARENTMANUFACTURERS_UPDATE'),(229,'ROLE_MOD_TAB_ADMINPARENTMETA_CREATE'),(232,'ROLE_MOD_TAB_ADMINPARENTMETA_DELETE'),(230,'ROLE_MOD_TAB_ADMINPARENTMETA_READ'),(231,'ROLE_MOD_TAB_ADMINPARENTMETA_UPDATE'),(1035,'ROLE_MOD_TAB_ADMINPARENTMODULESCATALOG_CREATE'),(1038,'ROLE_MOD_TAB_ADMINPARENTMODULESCATALOG_DELETE'),(1036,'ROLE_MOD_TAB_ADMINPARENTMODULESCATALOG_READ'),(1037,'ROLE_MOD_TAB_ADMINPARENTMODULESCATALOG_UPDATE'),(225,'ROLE_MOD_TAB_ADMINPARENTMODULESSF_CREATE'),(228,'ROLE_MOD_TAB_ADMINPARENTMODULESSF_DELETE'),(226,'ROLE_MOD_TAB_ADMINPARENTMODULESSF_READ'),(227,'ROLE_MOD_TAB_ADMINPARENTMODULESSF_UPDATE'),(233,'ROLE_MOD_TAB_ADMINPARENTMODULES_CREATE'),(236,'ROLE_MOD_TAB_ADMINPARENTMODULES_DELETE'),(234,'ROLE_MOD_TAB_ADMINPARENTMODULES_READ'),(235,'ROLE_MOD_TAB_ADMINPARENTMODULES_UPDATE'),(237,'ROLE_MOD_TAB_ADMINPARENTORDERPREFERENCES_CREATE'),(240,'ROLE_MOD_TAB_ADMINPARENTORDERPREFERENCES_DELETE'),(238,'ROLE_MOD_TAB_ADMINPARENTORDERPREFERENCES_READ'),(239,'ROLE_MOD_TAB_ADMINPARENTORDERPREFERENCES_UPDATE'),(241,'ROLE_MOD_TAB_ADMINPARENTORDERS_CREATE'),(244,'ROLE_MOD_TAB_ADMINPARENTORDERS_DELETE'),(242,'ROLE_MOD_TAB_ADMINPARENTORDERS_READ'),(243,'ROLE_MOD_TAB_ADMINPARENTORDERS_UPDATE'),(245,'ROLE_MOD_TAB_ADMINPARENTPAYMENT_CREATE'),(248,'ROLE_MOD_TAB_ADMINPARENTPAYMENT_DELETE'),(246,'ROLE_MOD_TAB_ADMINPARENTPAYMENT_READ'),(247,'ROLE_MOD_TAB_ADMINPARENTPAYMENT_UPDATE'),(249,'ROLE_MOD_TAB_ADMINPARENTPREFERENCES_CREATE'),(252,'ROLE_MOD_TAB_ADMINPARENTPREFERENCES_DELETE'),(250,'ROLE_MOD_TAB_ADMINPARENTPREFERENCES_READ'),(251,'ROLE_MOD_TAB_ADMINPARENTPREFERENCES_UPDATE'),(253,'ROLE_MOD_TAB_ADMINPARENTREQUESTSQL_CREATE'),(256,'ROLE_MOD_TAB_ADMINPARENTREQUESTSQL_DELETE'),(254,'ROLE_MOD_TAB_ADMINPARENTREQUESTSQL_READ'),(255,'ROLE_MOD_TAB_ADMINPARENTREQUESTSQL_UPDATE'),(257,'ROLE_MOD_TAB_ADMINPARENTSEARCHCONF_CREATE'),(260,'ROLE_MOD_TAB_ADMINPARENTSEARCHCONF_DELETE'),(258,'ROLE_MOD_TAB_ADMINPARENTSEARCHCONF_READ'),(259,'ROLE_MOD_TAB_ADMINPARENTSEARCHCONF_UPDATE'),(261,'ROLE_MOD_TAB_ADMINPARENTSHIPPING_CREATE'),(264,'ROLE_MOD_TAB_ADMINPARENTSHIPPING_DELETE'),(262,'ROLE_MOD_TAB_ADMINPARENTSHIPPING_READ'),(263,'ROLE_MOD_TAB_ADMINPARENTSHIPPING_UPDATE'),(265,'ROLE_MOD_TAB_ADMINPARENTSTOCKMANAGEMENT_CREATE'),(268,'ROLE_MOD_TAB_ADMINPARENTSTOCKMANAGEMENT_DELETE'),(266,'ROLE_MOD_TAB_ADMINPARENTSTOCKMANAGEMENT_READ'),(267,'ROLE_MOD_TAB_ADMINPARENTSTOCKMANAGEMENT_UPDATE'),(269,'ROLE_MOD_TAB_ADMINPARENTSTORES_CREATE'),(272,'ROLE_MOD_TAB_ADMINPARENTSTORES_DELETE'),(270,'ROLE_MOD_TAB_ADMINPARENTSTORES_READ'),(271,'ROLE_MOD_TAB_ADMINPARENTSTORES_UPDATE'),(273,'ROLE_MOD_TAB_ADMINPARENTTAXES_CREATE'),(276,'ROLE_MOD_TAB_ADMINPARENTTAXES_DELETE'),(274,'ROLE_MOD_TAB_ADMINPARENTTAXES_READ'),(275,'ROLE_MOD_TAB_ADMINPARENTTAXES_UPDATE'),(277,'ROLE_MOD_TAB_ADMINPARENTTHEMES_CREATE'),(280,'ROLE_MOD_TAB_ADMINPARENTTHEMES_DELETE'),(278,'ROLE_MOD_TAB_ADMINPARENTTHEMES_READ'),(279,'ROLE_MOD_TAB_ADMINPARENTTHEMES_UPDATE'),(285,'ROLE_MOD_TAB_ADMINPAYMENTPREFERENCES_CREATE'),(288,'ROLE_MOD_TAB_ADMINPAYMENTPREFERENCES_DELETE'),(286,'ROLE_MOD_TAB_ADMINPAYMENTPREFERENCES_READ'),(287,'ROLE_MOD_TAB_ADMINPAYMENTPREFERENCES_UPDATE'),(281,'ROLE_MOD_TAB_ADMINPAYMENT_CREATE'),(284,'ROLE_MOD_TAB_ADMINPAYMENT_DELETE'),(282,'ROLE_MOD_TAB_ADMINPAYMENT_READ'),(283,'ROLE_MOD_TAB_ADMINPAYMENT_UPDATE'),(289,'ROLE_MOD_TAB_ADMINPERFORMANCE_CREATE'),(292,'ROLE_MOD_TAB_ADMINPERFORMANCE_DELETE'),(290,'ROLE_MOD_TAB_ADMINPERFORMANCE_READ'),(291,'ROLE_MOD_TAB_ADMINPERFORMANCE_UPDATE'),(293,'ROLE_MOD_TAB_ADMINPPREFERENCES_CREATE'),(296,'ROLE_MOD_TAB_ADMINPPREFERENCES_DELETE'),(294,'ROLE_MOD_TAB_ADMINPPREFERENCES_READ'),(295,'ROLE_MOD_TAB_ADMINPPREFERENCES_UPDATE'),(297,'ROLE_MOD_TAB_ADMINPREFERENCES_CREATE'),(300,'ROLE_MOD_TAB_ADMINPREFERENCES_DELETE'),(298,'ROLE_MOD_TAB_ADMINPREFERENCES_READ'),(299,'ROLE_MOD_TAB_ADMINPREFERENCES_UPDATE'),(301,'ROLE_MOD_TAB_ADMINPRODUCTS_CREATE'),(304,'ROLE_MOD_TAB_ADMINPRODUCTS_DELETE'),(302,'ROLE_MOD_TAB_ADMINPRODUCTS_READ'),(303,'ROLE_MOD_TAB_ADMINPRODUCTS_UPDATE'),(305,'ROLE_MOD_TAB_ADMINPROFILES_CREATE'),(308,'ROLE_MOD_TAB_ADMINPROFILES_DELETE'),(306,'ROLE_MOD_TAB_ADMINPROFILES_READ'),(307,'ROLE_MOD_TAB_ADMINPROFILES_UPDATE'),(577,'ROLE_MOD_TAB_ADMINPSTHEMECUSTOADVANCED_CREATE'),(580,'ROLE_MOD_TAB_ADMINPSTHEMECUSTOADVANCED_DELETE'),(578,'ROLE_MOD_TAB_ADMINPSTHEMECUSTOADVANCED_READ'),(579,'ROLE_MOD_TAB_ADMINPSTHEMECUSTOADVANCED_UPDATE'),(573,'ROLE_MOD_TAB_ADMINPSTHEMECUSTOCONFIGURATION_CREATE'),(576,'ROLE_MOD_TAB_ADMINPSTHEMECUSTOCONFIGURATION_DELETE'),(574,'ROLE_MOD_TAB_ADMINPSTHEMECUSTOCONFIGURATION_READ'),(575,'ROLE_MOD_TAB_ADMINPSTHEMECUSTOCONFIGURATION_UPDATE'),(309,'ROLE_MOD_TAB_ADMINREFERRERS_CREATE'),(312,'ROLE_MOD_TAB_ADMINREFERRERS_DELETE'),(310,'ROLE_MOD_TAB_ADMINREFERRERS_READ'),(311,'ROLE_MOD_TAB_ADMINREFERRERS_UPDATE'),(313,'ROLE_MOD_TAB_ADMINREQUESTSQL_CREATE'),(316,'ROLE_MOD_TAB_ADMINREQUESTSQL_DELETE'),(314,'ROLE_MOD_TAB_ADMINREQUESTSQL_READ'),(315,'ROLE_MOD_TAB_ADMINREQUESTSQL_UPDATE'),(317,'ROLE_MOD_TAB_ADMINRETURN_CREATE'),(320,'ROLE_MOD_TAB_ADMINRETURN_DELETE'),(318,'ROLE_MOD_TAB_ADMINRETURN_READ'),(319,'ROLE_MOD_TAB_ADMINRETURN_UPDATE'),(321,'ROLE_MOD_TAB_ADMINSEARCHCONF_CREATE'),(324,'ROLE_MOD_TAB_ADMINSEARCHCONF_DELETE'),(322,'ROLE_MOD_TAB_ADMINSEARCHCONF_READ'),(323,'ROLE_MOD_TAB_ADMINSEARCHCONF_UPDATE'),(325,'ROLE_MOD_TAB_ADMINSEARCHENGINES_CREATE'),(328,'ROLE_MOD_TAB_ADMINSEARCHENGINES_DELETE'),(326,'ROLE_MOD_TAB_ADMINSEARCHENGINES_READ'),(327,'ROLE_MOD_TAB_ADMINSEARCHENGINES_UPDATE'),(329,'ROLE_MOD_TAB_ADMINSHIPPING_CREATE'),(332,'ROLE_MOD_TAB_ADMINSHIPPING_DELETE'),(330,'ROLE_MOD_TAB_ADMINSHIPPING_READ'),(331,'ROLE_MOD_TAB_ADMINSHIPPING_UPDATE'),(333,'ROLE_MOD_TAB_ADMINSHOPGROUP_CREATE'),(336,'ROLE_MOD_TAB_ADMINSHOPGROUP_DELETE'),(334,'ROLE_MOD_TAB_ADMINSHOPGROUP_READ'),(335,'ROLE_MOD_TAB_ADMINSHOPGROUP_UPDATE'),(337,'ROLE_MOD_TAB_ADMINSHOPURL_CREATE'),(340,'ROLE_MOD_TAB_ADMINSHOPURL_DELETE'),(338,'ROLE_MOD_TAB_ADMINSHOPURL_READ'),(339,'ROLE_MOD_TAB_ADMINSHOPURL_UPDATE'),(341,'ROLE_MOD_TAB_ADMINSLIP_CREATE'),(344,'ROLE_MOD_TAB_ADMINSLIP_DELETE'),(342,'ROLE_MOD_TAB_ADMINSLIP_READ'),(343,'ROLE_MOD_TAB_ADMINSLIP_UPDATE'),(345,'ROLE_MOD_TAB_ADMINSPECIFICPRICERULE_CREATE'),(348,'ROLE_MOD_TAB_ADMINSPECIFICPRICERULE_DELETE'),(346,'ROLE_MOD_TAB_ADMINSPECIFICPRICERULE_READ'),(347,'ROLE_MOD_TAB_ADMINSPECIFICPRICERULE_UPDATE'),(349,'ROLE_MOD_TAB_ADMINSTATES_CREATE'),(352,'ROLE_MOD_TAB_ADMINSTATES_DELETE'),(350,'ROLE_MOD_TAB_ADMINSTATES_READ'),(351,'ROLE_MOD_TAB_ADMINSTATES_UPDATE'),(353,'ROLE_MOD_TAB_ADMINSTATS_CREATE'),(356,'ROLE_MOD_TAB_ADMINSTATS_DELETE'),(354,'ROLE_MOD_TAB_ADMINSTATS_READ'),(355,'ROLE_MOD_TAB_ADMINSTATS_UPDATE'),(357,'ROLE_MOD_TAB_ADMINSTATUSES_CREATE'),(360,'ROLE_MOD_TAB_ADMINSTATUSES_DELETE'),(358,'ROLE_MOD_TAB_ADMINSTATUSES_READ'),(359,'ROLE_MOD_TAB_ADMINSTATUSES_UPDATE'),(365,'ROLE_MOD_TAB_ADMINSTOCKCONFIGURATION_CREATE'),(368,'ROLE_MOD_TAB_ADMINSTOCKCONFIGURATION_DELETE'),(366,'ROLE_MOD_TAB_ADMINSTOCKCONFIGURATION_READ'),(367,'ROLE_MOD_TAB_ADMINSTOCKCONFIGURATION_UPDATE'),(369,'ROLE_MOD_TAB_ADMINSTOCKCOVER_CREATE'),(372,'ROLE_MOD_TAB_ADMINSTOCKCOVER_DELETE'),(370,'ROLE_MOD_TAB_ADMINSTOCKCOVER_READ'),(371,'ROLE_MOD_TAB_ADMINSTOCKCOVER_UPDATE'),(373,'ROLE_MOD_TAB_ADMINSTOCKINSTANTSTATE_CREATE'),(376,'ROLE_MOD_TAB_ADMINSTOCKINSTANTSTATE_DELETE'),(374,'ROLE_MOD_TAB_ADMINSTOCKINSTANTSTATE_READ'),(375,'ROLE_MOD_TAB_ADMINSTOCKINSTANTSTATE_UPDATE'),(377,'ROLE_MOD_TAB_ADMINSTOCKMANAGEMENT_CREATE'),(380,'ROLE_MOD_TAB_ADMINSTOCKMANAGEMENT_DELETE'),(378,'ROLE_MOD_TAB_ADMINSTOCKMANAGEMENT_READ'),(379,'ROLE_MOD_TAB_ADMINSTOCKMANAGEMENT_UPDATE'),(381,'ROLE_MOD_TAB_ADMINSTOCKMVT_CREATE'),(384,'ROLE_MOD_TAB_ADMINSTOCKMVT_DELETE'),(382,'ROLE_MOD_TAB_ADMINSTOCKMVT_READ'),(383,'ROLE_MOD_TAB_ADMINSTOCKMVT_UPDATE'),(361,'ROLE_MOD_TAB_ADMINSTOCK_CREATE'),(364,'ROLE_MOD_TAB_ADMINSTOCK_DELETE'),(362,'ROLE_MOD_TAB_ADMINSTOCK_READ'),(363,'ROLE_MOD_TAB_ADMINSTOCK_UPDATE'),(385,'ROLE_MOD_TAB_ADMINSTORES_CREATE'),(388,'ROLE_MOD_TAB_ADMINSTORES_DELETE'),(386,'ROLE_MOD_TAB_ADMINSTORES_READ'),(387,'ROLE_MOD_TAB_ADMINSTORES_UPDATE'),(389,'ROLE_MOD_TAB_ADMINSUPPLIERS_CREATE'),(392,'ROLE_MOD_TAB_ADMINSUPPLIERS_DELETE'),(390,'ROLE_MOD_TAB_ADMINSUPPLIERS_READ'),(391,'ROLE_MOD_TAB_ADMINSUPPLIERS_UPDATE'),(393,'ROLE_MOD_TAB_ADMINSUPPLYORDERS_CREATE'),(396,'ROLE_MOD_TAB_ADMINSUPPLYORDERS_DELETE'),(394,'ROLE_MOD_TAB_ADMINSUPPLYORDERS_READ'),(395,'ROLE_MOD_TAB_ADMINSUPPLYORDERS_UPDATE'),(397,'ROLE_MOD_TAB_ADMINTAGS_CREATE'),(400,'ROLE_MOD_TAB_ADMINTAGS_DELETE'),(398,'ROLE_MOD_TAB_ADMINTAGS_READ'),(399,'ROLE_MOD_TAB_ADMINTAGS_UPDATE'),(401,'ROLE_MOD_TAB_ADMINTAXES_CREATE'),(404,'ROLE_MOD_TAB_ADMINTAXES_DELETE'),(402,'ROLE_MOD_TAB_ADMINTAXES_READ'),(403,'ROLE_MOD_TAB_ADMINTAXES_UPDATE'),(405,'ROLE_MOD_TAB_ADMINTAXRULESGROUP_CREATE'),(408,'ROLE_MOD_TAB_ADMINTAXRULESGROUP_DELETE'),(406,'ROLE_MOD_TAB_ADMINTAXRULESGROUP_READ'),(407,'ROLE_MOD_TAB_ADMINTAXRULESGROUP_UPDATE'),(413,'ROLE_MOD_TAB_ADMINTHEMESCATALOG_CREATE'),(416,'ROLE_MOD_TAB_ADMINTHEMESCATALOG_DELETE'),(414,'ROLE_MOD_TAB_ADMINTHEMESCATALOG_READ'),(415,'ROLE_MOD_TAB_ADMINTHEMESCATALOG_UPDATE'),(569,'ROLE_MOD_TAB_ADMINTHEMESPARENT_CREATE'),(572,'ROLE_MOD_TAB_ADMINTHEMESPARENT_DELETE'),(570,'ROLE_MOD_TAB_ADMINTHEMESPARENT_READ'),(571,'ROLE_MOD_TAB_ADMINTHEMESPARENT_UPDATE'),(409,'ROLE_MOD_TAB_ADMINTHEMES_CREATE'),(412,'ROLE_MOD_TAB_ADMINTHEMES_DELETE'),(410,'ROLE_MOD_TAB_ADMINTHEMES_READ'),(411,'ROLE_MOD_TAB_ADMINTHEMES_UPDATE'),(417,'ROLE_MOD_TAB_ADMINTRACKING_CREATE'),(420,'ROLE_MOD_TAB_ADMINTRACKING_DELETE'),(418,'ROLE_MOD_TAB_ADMINTRACKING_READ'),(419,'ROLE_MOD_TAB_ADMINTRACKING_UPDATE'),(421,'ROLE_MOD_TAB_ADMINTRANSLATIONS_CREATE'),(424,'ROLE_MOD_TAB_ADMINTRANSLATIONS_DELETE'),(422,'ROLE_MOD_TAB_ADMINTRANSLATIONS_READ'),(423,'ROLE_MOD_TAB_ADMINTRANSLATIONS_UPDATE'),(425,'ROLE_MOD_TAB_ADMINWAREHOUSES_CREATE'),(428,'ROLE_MOD_TAB_ADMINWAREHOUSES_DELETE'),(426,'ROLE_MOD_TAB_ADMINWAREHOUSES_READ'),(427,'ROLE_MOD_TAB_ADMINWAREHOUSES_UPDATE'),(429,'ROLE_MOD_TAB_ADMINWEBSERVICE_CREATE'),(432,'ROLE_MOD_TAB_ADMINWEBSERVICE_DELETE'),(430,'ROLE_MOD_TAB_ADMINWEBSERVICE_READ'),(431,'ROLE_MOD_TAB_ADMINWEBSERVICE_UPDATE'),(681,'ROLE_MOD_TAB_ADMINWELCOME_CREATE'),(684,'ROLE_MOD_TAB_ADMINWELCOME_DELETE'),(682,'ROLE_MOD_TAB_ADMINWELCOME_READ'),(683,'ROLE_MOD_TAB_ADMINWELCOME_UPDATE'),(433,'ROLE_MOD_TAB_ADMINZONES_CREATE'),(436,'ROLE_MOD_TAB_ADMINZONES_DELETE'),(434,'ROLE_MOD_TAB_ADMINZONES_READ'),(435,'ROLE_MOD_TAB_ADMINZONES_UPDATE'),(437,'ROLE_MOD_TAB_CONFIGURE_CREATE'),(440,'ROLE_MOD_TAB_CONFIGURE_DELETE'),(438,'ROLE_MOD_TAB_CONFIGURE_READ'),(439,'ROLE_MOD_TAB_CONFIGURE_UPDATE'),(441,'ROLE_MOD_TAB_IMPROVE_CREATE'),(444,'ROLE_MOD_TAB_IMPROVE_DELETE'),(442,'ROLE_MOD_TAB_IMPROVE_READ'),(443,'ROLE_MOD_TAB_IMPROVE_UPDATE'),(445,'ROLE_MOD_TAB_SELL_CREATE'),(448,'ROLE_MOD_TAB_SELL_DELETE'),(446,'ROLE_MOD_TAB_SELL_READ'),(447,'ROLE_MOD_TAB_SELL_UPDATE'),(449,'ROLE_MOD_TAB_SHOPPARAMETERS_CREATE'),(452,'ROLE_MOD_TAB_SHOPPARAMETERS_DELETE'),(450,'ROLE_MOD_TAB_SHOPPARAMETERS_READ'),(451,'ROLE_MOD_TAB_SHOPPARAMETERS_UPDATE');

--
-- Table structure for table `ps_badge`
--

CREATE TABLE `ps_badge` (
  `id_badge` int(11) NOT NULL AUTO_INCREMENT,
  `id_ps_badge` int(11) NOT NULL,
  `type` varchar(32) NOT NULL,
  `id_group` int(11) NOT NULL,
  `group_position` int(11) NOT NULL,
  `scoring` int(11) NOT NULL,
  `awb` int(11) DEFAULT 0,
  `validated` tinyint(1) unsigned NOT NULL DEFAULT 0,
  PRIMARY KEY (`id_badge`)
) ENGINE=InnoDB AUTO_INCREMENT=235 DEFAULT CHARSET=utf8;

--
-- Dumping data for table `ps_badge`
--

INSERT INTO `ps_badge` VALUES (1,159,'feature',41,1,5,1,0),(2,160,'feature',41,2,10,1,0),(3,161,'feature',41,3,15,1,0),(4,162,'feature',41,4,20,1,0),(5,163,'feature',41,1,5,1,0),(6,164,'feature',41,2,10,1,0),(7,165,'feature',41,3,15,1,0),(8,166,'feature',41,4,20,1,0),(9,195,'feature',41,1,5,1,0),(10,196,'feature',41,2,10,1,0),(11,229,'feature',41,1,5,1,0),(12,230,'feature',41,2,10,1,0),(13,231,'feature',41,3,15,1,0),(14,232,'feature',41,4,20,1,0),(15,233,'feature',41,1,5,1,0),(16,234,'feature',41,2,10,1,0),(17,235,'feature',41,3,15,1,0),(18,236,'feature',41,4,20,1,0),(19,241,'feature',41,1,5,1,0),(20,242,'feature',41,2,10,1,0),(21,243,'feature',41,3,15,1,0),(22,244,'feature',41,4,20,1,0),(23,249,'feature',41,1,5,1,0),(24,250,'feature',41,2,10,1,0),(25,251,'feature',41,3,15,1,0),(26,252,'feature',41,4,20,1,0),(27,253,'feature',41,1,5,1,0),(28,254,'feature',41,2,10,1,0),(29,255,'feature',41,3,15,1,0),(30,256,'feature',41,4,20,1,0),(31,261,'feature',41,1,5,1,0),(32,262,'feature',41,2,10,1,0),(33,269,'feature',41,1,5,1,0),(34,270,'feature',41,2,10,1,0),(35,271,'feature',41,3,15,1,0),(36,272,'feature',41,4,20,1,0),(37,273,'feature',41,1,5,1,0),(38,274,'feature',41,2,10,1,0),(39,275,'feature',41,3,15,1,0),(40,276,'feature',41,4,20,1,0),(41,277,'feature',41,1,5,1,0),(42,278,'feature',41,2,10,1,0),(43,279,'feature',41,3,15,1,0),(44,280,'feature',41,4,20,1,0),(45,281,'feature',41,1,5,1,0),(46,282,'feature',41,2,10,1,0),(47,283,'feature',41,3,15,1,0),(48,284,'feature',41,4,20,1,0),(49,285,'feature',41,1,5,1,0),(50,286,'feature',41,2,10,1,0),(51,287,'feature',41,3,15,1,0),(52,288,'feature',41,4,20,1,0),(53,289,'feature',41,1,5,1,0),(54,290,'feature',41,2,10,1,0),(55,291,'feature',41,3,15,1,0),(56,292,'feature',41,4,20,1,0),(57,293,'feature',41,1,5,1,0),(58,294,'feature',41,2,10,1,0),(59,295,'feature',41,3,15,1,0),(60,296,'feature',41,4,20,1,0),(61,297,'feature',41,1,5,1,0),(62,298,'feature',41,2,10,1,0),(63,299,'feature',41,3,15,1,0),(64,300,'feature',41,4,20,1,0),(65,301,'feature',41,1,5,1,0),(66,302,'feature',41,2,10,1,0),(67,303,'feature',41,3,15,1,0),(68,304,'feature',41,4,20,1,0),(69,305,'feature',41,1,5,1,0),(70,306,'feature',41,2,10,1,0),(71,307,'feature',41,3,15,1,0),(72,308,'feature',41,4,20,1,0),(73,309,'feature',41,1,5,1,0),(74,310,'feature',41,2,10,1,0),(75,311,'feature',41,3,15,1,0),(76,312,'feature',41,4,20,1,0),(77,313,'feature',41,1,5,1,0),(78,314,'feature',41,2,10,1,0),(79,315,'feature',41,3,15,1,0),(80,316,'feature',41,4,20,1,0),(81,317,'feature',41,1,5,1,0),(82,318,'feature',41,2,10,1,0),(83,319,'feature',41,3,15,1,0),(84,320,'feature',41,4,20,1,0),(85,321,'feature',41,1,5,1,0),(86,322,'feature',41,2,10,1,0),(87,323,'feature',41,3,15,1,0),(88,324,'feature',41,4,20,1,0),(89,325,'feature',41,1,5,1,0),(90,326,'feature',41,2,10,1,0),(91,327,'feature',41,3,15,1,0),(92,328,'feature',41,4,20,1,0),(93,329,'feature',41,1,5,1,0),(94,330,'feature',41,2,10,1,0),(95,331,'feature',41,3,15,1,0),(96,332,'feature',41,4,20,1,0),(97,333,'feature',41,1,5,1,0),(98,334,'feature',41,2,10,1,0),(99,335,'feature',41,3,15,1,0),(100,336,'feature',41,4,20,1,0),(101,337,'feature',41,1,5,1,0),(102,338,'feature',41,2,10,1,0),(103,339,'feature',41,3,15,1,0),(104,340,'feature',41,4,20,1,0),(105,341,'feature',41,1,5,1,0),(106,342,'feature',41,2,10,1,0),(107,343,'feature',41,3,15,1,0),(108,344,'feature',41,4,20,1,0),(109,345,'feature',41,1,5,1,0),(110,346,'feature',41,2,10,1,0),(111,347,'feature',41,3,15,1,0),(112,348,'feature',41,4,20,1,0),(113,349,'feature',41,1,5,1,0),(114,350,'feature',41,2,10,1,0),(115,351,'feature',41,3,15,1,0),(116,352,'feature',41,4,20,1,0),(117,353,'feature',41,1,5,1,0),(118,354,'feature',41,2,10,1,0),(119,355,'feature',41,3,15,1,0),(120,356,'feature',41,4,20,1,0),(121,357,'feature',41,1,5,1,0),(122,358,'feature',41,2,10,1,0),(123,359,'feature',41,3,15,1,0),(124,360,'feature',41,4,20,1,0),(125,1,'feature',1,1,10,0,1),(126,2,'feature',2,1,10,0,0),(127,3,'feature',2,2,15,0,0),(128,4,'feature',3,1,15,0,0),(129,5,'feature',3,2,15,0,0),(130,6,'feature',4,1,15,0,0),(131,7,'feature',4,2,15,0,0),(132,8,'feature',5,1,5,0,0),(133,9,'feature',5,2,10,0,0),(134,10,'feature',6,1,15,0,1),(135,11,'feature',6,2,10,0,0),(136,12,'feature',6,3,10,0,0),(137,13,'feature',5,3,10,0,0),(138,14,'feature',5,4,15,0,0),(139,15,'feature',5,5,20,0,0),(140,16,'feature',5,6,20,0,0),(141,17,'achievement',7,1,5,0,1),(142,18,'achievement',7,2,10,0,1),(143,19,'feature',8,1,15,0,1),(144,20,'feature',8,2,15,0,0),(145,21,'feature',9,1,15,0,0),(146,22,'feature',10,1,10,0,0),(147,23,'feature',10,2,10,0,0),(148,24,'feature',10,3,10,0,0),(149,25,'feature',10,4,10,0,0),(150,26,'feature',10,5,10,0,0),(151,27,'feature',4,3,10,0,0),(152,28,'feature',3,3,10,0,0),(153,29,'achievement',11,1,5,0,0),(154,30,'achievement',11,2,10,0,0),(155,31,'achievement',11,3,15,0,0),(156,32,'achievement',11,4,20,0,0),(157,33,'achievement',11,5,25,0,0),(158,34,'achievement',11,6,30,0,0),(159,35,'achievement',7,3,15,0,1),(160,36,'achievement',7,4,20,0,0),(161,37,'achievement',7,5,25,0,0),(162,38,'achievement',7,6,30,0,0),(163,39,'achievement',12,1,5,0,1),(164,40,'achievement',12,2,10,0,0),(165,41,'achievement',12,3,15,0,0),(166,42,'achievement',12,4,20,0,0),(167,43,'achievement',12,5,25,0,0),(168,44,'achievement',12,6,30,0,0),(169,45,'achievement',13,1,5,0,1),(170,46,'achievement',13,2,10,0,0),(171,47,'achievement',13,3,15,0,0),(172,48,'achievement',13,4,20,0,0),(173,49,'achievement',13,5,25,0,0),(174,50,'achievement',13,6,30,0,0),(175,51,'achievement',14,1,5,0,0),(176,52,'achievement',14,2,10,0,0),(177,53,'achievement',14,3,15,0,0),(178,54,'achievement',14,4,20,0,0),(179,55,'achievement',14,5,25,0,0),(180,56,'achievement',14,6,30,0,0),(181,57,'achievement',15,1,5,0,0),(182,58,'achievement',15,2,10,0,0),(183,59,'achievement',15,3,15,0,0),(184,60,'achievement',15,4,20,0,0),(185,61,'achievement',15,5,25,0,0),(186,62,'achievement',15,6,30,0,0),(187,63,'achievement',16,1,5,0,1),(188,64,'achievement',16,2,10,0,0),(189,65,'achievement',16,3,15,0,0),(190,66,'achievement',16,4,20,0,0),(191,67,'achievement',16,5,25,0,0),(192,68,'achievement',16,6,30,0,0),(193,74,'international',22,1,10,0,0),(194,75,'international',23,1,10,0,0),(195,83,'international',31,1,10,0,0),(196,84,'international',25,1,10,0,0),(197,85,'international',32,1,10,0,0),(198,86,'international',33,1,10,0,0),(199,87,'international',34,1,10,0,0),(200,88,'feature',35,1,5,0,0),(201,89,'feature',35,2,10,0,0),(202,90,'feature',35,3,10,0,0),(203,91,'feature',35,4,10,0,0),(204,92,'feature',35,5,10,0,0),(205,93,'feature',35,6,10,0,0),(206,94,'feature',36,1,5,0,1),(207,95,'feature',36,2,5,0,0),(208,96,'feature',36,3,10,0,0),(209,97,'feature',36,4,10,0,0),(210,98,'feature',36,5,20,0,0),(211,99,'feature',36,6,20,0,0),(212,100,'feature',8,3,15,0,1),(213,101,'achievement',37,1,5,0,0),(214,102,'achievement',37,2,5,0,0),(215,103,'achievement',37,3,10,0,0),(216,104,'achievement',37,4,10,0,0),(217,105,'achievement',37,5,15,0,0),(218,106,'achievement',37,6,15,0,0),(219,107,'achievement',38,1,10,0,0),(220,108,'achievement',38,2,10,0,0),(221,109,'achievement',38,3,15,0,0),(222,110,'achievement',38,4,20,0,0),(223,111,'achievement',38,5,25,0,0),(224,112,'achievement',38,6,30,0,0),(225,113,'achievement',39,1,10,0,0),(226,114,'achievement',39,2,20,0,0),(227,115,'achievement',39,3,30,0,0),(228,116,'achievement',39,4,40,0,0),(229,117,'achievement',39,5,50,0,0),(230,118,'achievement',39,6,50,0,0),(231,119,'feature',40,1,10,0,0),(232,120,'feature',40,2,15,0,0),(233,121,'feature',40,3,20,0,0),(234,122,'feature',40,4,25,0,0);

--
-- Table structure for table `ps_badge_lang`
--

CREATE TABLE `ps_badge_lang` (
  `id_badge` int(11) NOT NULL,
  `id_lang` int(11) NOT NULL,
  `name` varchar(64) DEFAULT NULL,
  `description` varchar(255) DEFAULT NULL,
  `group_name` varchar(255) DEFAULT NULL,
  PRIMARY KEY (`id_badge`,`id_lang`)
) ENGINE=InnoDB DEFAULT CHARSET=utf8;

--
-- Dumping data for table `ps_badge_lang`
--

INSERT INTO `ps_badge_lang` VALUES (1,1,'Shopgate installed','You have installed the Shopgate module','Partners'),(1,2,'Shopgate installed','You have installed the Shopgate module','Partners'),(1,3,'Shopgate installed','You have installed the Shopgate module','Partners'),(1,4,'Shopgate installed','You have installed the Shopgate module','Partners'),(1,5,'Shopgate installed','You have installed the Shopgate module','Partners'),(1,6,'Shopgate installed','You have installed the Shopgate module','Partners'),(2,1,'Shopgate configured','You have configured the Shopgate module','Partners'),(2,2,'Shopgate configured','You have configured the Shopgate module','Partners'),(2,3,'Shopgate configured','You have configured the Shopgate module','Partners'),(2,4,'Shopgate configured','You have configured the Shopgate module','Partners'),(2,5,'Shopgate configured','You have configured the Shopgate module','Partners'),(2,6,'Shopgate configured','You have configured the Shopgate module','Partners'),(3,1,'Shopgate active','Your Shopgate module is active','Partners'),(3,2,'Shopgate active','Your Shopgate module is active','Partners'),(3,3,'Shopgate active','Your Shopgate module is active','Partners'),(3,4,'Shopgate active','Your Shopgate module is active','Partners'),(3,5,'Shopgate active','Your Shopgate module is active','Partners'),(3,6,'Shopgate active','Your Shopgate module is active','Partners'),(4,1,'Shopgate very active','Your Shopgate module is very active','Partners'),(4,2,'Shopgate very active','Your Shopgate module is very active','Partners'),(4,3,'Shopgate very active','Your Shopgate module is very active','Partners'),(4,4,'Shopgate very active','Your Shopgate module is very active','Partners'),(4,5,'Shopgate very active','Your Shopgate module is very active','Partners'),(4,6,'Shopgate very active','Your Shopgate module is very active','Partners'),(5,1,'Skrill installed','You have installed the Skrill module','Partners'),(5,2,'Skrill installed','You have installed the Skrill module','Partners'),(5,3,'Skrill installed','You have installed the Skrill module','Partners'),(5,4,'Skrill installed','You have installed the Skrill module','Partners'),(5,5,'Skrill installed','You have installed the Skrill module','Partners'),(5,6,'Skrill installed','You have installed the Skrill module','Partners'),(6,1,'Skrill configured','You have configured the Skrill module','Partners'),(6,2,'Skrill configured','You have configured the Skrill module','Partners'),(6,3,'Skrill configured','You have configured the Skrill module','Partners'),(6,4,'Skrill configured','You have configured the Skrill module','Partners'),(6,5,'Skrill configured','You have configured the Skrill module','Partners'),(6,6,'Skrill configured','You have configured the Skrill module','Partners'),(7,1,'Skrill active','Your Skrill module is active','Partners'),(7,2,'Skrill active','Your Skrill module is active','Partners'),(7,3,'Skrill active','Your Skrill module is active','Partners'),(7,4,'Skrill active','Your Skrill module is active','Partners'),(7,5,'Skrill active','Your Skrill module is active','Partners'),(7,6,'Skrill active','Your Skrill module is active','Partners'),(8,1,'Skrill very active','Your Skrill module is very active','Partners'),(8,2,'Skrill very active','Your Skrill module is very active','Partners'),(8,3,'Skrill very active','Your Skrill module is very active','Partners'),(8,4,'Skrill very active','Your Skrill module is very active','Partners'),(8,5,'Skrill very active','Your Skrill module is very active','Partners'),(8,6,'Skrill very active','Your Skrill module is very active','Partners'),(9,1,'Shopping Feed installed','You have installed the Shopping Feed module','Partners'),(9,2,'Shopping Feed installed','You have installed the Shopping Feed module','Partners'),(9,3,'Shopping Feed installed','You have installed the Shopping Feed module','Partners'),(9,4,'Shopping Feed installed','You have installed the Shopping Feed module','Partners'),(9,5,'Shopping Feed installed','You have installed the Shopping Feed module','Partners'),(9,6,'Shopping Feed installed','You have installed the Shopping Feed module','Partners'),(10,1,'Shopping Feed configured','You have configured the Shopping Feed module','Partners'),(10,2,'Shopping Feed configured','You have configured the Shopping Feed module','Partners'),(10,3,'Shopping Feed configured','You have configured the Shopping Feed module','Partners'),(10,4,'Shopping Feed configured','You have configured the Shopping Feed module','Partners'),(10,5,'Shopping Feed configured','You have configured the Shopping Feed module','Partners'),(10,6,'Shopping Feed configured','You have configured the Shopping Feed module','Partners'),(11,1,'Alliance Payment installed','You have installed the Alliance Payment module','Partners'),(11,2,'Alliance Payment installed','You have installed the Alliance Payment module','Partners'),(11,3,'Alliance Payment installed','You have installed the Alliance Payment module','Partners'),(11,4,'Alliance Payment installed','You have installed the Alliance Payment module','Partners'),(11,5,'Alliance Payment installed','You have installed the Alliance Payment module','Partners'),(11,6,'Alliance Payment installed','You have installed the Alliance Payment module','Partners'),(12,1,'Alliance Payment configured','You have configured the Alliance Payment module','Partners'),(12,2,'Alliance Payment configured','You have configured the Alliance Payment module','Partners'),(12,3,'Alliance Payment configured','You have configured the Alliance Payment module','Partners'),(12,4,'Alliance Payment configured','You have configured the Alliance Payment module','Partners'),(12,5,'Alliance Payment configured','You have configured the Alliance Payment module','Partners'),(12,6,'Alliance Payment configured','You have configured the Alliance Payment module','Partners'),(13,1,'Alliance Payment active','Your Alliance Payment module is active','Partners'),(13,2,'Alliance Payment active','Your Alliance Payment module is active','Partners'),(13,3,'Alliance Payment active','Your Alliance Payment module is active','Partners'),(13,4,'Alliance Payment active','Your Alliance Payment module is active','Partners'),(13,5,'Alliance Payment active','Your Alliance Payment module is active','Partners'),(13,6,'Alliance Payment active','Your Alliance Payment module is active','Partners'),(14,1,'Alliance Payment very active','Your Alliance Payment module is very active','Partners'),(14,2,'Alliance Payment very active','Your Alliance Payment module is very active','Partners'),(14,3,'Alliance Payment very active','Your Alliance Payment module is very active','Partners'),(14,4,'Alliance Payment very active','Your Alliance Payment module is very active','Partners'),(14,5,'Alliance Payment very active','Your Alliance Payment module is very active','Partners'),(14,6,'Alliance Payment very active','Your Alliance Payment module is very active','Partners'),(15,1,'Authorize Aim installed','You have installed the Authorize Aim module','Partners'),(15,2,'Authorize Aim installed','You have installed the Authorize Aim module','Partners'),(15,3,'Authorize Aim installed','You have installed the Authorize Aim module','Partners'),(15,4,'Authorize Aim installed','You have installed the Authorize Aim module','Partners'),(15,5,'Authorize Aim installed','You have installed the Authorize Aim module','Partners'),(15,6,'Authorize Aim installed','You have installed the Authorize Aim module','Partners'),(16,1,'Authorize Aim configured','You have configured the Authorize Aim module','Partners'),(16,2,'Authorize Aim configured','You have configured the Authorize Aim module','Partners'),(16,3,'Authorize Aim configured','You have configured the Authorize Aim module','Partners'),(16,4,'Authorize Aim configured','You have configured the Authorize Aim module','Partners'),(16,5,'Authorize Aim configured','You have configured the Authorize Aim module','Partners'),(16,6,'Authorize Aim configured','You have configured the Authorize Aim module','Partners'),(17,1,'Authorize Aim active','Your Authorize Aim module is active','Partners'),(17,2,'Authorize Aim active','Your Authorize Aim module is active','Partners'),(17,3,'Authorize Aim active','Your Authorize Aim module is active','Partners'),(17,4,'Authorize Aim active','Your Authorize Aim module is active','Partners'),(17,5,'Authorize Aim active','Your Authorize Aim module is active','Partners'),(17,6,'Authorize Aim active','Your Authorize Aim module is active','Partners'),(18,1,'Authorize Aim very active','Your Authorize Aim module is very active','Partners'),(18,2,'Authorize Aim very active','Your Authorize Aim module is very active','Partners'),(18,3,'Authorize Aim very active','Your Authorize Aim module is very active','Partners'),(18,4,'Authorize Aim very active','Your Authorize Aim module is very active','Partners'),(18,5,'Authorize Aim very active','Your Authorize Aim module is very active','Partners'),(18,6,'Authorize Aim very active','Your Authorize Aim module is very active','Partners'),(19,1,'Blue Pay installed','You have installed the Blue Pay module','Partners'),(19,2,'Blue Pay installed','You have installed the Blue Pay module','Partners'),(19,3,'Blue Pay installed','You have installed the Blue Pay module','Partners'),(19,4,'Blue Pay installed','You have installed the Blue Pay module','Partners'),(19,5,'Blue Pay installed','You have installed the Blue Pay module','Partners'),(19,6,'Blue Pay installed','You have installed the Blue Pay module','Partners'),(20,1,'Blue Pay configured','You have configured the Blue Pay module','Partners'),(20,2,'Blue Pay configured','You have configured the Blue Pay module','Partners'),(20,3,'Blue Pay configured','You have configured the Blue Pay module','Partners'),(20,4,'Blue Pay configured','You have configured the Blue Pay module','Partners'),(20,5,'Blue Pay configured','You have configured the Blue Pay module','Partners'),(20,6,'Blue Pay configured','You have configured the Blue Pay module','Partners'),(21,1,'Blue Pay active','Your Blue Pay module is active','Partners'),(21,2,'Blue Pay active','Your Blue Pay module is active','Partners'),(21,3,'Blue Pay active','Your Blue Pay module is active','Partners'),(21,4,'Blue Pay active','Your Blue Pay module is active','Partners'),(21,5,'Blue Pay active','Your Blue Pay module is active','Partners'),(21,6,'Blue Pay active','Your Blue Pay module is active','Partners'),(22,1,'Blue Pay very active','Your Blue Pay module is very active','Partners'),(22,2,'Blue Pay very active','Your Blue Pay module is very active','Partners'),(22,3,'Blue Pay very active','Your Blue Pay module is very active','Partners'),(22,4,'Blue Pay very active','Your Blue Pay module is very active','Partners'),(22,5,'Blue Pay very active','Your Blue Pay module is very active','Partners'),(22,6,'Blue Pay very active','Your Blue Pay module is very active','Partners'),(23,1,'Ebay installed','You have installed the Ebay module','Partners'),(23,2,'Ebay installed','You have installed the Ebay module','Partners'),(23,3,'Ebay installed','You have installed the Ebay module','Partners'),(23,4,'Ebay installed','You have installed the Ebay module','Partners'),(23,5,'Ebay installed','You have installed the Ebay module','Partners'),(23,6,'Ebay installed','You have installed the Ebay module','Partners'),(24,1,'Ebay configured','You have configured the Ebay module','Partners'),(24,2,'Ebay configured','You have configured the Ebay module','Partners'),(24,3,'Ebay configured','You have configured the Ebay module','Partners'),(24,4,'Ebay configured','You have configured the Ebay module','Partners'),(24,5,'Ebay configured','You have configured the Ebay module','Partners'),(24,6,'Ebay configured','You have configured the Ebay module','Partners'),(25,1,'Ebay active','Your Ebay module is active','Partners'),(25,2,'Ebay active','Your Ebay module is active','Partners'),(25,3,'Ebay active','Your Ebay module is active','Partners'),(25,4,'Ebay active','Your Ebay module is active','Partners'),(25,5,'Ebay active','Your Ebay module is active','Partners'),(25,6,'Ebay active','Your Ebay module is active','Partners'),(26,1,'Ebay very active','Your Ebay module is very active','Partners'),(26,2,'Ebay very active','Your Ebay module is very active','Partners'),(26,3,'Ebay very active','Your Ebay module is very active','Partners'),(26,4,'Ebay very active','Your Ebay module is very active','Partners'),(26,5,'Ebay very active','Your Ebay module is very active','Partners'),(26,6,'Ebay very active','Your Ebay module is very active','Partners'),(27,1,'PayPlug installed','You have installed the PayPlug module','Partners'),(27,2,'PayPlug installed','You have installed the PayPlug module','Partners'),(27,3,'PayPlug installed','You have installed the PayPlug module','Partners'),(27,4,'PayPlug installed','You have installed the PayPlug module','Partners'),(27,5,'PayPlug installed','You have installed the PayPlug module','Partners'),(27,6,'PayPlug installed','You have installed the PayPlug module','Partners'),(28,1,'PayPlug configured','You have configured the PayPlug module','Partners'),(28,2,'PayPlug configured','You have configured the PayPlug module','Partners'),(28,3,'PayPlug configured','You have configured the PayPlug module','Partners'),(28,4,'PayPlug configured','You have configured the PayPlug module','Partners'),(28,5,'PayPlug configured','You have configured the PayPlug module','Partners'),(28,6,'PayPlug configured','You have configured the PayPlug module','Partners'),(29,1,'PayPlug active','Your PayPlug module is active','Partners'),(29,2,'PayPlug active','Your PayPlug module is active','Partners'),(29,3,'PayPlug active','Your PayPlug module is active','Partners'),(29,4,'PayPlug active','Your PayPlug module is active','Partners'),(29,5,'PayPlug active','Your PayPlug module is active','Partners'),(29,6,'PayPlug active','Your PayPlug module is active','Partners'),(30,1,'PayPlug very active','Your PayPlug module is very active','Partners'),(30,2,'PayPlug very active','Your PayPlug module is very active','Partners'),(30,3,'PayPlug very active','Your PayPlug module is very active','Partners'),(30,4,'PayPlug very active','Your PayPlug module is very active','Partners'),(30,5,'PayPlug very active','Your PayPlug module is very active','Partners'),(30,6,'PayPlug very active','Your PayPlug module is very active','Partners'),(31,1,'Affinity Items installed','You have installed the Affinity Items module','Partners'),(31,2,'Affinity Items installed','You have installed the Affinity Items module','Partners'),(31,3,'Affinity Items installed','You have installed the Affinity Items module','Partners'),(31,4,'Affinity Items installed','You have installed the Affinity Items module','Partners'),(31,5,'Affinity Items installed','You have installed the Affinity Items module','Partners'),(31,6,'Affinity Items installed','You have installed the Affinity Items module','Partners'),(32,1,'Affinity Items configured','You have configured the Affinity Items module','Partners'),(32,2,'Affinity Items configured','You have configured the Affinity Items module','Partners'),(32,3,'Affinity Items configured','You have configured the Affinity Items module','Partners'),(32,4,'Affinity Items configured','You have configured the Affinity Items module','Partners'),(32,5,'Affinity Items configured','You have configured the Affinity Items module','Partners'),(32,6,'Affinity Items configured','You have configured the Affinity Items module','Partners'),(33,1,'DPD Poland installed','You have installed the DPD Poland module','Partners'),(33,2,'DPD Poland installed','You have installed the DPD Poland module','Partners'),(33,3,'DPD Poland installed','You have installed the DPD Poland module','Partners'),(33,4,'DPD Poland installed','You have installed the DPD Poland module','Partners'),(33,5,'DPD Poland installed','You have installed the DPD Poland module','Partners'),(33,6,'DPD Poland installed','You have installed the DPD Poland module','Partners'),(34,1,'DPD Poland configured','You have configured the DPD Poland module','Partners'),(34,2,'DPD Poland configured','You have configured the DPD Poland module','Partners'),(34,3,'DPD Poland configured','You have configured the DPD Poland module','Partners'),(34,4,'DPD Poland configured','You have configured the DPD Poland module','Partners'),(34,5,'DPD Poland configured','You have configured the DPD Poland module','Partners'),(34,6,'DPD Poland configured','You have configured the DPD Poland module','Partners'),(35,1,'DPD Poland active','Your DPD Poland module is active','Partners'),(35,2,'DPD Poland active','Your DPD Poland module is active','Partners'),(35,3,'DPD Poland active','Your DPD Poland module is active','Partners'),(35,4,'DPD Poland active','Your DPD Poland module is active','Partners'),(35,5,'DPD Poland active','Your DPD Poland module is active','Partners'),(35,6,'DPD Poland active','Your DPD Poland module is active','Partners'),(36,1,'DPD Poland very active','Your DPD Poland module is very active','Partners'),(36,2,'DPD Poland very active','Your DPD Poland module is very active','Partners'),(36,3,'DPD Poland very active','Your DPD Poland module is very active','Partners'),(36,4,'DPD Poland very active','Your DPD Poland module is very active','Partners'),(36,5,'DPD Poland very active','Your DPD Poland module is very active','Partners'),(36,6,'DPD Poland very active','Your DPD Poland module is very active','Partners'),(37,1,'Envoimoinscher installed','You have installed the Envoimoinscher module','Partners'),(37,2,'Envoimoinscher installed','You have installed the Envoimoinscher module','Partners'),(37,3,'Envoimoinscher installed','You have installed the Envoimoinscher module','Partners'),(37,4,'Envoimoinscher installed','You have installed the Envoimoinscher module','Partners'),(37,5,'Envoimoinscher installed','You have installed the Envoimoinscher module','Partners'),(37,6,'Envoimoinscher installed','You have installed the Envoimoinscher module','Partners'),(38,1,'Envoimoinscher configured','You have configured the Envoimoinscher module','Partners'),(38,2,'Envoimoinscher configured','You have configured the Envoimoinscher module','Partners'),(38,3,'Envoimoinscher configured','You have configured the Envoimoinscher module','Partners'),(38,4,'Envoimoinscher configured','You have configured the Envoimoinscher module','Partners'),(38,5,'Envoimoinscher configured','You have configured the Envoimoinscher module','Partners'),(38,6,'Envoimoinscher configured','You have configured the Envoimoinscher module','Partners'),(39,1,'Envoimoinscher active','Your Envoimoinscher module is active','Partners'),(39,2,'Envoimoinscher active','Your Envoimoinscher module is active','Partners'),(39,3,'Envoimoinscher active','Your Envoimoinscher module is active','Partners'),(39,4,'Envoimoinscher active','Your Envoimoinscher module is active','Partners'),(39,5,'Envoimoinscher active','Your Envoimoinscher module is active','Partners'),(39,6,'Envoimoinscher active','Your Envoimoinscher module is active','Partners'),(40,1,'Envoimoinscher very active','Your Envoimoinscher module is very active','Partners'),(40,2,'Envoimoinscher very active','Your Envoimoinscher module is very active','Partners'),(40,3,'Envoimoinscher very active','Your Envoimoinscher module is very active','Partners'),(40,4,'Envoimoinscher very active','Your Envoimoinscher module is very active','Partners'),(40,5,'Envoimoinscher very active','Your Envoimoinscher module is very active','Partners'),(40,6,'Envoimoinscher very active','Your Envoimoinscher module is very active','Partners'),(41,1,'Klik&Pay installed','You have installed the Klik&Pay module','Partners'),(41,2,'Klik&Pay installed','You have installed the Klik&Pay module','Partners'),(41,3,'Klik&Pay installed','You have installed the Klik&Pay module','Partners'),(41,4,'Klik&Pay installed','You have installed the Klik&Pay module','Partners'),(41,5,'Klik&Pay installed','You have installed the Klik&Pay module','Partners'),(41,6,'Klik&Pay installed','You have installed the Klik&Pay module','Partners'),(42,1,'Klik&Pay configured','You have configured the Klik&Pay module','Partners'),(42,2,'Klik&Pay configured','You have configured the Klik&Pay module','Partners'),(42,3,'Klik&Pay configured','You have configured the Klik&Pay module','Partners'),(42,4,'Klik&Pay configured','You have configured the Klik&Pay module','Partners'),(42,5,'Klik&Pay configured','You have configured the Klik&Pay module','Partners'),(42,6,'Klik&Pay configured','You have configured the Klik&Pay module','Partners'),(43,1,'Klik&Pay active','Your Klik&Pay module is active','Partners'),(43,2,'Klik&Pay active','Your Klik&Pay module is active','Partners'),(43,3,'Klik&Pay active','Your Klik&Pay module is active','Partners'),(43,4,'Klik&Pay active','Your Klik&Pay module is active','Partners'),(43,5,'Klik&Pay active','Your Klik&Pay module is active','Partners'),(43,6,'Klik&Pay active','Your Klik&Pay module is active','Partners'),(44,1,'Klik&Pay very active','Your Klik&Pay module is very active','Partners'),(44,2,'Klik&Pay very active','Your Klik&Pay module is very active','Partners'),(44,3,'Klik&Pay very active','Your Klik&Pay module is very active','Partners'),(44,4,'Klik&Pay very active','Your Klik&Pay module is very active','Partners'),(44,5,'Klik&Pay very active','Your Klik&Pay module is very active','Partners'),(44,6,'Klik&Pay very active','Your Klik&Pay module is very active','Partners'),(45,1,'Clickline installed','You have installed the Clickline module','Partners'),(45,2,'Clickline installed','You have installed the Clickline module','Partners'),(45,3,'Clickline installed','You have installed the Clickline module','Partners'),(45,4,'Clickline installed','You have installed the Clickline module','Partners'),(45,5,'Clickline installed','You have installed the Clickline module','Partners'),(45,6,'Clickline installed','You have installed the Clickline module','Partners'),(46,1,'Clickline configured','You have configured the Clickline module','Partners'),(46,2,'Clickline configured','You have configured the Clickline module','Partners'),(46,3,'Clickline configured','You have configured the Clickline module','Partners'),(46,4,'Clickline configured','You have configured the Clickline module','Partners'),(46,5,'Clickline configured','You have configured the Clickline module','Partners'),(46,6,'Clickline configured','You have configured the Clickline module','Partners'),(47,1,'Clickline active','Your Clickline module is active','Partners'),(47,2,'Clickline active','Your Clickline module is active','Partners'),(47,3,'Clickline active','Your Clickline module is active','Partners'),(47,4,'Clickline active','Your Clickline module is active','Partners'),(47,5,'Clickline active','Your Clickline module is active','Partners'),(47,6,'Clickline active','Your Clickline module is active','Partners'),(48,1,'Clickline very active','Your Clickline module is very active','Partners'),(48,2,'Clickline very active','Your Clickline module is very active','Partners'),(48,3,'Clickline very active','Your Clickline module is very active','Partners'),(48,4,'Clickline very active','Your Clickline module is very active','Partners'),(48,5,'Clickline very active','Your Clickline module is very active','Partners'),(48,6,'Clickline very active','Your Clickline module is very active','Partners'),(49,1,'CDiscount installed','You have installed the CDiscount module','Partners'),(49,2,'CDiscount installed','You have installed the CDiscount module','Partners'),(49,3,'CDiscount installed','You have installed the CDiscount module','Partners'),(49,4,'CDiscount installed','You have installed the CDiscount module','Partners'),(49,5,'CDiscount installed','You have installed the CDiscount module','Partners'),(49,6,'CDiscount installed','You have installed the CDiscount module','Partners'),(50,1,'CDiscount configured','You have configured the CDiscount module','Partners'),(50,2,'CDiscount configured','You have configured the CDiscount module','Partners'),(50,3,'CDiscount configured','You have configured the CDiscount module','Partners'),(50,4,'CDiscount configured','You have configured the CDiscount module','Partners'),(50,5,'CDiscount configured','You have configured the CDiscount module','Partners'),(50,6,'CDiscount configured','You have configured the CDiscount module','Partners'),(51,1,'CDiscount active','Your CDiscount module is active','Partners'),(51,2,'CDiscount active','Your CDiscount module is active','Partners'),(51,3,'CDiscount active','Your CDiscount module is active','Partners'),(51,4,'CDiscount active','Your CDiscount module is active','Partners'),(51,5,'CDiscount active','Your CDiscount module is active','Partners'),(51,6,'CDiscount active','Your CDiscount module is active','Partners'),(52,1,'CDiscount very active','Your CDiscount module is very active','Partners'),(52,2,'CDiscount very active','Your CDiscount module is very active','Partners'),(52,3,'CDiscount very active','Your CDiscount module is very active','Partners'),(52,4,'CDiscount very active','Your CDiscount module is very active','Partners'),(52,5,'CDiscount very active','Your CDiscount module is very active','Partners'),(52,6,'CDiscount very active','Your CDiscount module is very active','Partners'),(53,1,'illicoPresta installed','You have installed the illicoPresta module','Partners'),(53,2,'illicoPresta installed','You have installed the illicoPresta module','Partners'),(53,3,'illicoPresta installed','You have installed the illicoPresta module','Partners'),(53,4,'illicoPresta installed','You have installed the illicoPresta module','Partners'),(53,5,'illicoPresta installed','You have installed the illicoPresta module','Partners'),(53,6,'illicoPresta installed','You have installed the illicoPresta module','Partners'),(54,1,'illicoPresta configured','You have configured the illicoPresta module','Partners'),(54,2,'illicoPresta configured','You have configured the illicoPresta module','Partners'),(54,3,'illicoPresta configured','You have configured the illicoPresta module','Partners'),(54,4,'illicoPresta configured','You have configured the illicoPresta module','Partners'),(54,5,'illicoPresta configured','You have configured the illicoPresta module','Partners'),(54,6,'illicoPresta configured','You have configured the illicoPresta module','Partners'),(55,1,'illicoPresta active','Your illicoPresta module is active','Partners'),(55,2,'illicoPresta active','Your illicoPresta module is active','Partners'),(55,3,'illicoPresta active','Your illicoPresta module is active','Partners'),(55,4,'illicoPresta active','Your illicoPresta module is active','Partners'),(55,5,'illicoPresta active','Your illicoPresta module is active','Partners'),(55,6,'illicoPresta active','Your illicoPresta module is active','Partners'),(56,1,'illicoPresta very active','Your illicoPresta module is very active','Partners'),(56,2,'illicoPresta very active','Your illicoPresta module is very active','Partners'),(56,3,'illicoPresta very active','Your illicoPresta module is very active','Partners'),(56,4,'illicoPresta very active','Your illicoPresta module is very active','Partners'),(56,5,'illicoPresta very active','Your illicoPresta module is very active','Partners'),(56,6,'illicoPresta very active','Your illicoPresta module is very active','Partners'),(57,1,'NetReviews installed','You have installed the NetReviews module','Partners'),(57,2,'NetReviews installed','You have installed the NetReviews module','Partners'),(57,3,'NetReviews installed','You have installed the NetReviews module','Partners'),(57,4,'NetReviews installed','You have installed the NetReviews module','Partners'),(57,5,'NetReviews installed','You have installed the NetReviews module','Partners'),(57,6,'NetReviews installed','You have installed the NetReviews module','Partners'),(58,1,'NetReviews configured','You have configured the NetReviews module','Partners'),(58,2,'NetReviews configured','You have configured the NetReviews module','Partners'),(58,3,'NetReviews configured','You have configured the NetReviews module','Partners'),(58,4,'NetReviews configured','You have configured the NetReviews module','Partners'),(58,5,'NetReviews configured','You have configured the NetReviews module','Partners'),(58,6,'NetReviews configured','You have configured the NetReviews module','Partners'),(59,1,'NetReviews active','Your NetReviews module is active','Partners'),(59,2,'NetReviews active','Your NetReviews module is active','Partners'),(59,3,'NetReviews active','Your NetReviews module is active','Partners'),(59,4,'NetReviews active','Your NetReviews module is active','Partners'),(59,5,'NetReviews active','Your NetReviews module is active','Partners'),(59,6,'NetReviews active','Your NetReviews module is active','Partners'),(60,1,'NetReviews very active','Your NetReviews module is very active','Partners'),(60,2,'NetReviews very active','Your NetReviews module is very active','Partners'),(60,3,'NetReviews very active','Your NetReviews module is very active','Partners'),(60,4,'NetReviews very active','Your NetReviews module is very active','Partners'),(60,5,'NetReviews very active','Your NetReviews module is very active','Partners'),(60,6,'NetReviews very active','Your NetReviews module is very active','Partners'),(61,1,'Bluesnap installed','You have installed the Bluesnap module','Partners'),(61,2,'Bluesnap installed','You have installed the Bluesnap module','Partners'),(61,3,'Bluesnap installed','You have installed the Bluesnap module','Partners'),(61,4,'Bluesnap installed','You have installed the Bluesnap module','Partners'),(61,5,'Bluesnap installed','You have installed the Bluesnap module','Partners'),(61,6,'Bluesnap installed','You have installed the Bluesnap module','Partners'),(62,1,'Bluesnap configured','You have configured the Bluesnap module','Partners'),(62,2,'Bluesnap configured','You have configured the Bluesnap module','Partners'),(62,3,'Bluesnap configured','You have configured the Bluesnap module','Partners'),(62,4,'Bluesnap configured','You have configured the Bluesnap module','Partners'),(62,5,'Bluesnap configured','You have configured the Bluesnap module','Partners'),(62,6,'Bluesnap configured','You have configured the Bluesnap module','Partners'),(63,1,'Bluesnap active','Your Bluesnap module is active','Partners'),(63,2,'Bluesnap active','Your Bluesnap module is active','Partners'),(63,3,'Bluesnap active','Your Bluesnap module is active','Partners'),(63,4,'Bluesnap active','Your Bluesnap module is active','Partners'),(63,5,'Bluesnap active','Your Bluesnap module is active','Partners'),(63,6,'Bluesnap active','Your Bluesnap module is active','Partners'),(64,1,'Bluesnap very active','Your Bluesnap module is very active','Partners'),(64,2,'Bluesnap very active','Your Bluesnap module is very active','Partners'),(64,3,'Bluesnap very active','Your Bluesnap module is very active','Partners'),(64,4,'Bluesnap very active','Your Bluesnap module is very active','Partners'),(64,5,'Bluesnap very active','Your Bluesnap module is very active','Partners'),(64,6,'Bluesnap very active','Your Bluesnap module is very active','Partners'),(65,1,'Desjardins installed','You have installed the Desjardins module','Partners'),(65,2,'Desjardins installed','You have installed the Desjardins module','Partners'),(65,3,'Desjardins installed','You have installed the Desjardins module','Partners'),(65,4,'Desjardins installed','You have installed the Desjardins module','Partners'),(65,5,'Desjardins installed','You have installed the Desjardins module','Partners'),(65,6,'Desjardins installed','You have installed the Desjardins module','Partners'),(66,1,'Desjardins configured','You have configured the Desjardins module','Partners'),(66,2,'Desjardins configured','You have configured the Desjardins module','Partners'),(66,3,'Desjardins configured','You have configured the Desjardins module','Partners'),(66,4,'Desjardins configured','You have configured the Desjardins module','Partners'),(66,5,'Desjardins configured','You have configured the Desjardins module','Partners'),(66,6,'Desjardins configured','You have configured the Desjardins module','Partners'),(67,1,'Desjardins active','Your Desjardins module is active','Partners'),(67,2,'Desjardins active','Your Desjardins module is active','Partners'),(67,3,'Desjardins active','Your Desjardins module is active','Partners'),(67,4,'Desjardins active','Your Desjardins module is active','Partners'),(67,5,'Desjardins active','Your Desjardins module is active','Partners'),(67,6,'Desjardins active','Your Desjardins module is active','Partners'),(68,1,'Desjardins very active','Your Desjardins module is very active','Partners'),(68,2,'Desjardins very active','Your Desjardins module is very active','Partners'),(68,3,'Desjardins very active','Your Desjardins module is very active','Partners'),(68,4,'Desjardins very active','Your Desjardins module is very active','Partners'),(68,5,'Desjardins very active','Your Desjardins module is very active','Partners'),(68,6,'Desjardins very active','Your Desjardins module is very active','Partners'),(69,1,'First Data installed','You have installed the First Data module','Partners'),(69,2,'First Data installed','You have installed the First Data module','Partners'),(69,3,'First Data installed','You have installed the First Data module','Partners'),(69,4,'First Data installed','You have installed the First Data module','Partners'),(69,5,'First Data installed','You have installed the First Data module','Partners'),(69,6,'First Data installed','You have installed the First Data module','Partners'),(70,1,'First Data configured','You have configured the First Data module','Partners'),(70,2,'First Data configured','You have configured the First Data module','Partners'),(70,3,'First Data configured','You have configured the First Data module','Partners'),(70,4,'First Data configured','You have configured the First Data module','Partners'),(70,5,'First Data configured','You have configured the First Data module','Partners'),(70,6,'First Data configured','You have configured the First Data module','Partners'),(71,1,'First Data active','Your First Data module is active','Partners'),(71,2,'First Data active','Your First Data module is active','Partners'),(71,3,'First Data active','Your First Data module is active','Partners'),(71,4,'First Data active','Your First Data module is active','Partners'),(71,5,'First Data active','Your First Data module is active','Partners'),(71,6,'First Data active','Your First Data module is active','Partners'),(72,1,'First Data very active','Your First Data module is very active','Partners'),(72,2,'First Data very active','Your First Data module is very active','Partners'),(72,3,'First Data very active','Your First Data module is very active','Partners'),(72,4,'First Data very active','Your First Data module is very active','Partners'),(72,5,'First Data very active','Your First Data module is very active','Partners'),(72,6,'First Data very active','Your First Data module is very active','Partners'),(73,1,'Give.it installed','You have installed the Give.it module','Partners'),(73,2,'Give.it installed','You have installed the Give.it module','Partners'),(73,3,'Give.it installed','You have installed the Give.it module','Partners'),(73,4,'Give.it installed','You have installed the Give.it module','Partners'),(73,5,'Give.it installed','You have installed the Give.it module','Partners'),(73,6,'Give.it installed','You have installed the Give.it module','Partners'),(74,1,'Give.it configured','You have configured the Give.it module','Partners'),(74,2,'Give.it configured','You have configured the Give.it module','Partners'),(74,3,'Give.it configured','You have configured the Give.it module','Partners'),(74,4,'Give.it configured','You have configured the Give.it module','Partners'),(74,5,'Give.it configured','You have configured the Give.it module','Partners'),(74,6,'Give.it configured','You have configured the Give.it module','Partners'),(75,1,'Give.it active','Your Give.it module is active','Partners'),(75,2,'Give.it active','Your Give.it module is active','Partners'),(75,3,'Give.it active','Your Give.it module is active','Partners'),(75,4,'Give.it active','Your Give.it module is active','Partners'),(75,5,'Give.it active','Your Give.it module is active','Partners'),(75,6,'Give.it active','Your Give.it module is active','Partners'),(76,1,'Give.it very active','Your Give.it module is very active','Partners'),(76,2,'Give.it very active','Your Give.it module is very active','Partners'),(76,3,'Give.it very active','Your Give.it module is very active','Partners'),(76,4,'Give.it very active','Your Give.it module is very active','Partners'),(76,5,'Give.it very active','Your Give.it module is very active','Partners'),(76,6,'Give.it very active','Your Give.it module is very active','Partners'),(77,1,'Google Analytics installed','You have installed the Google Analytics module','Partners'),(77,2,'Google Analytics installed','You have installed the Google Analytics module','Partners'),(77,3,'Google Analytics installed','You have installed the Google Analytics module','Partners'),(77,4,'Google Analytics installed','You have installed the Google Analytics module','Partners'),(77,5,'Google Analytics installed','You have installed the Google Analytics module','Partners'),(77,6,'Google Analytics installed','You have installed the Google Analytics module','Partners'),(78,1,'Google Analytics configured','You have configured the Google Analytics module','Partners'),(78,2,'Google Analytics configured','You have configured the Google Analytics module','Partners'),(78,3,'Google Analytics configured','You have configured the Google Analytics module','Partners'),(78,4,'Google Analytics configured','You have configured the Google Analytics module','Partners'),(78,5,'Google Analytics configured','You have configured the Google Analytics module','Partners'),(78,6,'Google Analytics configured','You have configured the Google Analytics module','Partners'),(79,1,'Google Analytics active','Your Google Analytics module is active','Partners'),(79,2,'Google Analytics active','Your Google Analytics module is active','Partners'),(79,3,'Google Analytics active','Your Google Analytics module is active','Partners'),(79,4,'Google Analytics active','Your Google Analytics module is active','Partners'),(79,5,'Google Analytics active','Your Google Analytics module is active','Partners'),(79,6,'Google Analytics active','Your Google Analytics module is active','Partners'),(80,1,'Google Analytics very active','Your Google Analytics module is very active','Partners'),(80,2,'Google Analytics very active','Your Google Analytics module is very active','Partners'),(80,3,'Google Analytics very active','Your Google Analytics module is very active','Partners'),(80,4,'Google Analytics very active','Your Google Analytics module is very active','Partners'),(80,5,'Google Analytics very active','Your Google Analytics module is very active','Partners'),(80,6,'Google Analytics very active','Your Google Analytics module is very active','Partners'),(81,1,'PagSeguro installed','You have installed the PagSeguro module','Partners'),(81,2,'PagSeguro installed','You have installed the PagSeguro module','Partners'),(81,3,'PagSeguro installed','You have installed the PagSeguro module','Partners'),(81,4,'PagSeguro installed','You have installed the PagSeguro module','Partners'),(81,5,'PagSeguro installed','You have installed the PagSeguro module','Partners'),(81,6,'PagSeguro installed','You have installed the PagSeguro module','Partners'),(82,1,'PagSeguro configured','You have configured the PagSeguro module','Partners'),(82,2,'PagSeguro configured','You have configured the PagSeguro module','Partners'),(82,3,'PagSeguro configured','You have configured the PagSeguro module','Partners'),(82,4,'PagSeguro configured','You have configured the PagSeguro module','Partners'),(82,5,'PagSeguro configured','You have configured the PagSeguro module','Partners'),(82,6,'PagSeguro configured','You have configured the PagSeguro module','Partners'),(83,1,'PagSeguro active','Your PagSeguro module is active','Partners'),(83,2,'PagSeguro active','Your PagSeguro module is active','Partners'),(83,3,'PagSeguro active','Your PagSeguro module is active','Partners'),(83,4,'PagSeguro active','Your PagSeguro module is active','Partners'),(83,5,'PagSeguro active','Your PagSeguro module is active','Partners'),(83,6,'PagSeguro active','Your PagSeguro module is active','Partners'),(84,1,'PagSeguro very active','Your PagSeguro module is very active','Partners'),(84,2,'PagSeguro very active','Your PagSeguro module is very active','Partners'),(84,3,'PagSeguro very active','Your PagSeguro module is very active','Partners'),(84,4,'PagSeguro very active','Your PagSeguro module is very active','Partners'),(84,5,'PagSeguro very active','Your PagSeguro module is very active','Partners'),(84,6,'PagSeguro very active','Your PagSeguro module is very active','Partners'),(85,1,'Paypal MX installed','You have installed the Paypal MX module','Partners'),(85,2,'Paypal MX installed','You have installed the Paypal MX module','Partners'),(85,3,'Paypal MX installed','You have installed the Paypal MX module','Partners'),(85,4,'Paypal MX installed','You have installed the Paypal MX module','Partners'),(85,5,'Paypal MX installed','You have installed the Paypal MX module','Partners'),(85,6,'Paypal MX installed','You have installed the Paypal MX module','Partners'),(86,1,'Paypal MX configured','You have configured the Paypal MX module','Partners'),(86,2,'Paypal MX configured','You have configured the Paypal MX module','Partners'),(86,3,'Paypal MX configured','You have configured the Paypal MX module','Partners'),(86,4,'Paypal MX configured','You have configured the Paypal MX module','Partners'),(86,5,'Paypal MX configured','You have configured the Paypal MX module','Partners'),(86,6,'Paypal MX configured','You have configured the Paypal MX module','Partners'),(87,1,'Paypal MX active','Your Paypal MX module is active','Partners'),(87,2,'Paypal MX active','Your Paypal MX module is active','Partners'),(87,3,'Paypal MX active','Your Paypal MX module is active','Partners'),(87,4,'Paypal MX active','Your Paypal MX module is active','Partners'),(87,5,'Paypal MX active','Your Paypal MX module is active','Partners'),(87,6,'Paypal MX active','Your Paypal MX module is active','Partners'),(88,1,'Paypal MX very active','Your Paypal MX module is very active','Partners'),(88,2,'Paypal MX very active','Your Paypal MX module is very active','Partners'),(88,3,'Paypal MX very active','Your Paypal MX module is very active','Partners'),(88,4,'Paypal MX very active','Your Paypal MX module is very active','Partners'),(88,5,'Paypal MX very active','Your Paypal MX module is very active','Partners'),(88,6,'Paypal MX very active','Your Paypal MX module is very active','Partners'),(89,1,'Paypal USA installed','You have installed the Paypal USA module','Partners'),(89,2,'Paypal USA installed','You have installed the Paypal USA module','Partners'),(89,3,'Paypal USA installed','You have installed the Paypal USA module','Partners'),(89,4,'Paypal USA installed','You have installed the Paypal USA module','Partners'),(89,5,'Paypal USA installed','You have installed the Paypal USA module','Partners'),(89,6,'Paypal USA installed','You have installed the Paypal USA module','Partners'),(90,1,'Paypal USA configured','You have configured the Paypal USA module','Partners'),(90,2,'Paypal USA configured','You have configured the Paypal USA module','Partners'),(90,3,'Paypal USA configured','You have configured the Paypal USA module','Partners'),(90,4,'Paypal USA configured','You have configured the Paypal USA module','Partners'),(90,5,'Paypal USA configured','You have configured the Paypal USA module','Partners'),(90,6,'Paypal USA configured','You have configured the Paypal USA module','Partners'),(91,1,'Paypal USA active','Your Paypal USA module is active','Partners'),(91,2,'Paypal USA active','Your Paypal USA module is active','Partners'),(91,3,'Paypal USA active','Your Paypal USA module is active','Partners'),(91,4,'Paypal USA active','Your Paypal USA module is active','Partners'),(91,5,'Paypal USA active','Your Paypal USA module is active','Partners'),(91,6,'Paypal USA active','Your Paypal USA module is active','Partners'),(92,1,'Paypal USA very active','Your Paypal USA module is very active','Partners'),(92,2,'Paypal USA very active','Your Paypal USA module is very active','Partners'),(92,3,'Paypal USA very active','Your Paypal USA module is very active','Partners'),(92,4,'Paypal USA very active','Your Paypal USA module is very active','Partners'),(92,5,'Paypal USA very active','Your Paypal USA module is very active','Partners'),(92,6,'Paypal USA very active','Your Paypal USA module is very active','Partners'),(93,1,'PayULatam installed','You have installed the PayULatam module','Partners'),(93,2,'PayULatam installed','You have installed the PayULatam module','Partners'),(93,3,'PayULatam installed','You have installed the PayULatam module','Partners'),(93,4,'PayULatam installed','You have installed the PayULatam module','Partners'),(93,5,'PayULatam installed','You have installed the PayULatam module','Partners'),(93,6,'PayULatam installed','You have installed the PayULatam module','Partners'),(94,1,'PayULatam configured','You have configured the PayULatam module','Partners'),(94,2,'PayULatam configured','You have configured the PayULatam module','Partners'),(94,3,'PayULatam configured','You have configured the PayULatam module','Partners'),(94,4,'PayULatam configured','You have configured the PayULatam module','Partners'),(94,5,'PayULatam configured','You have configured the PayULatam module','Partners'),(94,6,'PayULatam configured','You have configured the PayULatam module','Partners'),(95,1,'PayULatam active','Your PayULatam module is active','Partners'),(95,2,'PayULatam active','Your PayULatam module is active','Partners'),(95,3,'PayULatam active','Your PayULatam module is active','Partners'),(95,4,'PayULatam active','Your PayULatam module is active','Partners'),(95,5,'PayULatam active','Your PayULatam module is active','Partners'),(95,6,'PayULatam active','Your PayULatam module is active','Partners'),(96,1,'PayULatam very active','Your PayULatam module is very active','Partners'),(96,2,'PayULatam very active','Your PayULatam module is very active','Partners'),(96,3,'PayULatam very active','Your PayULatam module is very active','Partners'),(96,4,'PayULatam very active','Your PayULatam module is very active','Partners'),(96,5,'PayULatam very active','Your PayULatam module is very active','Partners'),(96,6,'PayULatam very active','Your PayULatam module is very active','Partners'),(97,1,'PrestaStats installed','You have installed the PrestaStats module','Partners'),(97,2,'PrestaStats installed','You have installed the PrestaStats module','Partners'),(97,3,'PrestaStats installed','You have installed the PrestaStats module','Partners'),(97,4,'PrestaStats installed','You have installed the PrestaStats module','Partners'),(97,5,'PrestaStats installed','You have installed the PrestaStats module','Partners'),(97,6,'PrestaStats installed','You have installed the PrestaStats module','Partners'),(98,1,'PrestaStats configured','You have configured the PrestaStats module','Partners'),(98,2,'PrestaStats configured','You have configured the PrestaStats module','Partners'),(98,3,'PrestaStats configured','You have configured the PrestaStats module','Partners'),(98,4,'PrestaStats configured','You have configured the PrestaStats module','Partners'),(98,5,'PrestaStats configured','You have configured the PrestaStats module','Partners'),(98,6,'PrestaStats configured','You have configured the PrestaStats module','Partners'),(99,1,'PrestaStats active','Your PrestaStats module is active','Partners'),(99,2,'PrestaStats active','Your PrestaStats module is active','Partners'),(99,3,'PrestaStats active','Your PrestaStats module is active','Partners'),(99,4,'PrestaStats active','Your PrestaStats module is active','Partners'),(99,5,'PrestaStats active','Your PrestaStats module is active','Partners'),(99,6,'PrestaStats active','Your PrestaStats module is active','Partners'),(100,1,'PrestaStats very active','Your PrestaStats module is very active','Partners'),(100,2,'PrestaStats very active','Your PrestaStats module is very active','Partners'),(100,3,'PrestaStats very active','Your PrestaStats module is very active','Partners'),(100,4,'PrestaStats very active','Your PrestaStats module is very active','Partners'),(100,5,'PrestaStats very active','Your PrestaStats module is very active','Partners'),(100,6,'PrestaStats very active','Your PrestaStats module is very active','Partners'),(101,1,'Riskified installed','You have installed the Riskified module','Partners'),(101,2,'Riskified installed','You have installed the Riskified module','Partners'),(101,3,'Riskified installed','You have installed the Riskified module','Partners'),(101,4,'Riskified installed','You have installed the Riskified module','Partners'),(101,5,'Riskified installed','You have installed the Riskified module','Partners'),(101,6,'Riskified installed','You have installed the Riskified module','Partners'),(102,1,'Riskified configured','You have configured the Riskified module','Partners'),(102,2,'Riskified configured','You have configured the Riskified module','Partners'),(102,3,'Riskified configured','You have configured the Riskified module','Partners'),(102,4,'Riskified configured','You have configured the Riskified module','Partners'),(102,5,'Riskified configured','You have configured the Riskified module','Partners'),(102,6,'Riskified configured','You have configured the Riskified module','Partners'),(103,1,'Riskified active','Your Riskified module is active','Partners'),(103,2,'Riskified active','Your Riskified module is active','Partners'),(103,3,'Riskified active','Your Riskified module is active','Partners'),(103,4,'Riskified active','Your Riskified module is active','Partners'),(103,5,'Riskified active','Your Riskified module is active','Partners'),(103,6,'Riskified active','Your Riskified module is active','Partners'),(104,1,'Riskified very active','Your Riskified module is very active','Partners'),(104,2,'Riskified very active','Your Riskified module is very active','Partners'),(104,3,'Riskified very active','Your Riskified module is very active','Partners'),(104,4,'Riskified very active','Your Riskified module is very active','Partners'),(104,5,'Riskified very active','Your Riskified module is very active','Partners'),(104,6,'Riskified very active','Your Riskified module is very active','Partners'),(105,1,'Simplify installed','You have installed the Simplify module','Partners'),(105,2,'Simplify installed','You have installed the Simplify module','Partners'),(105,3,'Simplify installed','You have installed the Simplify module','Partners'),(105,4,'Simplify installed','You have installed the Simplify module','Partners'),(105,5,'Simplify installed','You have installed the Simplify module','Partners'),(105,6,'Simplify installed','You have installed the Simplify module','Partners'),(106,1,'Simplify configured','You have configured the Simplify module','Partners'),(106,2,'Simplify configured','You have configured the Simplify module','Partners'),(106,3,'Simplify configured','You have configured the Simplify module','Partners'),(106,4,'Simplify configured','You have configured the Simplify module','Partners'),(106,5,'Simplify configured','You have configured the Simplify module','Partners'),(106,6,'Simplify configured','You have configured the Simplify module','Partners'),(107,1,'Simplify active','Your Simplify module is active','Partners'),(107,2,'Simplify active','Your Simplify module is active','Partners'),(107,3,'Simplify active','Your Simplify module is active','Partners'),(107,4,'Simplify active','Your Simplify module is active','Partners'),(107,5,'Simplify active','Your Simplify module is active','Partners'),(107,6,'Simplify active','Your Simplify module is active','Partners'),(108,1,'Simplify very active','Your Simplify module is very active','Partners'),(108,2,'Simplify very active','Your Simplify module is very active','Partners'),(108,3,'Simplify very active','Your Simplify module is very active','Partners'),(108,4,'Simplify very active','Your Simplify module is very active','Partners'),(108,5,'Simplify very active','Your Simplify module is very active','Partners'),(108,6,'Simplify very active','Your Simplify module is very active','Partners'),(109,1,'VTPayment installed','You have installed the VTPayment module','Partners'),(109,2,'VTPayment installed','You have installed the VTPayment module','Partners'),(109,3,'VTPayment installed','You have installed the VTPayment module','Partners'),(109,4,'VTPayment installed','You have installed the VTPayment module','Partners'),(109,5,'VTPayment installed','You have installed the VTPayment module','Partners'),(109,6,'VTPayment installed','You have installed the VTPayment module','Partners'),(110,1,'VTPayment configured','You have configured the VTPayment module','Partners'),(110,2,'VTPayment configured','You have configured the VTPayment module','Partners'),(110,3,'VTPayment configured','You have configured the VTPayment module','Partners'),(110,4,'VTPayment configured','You have configured the VTPayment module','Partners'),(110,5,'VTPayment configured','You have configured the VTPayment module','Partners'),(110,6,'VTPayment configured','You have configured the VTPayment module','Partners'),(111,1,'VTPayment active','Your VTPayment module is active','Partners'),(111,2,'VTPayment active','Your VTPayment module is active','Partners'),(111,3,'VTPayment active','Your VTPayment module is active','Partners'),(111,4,'VTPayment active','Your VTPayment module is active','Partners'),(111,5,'VTPayment active','Your VTPayment module is active','Partners'),(111,6,'VTPayment active','Your VTPayment module is active','Partners'),(112,1,'VTPayment very active','Your VTPayment module is very active','Partners'),(112,2,'VTPayment very active','Your VTPayment module is very active','Partners'),(112,3,'VTPayment very active','Your VTPayment module is very active','Partners'),(112,4,'VTPayment very active','Your VTPayment module is very active','Partners'),(112,5,'VTPayment very active','Your VTPayment module is very active','Partners'),(112,6,'VTPayment very active','Your VTPayment module is very active','Partners'),(113,1,'Yotpo installed','You have installed the Yotpo module','Partners'),(113,2,'Yotpo installed','You have installed the Yotpo module','Partners'),(113,3,'Yotpo installed','You have installed the Yotpo module','Partners'),(113,4,'Yotpo installed','You have installed the Yotpo module','Partners'),(113,5,'Yotpo installed','You have installed the Yotpo module','Partners'),(113,6,'Yotpo installed','You have installed the Yotpo module','Partners'),(114,1,'Yotpo configured','You have configured the Yotpo module','Partners'),(114,2,'Yotpo configured','You have configured the Yotpo module','Partners'),(114,3,'Yotpo configured','You have configured the Yotpo module','Partners'),(114,4,'Yotpo configured','You have configured the Yotpo module','Partners'),(114,5,'Yotpo configured','You have configured the Yotpo module','Partners'),(114,6,'Yotpo configured','You have configured the Yotpo module','Partners'),(115,1,'Yotpo active','Your Yotpo module is active','Partners'),(115,2,'Yotpo active','Your Yotpo module is active','Partners'),(115,3,'Yotpo active','Your Yotpo module is active','Partners'),(115,4,'Yotpo active','Your Yotpo module is active','Partners'),(115,5,'Yotpo active','Your Yotpo module is active','Partners'),(115,6,'Yotpo active','Your Yotpo module is active','Partners'),(116,1,'Yotpo very active','Your Yotpo module is very active','Partners'),(116,2,'Yotpo very active','Your Yotpo module is very active','Partners'),(116,3,'Yotpo very active','Your Yotpo module is very active','Partners'),(116,4,'Yotpo very active','Your Yotpo module is very active','Partners'),(116,5,'Yotpo very active','Your Yotpo module is very active','Partners'),(116,6,'Yotpo very active','Your Yotpo module is very active','Partners'),(117,1,'Youstice installed','You have installed the Youstice module','Partners'),(117,2,'Youstice installed','You have installed the Youstice module','Partners'),(117,3,'Youstice installed','You have installed the Youstice module','Partners'),(117,4,'Youstice installed','You have installed the Youstice module','Partners'),(117,5,'Youstice installed','You have installed the Youstice module','Partners'),(117,6,'Youstice installed','You have installed the Youstice module','Partners'),(118,1,'Youstice configured','You have configured the Youstice module','Partners'),(118,2,'Youstice configured','You have configured the Youstice module','Partners'),(118,3,'Youstice configured','You have configured the Youstice module','Partners'),(118,4,'Youstice configured','You have configured the Youstice module','Partners'),(118,5,'Youstice configured','You have configured the Youstice module','Partners'),(118,6,'Youstice configured','You have configured the Youstice module','Partners'),(119,1,'Youstice active','Your Youstice module is active','Partners'),(119,2,'Youstice active','Your Youstice module is active','Partners'),(119,3,'Youstice active','Your Youstice module is active','Partners'),(119,4,'Youstice active','Your Youstice module is active','Partners'),(119,5,'Youstice active','Your Youstice module is active','Partners'),(119,6,'Youstice active','Your Youstice module is active','Partners'),(120,1,'Youstice very active','Your Youstice module is very active','Partners'),(120,2,'Youstice very active','Your Youstice module is very active','Partners'),(120,3,'Youstice very active','Your Youstice module is very active','Partners'),(120,4,'Youstice very active','Your Youstice module is very active','Partners'),(120,5,'Youstice very active','Your Youstice module is very active','Partners'),(120,6,'Youstice very active','Your Youstice module is very active','Partners'),(121,1,'Loyalty Lion installed','You have installed the Loyalty Lion module','Partners'),(121,2,'Loyalty Lion installed','You have installed the Loyalty Lion module','Partners'),(121,3,'Loyalty Lion installed','You have installed the Loyalty Lion module','Partners'),(121,4,'Loyalty Lion installed','You have installed the Loyalty Lion module','Partners'),(121,5,'Loyalty Lion installed','You have installed the Loyalty Lion module','Partners'),(121,6,'Loyalty Lion installed','You have installed the Loyalty Lion module','Partners'),(122,1,'Loyalty Lion configured','You have configured the Loyalty Lion module','Partners'),(122,2,'Loyalty Lion configured','You have configured the Loyalty Lion module','Partners'),(122,3,'Loyalty Lion configured','You have configured the Loyalty Lion module','Partners'),(122,4,'Loyalty Lion configured','You have configured the Loyalty Lion module','Partners'),(122,5,'Loyalty Lion configured','You have configured the Loyalty Lion module','Partners'),(122,6,'Loyalty Lion configured','You have configured the Loyalty Lion module','Partners'),(123,1,'Loyalty Lion active','Your Loyalty Lion module is active','Partners'),(123,2,'Loyalty Lion active','Your Loyalty Lion module is active','Partners'),(123,3,'Loyalty Lion active','Your Loyalty Lion module is active','Partners'),(123,4,'Loyalty Lion active','Your Loyalty Lion module is active','Partners'),(123,5,'Loyalty Lion active','Your Loyalty Lion module is active','Partners'),(123,6,'Loyalty Lion active','Your Loyalty Lion module is active','Partners'),(124,1,'Loyalty Lion very active','Your Loyalty Lion module is very active','Partners'),(124,2,'Loyalty Lion very active','Your Loyalty Lion module is very active','Partners'),(124,3,'Loyalty Lion very active','Your Loyalty Lion module is very active','Partners'),(124,4,'Loyalty Lion very active','Your Loyalty Lion module is very active','Partners'),(124,5,'Loyalty Lion very active','Your Loyalty Lion module is very active','Partners'),(124,6,'Loyalty Lion very active','Your Loyalty Lion module is very active','Partners'),(125,1,'SEO','You enabled the URL rewriting through the tab \"Preferences > SEO and URLs\".','SEO'),(125,2,'SEO','You enabled the URL rewriting through the tab \"Preferences > SEO and URLs\".','SEO'),(125,3,'SEO','You enabled the URL rewriting through the tab \"Preferences > SEO and URLs\".','SEO'),(125,4,'SEO','You enabled the URL rewriting through the tab \"Preferences > SEO and URLs\".','SEO'),(125,5,'SEO','You enabled the URL rewriting through the tab \"Preferences > SEO and URLs\".','SEO'),(125,6,'SEO','You enabled the URL rewriting through the tab \"Preferences > SEO and URLs\".','SEO'),(126,1,'Site Performance','You enabled CCC (Combine, Compress and Cache), Rijndael and Smarty through the tab \r\nAdvanced Parameters > Performance.','Site Performance'),(126,2,'Site Performance','You enabled CCC (Combine, Compress and Cache), Rijndael and Smarty through the tab \r\nAdvanced Parameters > Performance.','Site Performance'),(126,3,'Site Performance','You enabled CCC (Combine, Compress and Cache), Rijndael and Smarty through the tab \r\nAdvanced Parameters > Performance.','Site Performance'),(126,4,'Site Performance','You enabled CCC (Combine, Compress and Cache), Rijndael and Smarty through the tab \r\nAdvanced Parameters > Performance.','Site Performance'),(126,5,'Site Performance','You enabled CCC (Combine, Compress and Cache), Rijndael and Smarty through the tab \r\nAdvanced Parameters > Performance.','Site Performance'),(126,6,'Site Performance','You enabled CCC (Combine, Compress and Cache), Rijndael and Smarty through the tab \r\nAdvanced Parameters > Performance.','Site Performance'),(127,1,'Site Performance','You enabled media servers through the tab \"Advanced parameters > Performance\".','Site Performance'),(127,2,'Site Performance','You enabled media servers through the tab \"Advanced parameters > Performance\".','Site Performance'),(127,3,'Site Performance','You enabled media servers through the tab \"Advanced parameters > Performance\".','Site Performance'),(127,4,'Site Performance','You enabled media servers through the tab \"Advanced parameters > Performance\".','Site Performance'),(127,5,'Site Performance','You enabled media servers through the tab \"Advanced parameters > Performance\".','Site Performance'),(127,6,'Site Performance','You enabled media servers through the tab \"Advanced parameters > Performance\".','Site Performance'),(128,1,'Payment','You configured a payment solution on your shop.','Payment'),(128,2,'Payment','You configured a payment solution on your shop.','Payment'),(128,3,'Payment','You configured a payment solution on your shop.','Payment'),(128,4,'Payment','You configured a payment solution on your shop.','Payment'),(128,5,'Payment','You configured a payment solution on your shop.','Payment'),(128,6,'Payment','You configured a payment solution on your shop.','Payment'),(129,1,'Payment','You offer two different payment methods to your customers.','Payment'),(129,2,'Payment','You offer two different payment methods to your customers.','Payment'),(129,3,'Payment','You offer two different payment methods to your customers.','Payment'),(129,4,'Payment','You offer two different payment methods to your customers.','Payment'),(129,5,'Payment','You offer two different payment methods to your customers.','Payment'),(129,6,'Payment','You offer two different payment methods to your customers.','Payment'),(130,1,'Shipping','You configured a carrier on your shop.','Shipping'),(130,2,'Shipping','You configured a carrier on your shop.','Shipping'),(130,3,'Shipping','You configured a carrier on your shop.','Shipping'),(130,4,'Shipping','You configured a carrier on your shop.','Shipping'),(130,5,'Shipping','You configured a carrier on your shop.','Shipping'),(130,6,'Shipping','You configured a carrier on your shop.','Shipping'),(131,1,'Shipping','You offer two shipping solutions (carriers) to your customers.','Shipping'),(131,2,'Shipping','You offer two shipping solutions (carriers) to your customers.','Shipping'),(131,3,'Shipping','You offer two shipping solutions (carriers) to your customers.','Shipping'),(131,4,'Shipping','You offer two shipping solutions (carriers) to your customers.','Shipping'),(131,5,'Shipping','You offer two shipping solutions (carriers) to your customers.','Shipping'),(131,6,'Shipping','You offer two shipping solutions (carriers) to your customers.','Shipping'),(132,1,'Catalog Size','You added your first product to your catalog!','Catalog Size'),(132,2,'Catalog Size','You added your first product to your catalog!','Catalog Size'),(132,3,'Catalog Size','You added your first product to your catalog!','Catalog Size'),(132,4,'Catalog Size','You added your first product to your catalog!','Catalog Size'),(132,5,'Catalog Size','You added your first product to your catalog!','Catalog Size'),(132,6,'Catalog Size','You added your first product to your catalog!','Catalog Size'),(133,1,'Catalog Size','You have 10 products within your catalog.','Catalog Size'),(133,2,'Catalog Size','You have 10 products within your catalog.','Catalog Size'),(133,3,'Catalog Size','You have 10 products within your catalog.','Catalog Size'),(133,4,'Catalog Size','You have 10 products within your catalog.','Catalog Size'),(133,5,'Catalog Size','You have 10 products within your catalog.','Catalog Size'),(133,6,'Catalog Size','You have 10 products within your catalog.','Catalog Size'),(134,1,'Contact information','You configured your phone number so your customers can reach you!','Contact information'),(134,2,'Contact information','You configured your phone number so your customers can reach you!','Contact information'),(134,3,'Contact information','You configured your phone number so your customers can reach you!','Contact information'),(134,4,'Contact information','You configured your phone number so your customers can reach you!','Contact information'),(134,5,'Contact information','You configured your phone number so your customers can reach you!','Contact information'),(134,6,'Contact information','You configured your phone number so your customers can reach you!','Contact information'),(135,1,'Contact information','You added a third email address to your contact form.','Contact information'),(135,2,'Contact information','You added a third email address to your contact form.','Contact information'),(135,3,'Contact information','You added a third email address to your contact form.','Contact information'),(135,4,'Contact information','You added a third email address to your contact form.','Contact information'),(135,5,'Contact information','You added a third email address to your contact form.','Contact information'),(135,6,'Contact information','You added a third email address to your contact form.','Contact information'),(136,1,'Contact information','You suggest a total of 5 departments to be reached by your customers via your contact form.','Contact information'),(136,2,'Contact information','You suggest a total of 5 departments to be reached by your customers via your contact form.','Contact information'),(136,3,'Contact information','You suggest a total of 5 departments to be reached by your customers via your contact form.','Contact information'),(136,4,'Contact information','You suggest a total of 5 departments to be reached by your customers via your contact form.','Contact information'),(136,5,'Contact information','You suggest a total of 5 departments to be reached by your customers via your contact form.','Contact information'),(136,6,'Contact information','You suggest a total of 5 departments to be reached by your customers via your contact form.','Contact information'),(137,1,'Catalog Size','You have 100 products within your catalog.','Catalog Size'),(137,2,'Catalog Size','You have 100 products within your catalog.','Catalog Size'),(137,3,'Catalog Size','You have 100 products within your catalog.','Catalog Size'),(137,4,'Catalog Size','You have 100 products within your catalog.','Catalog Size'),(137,5,'Catalog Size','You have 100 products within your catalog.','Catalog Size'),(137,6,'Catalog Size','You have 100 products within your catalog.','Catalog Size'),(138,1,'Catalog Size','You have 1,000 products within your catalog.','Catalog Size'),(138,2,'Catalog Size','You have 1,000 products within your catalog.','Catalog Size'),(138,3,'Catalog Size','You have 1,000 products within your catalog.','Catalog Size'),(138,4,'Catalog Size','You have 1,000 products within your catalog.','Catalog Size'),(138,5,'Catalog Size','You have 1,000 products within your catalog.','Catalog Size'),(138,6,'Catalog Size','You have 1,000 products within your catalog.','Catalog Size'),(139,1,'Catalog Size','You have 10,000 products within your catalog.','Catalog Size'),(139,2,'Catalog Size','You have 10,000 products within your catalog.','Catalog Size'),(139,3,'Catalog Size','You have 10,000 products within your catalog.','Catalog Size'),(139,4,'Catalog Size','You have 10,000 products within your catalog.','Catalog Size'),(139,5,'Catalog Size','You have 10,000 products within your catalog.','Catalog Size'),(139,6,'Catalog Size','You have 10,000 products within your catalog.','Catalog Size'),(140,1,'Catalog Size','You have 100,000 products within your catalog.','Catalog Size'),(140,2,'Catalog Size','You have 100,000 products within your catalog.','Catalog Size'),(140,3,'Catalog Size','You have 100,000 products within your catalog.','Catalog Size'),(140,4,'Catalog Size','You have 100,000 products within your catalog.','Catalog Size'),(140,5,'Catalog Size','You have 100,000 products within your catalog.','Catalog Size'),(140,6,'Catalog Size','You have 100,000 products within your catalog.','Catalog Size'),(141,1,'Days of Experience','You just installed PrestaShop!','Days of Experience'),(141,2,'Days of Experience','You just installed PrestaShop!','Days of Experience'),(141,3,'Days of Experience','You just installed PrestaShop!','Days of Experience'),(141,4,'Days of Experience','You just installed PrestaShop!','Days of Experience'),(141,5,'Days of Experience','You just installed PrestaShop!','Days of Experience'),(141,6,'Days of Experience','You just installed PrestaShop!','Days of Experience'),(142,1,'Days of Experience','You installed PrestaShop a week ago!','Days of Experience'),(142,2,'Days of Experience','You installed PrestaShop a week ago!','Days of Experience'),(142,3,'Days of Experience','You installed PrestaShop a week ago!','Days of Experience'),(142,4,'Days of Experience','You installed PrestaShop a week ago!','Days of Experience'),(142,5,'Days of Experience','You installed PrestaShop a week ago!','Days of Experience'),(142,6,'Days of Experience','You installed PrestaShop a week ago!','Days of Experience'),(143,1,'Customization','You uploaded your own logo.','Customization'),(143,2,'Customization','You uploaded your own logo.','Customization'),(143,3,'Customization','You uploaded your own logo.','Customization'),(143,4,'Customization','You uploaded your own logo.','Customization'),(143,5,'Customization','You uploaded your own logo.','Customization'),(143,6,'Customization','You uploaded your own logo.','Customization'),(144,1,'Customization','You installed a new template.','Customization'),(144,2,'Customization','You installed a new template.','Customization'),(144,3,'Customization','You installed a new template.','Customization'),(144,4,'Customization','You installed a new template.','Customization'),(144,5,'Customization','You installed a new template.','Customization'),(144,6,'Customization','You installed a new template.','Customization'),(145,1,'Addons','You connected your back-office to the Addons platform using your PrestaShop Addons account.','Addons'),(145,2,'Addons','You connected your back-office to the Addons platform using your PrestaShop Addons account.','Addons'),(145,3,'Addons','You connected your back-office to the Addons platform using your PrestaShop Addons account.','Addons'),(145,4,'Addons','You connected your back-office to the Addons platform using your PrestaShop Addons account.','Addons'),(145,5,'Addons','You connected your back-office to the Addons platform using your PrestaShop Addons account.','Addons'),(145,6,'Addons','You connected your back-office to the Addons platform using your PrestaShop Addons account.','Addons'),(146,1,'Multistores','You enabled the Multistores feature.','Multistores'),(146,2,'Multistores','You enabled the Multistores feature.','Multistores'),(146,3,'Multistores','You enabled the Multistores feature.','Multistores'),(146,4,'Multistores','You enabled the Multistores feature.','Multistores'),(146,5,'Multistores','You enabled the Multistores feature.','Multistores'),(146,6,'Multistores','You enabled the Multistores feature.','Multistores'),(147,1,'Multistores','You manage two shops with the Multistores feature.','Multistores'),(147,2,'Multistores','You manage two shops with the Multistores feature.','Multistores'),(147,3,'Multistores','You manage two shops with the Multistores feature.','Multistores'),(147,4,'Multistores','You manage two shops with the Multistores feature.','Multistores'),(147,5,'Multistores','You manage two shops with the Multistores feature.','Multistores'),(147,6,'Multistores','You manage two shops with the Multistores feature.','Multistores'),(148,1,'Multistores','You manage two different groups of shops using the Multistores feature.','Multistores'),(148,2,'Multistores','You manage two different groups of shops using the Multistores feature.','Multistores'),(148,3,'Multistores','You manage two different groups of shops using the Multistores feature.','Multistores'),(148,4,'Multistores','You manage two different groups of shops using the Multistores feature.','Multistores'),(148,5,'Multistores','You manage two different groups of shops using the Multistores feature.','Multistores'),(148,6,'Multistores','You manage two different groups of shops using the Multistores feature.','Multistores'),(149,1,'Multistores','You manage five shops with the Multistores feature.','Multistores'),(149,2,'Multistores','You manage five shops with the Multistores feature.','Multistores'),(149,3,'Multistores','You manage five shops with the Multistores feature.','Multistores'),(149,4,'Multistores','You manage five shops with the Multistores feature.','Multistores'),(149,5,'Multistores','You manage five shops with the Multistores feature.','Multistores'),(149,6,'Multistores','You manage five shops with the Multistores feature.','Multistores'),(150,1,'Multistores','You manage five different groups of shops using the Multistores feature.','Multistores'),(150,2,'Multistores','You manage five different groups of shops using the Multistores feature.','Multistores'),(150,3,'Multistores','You manage five different groups of shops using the Multistores feature.','Multistores'),(150,4,'Multistores','You manage five different groups of shops using the Multistores feature.','Multistores'),(150,5,'Multistores','You manage five different groups of shops using the Multistores feature.','Multistores'),(150,6,'Multistores','You manage five different groups of shops using the Multistores feature.','Multistores'),(151,1,'Shipping','You offer three different shipping solutions (carriers) to your customers.','Shipping'),(151,2,'Shipping','You offer three different shipping solutions (carriers) to your customers.','Shipping'),(151,3,'Shipping','You offer three different shipping solutions (carriers) to your customers.','Shipping'),(151,4,'Shipping','You offer three different shipping solutions (carriers) to your customers.','Shipping'),(151,5,'Shipping','You offer three different shipping solutions (carriers) to your customers.','Shipping'),(151,6,'Shipping','You offer three different shipping solutions (carriers) to your customers.','Shipping'),(152,1,'Payment','You offer three different payment methods to your customers.','Payment'),(152,2,'Payment','You offer three different payment methods to your customers.','Payment'),(152,3,'Payment','You offer three different payment methods to your customers.','Payment'),(152,4,'Payment','You offer three different payment methods to your customers.','Payment'),(152,5,'Payment','You offer three different payment methods to your customers.','Payment'),(152,6,'Payment','You offer three different payment methods to your customers.','Payment'),(153,1,'Revenue','You get this badge when you reach 200 USD in sales.','Revenue'),(153,2,'Revenue','You get this badge when you reach 200 USD in sales.','Revenue'),(153,3,'Revenue','You get this badge when you reach 200 USD in sales.','Revenue'),(153,4,'Revenue','You get this badge when you reach 200 USD in sales.','Revenue'),(153,5,'Revenue','You get this badge when you reach 200 USD in sales.','Revenue'),(153,6,'Revenue','You get this badge when you reach 200 USD in sales.','Revenue'),(154,1,'Revenue','You get this badge when you reach 1000 USD in sales.','Revenue'),(154,2,'Revenue','You get this badge when you reach 1000 USD in sales.','Revenue'),(154,3,'Revenue','You get this badge when you reach 1000 USD in sales.','Revenue'),(154,4,'Revenue','You get this badge when you reach 1000 USD in sales.','Revenue'),(154,5,'Revenue','You get this badge when you reach 1000 USD in sales.','Revenue'),(154,6,'Revenue','You get this badge when you reach 1000 USD in sales.','Revenue'),(155,1,'Revenue','You get this badge when you reach 1000 USD in sales.','Revenue'),(155,2,'Revenue','You get this badge when you reach 1000 USD in sales.','Revenue'),(155,3,'Revenue','You get this badge when you reach 1000 USD in sales.','Revenue'),(155,4,'Revenue','You get this badge when you reach 1000 USD in sales.','Revenue'),(155,5,'Revenue','You get this badge when you reach 1000 USD in sales.','Revenue'),(155,6,'Revenue','You get this badge when you reach 1000 USD in sales.','Revenue'),(156,1,'Revenue','You get this badge when you reach 200 USD in sales.','Revenue'),(156,2,'Revenue','You get this badge when you reach 200 USD in sales.','Revenue'),(156,3,'Revenue','You get this badge when you reach 200 USD in sales.','Revenue'),(156,4,'Revenue','You get this badge when you reach 200 USD in sales.','Revenue'),(156,5,'Revenue','You get this badge when you reach 200 USD in sales.','Revenue'),(156,6,'Revenue','You get this badge when you reach 200 USD in sales.','Revenue'),(157,1,'Revenue','You get this badge when you reach 1000 USD in sales.','Revenue'),(157,2,'Revenue','You get this badge when you reach 1000 USD in sales.','Revenue'),(157,3,'Revenue','You get this badge when you reach 1000 USD in sales.','Revenue'),(157,4,'Revenue','You get this badge when you reach 1000 USD in sales.','Revenue'),(157,5,'Revenue','You get this badge when you reach 1000 USD in sales.','Revenue'),(157,6,'Revenue','You get this badge when you reach 1000 USD in sales.','Revenue'),(158,1,'Revenue','You get this badge when you reach 1000 USD in sales.','Revenue'),(158,2,'Revenue','You get this badge when you reach 1000 USD in sales.','Revenue'),(158,3,'Revenue','You get this badge when you reach 1000 USD in sales.','Revenue'),(158,4,'Revenue','You get this badge when you reach 1000 USD in sales.','Revenue'),(158,5,'Revenue','You get this badge when you reach 1000 USD in sales.','Revenue'),(158,6,'Revenue','You get this badge when you reach 1000 USD in sales.','Revenue'),(159,1,'Days of Experience','You installed PrestaShop a month ago!','Days of Experience'),(159,2,'Days of Experience','You installed PrestaShop a month ago!','Days of Experience'),(159,3,'Days of Experience','You installed PrestaShop a month ago!','Days of Experience'),(159,4,'Days of Experience','You installed PrestaShop a month ago!','Days of Experience'),(159,5,'Days of Experience','You installed PrestaShop a month ago!','Days of Experience'),(159,6,'Days of Experience','You installed PrestaShop a month ago!','Days of Experience'),(160,1,'Days of Experience','You installed PrestaShop six months ago!','Days of Experience'),(160,2,'Days of Experience','You installed PrestaShop six months ago!','Days of Experience'),(160,3,'Days of Experience','You installed PrestaShop six months ago!','Days of Experience'),(160,4,'Days of Experience','You installed PrestaShop six months ago!','Days of Experience'),(160,5,'Days of Experience','You installed PrestaShop six months ago!','Days of Experience'),(160,6,'Days of Experience','You installed PrestaShop six months ago!','Days of Experience'),(161,1,'Days of Experience','You installed PrestaShop a year ago!','Days of Experience'),(161,2,'Days of Experience','You installed PrestaShop a year ago!','Days of Experience'),(161,3,'Days of Experience','You installed PrestaShop a year ago!','Days of Experience'),(161,4,'Days of Experience','You installed PrestaShop a year ago!','Days of Experience'),(161,5,'Days of Experience','You installed PrestaShop a year ago!','Days of Experience'),(161,6,'Days of Experience','You installed PrestaShop a year ago!','Days of Experience'),(162,1,'Days of Experience','You installed PrestaShop two years ago!','Days of Experience'),(162,2,'Days of Experience','You installed PrestaShop two years ago!','Days of Experience'),(162,3,'Days of Experience','You installed PrestaShop two years ago!','Days of Experience'),(162,4,'Days of Experience','You installed PrestaShop two years ago!','Days of Experience'),(162,5,'Days of Experience','You installed PrestaShop two years ago!','Days of Experience'),(162,6,'Days of Experience','You installed PrestaShop two years ago!','Days of Experience'),(163,1,'Visitors','You reached 10 visitors!','Visitors'),(163,2,'Visitors','You reached 10 visitors!','Visitors'),(163,3,'Visitors','You reached 10 visitors!','Visitors'),(163,4,'Visitors','You reached 10 visitors!','Visitors'),(163,5,'Visitors','You reached 10 visitors!','Visitors'),(163,6,'Visitors','You reached 10 visitors!','Visitors'),(164,1,'Visitors','You reached 100 visitors!','Visitors'),(164,2,'Visitors','You reached 100 visitors!','Visitors'),(164,3,'Visitors','You reached 100 visitors!','Visitors'),(164,4,'Visitors','You reached 100 visitors!','Visitors'),(164,5,'Visitors','You reached 100 visitors!','Visitors'),(164,6,'Visitors','You reached 100 visitors!','Visitors'),(165,1,'Visitors','You reached 1,000 visitors!','Visitors'),(165,2,'Visitors','You reached 1,000 visitors!','Visitors'),(165,3,'Visitors','You reached 1,000 visitors!','Visitors'),(165,4,'Visitors','You reached 1,000 visitors!','Visitors'),(165,5,'Visitors','You reached 1,000 visitors!','Visitors'),(165,6,'Visitors','You reached 1,000 visitors!','Visitors'),(166,1,'Visitors','You reached 10,000 visitors!','Visitors'),(166,2,'Visitors','You reached 10,000 visitors!','Visitors'),(166,3,'Visitors','You reached 10,000 visitors!','Visitors'),(166,4,'Visitors','You reached 10,000 visitors!','Visitors'),(166,5,'Visitors','You reached 10,000 visitors!','Visitors'),(166,6,'Visitors','You reached 10,000 visitors!','Visitors'),(167,1,'Visitors','You reached 100,000 visitors!','Visitors'),(167,2,'Visitors','You reached 100,000 visitors!','Visitors'),(167,3,'Visitors','You reached 100,000 visitors!','Visitors'),(167,4,'Visitors','You reached 100,000 visitors!','Visitors'),(167,5,'Visitors','You reached 100,000 visitors!','Visitors'),(167,6,'Visitors','You reached 100,000 visitors!','Visitors'),(168,1,'Visitors','You reached 1,000,000 visitors!','Visitors'),(168,2,'Visitors','You reached 1,000,000 visitors!','Visitors'),(168,3,'Visitors','You reached 1,000,000 visitors!','Visitors'),(168,4,'Visitors','You reached 1,000,000 visitors!','Visitors'),(168,5,'Visitors','You reached 1,000,000 visitors!','Visitors'),(168,6,'Visitors','You reached 1,000,000 visitors!','Visitors'),(169,1,'Customer Carts','Two carts have been created by visitors','Customer Carts'),(169,2,'Customer Carts','Two carts have been created by visitors','Customer Carts'),(169,3,'Customer Carts','Two carts have been created by visitors','Customer Carts'),(169,4,'Customer Carts','Two carts have been created by visitors','Customer Carts'),(169,5,'Customer Carts','Two carts have been created by visitors','Customer Carts'),(169,6,'Customer Carts','Two carts have been created by visitors','Customer Carts'),(170,1,'Customer Carts','Ten carts have been created by visitors.','Customer Carts'),(170,2,'Customer Carts','Ten carts have been created by visitors.','Customer Carts'),(170,3,'Customer Carts','Ten carts have been created by visitors.','Customer Carts'),(170,4,'Customer Carts','Ten carts have been created by visitors.','Customer Carts'),(170,5,'Customer Carts','Ten carts have been created by visitors.','Customer Carts'),(170,6,'Customer Carts','Ten carts have been created by visitors.','Customer Carts'),(171,1,'Customer Carts','A hundred carts have been created by visitors on your shop.','Customer Carts'),(171,2,'Customer Carts','A hundred carts have been created by visitors on your shop.','Customer Carts'),(171,3,'Customer Carts','A hundred carts have been created by visitors on your shop.','Customer Carts'),(171,4,'Customer Carts','A hundred carts have been created by visitors on your shop.','Customer Carts'),(171,5,'Customer Carts','A hundred carts have been created by visitors on your shop.','Customer Carts'),(171,6,'Customer Carts','A hundred carts have been created by visitors on your shop.','Customer Carts'),(172,1,'Customer Carts','A thousand carts have been created by visitors on your shop.','Customer Carts'),(172,2,'Customer Carts','A thousand carts have been created by visitors on your shop.','Customer Carts'),(172,3,'Customer Carts','A thousand carts have been created by visitors on your shop.','Customer Carts'),(172,4,'Customer Carts','A thousand carts have been created by visitors on your shop.','Customer Carts'),(172,5,'Customer Carts','A thousand carts have been created by visitors on your shop.','Customer Carts'),(172,6,'Customer Carts','A thousand carts have been created by visitors on your shop.','Customer Carts'),(173,1,'Customer Carts','10,000 carts have been created by visitors.','Customer Carts'),(173,2,'Customer Carts','10,000 carts have been created by visitors.','Customer Carts'),(173,3,'Customer Carts','10,000 carts have been created by visitors.','Customer Carts'),(173,4,'Customer Carts','10,000 carts have been created by visitors.','Customer Carts'),(173,5,'Customer Carts','10,000 carts have been created by visitors.','Customer Carts'),(173,6,'Customer Carts','10,000 carts have been created by visitors.','Customer Carts'),(174,1,'Customer Carts','100,000 carts have been created by visitors.','Customer Carts'),(174,2,'Customer Carts','100,000 carts have been created by visitors.','Customer Carts'),(174,3,'Customer Carts','100,000 carts have been created by visitors.','Customer Carts'),(174,4,'Customer Carts','100,000 carts have been created by visitors.','Customer Carts'),(174,5,'Customer Carts','100,000 carts have been created by visitors.','Customer Carts'),(174,6,'Customer Carts','100,000 carts have been created by visitors.','Customer Carts'),(175,1,'Orders','You received your first order.','Orders'),(175,2,'Orders','You received your first order.','Orders'),(175,3,'Orders','You received your first order.','Orders'),(175,4,'Orders','You received your first order.','Orders'),(175,5,'Orders','You received your first order.','Orders'),(175,6,'Orders','You received your first order.','Orders'),(176,1,'Orders','10 orders have been placed through your online shop.','Orders'),(176,2,'Orders','10 orders have been placed through your online shop.','Orders'),(176,3,'Orders','10 orders have been placed through your online shop.','Orders'),(176,4,'Orders','10 orders have been placed through your online shop.','Orders'),(176,5,'Orders','10 orders have been placed through your online shop.','Orders'),(176,6,'Orders','10 orders have been placed through your online shop.','Orders'),(177,1,'Orders','You received 100 orders through your online shop!','Orders'),(177,2,'Orders','You received 100 orders through your online shop!','Orders'),(177,3,'Orders','You received 100 orders through your online shop!','Orders'),(177,4,'Orders','You received 100 orders through your online shop!','Orders'),(177,5,'Orders','You received 100 orders through your online shop!','Orders'),(177,6,'Orders','You received 100 orders through your online shop!','Orders'),(178,1,'Orders','You received 1,000 orders through your online shop, congrats!','Orders'),(178,2,'Orders','You received 1,000 orders through your online shop, congrats!','Orders'),(178,3,'Orders','You received 1,000 orders through your online shop, congrats!','Orders'),(178,4,'Orders','You received 1,000 orders through your online shop, congrats!','Orders'),(178,5,'Orders','You received 1,000 orders through your online shop, congrats!','Orders'),(178,6,'Orders','You received 1,000 orders through your online shop, congrats!','Orders'),(179,1,'Orders','You received 10,000 orders through your online shop, cheers!','Orders'),(179,2,'Orders','You received 10,000 orders through your online shop, cheers!','Orders'),(179,3,'Orders','You received 10,000 orders through your online shop, cheers!','Orders'),(179,4,'Orders','You received 10,000 orders through your online shop, cheers!','Orders'),(179,5,'Orders','You received 10,000 orders through your online shop, cheers!','Orders'),(179,6,'Orders','You received 10,000 orders through your online shop, cheers!','Orders'),(180,1,'Orders','You received 100,000 orders through your online shop!','Orders'),(180,2,'Orders','You received 100,000 orders through your online shop!','Orders'),(180,3,'Orders','You received 100,000 orders through your online shop!','Orders'),(180,4,'Orders','You received 100,000 orders through your online shop!','Orders'),(180,5,'Orders','You received 100,000 orders through your online shop!','Orders'),(180,6,'Orders','You received 100,000 orders through your online shop!','Orders'),(181,1,'Customer Service Threads','You received  your first customer\'s message.','Customer Service Threads'),(181,2,'Customer Service Threads','You received  your first customer\'s message.','Customer Service Threads'),(181,3,'Customer Service Threads','You received  your first customer\'s message.','Customer Service Threads'),(181,4,'Customer Service Threads','You received  your first customer\'s message.','Customer Service Threads'),(181,5,'Customer Service Threads','You received  your first customer\'s message.','Customer Service Threads'),(181,6,'Customer Service Threads','You received  your first customer\'s message.','Customer Service Threads'),(182,1,'Customer Service Threads','You received 10 messages from your customers.','Customer Service Threads'),(182,2,'Customer Service Threads','You received 10 messages from your customers.','Customer Service Threads'),(182,3,'Customer Service Threads','You received 10 messages from your customers.','Customer Service Threads'),(182,4,'Customer Service Threads','You received 10 messages from your customers.','Customer Service Threads'),(182,5,'Customer Service Threads','You received 10 messages from your customers.','Customer Service Threads'),(182,6,'Customer Service Threads','You received 10 messages from your customers.','Customer Service Threads'),(183,1,'Customer Service Threads','You received 100 messages from your customers.','Customer Service Threads'),(183,2,'Customer Service Threads','You received 100 messages from your customers.','Customer Service Threads'),(183,3,'Customer Service Threads','You received 100 messages from your customers.','Customer Service Threads'),(183,4,'Customer Service Threads','You received 100 messages from your customers.','Customer Service Threads'),(183,5,'Customer Service Threads','You received 100 messages from your customers.','Customer Service Threads'),(183,6,'Customer Service Threads','You received 100 messages from your customers.','Customer Service Threads'),(184,1,'Customer Service Threads','You received 1,000 messages from your customers.','Customer Service Threads'),(184,2,'Customer Service Threads','You received 1,000 messages from your customers.','Customer Service Threads'),(184,3,'Customer Service Threads','You received 1,000 messages from your customers.','Customer Service Threads'),(184,4,'Customer Service Threads','You received 1,000 messages from your customers.','Customer Service Threads'),(184,5,'Customer Service Threads','You received 1,000 messages from your customers.','Customer Service Threads'),(184,6,'Customer Service Threads','You received 1,000 messages from your customers.','Customer Service Threads'),(185,1,'Customer Service Threads','You received 10,000 messages from your customers.','Customer Service Threads'),(185,2,'Customer Service Threads','You received 10,000 messages from your customers.','Customer Service Threads'),(185,3,'Customer Service Threads','You received 10,000 messages from your customers.','Customer Service Threads'),(185,4,'Customer Service Threads','You received 10,000 messages from your customers.','Customer Service Threads'),(185,5,'Customer Service Threads','You received 10,000 messages from your customers.','Customer Service Threads'),(185,6,'Customer Service Threads','You received 10,000 messages from your customers.','Customer Service Threads'),(186,1,'Customer Service Threads','You received 100,000 messages from your customers.','Customer Service Threads'),(186,2,'Customer Service Threads','You received 100,000 messages from your customers.','Customer Service Threads'),(186,3,'Customer Service Threads','You received 100,000 messages from your customers.','Customer Service Threads'),(186,4,'Customer Service Threads','You received 100,000 messages from your customers.','Customer Service Threads'),(186,5,'Customer Service Threads','You received 100,000 messages from your customers.','Customer Service Threads'),(186,6,'Customer Service Threads','You received 100,000 messages from your customers.','Customer Service Threads'),(187,1,'Customers','You got the first customer registered on your shop!','Customers'),(187,2,'Customers','You got the first customer registered on your shop!','Customers'),(187,3,'Customers','You got the first customer registered on your shop!','Customers'),(187,4,'Customers','You got the first customer registered on your shop!','Customers'),(187,5,'Customers','You got the first customer registered on your shop!','Customers'),(187,6,'Customers','You got the first customer registered on your shop!','Customers'),(188,1,'Customers','You have over 10 customers registered on your shop.','Customers'),(188,2,'Customers','You have over 10 customers registered on your shop.','Customers'),(188,3,'Customers','You have over 10 customers registered on your shop.','Customers'),(188,4,'Customers','You have over 10 customers registered on your shop.','Customers'),(188,5,'Customers','You have over 10 customers registered on your shop.','Customers'),(188,6,'Customers','You have over 10 customers registered on your shop.','Customers'),(189,1,'Customers','You have over 100 customers registered on your shop.','Customers'),(189,2,'Customers','You have over 100 customers registered on your shop.','Customers'),(189,3,'Customers','You have over 100 customers registered on your shop.','Customers'),(189,4,'Customers','You have over 100 customers registered on your shop.','Customers'),(189,5,'Customers','You have over 100 customers registered on your shop.','Customers'),(189,6,'Customers','You have over 100 customers registered on your shop.','Customers'),(190,1,'Customers','You have over 1,000 customers registered on your shop.','Customers'),(190,2,'Customers','You have over 1,000 customers registered on your shop.','Customers'),(190,3,'Customers','You have over 1,000 customers registered on your shop.','Customers'),(190,4,'Customers','You have over 1,000 customers registered on your shop.','Customers'),(190,5,'Customers','You have over 1,000 customers registered on your shop.','Customers'),(190,6,'Customers','You have over 1,000 customers registered on your shop.','Customers'),(191,1,'Customers','You have over 10,000 customers registered on your shop.','Customers'),(191,2,'Customers','You have over 10,000 customers registered on your shop.','Customers'),(191,3,'Customers','You have over 10,000 customers registered on your shop.','Customers'),(191,4,'Customers','You have over 10,000 customers registered on your shop.','Customers'),(191,5,'Customers','You have over 10,000 customers registered on your shop.','Customers'),(191,6,'Customers','You have over 10,000 customers registered on your shop.','Customers'),(192,1,'Customers','You have over 100,000 customers registered on your shop.','Customers'),(192,2,'Customers','You have over 100,000 customers registered on your shop.','Customers'),(192,3,'Customers','You have over 100,000 customers registered on your shop.','Customers'),(192,4,'Customers','You have over 100,000 customers registered on your shop.','Customers'),(192,5,'Customers','You have over 100,000 customers registered on your shop.','Customers'),(192,6,'Customers','You have over 100,000 customers registered on your shop.','Customers'),(193,1,'North America','You got your first sale in North America','North America'),(193,2,'North America','You got your first sale in North America','North America'),(193,3,'North America','You got your first sale in North America','North America'),(193,4,'North America','You got your first sale in North America','North America'),(193,5,'North America','You got your first sale in North America','North America'),(193,6,'North America','You got your first sale in North America','North America'),(194,1,'Oceania','You got your first sale in Oceania','Oceania'),(194,2,'Oceania','You got your first sale in Oceania','Oceania'),(194,3,'Oceania','You got your first sale in Oceania','Oceania'),(194,4,'Oceania','You got your first sale in Oceania','Oceania'),(194,5,'Oceania','You got your first sale in Oceania','Oceania'),(194,6,'Oceania','You got your first sale in Oceania','Oceania'),(195,1,'Asia','You got your first sale in Asia','Asia'),(195,2,'Asia','You got your first sale in Asia','Asia'),(195,3,'Asia','You got your first sale in Asia','Asia'),(195,4,'Asia','You got your first sale in Asia','Asia'),(195,5,'Asia','You got your first sale in Asia','Asia'),(195,6,'Asia','You got your first sale in Asia','Asia'),(196,1,'South America','You got your first sale in South America','South America'),(196,2,'South America','You got your first sale in South America','South America'),(196,3,'South America','You got your first sale in South America','South America'),(196,4,'South America','You got your first sale in South America','South America'),(196,5,'South America','You got your first sale in South America','South America'),(196,6,'South America','You got your first sale in South America','South America'),(197,1,'Europe','You got your first sale in  Europe!','Europe'),(197,2,'Europe','You got your first sale in  Europe!','Europe'),(197,3,'Europe','You got your first sale in  Europe!','Europe'),(197,4,'Europe','You got your first sale in  Europe!','Europe'),(197,5,'Europe','You got your first sale in  Europe!','Europe'),(197,6,'Europe','You got your first sale in  Europe!','Europe'),(198,1,'Africa','You got your first sale in Africa','Africa'),(198,2,'Africa','You got your first sale in Africa','Africa'),(198,3,'Africa','You got your first sale in Africa','Africa'),(198,4,'Africa','You got your first sale in Africa','Africa'),(198,5,'Africa','You got your first sale in Africa','Africa'),(198,6,'Africa','You got your first sale in Africa','Africa'),(199,1,'Maghreb','You got your first sale in Maghreb','Maghreb'),(199,2,'Maghreb','You got your first sale in Maghreb','Maghreb'),(199,3,'Maghreb','You got your first sale in Maghreb','Maghreb'),(199,4,'Maghreb','You got your first sale in Maghreb','Maghreb'),(199,5,'Maghreb','You got your first sale in Maghreb','Maghreb'),(199,6,'Maghreb','You got your first sale in Maghreb','Maghreb'),(200,1,'Your Team\'s Employees','First employee account added to your shop','Your Team\'s Employees'),(200,2,'Your Team\'s Employees','First employee account added to your shop','Your Team\'s Employees'),(200,3,'Your Team\'s Employees','First employee account added to your shop','Your Team\'s Employees'),(200,4,'Your Team\'s Employees','First employee account added to your shop','Your Team\'s Employees'),(200,5,'Your Team\'s Employees','First employee account added to your shop','Your Team\'s Employees'),(200,6,'Your Team\'s Employees','First employee account added to your shop','Your Team\'s Employees'),(201,1,'Your Team\'s Employees','3 employee accounts added to your shop','Your Team\'s Employees'),(201,2,'Your Team\'s Employees','3 employee accounts added to your shop','Your Team\'s Employees'),(201,3,'Your Team\'s Employees','3 employee accounts added to your shop','Your Team\'s Employees'),(201,4,'Your Team\'s Employees','3 employee accounts added to your shop','Your Team\'s Employees'),(201,5,'Your Team\'s Employees','3 employee accounts added to your shop','Your Team\'s Employees'),(201,6,'Your Team\'s Employees','3 employee accounts added to your shop','Your Team\'s Employees'),(202,1,'Your Team\'s Employees','5 employee accounts added to your shop','Your Team\'s Employees'),(202,2,'Your Team\'s Employees','5 employee accounts added to your shop','Your Team\'s Employees'),(202,3,'Your Team\'s Employees','5 employee accounts added to your shop','Your Team\'s Employees'),(202,4,'Your Team\'s Employees','5 employee accounts added to your shop','Your Team\'s Employees'),(202,5,'Your Team\'s Employees','5 employee accounts added to your shop','Your Team\'s Employees'),(202,6,'Your Team\'s Employees','5 employee accounts added to your shop','Your Team\'s Employees'),(203,1,'Your Team\'s Employees','10 employee accounts added to your shop','Your Team\'s Employees'),(203,2,'Your Team\'s Employees','10 employee accounts added to your shop','Your Team\'s Employees'),(203,3,'Your Team\'s Employees','10 employee accounts added to your shop','Your Team\'s Employees'),(203,4,'Your Team\'s Employees','10 employee accounts added to your shop','Your Team\'s Employees'),(203,5,'Your Team\'s Employees','10 employee accounts added to your shop','Your Team\'s Employees'),(203,6,'Your Team\'s Employees','10 employee accounts added to your shop','Your Team\'s Employees'),(204,1,'Your Team\'s Employees','20 employee accounts added to your shop','Your Team\'s Employees'),(204,2,'Your Team\'s Employees','20 employee accounts added to your shop','Your Team\'s Employees'),(204,3,'Your Team\'s Employees','20 employee accounts added to your shop','Your Team\'s Employees'),(204,4,'Your Team\'s Employees','20 employee accounts added to your shop','Your Team\'s Employees'),(204,5,'Your Team\'s Employees','20 employee accounts added to your shop','Your Team\'s Employees'),(204,6,'Your Team\'s Employees','20 employee accounts added to your shop','Your Team\'s Employees'),(205,1,'Your Team\'s Employees','40 employee accounts added to your shop','Your Team\'s Employees'),(205,2,'Your Team\'s Employees','40 employee accounts added to your shop','Your Team\'s Employees'),(205,3,'Your Team\'s Employees','40 employee accounts added to your shop','Your Team\'s Employees'),(205,4,'Your Team\'s Employees','40 employee accounts added to your shop','Your Team\'s Employees'),(205,5,'Your Team\'s Employees','40 employee accounts added to your shop','Your Team\'s Employees'),(205,6,'Your Team\'s Employees','40 employee accounts added to your shop','Your Team\'s Employees'),(206,1,'Product Pictures','First photo added to your catalog','Product Pictures'),(206,2,'Product Pictures','First photo added to your catalog','Product Pictures'),(206,3,'Product Pictures','First photo added to your catalog','Product Pictures'),(206,4,'Product Pictures','First photo added to your catalog','Product Pictures'),(206,5,'Product Pictures','First photo added to your catalog','Product Pictures'),(206,6,'Product Pictures','First photo added to your catalog','Product Pictures'),(207,1,'Product Pictures','50 photos added to your catalog','Product Pictures'),(207,2,'Product Pictures','50 photos added to your catalog','Product Pictures'),(207,3,'Product Pictures','50 photos added to your catalog','Product Pictures'),(207,4,'Product Pictures','50 photos added to your catalog','Product Pictures'),(207,5,'Product Pictures','50 photos added to your catalog','Product Pictures'),(207,6,'Product Pictures','50 photos added to your catalog','Product Pictures'),(208,1,'Product Pictures','100 photos added to your catalog','Product Pictures'),(208,2,'Product Pictures','100 photos added to your catalog','Product Pictures'),(208,3,'Product Pictures','100 photos added to your catalog','Product Pictures'),(208,4,'Product Pictures','100 photos added to your catalog','Product Pictures'),(208,5,'Product Pictures','100 photos added to your catalog','Product Pictures'),(208,6,'Product Pictures','100 photos added to your catalog','Product Pictures'),(209,1,'Product Pictures','1,000 photos added to your catalog','Product Pictures'),(209,2,'Product Pictures','1,000 photos added to your catalog','Product Pictures'),(209,3,'Product Pictures','1,000 photos added to your catalog','Product Pictures'),(209,4,'Product Pictures','1,000 photos added to your catalog','Product Pictures'),(209,5,'Product Pictures','1,000 photos added to your catalog','Product Pictures'),(209,6,'Product Pictures','1,000 photos added to your catalog','Product Pictures'),(210,1,'Product Pictures','10,000 photos added to your catalog','Product Pictures'),(210,2,'Product Pictures','10,000 photos added to your catalog','Product Pictures'),(210,3,'Product Pictures','10,000 photos added to your catalog','Product Pictures'),(210,4,'Product Pictures','10,000 photos added to your catalog','Product Pictures'),(210,5,'Product Pictures','10,000 photos added to your catalog','Product Pictures'),(210,6,'Product Pictures','10,000 photos added to your catalog','Product Pictures'),(211,1,'Product Pictures','50,000 photos added to your catalog','Product Pictures'),(211,2,'Product Pictures','50,000 photos added to your catalog','Product Pictures'),(211,3,'Product Pictures','50,000 photos added to your catalog','Product Pictures'),(211,4,'Product Pictures','50,000 photos added to your catalog','Product Pictures'),(211,5,'Product Pictures','50,000 photos added to your catalog','Product Pictures'),(211,6,'Product Pictures','50,000 photos added to your catalog','Product Pictures'),(212,1,'Customization','First CMS page added to your catalog','Customization'),(212,2,'Customization','First CMS page added to your catalog','Customization'),(212,3,'Customization','First CMS page added to your catalog','Customization'),(212,4,'Customization','First CMS page added to your catalog','Customization'),(212,5,'Customization','First CMS page added to your catalog','Customization'),(212,6,'Customization','First CMS page added to your catalog','Customization'),(213,1,'Cart Rules','First cart rules configured on your shop','Cart Rules'),(213,2,'Cart Rules','First cart rules configured on your shop','Cart Rules'),(213,3,'Cart Rules','First cart rules configured on your shop','Cart Rules'),(213,4,'Cart Rules','First cart rules configured on your shop','Cart Rules'),(213,5,'Cart Rules','First cart rules configured on your shop','Cart Rules'),(213,6,'Cart Rules','First cart rules configured on your shop','Cart Rules'),(214,1,'Cart Rules','You have 10 cart rules configured on your shop','Cart Rules'),(214,2,'Cart Rules','You have 10 cart rules configured on your shop','Cart Rules'),(214,3,'Cart Rules','You have 10 cart rules configured on your shop','Cart Rules'),(214,4,'Cart Rules','You have 10 cart rules configured on your shop','Cart Rules'),(214,5,'Cart Rules','You have 10 cart rules configured on your shop','Cart Rules'),(214,6,'Cart Rules','You have 10 cart rules configured on your shop','Cart Rules'),(215,1,'Cart Rules','You have 100 cart rules configured on your shop','Cart Rules'),(215,2,'Cart Rules','You have 100 cart rules configured on your shop','Cart Rules'),(215,3,'Cart Rules','You have 100 cart rules configured on your shop','Cart Rules'),(215,4,'Cart Rules','You have 100 cart rules configured on your shop','Cart Rules'),(215,5,'Cart Rules','You have 100 cart rules configured on your shop','Cart Rules'),(215,6,'Cart Rules','You have 100 cart rules configured on your shop','Cart Rules'),(216,1,'Cart Rules','You have 500 cart rules configured on your shop','Cart Rules'),(216,2,'Cart Rules','You have 500 cart rules configured on your shop','Cart Rules'),(216,3,'Cart Rules','You have 500 cart rules configured on your shop','Cart Rules'),(216,4,'Cart Rules','You have 500 cart rules configured on your shop','Cart Rules'),(216,5,'Cart Rules','You have 500 cart rules configured on your shop','Cart Rules'),(216,6,'Cart Rules','You have 500 cart rules configured on your shop','Cart Rules'),(217,1,'Cart Rules','You have 1,000 cart rules configured on your shop','Cart Rules'),(217,2,'Cart Rules','You have 1,000 cart rules configured on your shop','Cart Rules'),(217,3,'Cart Rules','You have 1,000 cart rules configured on your shop','Cart Rules'),(217,4,'Cart Rules','You have 1,000 cart rules configured on your shop','Cart Rules'),(217,5,'Cart Rules','You have 1,000 cart rules configured on your shop','Cart Rules'),(217,6,'Cart Rules','You have 1,000 cart rules configured on your shop','Cart Rules'),(218,1,'Cart Rules','You have 5,000 cart rules configured on your shop','Cart Rules'),(218,2,'Cart Rules','You have 5,000 cart rules configured on your shop','Cart Rules'),(218,3,'Cart Rules','You have 5,000 cart rules configured on your shop','Cart Rules'),(218,4,'Cart Rules','You have 5,000 cart rules configured on your shop','Cart Rules'),(218,5,'Cart Rules','You have 5,000 cart rules configured on your shop','Cart Rules'),(218,6,'Cart Rules','You have 5,000 cart rules configured on your shop','Cart Rules'),(219,1,'International Orders','First international order placed on your shop.','International Orders'),(219,2,'International Orders','First international order placed on your shop.','International Orders'),(219,3,'International Orders','First international order placed on your shop.','International Orders'),(219,4,'International Orders','First international order placed on your shop.','International Orders'),(219,5,'International Orders','First international order placed on your shop.','International Orders'),(219,6,'International Orders','First international order placed on your shop.','International Orders'),(220,1,'International Orders','10 international orders placed on your shop.','International Orders'),(220,2,'International Orders','10 international orders placed on your shop.','International Orders'),(220,3,'International Orders','10 international orders placed on your shop.','International Orders'),(220,4,'International Orders','10 international orders placed on your shop.','International Orders'),(220,5,'International Orders','10 international orders placed on your shop.','International Orders'),(220,6,'International Orders','10 international orders placed on your shop.','International Orders'),(221,1,'International Orders','100 international orders placed on your shop!','International Orders'),(221,2,'International Orders','100 international orders placed on your shop!','International Orders'),(221,3,'International Orders','100 international orders placed on your shop!','International Orders'),(221,4,'International Orders','100 international orders placed on your shop!','International Orders'),(221,5,'International Orders','100 international orders placed on your shop!','International Orders'),(221,6,'International Orders','100 international orders placed on your shop!','International Orders'),(222,1,'International Orders','1,000 international orders placed on your shop!','International Orders'),(222,2,'International Orders','1,000 international orders placed on your shop!','International Orders'),(222,3,'International Orders','1,000 international orders placed on your shop!','International Orders'),(222,4,'International Orders','1,000 international orders placed on your shop!','International Orders'),(222,5,'International Orders','1,000 international orders placed on your shop!','International Orders'),(222,6,'International Orders','1,000 international orders placed on your shop!','International Orders'),(223,1,'International Orders','5,000 international orders placed on your shop!','International Orders'),(223,2,'International Orders','5,000 international orders placed on your shop!','International Orders'),(223,3,'International Orders','5,000 international orders placed on your shop!','International Orders'),(223,4,'International Orders','5,000 international orders placed on your shop!','International Orders'),(223,5,'International Orders','5,000 international orders placed on your shop!','International Orders'),(223,6,'International Orders','5,000 international orders placed on your shop!','International Orders'),(224,1,'International Orders','10,000 international orders placed on your shop!','International Orders'),(224,2,'International Orders','10,000 international orders placed on your shop!','International Orders'),(224,3,'International Orders','10,000 international orders placed on your shop!','International Orders'),(224,4,'International Orders','10,000 international orders placed on your shop!','International Orders'),(224,5,'International Orders','10,000 international orders placed on your shop!','International Orders'),(224,6,'International Orders','10,000 international orders placed on your shop!','International Orders'),(225,1,'Store','First store configured on your shop!','Store'),(225,2,'Store','First store configured on your shop!','Store'),(225,3,'Store','First store configured on your shop!','Store'),(225,4,'Store','First store configured on your shop!','Store'),(225,5,'Store','First store configured on your shop!','Store'),(225,6,'Store','First store configured on your shop!','Store'),(226,1,'Store','You have 2 stores configured on your shop','Store'),(226,2,'Store','You have 2 stores configured on your shop','Store'),(226,3,'Store','You have 2 stores configured on your shop','Store'),(226,4,'Store','You have 2 stores configured on your shop','Store'),(226,5,'Store','You have 2 stores configured on your shop','Store'),(226,6,'Store','You have 2 stores configured on your shop','Store'),(227,1,'Store','You have 5 stores configured on your shop','Store'),(227,2,'Store','You have 5 stores configured on your shop','Store'),(227,3,'Store','You have 5 stores configured on your shop','Store'),(227,4,'Store','You have 5 stores configured on your shop','Store'),(227,5,'Store','You have 5 stores configured on your shop','Store'),(227,6,'Store','You have 5 stores configured on your shop','Store'),(228,1,'Store','You have 10 stores configured on your shop','Store'),(228,2,'Store','You have 10 stores configured on your shop','Store'),(228,3,'Store','You have 10 stores configured on your shop','Store'),(228,4,'Store','You have 10 stores configured on your shop','Store'),(228,5,'Store','You have 10 stores configured on your shop','Store'),(228,6,'Store','You have 10 stores configured on your shop','Store'),(229,1,'Store','You have 20 stores configured on your shop','Store'),(229,2,'Store','You have 20 stores configured on your shop','Store'),(229,3,'Store','You have 20 stores configured on your shop','Store'),(229,4,'Store','You have 20 stores configured on your shop','Store'),(229,5,'Store','You have 20 stores configured on your shop','Store'),(229,6,'Store','You have 20 stores configured on your shop','Store'),(230,1,'Store','You have 50 stores configured on your shop','Store'),(230,2,'Store','You have 50 stores configured on your shop','Store'),(230,3,'Store','You have 50 stores configured on your shop','Store'),(230,4,'Store','You have 50 stores configured on your shop','Store'),(230,5,'Store','You have 50 stores configured on your shop','Store'),(230,6,'Store','You have 50 stores configured on your shop','Store'),(231,1,'Webservice x1','First webservice account added to your shop','WebService'),(231,2,'Webservice x1','First webservice account added to your shop','WebService'),(231,3,'Webservice x1','First webservice account added to your shop','WebService'),(231,4,'Webservice x1','First webservice account added to your shop','WebService'),(231,5,'Webservice x1','First webservice account added to your shop','WebService'),(231,6,'Webservice x1','First webservice account added to your shop','WebService'),(232,1,'Webservice x2','2 webservice accounts added to your shop','WebService'),(232,2,'Webservice x2','2 webservice accounts added to your shop','WebService'),(232,3,'Webservice x2','2 webservice accounts added to your shop','WebService'),(232,4,'Webservice x2','2 webservice accounts added to your shop','WebService'),(232,5,'Webservice x2','2 webservice accounts added to your shop','WebService'),(232,6,'Webservice x2','2 webservice accounts added to your shop','WebService'),(233,1,'Webservice x3','3 webservice accounts added to your shop','WebService'),(233,2,'Webservice x3','3 webservice accounts added to your shop','WebService'),(233,3,'Webservice x3','3 webservice accounts added to your shop','WebService'),(233,4,'Webservice x3','3 webservice accounts added to your shop','WebService'),(233,5,'Webservice x3','3 webservice accounts added to your shop','WebService'),(233,6,'Webservice x3','3 webservice accounts added to your shop','WebService'),(234,1,'Webservice x4','4 webservice accounts added to your shop','WebService'),(234,2,'Webservice x4','4 webservice accounts added to your shop','WebService'),(234,3,'Webservice x4','4 webservice accounts added to your shop','WebService'),(234,4,'Webservice x4','4 webservice accounts added to your shop','WebService'),(234,5,'Webservice x4','4 webservice accounts added to your shop','WebService'),(234,6,'Webservice x4','4 webservice accounts added to your shop','WebService');

--
-- Table structure for table `ps_btmegamenu`
--

CREATE TABLE `ps_btmegamenu` (
  `id_btmegamenu` int(11) NOT NULL AUTO_INCREMENT,
  `id_group` int(11) NOT NULL,
  `image` varchar(255) NOT NULL,
  `id_parent` int(11) NOT NULL,
  `sub_with` varchar(255) NOT NULL,
  `is_group` tinyint(1) NOT NULL,
  `width` varchar(255) DEFAULT NULL,
  `submenu_width` varchar(255) DEFAULT NULL,
  `submenu_colum_width` varchar(255) DEFAULT NULL,
  `item` varchar(255) DEFAULT NULL,
  `item_parameter` varchar(255) DEFAULT NULL,
  `colums` varchar(255) DEFAULT NULL,
  `type` varchar(255) NOT NULL,
  `is_content` tinyint(1) NOT NULL,
  `show_title` tinyint(1) NOT NULL,
  `level_depth` smallint(6) NOT NULL,
  `active` tinyint(1) NOT NULL,
  `position` int(11) NOT NULL,
  `submenu_content` text NOT NULL,
  `show_sub` tinyint(1) NOT NULL,
  `target` varchar(25) DEFAULT NULL,
  `privacy` smallint(6) DEFAULT NULL,
  `position_type` varchar(25) DEFAULT NULL,
  `menu_class` varchar(255) DEFAULT NULL,
  `content` text DEFAULT NULL,
  `icon_class` varchar(255) DEFAULT NULL,
  `level` int(11) NOT NULL,
  `left` int(11) NOT NULL,
  `right` int(11) NOT NULL,
  `submenu_catids` text DEFAULT NULL,
  `is_cattree` tinyint(1) DEFAULT 1,
  `date_add` datetime DEFAULT NULL,
  `date_upd` datetime DEFAULT NULL,
  `groupBox` varchar(255) DEFAULT 'all',
  `params_widget` longtext DEFAULT NULL,
  PRIMARY KEY (`id_btmegamenu`)
) ENGINE=InnoDB AUTO_INCREMENT=20 DEFAULT CHARSET=utf8;

--
-- Dumping data for table `ps_btmegamenu`
--

INSERT INTO `ps_btmegamenu` VALUES (1,1,'',0,'submenu',0,NULL,NULL,NULL,'index',NULL,'1','controller',0,1,1,1,0,'',0,'_self',0,NULL,NULL,NULL,NULL,0,0,0,NULL,1,'2018-08-01 04:53:17','2018-08-20 05:45:55','1,2,3',NULL),(2,1,'',0,'none',0,NULL,NULL,NULL,'3',NULL,'1','category',0,1,1,1,1,'',0,'_self',0,NULL,NULL,NULL,NULL,0,0,0,NULL,1,'2018-08-01 04:53:22','2018-08-24 05:33:39','1,2,3','eyJzdWJ3aXRoIjoid2lkZ2V0Iiwic3VibWVudSI6MSwiZ3JvdXAiOjAsImFsaWduIjoiYWxpZ25lZC1mdWxsd2lkdGgiLCJjb2xzIjo1LCJyb3dzIjpbeyJjb2xzIjpbeyJ3aWRnZXRzIjoiIiwiY29sd2lkdGgiOjN9LHsid2lkZ2V0cyI6IiIsImNvbHdpZHRoIjozfSx7IndpZGdldHMiOiIiLCJjb2x3aWR0aCI6M30seyJ3aWRnZXRzIjoiIiwiY29sd2lkdGgiOjN9LHsiY29sd2lkdGgiOiIxMiIsIndpZGdldHMiOiJ3aWQtMTUzNDgzODM1MiJ9XX1dfQ=='),(3,1,'',0,'widget',0,NULL,NULL,NULL,'3',NULL,'1','category',0,1,1,1,2,'',0,'_self',0,NULL,'new',NULL,NULL,0,0,0,NULL,1,'2018-08-01 04:53:23','2018-08-20 05:48:23','1,2,3','eyJzdWJ3aXRoIjoid2lkZ2V0Iiwic3VibWVudSI6MSwiZ3JvdXAiOjAsImFsaWduIjoiYWxpZ25lZC1sZWZ0IiwiY29scyI6MSwicm93cyI6W3siY29scyI6W3sid2lkZ2V0cyI6IndpZC0xNTMzMTA2Njc4IiwiY29sd2lkdGgiOjEyfV19XX0='),(4,1,'',0,'none',0,NULL,NULL,NULL,NULL,NULL,'1','url',0,1,1,1,3,'',0,'_self',0,NULL,NULL,NULL,NULL,0,0,0,NULL,1,'2018-08-01 04:53:24','2018-08-20 05:49:13','1,2,3',NULL),(5,1,'',0,'submenu',0,NULL,NULL,NULL,'4',NULL,'1','cms',0,1,1,1,4,'',0,'_self',0,NULL,NULL,NULL,NULL,0,0,0,NULL,1,'2018-08-01 04:53:25','2018-08-20 05:50:05','1,2,3',NULL),(6,1,'',5,'submenu',0,NULL,NULL,NULL,'1',NULL,'1','cms',0,1,2,1,0,'',0,'_self',0,NULL,NULL,NULL,NULL,0,0,0,NULL,1,'2018-08-01 04:53:26','2018-08-20 05:50:47','1,2,3',NULL),(7,1,'',5,'submenu',0,NULL,NULL,NULL,'2',NULL,'1','cms',0,1,2,1,1,'',0,'_self',0,NULL,NULL,NULL,NULL,0,0,0,NULL,1,'2018-08-01 04:53:27','2018-08-20 05:51:28','1,2,3',NULL),(8,1,'',5,'submenu',0,NULL,NULL,NULL,'3',NULL,'1','cms',0,1,2,1,2,'',0,'_self',0,NULL,NULL,NULL,NULL,0,0,0,NULL,1,'2018-08-01 04:53:27','2018-08-20 05:52:50','1,2,3',NULL),(9,1,'',5,'submenu',0,NULL,NULL,NULL,'5',NULL,'1','cms',0,1,2,1,3,'',0,'_self',0,NULL,NULL,NULL,NULL,0,0,0,NULL,1,'2018-08-01 04:53:28','2018-08-20 05:53:52','1,2,3',NULL),(10,1,'',5,'submenu',0,NULL,NULL,NULL,'7',NULL,'1','category',0,1,2,1,4,'',0,'_self',0,NULL,NULL,NULL,NULL,0,0,0,NULL,1,'2018-08-01 04:53:28','2018-08-20 05:54:39','1,2,3',NULL),(11,1,'',10,'submenu',0,NULL,NULL,NULL,'5',NULL,'1','category',0,1,3,1,0,'',0,'_self',0,NULL,NULL,NULL,NULL,0,0,0,NULL,1,'2018-08-01 04:53:29','2018-08-20 05:55:36','1,2,3',NULL),(12,1,'',10,'submenu',0,NULL,NULL,NULL,'9',NULL,'1','category',0,1,3,1,1,'',0,'_self',0,NULL,NULL,NULL,NULL,0,0,0,NULL,1,'2018-08-01 04:53:30','2018-08-20 05:56:25','1,2,3',NULL),(13,1,'',10,'submenu',0,NULL,NULL,NULL,'4',NULL,'1','category',0,1,3,1,2,'',0,'_self',0,NULL,NULL,NULL,NULL,0,0,0,NULL,1,'2018-08-01 04:53:31','2018-08-20 05:57:23','1,2,3',NULL),(14,1,'',5,'submenu',0,NULL,NULL,NULL,'supplier',NULL,'1','controller',0,1,2,1,5,'',0,'_self',0,NULL,NULL,NULL,NULL,0,0,0,NULL,1,'2018-08-01 04:53:32','2018-08-20 05:58:20','1,2,3',NULL),(16,1,'',0,'submenu',0,NULL,NULL,NULL,'contact',NULL,'1','controller',0,1,1,1,5,'',0,'_self',0,NULL,NULL,NULL,NULL,0,0,0,NULL,1,'2018-08-01 23:04:57','2018-08-20 05:59:12','1,2,3',NULL),(17,1,'',1,'submenu',0,NULL,NULL,NULL,NULL,NULL,'1','url',0,1,2,1,0,'',0,'_self',0,NULL,NULL,NULL,NULL,0,0,0,NULL,1,'2018-08-21 03:19:03','2018-08-21 03:19:03','1,2,3',NULL),(18,1,'',1,'submenu',0,NULL,NULL,NULL,NULL,NULL,'1','url',0,1,2,1,1,'',0,'_self',0,NULL,NULL,NULL,NULL,0,0,0,NULL,1,'2018-08-21 03:19:56','2018-08-21 03:19:56','1,2,3',NULL),(19,1,'',1,'submenu',0,NULL,NULL,NULL,NULL,NULL,'1','url',0,1,2,1,2,'',0,'_self',0,NULL,NULL,NULL,NULL,0,0,0,NULL,1,'2018-08-21 03:20:50','2018-08-21 03:20:50','1,2,3',NULL);

--
-- Table structure for table `ps_btmegamenu_group`
--

CREATE TABLE `ps_btmegamenu_group` (
  `id_btmegamenu_group` int(11) NOT NULL AUTO_INCREMENT,
  `id_shop` int(10) unsigned NOT NULL,
  `hook` varchar(64) DEFAULT NULL,
  `position` int(11) NOT NULL,
  `active` tinyint(1) unsigned NOT NULL DEFAULT 1,
  `params` text NOT NULL,
  `active_ap` tinyint(1) DEFAULT NULL,
  `randkey` varchar(255) DEFAULT NULL,
  `form_id` varchar(255) DEFAULT NULL,
  PRIMARY KEY (`id_btmegamenu_group`,`id_shop`)
) ENGINE=InnoDB AUTO_INCREMENT=2 DEFAULT CHARSET=utf8;

--
-- Dumping data for table `ps_btmegamenu_group`
--

INSERT INTO `ps_btmegamenu_group` VALUES (1,1,NULL,0,1,'eyJncm91cF90eXBlIjoiaG9yaXpvbnRhbCIsInNob3dfY2F2YXMiOiIxIiwidHlwZV9zdWIiOiJhdXRvIiwiZ3JvdXBfY2xhc3MiOiIifQ==',1,'ac70e5b81cccd4671f8c75a464e569bd','1512644864');

--
-- Table structure for table `ps_btmegamenu_group_lang`
--

CREATE TABLE `ps_btmegamenu_group_lang` (
  `id_btmegamenu_group` int(11) NOT NULL,
  `id_lang` int(11) NOT NULL,
  `title` varchar(255) DEFAULT NULL,
  `title_fo` varchar(255) DEFAULT NULL,
  PRIMARY KEY (`id_btmegamenu_group`,`id_lang`)
) ENGINE=InnoDB DEFAULT CHARSET=utf8;

--
-- Dumping data for table `ps_btmegamenu_group_lang`
--

INSERT INTO `ps_btmegamenu_group_lang` VALUES (1,1,'Megamenu','Categories'),(1,2,'Megamenu','Categories'),(1,3,'Megamenu','Categories'),(1,4,'Megamenu','Categories'),(1,5,'Megamenu','Categories'),(1,6,'Megamenu','Categories');

--
-- Table structure for table `ps_btmegamenu_lang`
--

CREATE TABLE `ps_btmegamenu_lang` (
  `id_btmegamenu` int(11) NOT NULL,
  `id_lang` int(11) NOT NULL,
  `title` varchar(255) DEFAULT NULL,
  `text` varchar(255) DEFAULT NULL,
  `url` varchar(255) DEFAULT NULL,
  `description` text DEFAULT NULL,
  `content_text` text DEFAULT NULL,
  `submenu_content_text` text DEFAULT NULL,
  PRIMARY KEY (`id_btmegamenu`,`id_lang`)
) ENGINE=InnoDB DEFAULT CHARSET=utf8;

--
-- Dumping data for table `ps_btmegamenu_lang`
--

INSERT INTO `ps_btmegamenu_lang` VALUES (1,1,'Home',NULL,'index.php',NULL,NULL,NULL),(1,2,'Accueil',NULL,'index.php',NULL,NULL,NULL),(1,3,'Zuhause',NULL,'index.php',NULL,NULL,NULL),(1,4,'Casa',NULL,'index.php',NULL,NULL,NULL),(1,5,'Hogar',NULL,'index.php',NULL,NULL,NULL),(1,6,'لبيتي ',NULL,'index.php',NULL,NULL,NULL),(2,1,'Listing',NULL,NULL,NULL,NULL,NULL),(2,2,'Liste',NULL,NULL,NULL,NULL,NULL),(2,3,'Auflistung',NULL,NULL,NULL,NULL,NULL),(2,4,'Listato',NULL,NULL,NULL,NULL,NULL),(2,5,'Listado',NULL,NULL,NULL,NULL,NULL),(2,6,'قائمة',NULL,NULL,NULL,NULL,NULL),(3,1,'Page','New',NULL,NULL,NULL,NULL),(3,2,'Page','Neuf',NULL,NULL,NULL,NULL),(3,3,'Seite','Neu',NULL,NULL,NULL,NULL),(3,4,'Pagina','Nuovo',NULL,NULL,NULL,NULL),(3,5,'Página','Nuevo',NULL,NULL,NULL,NULL),(3,6,'صفحة','الجديد',NULL,NULL,NULL,NULL),(4,1,'Blog',NULL,'blog.html',NULL,NULL,NULL),(4,2,'Blog',NULL,'blog.html',NULL,NULL,NULL),(4,3,'Blog',NULL,'blog.html',NULL,NULL,NULL),(4,4,'Blog',NULL,'blog.html',NULL,NULL,NULL),(4,5,'Blog',NULL,'blog.html',NULL,NULL,NULL),(4,6,'مدونة',NULL,'blog.html',NULL,NULL,NULL),(5,1,'About',NULL,NULL,NULL,NULL,NULL),(5,2,'Sur',NULL,NULL,NULL,NULL,NULL),(5,3,'Über',NULL,NULL,NULL,NULL,NULL),(5,4,'Di',NULL,NULL,NULL,NULL,NULL),(5,5,'Acerca',NULL,NULL,NULL,NULL,NULL),(5,6,'حول',NULL,NULL,NULL,NULL,NULL),(6,1,'Delivery',NULL,NULL,NULL,NULL,NULL),(6,2,'Livraison',NULL,NULL,NULL,NULL,NULL),(6,3,'Lieferung',NULL,NULL,NULL,NULL,NULL),(6,4,'Consegna',NULL,NULL,NULL,NULL,NULL),(6,5,'Entrega',NULL,NULL,NULL,NULL,NULL),(6,6,'توصيل',NULL,NULL,NULL,NULL,NULL),(7,1,'Legal notice',NULL,NULL,NULL,NULL,NULL),(7,2,'Mention légale',NULL,NULL,NULL,NULL,NULL),(7,3,'Impressum',NULL,NULL,NULL,NULL,NULL),(7,4,'Avviso legale',NULL,NULL,NULL,NULL,NULL),(7,5,'Aviso Legal',NULL,NULL,NULL,NULL,NULL),(7,6,'إشعار قانوني',NULL,NULL,NULL,NULL,NULL),(8,1,'Terms and conditions',NULL,NULL,NULL,NULL,NULL),(8,2,'Termes et conditions',NULL,NULL,NULL,NULL,NULL),(8,3,'Geschäftsbedingungen',NULL,NULL,NULL,NULL,NULL),(8,4,'Termini e condizioni',NULL,NULL,NULL,NULL,NULL),(8,5,'Términos y Condiciones',NULL,NULL,NULL,NULL,NULL),(8,6,'الأحكام والشروط',NULL,NULL,NULL,NULL,NULL),(9,1,'Secure payment',NULL,NULL,NULL,NULL,NULL),(9,2,'paiement sécurisé',NULL,NULL,NULL,NULL,NULL),(9,3,'sichere Zahlung',NULL,NULL,NULL,NULL,NULL),(9,4,'pagamento sicuro',NULL,NULL,NULL,NULL,NULL),(9,5,'pago seguro',NULL,NULL,NULL,NULL,NULL),(9,6,'دفع امن',NULL,NULL,NULL,NULL,NULL),(10,1,'Seasonings',NULL,NULL,NULL,NULL,NULL),(10,2,'Les assaisonnements',NULL,NULL,NULL,NULL,NULL),(10,3,'Gewürze',NULL,NULL,NULL,NULL,NULL),(10,4,'condimenti',NULL,NULL,NULL,NULL,NULL),(10,5,'Condimentos',NULL,NULL,NULL,NULL,NULL),(10,6,'التوابل',NULL,NULL,NULL,NULL,NULL),(11,1,'Spice Sets',NULL,NULL,NULL,NULL,NULL),(11,2,'Jeux d\'épices',NULL,NULL,NULL,NULL,NULL),(11,3,'Gewürz-Sets',NULL,NULL,NULL,NULL,NULL),(11,4,'Set di spezie',NULL,NULL,NULL,NULL,NULL),(11,5,'Juegos de especias',NULL,NULL,NULL,NULL,NULL),(11,6,'مجموعات التوابل',NULL,NULL,NULL,NULL,NULL),(12,1,'Coriander',NULL,NULL,NULL,NULL,NULL),(12,2,'Coriandre',NULL,NULL,NULL,NULL,NULL),(12,3,'Koriander',NULL,NULL,NULL,NULL,NULL),(12,4,'Coriandolo',NULL,NULL,NULL,NULL,NULL),(12,5,'Cilantro',NULL,NULL,NULL,NULL,NULL),(12,6,'كزبرة',NULL,NULL,NULL,NULL,NULL),(13,1,'Turmeric',NULL,NULL,NULL,NULL,NULL),(13,2,'Safran des Indes',NULL,NULL,NULL,NULL,NULL),(13,3,'Kurkuma',NULL,NULL,NULL,NULL,NULL),(13,4,'Curcuma',NULL,NULL,NULL,NULL,NULL),(13,5,'Cúrcuma',NULL,NULL,NULL,NULL,NULL),(13,6,'الكركم',NULL,NULL,NULL,NULL,NULL),(14,1,'Supplier',NULL,NULL,NULL,NULL,NULL),(14,2,'Fournisseur',NULL,NULL,NULL,NULL,NULL),(14,3,'Lieferant',NULL,NULL,NULL,NULL,NULL),(14,4,'Fornitore',NULL,NULL,NULL,NULL,NULL),(14,5,'Proveedor',NULL,NULL,NULL,NULL,NULL),(14,6,'المورد',NULL,NULL,NULL,NULL,NULL),(16,1,'Contact',NULL,NULL,NULL,NULL,NULL),(16,2,'Contactez',NULL,NULL,NULL,NULL,NULL),(16,3,'Kontakt',NULL,NULL,NULL,NULL,NULL),(16,4,'Contatto',NULL,NULL,NULL,NULL,NULL),(16,5,'Contacto',NULL,NULL,NULL,NULL,NULL),(16,6,'اتصل',NULL,NULL,NULL,NULL,NULL),(17,1,'Home 1',NULL,'home-1.html',NULL,NULL,NULL),(17,2,'Accueil 1',NULL,'home-1.html',NULL,NULL,NULL),(17,3,'Zuhause 1',NULL,'home-1.html',NULL,NULL,NULL),(17,4,'Casa 1',NULL,'home-1.html',NULL,NULL,NULL),(17,5,'Hogar 1',NULL,'home-1.html',NULL,NULL,NULL),(17,6,'لبيتي 1',NULL,'home-1.html',NULL,NULL,NULL),(18,1,'Home 2',NULL,'home-2.html',NULL,NULL,NULL),(18,2,'Accueil 2',NULL,'home-2.html',NULL,NULL,NULL),(18,3,'Zuhause 2',NULL,'home-2.html',NULL,NULL,NULL),(18,4,'Casa 2',NULL,'home-2.html',NULL,NULL,NULL),(18,5,'Hogar 2',NULL,'home-2.html',NULL,NULL,NULL),(18,6,'لبيتي 2',NULL,'home-2.html',NULL,NULL,NULL),(19,1,'Home 3',NULL,'home-3.html',NULL,NULL,NULL),(19,2,'Accueil 3',NULL,'home-3.html',NULL,NULL,NULL),(19,3,'Zuhause 3',NULL,'home-3.html',NULL,NULL,NULL),(19,4,'Casa 3',NULL,'home-3.html',NULL,NULL,NULL),(19,5,'Hogar 3',NULL,'home-3.html',NULL,NULL,NULL),(19,6,'لبيتي 3',NULL,'home-3.html',NULL,NULL,NULL);

--
-- Table structure for table `ps_btmegamenu_shop`
--

CREATE TABLE `ps_btmegamenu_shop` (
  `id_btmegamenu` int(11) NOT NULL DEFAULT 0,
  `id_shop` int(11) NOT NULL DEFAULT 0,
  PRIMARY KEY (`id_btmegamenu`,`id_shop`)
) ENGINE=InnoDB DEFAULT CHARSET=utf8;

--
-- Dumping data for table `ps_btmegamenu_shop`
--

INSERT INTO `ps_btmegamenu_shop` VALUES (1,1),(2,1),(3,1),(4,1),(5,1),(6,1),(7,1),(8,1),(9,1),(10,1),(11,1),(12,1),(13,1),(14,1),(16,1),(17,1),(18,1),(19,1);

--
-- Table structure for table `ps_btmegamenu_widgets`
--

CREATE TABLE `ps_btmegamenu_widgets` (
  `id_btmegamenu_widgets` int(11) NOT NULL AUTO_INCREMENT,
  `name` varchar(250) NOT NULL,
  `type` varchar(250) NOT NULL,
  `params` longtext DEFAULT NULL,
  `id_shop` int(11) unsigned NOT NULL,
  `key_widget` int(11) NOT NULL,
  PRIMARY KEY (`id_btmegamenu_widgets`,`id_shop`)
) ENGINE=InnoDB AUTO_INCREMENT=21 DEFAULT CHARSET=utf8;

--
-- Dumping data for table `ps_btmegamenu_widgets`
--

INSERT INTO `ps_btmegamenu_widgets` VALUES (2,'category-1','sub_categories','eyJhZGRidG1lZ2FtZW51X3dpZGdldHMiOiIxIiwiaWRfYnRtZWdhbWVudV93aWRnZXRzIjoiMiIsIndpZGdldF9uYW1lIjoiY2F0ZWdvcnktMSIsIndpZGdldF90eXBlIjoic3ViX2NhdGVnb3JpZXMiLCJzYXZlYW5kc3RheWxlb3dpZGdldCI6IiIsIndpZGdldF90aXRsZV8xIjoiIiwiY2F0ZWdvcnlfaWQiOiIzIn0=',1,1481877668),(3,'category-2','sub_categories','eyJhZGRidG1lZ2FtZW51X3dpZGdldHMiOiIxIiwiaWRfYnRtZWdhbWVudV93aWRnZXRzIjoiMyIsIndpZGdldF9uYW1lIjoiY2F0ZWdvcnktMiIsIndpZGdldF90eXBlIjoic3ViX2NhdGVnb3JpZXMiLCJzYXZlYW5kc3RheWxlb3dpZGdldCI6IiIsIndpZGdldF90aXRsZV8xIjoiIiwiY2F0ZWdvcnlfaWQiOiI2In0=',1,1481877693),(4,'Banner1','html','eyJhZGRidG1lZ2FtZW51X3dpZGdldHMiOiIxIiwiaWRfYnRtZWdhbWVudV93aWRnZXRzIjoiNCIsIndpZGdldF9uYW1lIjoiQmFubmVyMSIsIndpZGdldF90eXBlIjoiaHRtbCIsInNhdmVhbmRzdGF5bGVvd2lkZ2V0IjoiIiwid2lkZ2V0X3RpdGxlXzEiOiIiLCJodG1sY29udGVudF8xIjoiPHA+PGltZyBjbGFzcz1cImltZy1mbHVpZFwiIHNyYz1cIl9BUF9JTUdfRElSXC9pY29uc1wvd2lkZ2V0LWltYWdlLTEuanBnXCIgYWx0PVwiXCIgXC8+PFwvcD4iLCJjb250ZW50XzEiOiI8cD48aW1nIGNsYXNzPVwiaW1nLWZsdWlkXCIgc3JjPVwiX0FQX0lNR19ESVJcL2ljb25zXC93aWRnZXQtaW1hZ2UtMS5qcGdcIiBhbHQ9XCJcIiBcLz48XC9wPiJ9',1,1505148426),(7,'banner2','html','eyJhZGRidG1lZ2FtZW51X3dpZGdldHMiOiIxIiwiaWRfYnRtZWdhbWVudV93aWRnZXRzIjoiNyIsIndpZGdldF9uYW1lIjoiYmFubmVyMiIsIndpZGdldF90eXBlIjoiaHRtbCIsInNhdmVhbmRzdGF5bGVvd2lkZ2V0IjoiIiwid2lkZ2V0X3RpdGxlXzEiOiIiLCJodG1sY29udGVudF8xIjoiPHA+PGltZyBjbGFzcz1cImltZy1mbHVpZFwiIHNyYz1cIl9BUF9JTUdfRElSXC9pY29uc1wvd2lkZ2V0LWltYWdlLTIuanBnXCIgYWx0PVwiXCIgXC8+PFwvcD4iLCJjb250ZW50XzEiOiI8cD48aW1nIGNsYXNzPVwiaW1nLWZsdWlkXCIgc3JjPVwiX0FQX0lNR19ESVJcL2ljb25zXC93aWRnZXQtaW1hZ2UtMi5qcGdcIiBhbHQ9XCJcIiBcLz48XC9wPiJ9',1,1515730189),(19,'ShortCode','links','eyJhZGRidG1lZ2FtZW51X3dpZGdldHMiOiIxIiwiaWRfYnRtZWdhbWVudV93aWRnZXRzIjoiMTkiLCJ3aWRnZXRfbmFtZSI6IlNob3J0Q29kZSIsIndpZGdldF90eXBlIjoibGlua3MiLCJzYXZlYW5kc3RheWxlb3dpZGdldCI6IiIsIndpZGdldF90aXRsZV8xIjoiU2hvcnRDb2RlIiwid2lkZ2V0X3RpdGxlXzIiOiIiLCJ3aWRnZXRfdGl0bGVfMyI6IiIsIndpZGdldF90aXRsZV80IjoiIiwid2lkZ2V0X3RpdGxlXzUiOiIiLCJ3aWRnZXRfdGl0bGVfNiI6IiIsImxpc3RfaWRfbGluayI6IjEsMiwzLCIsImxpc3RfZmllbGQiOiJsaW5rX3R5cGVfMSxwcm9kdWN0X3R5cGVfMSxjbXNfdHlwZV8xLGNhdGVnb3J5X3R5cGVfMSxtYW51ZmFjdHVyZV90eXBlXzEsc3VwcGxpZXJfdHlwZV8xLGNvbnRyb2xsZXJfdHlwZV8xLGxpbmtfdHlwZV8yLHByb2R1Y3RfdHlwZV8yLGNtc190eXBlXzIsY2F0ZWdvcnlfdHlwZV8yLG1hbnVmYWN0dXJlX3R5cGVfMixzdXBwbGllcl90eXBlXzIsY29udHJvbGxlcl90eXBlXzIsbGlua190eXBlXzMscHJvZHVjdF90eXBlXzMsY21zX3R5cGVfMyxjYXRlZ29yeV90eXBlXzMsbWFudWZhY3R1cmVfdHlwZV8zLHN1cHBsaWVyX3R5cGVfMyxjb250cm9sbGVyX3R5cGVfMywiLCJsaXN0X2ZpZWxkX2xhbmciOiJ0ZXh0X2xpbmtfMSx1cmxfdHlwZV8xLGNvbnRyb2xsZXJfdHlwZV9wYXJhbWV0ZXJfMSx0ZXh0X2xpbmtfMix1cmxfdHlwZV8yLGNvbnRyb2xsZXJfdHlwZV9wYXJhbWV0ZXJfMix0ZXh0X2xpbmtfMyx1cmxfdHlwZV8zLGNvbnRyb2xsZXJfdHlwZV9wYXJhbWV0ZXJfMywiLCJsaW5rX3R5cGVfMSI6ImNtcyIsInByb2R1Y3RfdHlwZV8xIjoiMSIsImNtc190eXBlXzEiOiIxMCIsImNhdGVnb3J5X3R5cGVfMSI6IjIiLCJtYW51ZmFjdHVyZV90eXBlXzEiOiIxIiwic3VwcGxpZXJfdHlwZV8xIjoiIiwiY29udHJvbGxlcl90eXBlXzEiOiJhZGRyZXNzIiwibGlua190eXBlXzIiOiJjb250cm9sbGVyIiwicHJvZHVjdF90eXBlXzIiOiIiLCJjbXNfdHlwZV8yIjoiMSIsImNhdGVnb3J5X3R5cGVfMiI6IjIiLCJtYW51ZmFjdHVyZV90eXBlXzIiOiIxIiwic3VwcGxpZXJfdHlwZV8yIjoiIiwiY29udHJvbGxlcl90eXBlXzIiOiJjb250YWN0IiwibGlua190eXBlXzMiOiJwcm9kdWN0IiwicHJvZHVjdF90eXBlXzMiOiIxIiwiY21zX3R5cGVfMyI6IjEiLCJjYXRlZ29yeV90eXBlXzMiOiIyIiwibWFudWZhY3R1cmVfdHlwZV8zIjoiMiIsInN1cHBsaWVyX3R5cGVfMyI6IiIsImNvbnRyb2xsZXJfdHlwZV8zIjoiYWRkcmVzcyIsInRleHRfbGlua18xXzEiOiJGQVEiLCJ0ZXh0X2xpbmtfMSI6IkltYWdlcyBHYWxsZXJ5IiwidGV4dF9saW5rXzIiOiJJbWFnZXMgR2FsbGVyeSIsInRleHRfbGlua18zIjoiSW1hZ2VzIEdhbGxlcnkiLCJ0ZXh0X2xpbmtfNCI6IkltYWdlcyBHYWxsZXJ5IiwidGV4dF9saW5rXzUiOiJJbWFnZXMgR2FsbGVyeSIsInRleHRfbGlua182IjoiSW1hZ2VzIEdhbGxlcnkiLCJ0ZXh0X2xpbmtfMV8yIjoiRkFRIiwidGV4dF9saW5rXzFfMyI6IkZBUSIsInRleHRfbGlua18xXzQiOiJGQVEiLCJ0ZXh0X2xpbmtfMV81IjoiRkFRIiwidGV4dF9saW5rXzFfNiI6IkZBUSIsInVybF90eXBlXzFfMSI6IiMiLCJ1cmxfdHlwZV8xXzIiOiIjIiwidXJsX3R5cGVfMV8zIjoiIyIsInVybF90eXBlXzFfNCI6IiMiLCJ1cmxfdHlwZV8xXzUiOiIjIiwidXJsX3R5cGVfMV82IjoiIyIsImNvbnRyb2xsZXJfdHlwZV9wYXJhbWV0ZXJfMV8xIjoiIiwiY29udHJvbGxlcl90eXBlX3BhcmFtZXRlcl8xXzIiOiIiLCJjb250cm9sbGVyX3R5cGVfcGFyYW1ldGVyXzFfMyI6IiIsImNvbnRyb2xsZXJfdHlwZV9wYXJhbWV0ZXJfMV80IjoiIiwiY29udHJvbGxlcl90eXBlX3BhcmFtZXRlcl8xXzUiOiIiLCJjb250cm9sbGVyX3R5cGVfcGFyYW1ldGVyXzFfNiI6IiIsInRleHRfbGlua18yXzEiOiJDb250YWN0IiwidGV4dF9saW5rXzJfMiI6IiIsInRleHRfbGlua18yXzMiOiIiLCJ0ZXh0X2xpbmtfMl80IjoiIiwidGV4dF9saW5rXzJfNSI6IiIsInRleHRfbGlua18yXzYiOiIiLCJ1cmxfdHlwZV8yXzEiOiIjIiwidXJsX3R5cGVfMl8yIjoiIyIsInVybF90eXBlXzJfMyI6IiMiLCJ1cmxfdHlwZV8yXzQiOiIjIiwidXJsX3R5cGVfMl81IjoiIyIsInVybF90eXBlXzJfNiI6IiMiLCJjb250cm9sbGVyX3R5cGVfcGFyYW1ldGVyXzJfMSI6IiIsImNvbnRyb2xsZXJfdHlwZV9wYXJhbWV0ZXJfMl8yIjoiIiwiY29udHJvbGxlcl90eXBlX3BhcmFtZXRlcl8yXzMiOiIiLCJjb250cm9sbGVyX3R5cGVfcGFyYW1ldGVyXzJfNCI6IiIsImNvbnRyb2xsZXJfdHlwZV9wYXJhbWV0ZXJfMl81IjoiIiwiY29udHJvbGxlcl90eXBlX3BhcmFtZXRlcl8yXzYiOiIiLCJ0ZXh0X2xpbmtfM18xIjoiSW1hZ2VzIEdhbGxlcnkiLCJ0ZXh0X2xpbmtfM18yIjoiSW1hZ2VzIEdhbGxlcnkiLCJ0ZXh0X2xpbmtfM18zIjoiSW1hZ2VzIEdhbGxlcnkiLCJ0ZXh0X2xpbmtfM180IjoiSW1hZ2VzIEdhbGxlcnkiLCJ0ZXh0X2xpbmtfM181IjoiSW1hZ2VzIEdhbGxlcnkiLCJ0ZXh0X2xpbmtfM182IjoiSW1hZ2VzIEdhbGxlcnkiLCJ1cmxfdHlwZV8zXzEiOiIjIiwidXJsX3R5cGVfM18yIjoiIyIsInVybF90eXBlXzNfMyI6IiMiLCJ1cmxfdHlwZV8zXzQiOiIjIiwidXJsX3R5cGVfM181IjoiIyIsInVybF90eXBlXzNfNiI6IiMiLCJjb250cm9sbGVyX3R5cGVfcGFyYW1ldGVyXzNfMSI6IiIsImNvbnRyb2xsZXJfdHlwZV9wYXJhbWV0ZXJfM18yIjoiIiwiY29udHJvbGxlcl90eXBlX3BhcmFtZXRlcl8zXzMiOiIiLCJjb250cm9sbGVyX3R5cGVfcGFyYW1ldGVyXzNfNCI6IiIsImNvbnRyb2xsZXJfdHlwZV9wYXJhbWV0ZXJfM181IjoiIiwiY29udHJvbGxlcl90eXBlX3BhcmFtZXRlcl8zXzYiOiIifQ==',1,1533106678),(20,'image gallery','imageproduct','eyJhZGRidG1lZ2FtZW51X3dpZGdldHMiOiIxIiwiaWRfYnRtZWdhbWVudV93aWRnZXRzIjoiIiwid2lkZ2V0X25hbWUiOiJpbWFnZSBnYWxsZXJ5Iiwid2lkZ2V0X3R5cGUiOiJpbWFnZXByb2R1Y3QiLCJzYXZlYW5kc3RheWxlb3dpZGdldCI6IiIsIndpZGdldF90aXRsZV8xIjoiIiwid2lkZ2V0X3RpdGxlXzIiOiIiLCJ3aWRnZXRfdGl0bGVfMyI6IiIsIndpZGdldF90aXRsZV80IjoiIiwid2lkZ2V0X3RpdGxlXzUiOiIiLCJ3aWRnZXRfdGl0bGVfNiI6IiIsImlwX3NvdXJjZSI6ImlwX3BjYXRlZ29yaWVzIiwiY2F0ZWdvcmllcyI6WyIzIl0sImlwX3Bwcm9kdWN0aWRzIjoiIiwic21hbGxpbWFnZSI6ImxhcmdlX2RlZmF1bHQiLCJ0aGlja2ltYWdlIjoibGFyZ2VfZGVmYXVsdCIsImlwX2xpbWl0IjoiMiIsImNvbHVtbnMiOiIyIn0=',1,1534838352);

--
-- Table structure for table `ps_carrier`
--

CREATE TABLE `ps_carrier` (
  `id_carrier` int(10) unsigned NOT NULL AUTO_INCREMENT,
  `id_reference` int(10) unsigned NOT NULL,
  `id_tax_rules_group` int(10) unsigned DEFAULT 0,
  `name` varchar(64) NOT NULL,
  `url` varchar(255) DEFAULT NULL,
  `active` tinyint(1) unsigned NOT NULL DEFAULT 0,
  `deleted` tinyint(1) unsigned NOT NULL DEFAULT 0,
  `shipping_handling` tinyint(1) unsigned NOT NULL DEFAULT 1,
  `range_behavior` tinyint(1) unsigned NOT NULL DEFAULT 0,
  `is_module` tinyint(1) unsigned NOT NULL DEFAULT 0,
  `is_free` tinyint(1) unsigned NOT NULL DEFAULT 0,
  `shipping_external` tinyint(1) unsigned NOT NULL DEFAULT 0,
  `need_range` tinyint(1) unsigned NOT NULL DEFAULT 0,
  `external_module_name` varchar(64) DEFAULT NULL,
  `shipping_method` int(2) NOT NULL DEFAULT 0,
  `position` int(10) unsigned NOT NULL DEFAULT 0,
  `max_width` int(10) DEFAULT 0,
  `max_height` int(10) DEFAULT 0,
  `max_depth` int(10) DEFAULT 0,
  `max_weight` decimal(20,6) DEFAULT 0.000000,
  `grade` int(10) DEFAULT 0,
  PRIMARY KEY (`id_carrier`),
  KEY `deleted` (`deleted`,`active`),
  KEY `id_tax_rules_group` (`id_tax_rules_group`),
  KEY `reference` (`id_reference`,`deleted`,`active`)
) ENGINE=InnoDB AUTO_INCREMENT=3 DEFAULT CHARSET=utf8;

--
-- Dumping data for table `ps_carrier`
--

INSERT INTO `ps_carrier` VALUES (1,1,0,'0',NULL,1,0,0,0,0,1,0,0,NULL,0,0,0,0,0,0.000000,0),(2,2,0,'My carrier',NULL,1,0,1,0,0,0,0,0,NULL,0,1,0,0,0,0.000000,0);

--
-- Table structure for table `ps_carrier_group`
--

CREATE TABLE `ps_carrier_group` (
  `id_carrier` int(10) unsigned NOT NULL,
  `id_group` int(10) unsigned NOT NULL,
  PRIMARY KEY (`id_carrier`,`id_group`)
) ENGINE=InnoDB DEFAULT CHARSET=utf8;

--
-- Dumping data for table `ps_carrier_group`
--

INSERT INTO `ps_carrier_group` VALUES (1,1),(1,2),(1,3),(2,1),(2,2),(2,3);

--
-- Table structure for table `ps_carrier_lang`
--

CREATE TABLE `ps_carrier_lang` (
  `id_carrier` int(10) unsigned NOT NULL,
  `id_shop` int(11) unsigned NOT NULL DEFAULT 1,
  `id_lang` int(10) unsigned NOT NULL,
  `delay` varchar(512) DEFAULT NULL,
  PRIMARY KEY (`id_lang`,`id_shop`,`id_carrier`)
) ENGINE=InnoDB DEFAULT CHARSET=utf8;

--
-- Dumping data for table `ps_carrier_lang`
--

INSERT INTO `ps_carrier_lang` VALUES (1,1,1,'Pick up in-store'),(2,1,1,'Delivery next day!'),(1,1,2,'Retrait en magasin'),(2,1,2,'Livraison le lendemain !'),(1,1,3,'Abholung im Geschäft'),(2,1,3,'Lieferung am nächsten Tag!'),(1,1,4,'Ritiro in negozio'),(2,1,4,'Consegna il giorno successivo!'),(1,1,5,'Recoger en tienda'),(2,1,5,'¡Envío en 24h!'),(1,1,6,'استلام في المتجر'),(2,1,6,'توصيل في اليوم التالي!');

--
-- Table structure for table `ps_carrier_shop`
--

CREATE TABLE `ps_carrier_shop` (
  `id_carrier` int(11) unsigned NOT NULL,
  `id_shop` int(11) unsigned NOT NULL,
  PRIMARY KEY (`id_carrier`,`id_shop`),
  KEY `id_shop` (`id_shop`)
) ENGINE=InnoDB DEFAULT CHARSET=utf8;

--
-- Dumping data for table `ps_carrier_shop`
--

INSERT INTO `ps_carrier_shop` VALUES (1,1),(2,1);

--
-- Table structure for table `ps_carrier_tax_rules_group_shop`
--

CREATE TABLE `ps_carrier_tax_rules_group_shop` (
  `id_carrier` int(11) unsigned NOT NULL,
  `id_tax_rules_group` int(11) unsigned NOT NULL,
  `id_shop` int(11) unsigned NOT NULL,
  PRIMARY KEY (`id_carrier`,`id_tax_rules_group`,`id_shop`)
) ENGINE=InnoDB DEFAULT CHARSET=utf8;

--
-- Dumping data for table `ps_carrier_tax_rules_group_shop`
--

INSERT INTO `ps_carrier_tax_rules_group_shop` VALUES (1,1,1),(2,1,1);

--
-- Table structure for table `ps_carrier_zone`
--

CREATE TABLE `ps_carrier_zone` (
  `id_carrier` int(10) unsigned NOT NULL,
  `id_zone` int(10) unsigned NOT NULL,
  PRIMARY KEY (`id_carrier`,`id_zone`)
) ENGINE=InnoDB DEFAULT CHARSET=utf8;

--
-- Dumping data for table `ps_carrier_zone`
--

INSERT INTO `ps_carrier_zone` VALUES (1,1),(2,1),(2,2);

--
-- Table structure for table `ps_cart`
--

CREATE TABLE `ps_cart` (
  `id_cart` int(10) unsigned NOT NULL AUTO_INCREMENT,
  `id_shop_group` int(11) unsigned NOT NULL DEFAULT 1,
  `id_shop` int(11) unsigned NOT NULL DEFAULT 1,
  `id_carrier` int(10) unsigned NOT NULL,
  `delivery_option` text NOT NULL,
  `id_lang` int(10) unsigned NOT NULL,
  `id_address_delivery` int(10) unsigned NOT NULL,
  `id_address_invoice` int(10) unsigned NOT NULL,
  `id_currency` int(10) unsigned NOT NULL,
  `id_customer` int(10) unsigned NOT NULL,
  `id_guest` int(10) unsigned NOT NULL,
  `secure_key` varchar(32) NOT NULL DEFAULT '-1',
  `recyclable` tinyint(1) unsigned NOT NULL DEFAULT 1,
  `gift` tinyint(1) unsigned NOT NULL DEFAULT 0,
  `gift_message` text DEFAULT NULL,
  `mobile_theme` tinyint(1) NOT NULL DEFAULT 0,
  `allow_seperated_package` tinyint(1) unsigned NOT NULL DEFAULT 0,
  `date_add` datetime NOT NULL,
  `date_upd` datetime NOT NULL,
  `checkout_session_data` mediumtext DEFAULT NULL,
  PRIMARY KEY (`id_cart`),
  KEY `cart_customer` (`id_customer`),
  KEY `id_address_delivery` (`id_address_delivery`),
  KEY `id_address_invoice` (`id_address_invoice`),
  KEY `id_carrier` (`id_carrier`),
  KEY `id_lang` (`id_lang`),
  KEY `id_currency` (`id_currency`),
  KEY `id_guest` (`id_guest`),
  KEY `id_shop_group` (`id_shop_group`),
  KEY `id_shop_2` (`id_shop`,`date_upd`),
  KEY `id_shop` (`id_shop`,`date_add`)
) ENGINE=InnoDB AUTO_INCREMENT=465 DEFAULT CHARSET=utf8;

--
-- Dumping data for table `ps_cart`
--

INSERT INTO `ps_cart` VALUES (21,1,1,0,'',1,0,0,1,0,10,'',0,0,NULL,0,0,'2020-08-04 05:53:21','2020-08-04 05:53:21',NULL),(22,1,1,0,'',1,0,0,1,0,6,'',0,0,NULL,0,0,'2020-08-04 21:39:36','2020-08-04 21:39:36',NULL),(23,1,1,0,'',1,0,0,1,0,11,'',0,0,NULL,0,0,'2020-08-04 21:45:16','2020-08-04 21:45:16',NULL),(24,1,1,0,'',1,0,0,1,0,11,'',0,0,NULL,0,0,'2020-08-04 21:45:27','2020-08-04 21:45:27',NULL),(25,1,1,0,'',1,0,0,1,0,11,'',0,0,NULL,0,0,'2020-08-04 21:47:07','2020-08-04 21:47:07',NULL),(26,1,1,0,'',1,0,0,1,0,12,'',0,0,NULL,0,0,'2020-08-04 21:47:27','2020-08-04 21:47:27',NULL),(27,1,1,0,'',1,0,0,1,0,12,'',0,0,NULL,0,0,'2020-08-04 21:49:59','2020-08-04 21:49:59',NULL),(28,1,1,0,'',1,0,0,1,0,12,'',0,0,NULL,0,0,'2020-08-04 21:54:51','2020-08-04 21:54:51',NULL),(29,1,1,0,'',1,0,0,1,0,12,'',0,0,NULL,0,0,'2020-08-04 21:55:50','2020-08-04 21:55:50',NULL),(30,1,1,0,'',1,0,0,1,0,12,'',0,0,NULL,0,0,'2020-08-04 21:56:08','2020-08-04 21:56:08',NULL),(31,1,1,0,'',1,0,0,1,0,12,'',0,0,NULL,0,0,'2020-08-04 21:56:46','2020-08-04 21:56:46',NULL),(32,1,1,0,'',1,0,0,1,0,12,'',0,0,NULL,0,0,'2020-08-04 22:01:06','2020-08-04 22:01:06',NULL),(33,1,1,0,'',1,0,0,1,0,12,'',0,0,NULL,0,0,'2020-08-04 22:09:28','2020-08-04 22:09:28',NULL),(34,1,1,0,'',1,0,0,1,0,12,'',0,0,NULL,0,0,'2020-08-04 22:12:34','2020-08-04 22:12:34',NULL),(35,1,1,0,'',1,0,0,1,0,12,'',0,0,NULL,0,0,'2020-08-04 22:12:45','2020-08-04 22:12:45',NULL),(36,1,1,0,'',1,0,0,1,0,12,'',0,0,NULL,0,0,'2020-08-04 22:14:27','2020-08-04 22:14:27',NULL),(37,1,1,0,'',1,0,0,1,0,12,'',0,0,NULL,0,0,'2020-08-04 22:14:43','2020-08-04 22:14:43',NULL),(38,1,1,0,'',1,0,0,1,0,12,'',0,0,NULL,0,0,'2020-08-04 22:15:54','2020-08-04 22:15:54',NULL),(39,1,1,0,'',1,0,0,1,0,12,'',0,0,NULL,0,0,'2020-08-04 22:16:48','2020-08-04 22:16:48',NULL),(40,1,1,0,'',1,0,0,1,0,12,'',0,0,NULL,0,0,'2020-08-04 22:17:18','2020-08-04 22:17:18',NULL),(41,1,1,0,'',1,0,0,1,0,12,'',0,0,NULL,0,0,'2020-08-04 22:17:44','2020-08-04 22:17:44',NULL),(42,1,1,0,'',1,0,0,1,0,12,'',0,0,NULL,0,0,'2020-08-04 22:17:56','2020-08-04 22:17:56',NULL),(43,1,1,0,'',1,0,0,1,0,12,'',0,0,NULL,0,0,'2020-08-04 22:18:18','2020-08-04 22:18:18',NULL),(44,1,1,0,'',1,0,0,1,0,12,'',0,0,NULL,0,0,'2020-08-04 22:20:04','2020-08-04 22:20:04',NULL),(45,1,1,0,'',1,0,0,1,0,12,'',0,0,NULL,0,0,'2020-08-04 22:20:39','2020-08-04 22:20:39',NULL),(46,1,1,0,'',1,0,0,1,0,12,'',0,0,NULL,0,0,'2020-08-04 22:51:01','2020-08-04 22:51:01',NULL),(47,1,1,0,'',1,0,0,1,0,12,'',0,0,NULL,0,0,'2020-08-04 22:51:09','2020-08-04 22:51:09',NULL),(48,1,1,0,'',1,0,0,1,0,12,'',0,0,NULL,0,0,'2020-08-04 22:51:32','2020-08-04 22:51:32',NULL),(49,1,1,0,'',1,0,0,1,0,5,'',0,0,NULL,0,0,'2020-08-04 22:52:56','2020-08-04 22:59:35','{\"checkout-personal-information-step\":{\"step_is_reachable\":true,\"step_is_complete\":false},\"checkout-addresses-step\":{\"step_is_reachable\":false,\"step_is_complete\":false,\"use_same_address\":true},\"checkout-delivery-step\":{\"step_is_reachable\":false,\"step_is_complete\":false},\"checkout-payment-step\":{\"step_is_reachable\":false,\"step_is_complete\":false},\"checksum\":null}'),(50,1,1,0,'',1,0,0,1,2,4,'588175be89d8e3ea7ece59f181560f00',0,0,NULL,0,0,'2020-08-04 22:54:24','2020-08-05 05:47:27','{\"checkout-personal-information-step\":{\"step_is_reachable\":true,\"step_is_complete\":true},\"checkout-addresses-step\":{\"step_is_reachable\":true,\"step_is_complete\":false,\"use_same_address\":true},\"checkout-delivery-step\":{\"step_is_reachable\":false,\"step_is_complete\":false},\"checkout-payment-step\":{\"step_is_reachable\":false,\"step_is_complete\":false},\"checksum\":null}'),(51,1,1,2,'{\"5\":\"2,\"}',1,5,5,1,3,14,'3f68bdc9e13ad4246803cba2eee7b727',0,0,NULL,0,0,'2020-08-04 23:08:51','2020-08-04 23:09:33','{\"checkout-personal-information-step\":{\"step_is_reachable\":true,\"step_is_complete\":true},\"checkout-addresses-step\":{\"step_is_reachable\":true,\"step_is_complete\":true,\"use_same_address\":true},\"checkout-delivery-step\":{\"step_is_reachable\":true,\"step_is_complete\":true},\"checkout-payment-step\":{\"step_is_reachable\":true,\"step_is_complete\":false},\"checksum\":\"668ffaf7821a6bfdc47dd6fcbc8aaa405894d619\"}'),(52,1,1,0,'',1,0,0,1,0,45,'',0,0,'',0,0,'2020-08-06 03:37:00','2020-08-06 03:37:00',NULL),(53,1,1,0,'',1,0,0,1,0,70,'',0,0,'',0,0,'2020-08-08 17:31:48','2020-08-09 07:50:43','{\"checkout-personal-information-step\":{\"step_is_reachable\":true,\"step_is_complete\":false},\"checkout-addresses-step\":{\"step_is_reachable\":false,\"step_is_complete\":false,\"use_same_address\":true},\"checkout-delivery-step\":{\"step_is_reachable\":false,\"step_is_complete\":false},\"checkout-payment-step\":{\"step_is_reachable\":false,\"step_is_complete\":false},\"checksum\":null}'),(54,1,1,0,'',1,0,0,1,0,540,'',0,0,'',0,0,'2020-08-08 18:17:26','2020-08-08 18:17:26','{\"checkout-personal-information-step\":{\"step_is_reachable\":true,\"step_is_complete\":false},\"checkout-addresses-step\":{\"step_is_reachable\":false,\"step_is_complete\":false,\"use_same_address\":true},\"checkout-delivery-step\":{\"step_is_reachable\":false,\"step_is_complete\":false},\"checkout-payment-step\":{\"step_is_reachable\":false,\"step_is_complete\":false},\"checksum\":null}'),(55,1,1,2,'{\"8\":\"2,\"}',1,8,8,1,8,1376,'c6a155d41aacce08fc9e7a3166daae18',0,0,'',0,0,'2020-08-13 12:14:30','2020-08-27 09:52:31','{\"checkout-personal-information-step\":{\"step_is_reachable\":true,\"step_is_complete\":true},\"checkout-addresses-step\":{\"step_is_reachable\":true,\"step_is_complete\":true,\"use_same_address\":true},\"checkout-delivery-step\":{\"step_is_reachable\":true,\"step_is_complete\":true},\"checkout-payment-step\":{\"step_is_reachable\":true,\"step_is_complete\":false},\"checksum\":\"79f7844e79262813a8f6d7b53767b7219333db3c\"}'),(56,1,1,0,'',1,0,0,1,0,1764,'',0,0,'',0,0,'2020-08-15 13:38:16','2020-08-15 13:38:16','{\"checkout-personal-information-step\":{\"step_is_reachable\":true,\"step_is_complete\":false},\"checkout-addresses-step\":{\"step_is_reachable\":false,\"step_is_complete\":false,\"use_same_address\":true},\"checkout-delivery-step\":{\"step_is_reachable\":false,\"step_is_complete\":false},\"checkout-payment-step\":{\"step_is_reachable\":false,\"step_is_complete\":false},\"checksum\":null}'),(57,1,1,0,'',1,0,0,1,4,1810,'34e127bcdc170187d5968699f84eab1d',0,0,'',0,0,'2020-08-15 23:01:49','2020-08-16 02:03:52','{\"checkout-personal-information-step\":{\"step_is_reachable\":true,\"step_is_complete\":true},\"checkout-addresses-step\":{\"step_is_reachable\":true,\"step_is_complete\":false,\"use_same_address\":true},\"checkout-delivery-step\":{\"step_is_reachable\":false,\"step_is_complete\":false},\"checkout-payment-step\":{\"step_is_reachable\":false,\"step_is_complete\":false},\"checksum\":\"3fe12e5dee2234eb18ea1dac3c35eaa343c7926a\"}'),(58,1,1,0,'',1,0,0,1,0,2204,'',0,0,'',0,0,'2020-08-17 23:11:18','2020-08-17 23:11:19','{\"checkout-personal-information-step\":{\"step_is_reachable\":true,\"step_is_complete\":false},\"checkout-addresses-step\":{\"step_is_reachable\":false,\"step_is_complete\":false,\"use_same_address\":true},\"checkout-delivery-step\":{\"step_is_reachable\":false,\"step_is_complete\":false},\"checkout-payment-step\":{\"step_is_reachable\":false,\"step_is_complete\":false},\"checksum\":null}'),(59,1,1,0,'',1,6,6,1,5,2322,'88b222978e570fcfbc1444dc54ac7e75',0,0,'',0,0,'2020-08-18 13:05:51','2020-08-18 13:07:17','{\"checkout-personal-information-step\":{\"step_is_reachable\":true,\"step_is_complete\":true},\"checkout-addresses-step\":{\"step_is_reachable\":true,\"step_is_complete\":true,\"use_same_address\":true},\"checkout-delivery-step\":{\"step_is_reachable\":true,\"step_is_complete\":false},\"checkout-payment-step\":{\"step_is_reachable\":false,\"step_is_complete\":false},\"checksum\":\"3ab4471952164c40be7761058651b94fe6601847\"}'),(60,1,1,0,'',1,0,0,1,6,2389,'91fa5bc4382454867eee00a37d835df2',0,0,'',0,0,'2020-08-18 20:32:19','2020-08-18 20:33:59','{\"checkout-personal-information-step\":{\"step_is_reachable\":true,\"step_is_complete\":true},\"checkout-addresses-step\":{\"step_is_reachable\":true,\"step_is_complete\":false,\"use_same_address\":true},\"checkout-delivery-step\":{\"step_is_reachable\":false,\"step_is_complete\":false},\"checkout-payment-step\":{\"step_is_reachable\":false,\"step_is_complete\":false},\"checksum\":\"c13cd9485ce772de36825ef94b0a620470c96d14\"}'),(61,1,1,2,'{\"7\":\"2,\"}',1,7,7,1,7,3011,'70ab272687de5223e5d4898d00bf6b10',0,0,'',0,0,'2020-08-24 02:10:52','2020-08-24 02:16:02','{\"checkout-personal-information-step\":{\"step_is_reachable\":true,\"step_is_complete\":true},\"checkout-addresses-step\":{\"step_is_reachable\":true,\"step_is_complete\":true,\"use_same_address\":true},\"checkout-delivery-step\":{\"step_is_reachable\":true,\"step_is_complete\":true},\"checkout-payment-step\":{\"step_is_reachable\":true,\"step_is_complete\":false},\"checksum\":\"b0b7fc005397beb4cc0675b7bebad32c47932dff\"}'),(62,1,1,0,'',1,0,0,1,0,3466,'',0,0,'',0,0,'2020-08-25 08:57:56','2020-08-25 08:57:56','{\"checkout-personal-information-step\":{\"step_is_reachable\":true,\"step_is_complete\":false},\"checkout-addresses-step\":{\"step_is_reachable\":false,\"step_is_complete\":false,\"use_same_address\":true},\"checkout-delivery-step\":{\"step_is_reachable\":false,\"step_is_complete\":false},\"checkout-payment-step\":{\"step_is_reachable\":false,\"step_is_complete\":false},\"checksum\":null}'),(63,1,1,0,'',1,0,0,1,0,3469,'',0,0,'',0,0,'2020-08-25 09:09:18','2020-08-25 09:09:18','{\"checkout-personal-information-step\":{\"step_is_reachable\":true,\"step_is_complete\":false},\"checkout-addresses-step\":{\"step_is_reachable\":false,\"step_is_complete\":false,\"use_same_address\":true},\"checkout-delivery-step\":{\"step_is_reachable\":false,\"step_is_complete\":false},\"checkout-payment-step\":{\"step_is_reachable\":false,\"step_is_complete\":false},\"checksum\":null}'),(64,1,1,0,'',1,0,0,1,0,3502,'',0,0,'',0,0,'2020-08-25 13:20:14','2020-08-25 13:20:33',NULL),(65,1,1,0,'',1,0,0,1,0,3942,'',0,0,'',0,0,'2020-08-27 23:43:12','2020-08-27 23:43:25','{\"checkout-personal-information-step\":{\"step_is_reachable\":true,\"step_is_complete\":false},\"checkout-addresses-step\":{\"step_is_reachable\":false,\"step_is_complete\":false,\"use_same_address\":true},\"checkout-delivery-step\":{\"step_is_reachable\":false,\"step_is_complete\":false},\"checkout-payment-step\":{\"step_is_reachable\":false,\"step_is_complete\":false},\"checksum\":null}'),(66,1,1,2,'{\"9\":\"2,\"}',1,9,9,1,9,4060,'b4f74087a4cf7175c440a107aafe791a',0,0,'',0,0,'2020-08-28 14:48:48','2020-08-28 14:51:04','{\"checkout-personal-information-step\":{\"step_is_reachable\":true,\"step_is_complete\":true},\"checkout-addresses-step\":{\"step_is_reachable\":true,\"step_is_complete\":true,\"use_same_address\":true},\"checkout-delivery-step\":{\"step_is_reachable\":true,\"step_is_complete\":true},\"checkout-payment-step\":{\"step_is_reachable\":true,\"step_is_complete\":false},\"checksum\":\"cb6e70b6afc87a69ced5e20682981a9ea0a308c2\"}'),(67,1,1,2,'{\"10\":\"2,\"}',1,10,10,1,10,4073,'7a3902c36cb9764f625e39a6357225bc',0,0,'',0,0,'2020-08-28 15:35:51','2020-08-28 15:37:37','{\"checkout-personal-information-step\":{\"step_is_reachable\":true,\"step_is_complete\":true},\"checkout-addresses-step\":{\"step_is_reachable\":true,\"step_is_complete\":true,\"use_same_address\":true},\"checkout-delivery-step\":{\"step_is_reachable\":true,\"step_is_complete\":true},\"checkout-payment-step\":{\"step_is_reachable\":true,\"step_is_complete\":false},\"checksum\":\"bf20396b688708cac92ca61d9d9728d4c8cd6dfe\"}'),(68,1,1,0,'',1,0,0,1,0,3780,'',0,0,'',0,0,'2020-09-01 03:47:45','2020-09-01 03:47:45',NULL),(69,1,1,0,'',1,0,0,1,0,4824,'',0,0,'',0,0,'2020-09-01 07:19:07','2020-09-01 07:19:07',NULL),(70,1,1,0,'',1,0,0,1,0,5033,'',0,0,'',0,0,'2020-09-02 10:37:28','2020-09-02 10:37:28','{\"checkout-personal-information-step\":{\"step_is_reachable\":true,\"step_is_complete\":false},\"checkout-addresses-step\":{\"step_is_reachable\":false,\"step_is_complete\":false,\"use_same_address\":true},\"checkout-payment-step\":{\"step_is_reachable\":false,\"step_is_complete\":false},\"checksum\":null}'),(71,1,1,2,'{\"11\":\"2,\"}',1,11,11,1,11,5118,'dcd2bb2f6d4aaac8064d85df8ca07037',0,0,'',0,0,'2020-09-03 00:11:21','2020-09-03 00:14:26','{\"checkout-personal-information-step\":{\"step_is_reachable\":true,\"step_is_complete\":true},\"checkout-addresses-step\":{\"step_is_reachable\":true,\"step_is_complete\":true,\"use_same_address\":true},\"checkout-delivery-step\":{\"step_is_reachable\":true,\"step_is_complete\":true},\"checkout-payment-step\":{\"step_is_reachable\":true,\"step_is_complete\":false},\"checksum\":\"a35127d6eb7c4b40196f875b81c38a18a21092d4\"}'),(72,1,1,0,'',1,0,0,1,0,5504,'',0,0,'',0,0,'2020-09-05 10:53:28','2020-09-05 10:53:28',NULL),(73,1,1,0,'',1,0,0,1,0,5560,'',0,0,'',0,0,'2020-09-06 03:18:13','2020-09-06 03:18:13',NULL),(74,1,1,0,'',1,0,0,1,0,5579,'',0,0,'',0,0,'2020-09-06 06:01:11','2020-09-06 06:01:12','{\"checkout-personal-information-step\":{\"step_is_reachable\":true,\"step_is_complete\":false},\"checkout-addresses-step\":{\"step_is_reachable\":false,\"step_is_complete\":false,\"use_same_address\":true},\"checkout-delivery-step\":{\"step_is_reachable\":false,\"step_is_complete\":false},\"checkout-payment-step\":{\"step_is_reachable\":false,\"step_is_complete\":false},\"checksum\":null}'),(75,1,1,0,'',1,0,0,1,0,5591,'',0,0,'',0,0,'2020-09-06 07:44:53','2020-09-06 07:44:53','{\"checkout-personal-information-step\":{\"step_is_reachable\":true,\"step_is_complete\":false},\"checkout-addresses-step\":{\"step_is_reachable\":false,\"step_is_complete\":false,\"use_same_address\":true},\"checkout-delivery-step\":{\"step_is_reachable\":false,\"step_is_complete\":false},\"checkout-payment-step\":{\"step_is_reachable\":false,\"step_is_complete\":false},\"checksum\":null}'),(76,1,1,0,'',1,0,0,1,0,5595,'',0,0,'',0,0,'2020-09-06 08:07:24','2020-09-06 08:07:24','{\"checkout-personal-information-step\":{\"step_is_reachable\":true,\"step_is_complete\":false},\"checkout-addresses-step\":{\"step_is_reachable\":false,\"step_is_complete\":false,\"use_same_address\":true},\"checkout-delivery-step\":{\"step_is_reachable\":false,\"step_is_complete\":false},\"checkout-payment-step\":{\"step_is_reachable\":false,\"step_is_complete\":false},\"checksum\":null}'),(77,1,1,0,'',1,0,0,1,0,6267,'',0,0,'',0,0,'2020-09-10 21:28:27','2020-09-10 21:41:45','{\"checkout-personal-information-step\":{\"step_is_reachable\":true,\"step_is_complete\":false},\"checkout-addresses-step\":{\"step_is_reachable\":false,\"step_is_complete\":false,\"use_same_address\":true},\"checkout-delivery-step\":{\"step_is_reachable\":false,\"step_is_complete\":false},\"checkout-payment-step\":{\"step_is_reachable\":false,\"step_is_complete\":false},\"checksum\":null}'),(78,1,1,0,'',1,0,0,1,0,6314,'',0,0,'',0,0,'2020-09-11 08:41:44','2020-09-11 08:41:44','{\"checkout-personal-information-step\":{\"step_is_reachable\":true,\"step_is_complete\":false},\"checkout-addresses-step\":{\"step_is_reachable\":false,\"step_is_complete\":false,\"use_same_address\":true},\"checkout-delivery-step\":{\"step_is_reachable\":false,\"step_is_complete\":false},\"checkout-payment-step\":{\"step_is_reachable\":false,\"step_is_complete\":false},\"checksum\":null}'),(79,1,1,0,'',1,0,0,2,0,6376,'',0,0,'',0,0,'2020-09-12 18:34:11','2020-09-12 18:34:12',NULL),(80,1,1,0,'',1,0,0,1,0,6664,'',0,0,'',0,0,'2020-09-13 17:16:46','2020-09-13 17:16:47',NULL),(81,1,1,0,'',1,0,0,1,0,7149,'',0,0,'',0,0,'2020-09-17 09:01:42','2020-09-17 09:01:42',NULL),(82,1,1,0,'',1,0,0,1,0,7430,'',0,0,'',0,0,'2020-09-19 08:32:44','2020-09-19 08:32:44',NULL),(83,1,1,0,'',4,0,0,1,0,7492,'',0,0,'',0,0,'2020-09-19 18:42:40','2020-09-19 18:42:40','{\"checkout-personal-information-step\":{\"step_is_reachable\":true,\"step_is_complete\":false},\"checkout-addresses-step\":{\"step_is_reachable\":false,\"step_is_complete\":false,\"use_same_address\":true},\"checkout-delivery-step\":{\"step_is_reachable\":false,\"step_is_complete\":false},\"checkout-payment-step\":{\"step_is_reachable\":false,\"step_is_complete\":false},\"checksum\":null}'),(84,1,1,0,'',1,0,0,1,0,7522,'',0,0,'',0,0,'2020-09-20 02:51:13','2020-09-20 02:51:13','{\"checkout-personal-information-step\":{\"step_is_reachable\":true,\"step_is_complete\":false},\"checkout-addresses-step\":{\"step_is_reachable\":false,\"step_is_complete\":false,\"use_same_address\":true},\"checkout-delivery-step\":{\"step_is_reachable\":false,\"step_is_complete\":false},\"checkout-payment-step\":{\"step_is_reachable\":false,\"step_is_complete\":false},\"checksum\":null}'),(85,1,1,0,'',1,0,0,1,0,7630,'',0,0,'',0,0,'2020-09-21 08:58:08','2020-09-21 08:58:08','{\"checkout-personal-information-step\":{\"step_is_reachable\":true,\"step_is_complete\":false},\"checkout-addresses-step\":{\"step_is_reachable\":false,\"step_is_complete\":false,\"use_same_address\":true},\"checkout-delivery-step\":{\"step_is_reachable\":false,\"step_is_complete\":false},\"checkout-payment-step\":{\"step_is_reachable\":false,\"step_is_complete\":false},\"checksum\":null}'),(86,1,1,0,'',1,0,0,1,0,7721,'',0,0,'',0,0,'2020-09-22 04:02:56','2020-10-08 16:42:05','{\"checkout-personal-information-step\":{\"step_is_reachable\":true,\"step_is_complete\":false},\"checkout-addresses-step\":{\"step_is_reachable\":false,\"step_is_complete\":false,\"use_same_address\":true},\"checkout-delivery-step\":{\"step_is_reachable\":false,\"step_is_complete\":false},\"checkout-payment-step\":{\"step_is_reachable\":false,\"step_is_complete\":false},\"checksum\":null}'),(87,1,1,0,'',1,0,0,1,0,8006,'',0,0,'',0,0,'2020-09-24 09:18:14','2020-09-24 09:18:14','{\"checkout-personal-information-step\":{\"step_is_reachable\":true,\"step_is_complete\":false},\"checkout-addresses-step\":{\"step_is_reachable\":false,\"step_is_complete\":false,\"use_same_address\":true},\"checkout-delivery-step\":{\"step_is_reachable\":false,\"step_is_complete\":false},\"checkout-payment-step\":{\"step_is_reachable\":false,\"step_is_complete\":false},\"checksum\":null}'),(88,1,1,2,'{\"12\":\"2,\"}',1,12,12,1,12,8505,'b847b15f67248e86ed62c87dd196bb1f',0,0,'',0,0,'2020-09-27 15:30:44','2020-09-27 15:32:49','{\"checkout-personal-information-step\":{\"step_is_reachable\":true,\"step_is_complete\":true},\"checkout-addresses-step\":{\"step_is_reachable\":true,\"step_is_complete\":true,\"use_same_address\":true},\"checkout-delivery-step\":{\"step_is_reachable\":true,\"step_is_complete\":true},\"checkout-payment-step\":{\"step_is_reachable\":true,\"step_is_complete\":false},\"checksum\":\"0ef81f4ef0d0c49993622cbbea42cac9f09e659b\"}'),(89,1,1,0,'',1,0,0,1,13,8920,'209547b0156c0ede317be70591dfba7b',0,0,'',0,0,'2020-09-30 05:38:09','2020-09-30 07:09:57','{\"checkout-personal-information-step\":{\"step_is_reachable\":true,\"step_is_complete\":true},\"checkout-addresses-step\":{\"step_is_reachable\":true,\"step_is_complete\":false,\"use_same_address\":true},\"checkout-delivery-step\":{\"step_is_reachable\":false,\"step_is_complete\":false},\"checkout-payment-step\":{\"step_is_reachable\":false,\"step_is_complete\":false},\"checksum\":null}'),(90,1,1,0,'',1,0,0,1,0,9139,'',0,0,'',0,0,'2020-10-01 09:00:17','2020-10-07 05:55:34','{\"checkout-personal-information-step\":{\"step_is_reachable\":true,\"step_is_complete\":false},\"checkout-addresses-step\":{\"step_is_reachable\":false,\"step_is_complete\":false,\"use_same_address\":true},\"checkout-delivery-step\":{\"step_is_reachable\":false,\"step_is_complete\":false},\"checkout-payment-step\":{\"step_is_reachable\":false,\"step_is_complete\":false},\"checksum\":null}'),(91,1,1,2,'{\"13\":\"2,\"}',1,13,13,1,14,9299,'69fb73acf834e843682dfbe1507cee07',0,0,'',0,0,'2020-10-02 10:35:26','2020-10-02 10:37:14','{\"checkout-personal-information-step\":{\"step_is_reachable\":true,\"step_is_complete\":true},\"checkout-addresses-step\":{\"step_is_reachable\":true,\"step_is_complete\":true,\"use_same_address\":true},\"checkout-delivery-step\":{\"step_is_reachable\":true,\"step_is_complete\":true},\"checkout-payment-step\":{\"step_is_reachable\":true,\"step_is_complete\":false},\"checksum\":\"6a2f2c864e1918c8eb6840b51c541e2c0019be22\"}'),(92,1,1,0,'',1,0,0,1,0,10492,'',0,0,'',0,0,'2020-10-07 09:40:58','2020-10-07 09:40:58',NULL),(93,1,1,0,'',1,0,0,1,0,10862,'',0,0,'',0,0,'2020-10-08 05:07:18','2020-10-08 05:07:18','{\"checkout-personal-information-step\":{\"step_is_reachable\":true,\"step_is_complete\":false},\"checkout-addresses-step\":{\"step_is_reachable\":false,\"step_is_complete\":false,\"use_same_address\":true},\"checkout-delivery-step\":{\"step_is_reachable\":false,\"step_is_complete\":false},\"checkout-payment-step\":{\"step_is_reachable\":false,\"step_is_complete\":false},\"checksum\":null}'),(94,1,1,0,'',1,0,0,1,0,11038,'',0,0,'',0,0,'2020-10-08 19:58:27','2020-10-08 19:58:27','{\"checkout-personal-information-step\":{\"step_is_reachable\":true,\"step_is_complete\":false},\"checkout-addresses-step\":{\"step_is_reachable\":false,\"step_is_complete\":false,\"use_same_address\":true},\"checkout-delivery-step\":{\"step_is_reachable\":false,\"step_is_complete\":false},\"checkout-payment-step\":{\"step_is_reachable\":false,\"step_is_complete\":false},\"checksum\":null}'),(95,1,1,0,'',1,0,0,1,0,12171,'',0,0,'',0,0,'2020-10-15 17:29:15','2020-10-15 17:29:15','{\"checkout-personal-information-step\":{\"step_is_reachable\":true,\"step_is_complete\":false},\"checkout-addresses-step\":{\"step_is_reachable\":false,\"step_is_complete\":false,\"use_same_address\":true},\"checkout-delivery-step\":{\"step_is_reachable\":false,\"step_is_complete\":false},\"checkout-payment-step\":{\"step_is_reachable\":false,\"step_is_complete\":false},\"checksum\":null}'),(96,1,1,0,'',1,0,0,1,0,12174,'',0,0,'',0,0,'2020-10-15 18:17:53','2020-10-15 18:17:53','{\"checkout-personal-information-step\":{\"step_is_reachable\":true,\"step_is_complete\":false},\"checkout-addresses-step\":{\"step_is_reachable\":false,\"step_is_complete\":false,\"use_same_address\":true},\"checkout-delivery-step\":{\"step_is_reachable\":false,\"step_is_complete\":false},\"checkout-payment-step\":{\"step_is_reachable\":false,\"step_is_complete\":false},\"checksum\":null}'),(97,1,1,0,'',1,0,0,2,0,13797,'',0,0,'',0,0,'2020-10-25 09:15:59','2020-10-25 09:15:59','{\"checkout-personal-information-step\":{\"step_is_reachable\":true,\"step_is_complete\":false},\"checkout-addresses-step\":{\"step_is_reachable\":false,\"step_is_complete\":false,\"use_same_address\":true},\"checkout-delivery-step\":{\"step_is_reachable\":false,\"step_is_complete\":false},\"checkout-payment-step\":{\"step_is_reachable\":false,\"step_is_complete\":false},\"checksum\":null}'),(98,1,1,0,'',5,0,0,1,0,14246,'',0,0,'',0,0,'2020-10-27 17:12:50','2020-10-30 01:21:33','{\"checkout-personal-information-step\":{\"step_is_reachable\":true,\"step_is_complete\":false},\"checkout-addresses-step\":{\"step_is_reachable\":false,\"step_is_complete\":false,\"use_same_address\":true},\"checkout-delivery-step\":{\"step_is_reachable\":false,\"step_is_complete\":false},\"checkout-payment-step\":{\"step_is_reachable\":false,\"step_is_complete\":false},\"checksum\":null}'),(99,1,1,0,'',1,0,0,1,0,14394,'',0,0,'',0,0,'2020-10-28 08:36:50','2020-10-28 08:36:50','{\"checkout-personal-information-step\":{\"step_is_reachable\":true,\"step_is_complete\":false},\"checkout-addresses-step\":{\"step_is_reachable\":false,\"step_is_complete\":false,\"use_same_address\":true},\"checkout-delivery-step\":{\"step_is_reachable\":false,\"step_is_complete\":false},\"checkout-payment-step\":{\"step_is_reachable\":false,\"step_is_complete\":false},\"checksum\":null}'),(100,1,1,0,'',1,0,0,1,0,14697,'',0,0,'',0,0,'2020-10-30 00:51:54','2020-10-30 00:51:54','{\"checkout-personal-information-step\":{\"step_is_reachable\":true,\"step_is_complete\":false},\"checkout-addresses-step\":{\"step_is_reachable\":false,\"step_is_complete\":false,\"use_same_address\":true},\"checkout-delivery-step\":{\"step_is_reachable\":false,\"step_is_complete\":false},\"checkout-payment-step\":{\"step_is_reachable\":false,\"step_is_complete\":false},\"checksum\":null}'),(101,1,1,0,'',1,0,0,1,0,14725,'',0,0,'',0,0,'2020-10-30 03:40:12','2020-10-30 03:40:16','{\"checkout-personal-information-step\":{\"step_is_reachable\":true,\"step_is_complete\":false},\"checkout-addresses-step\":{\"step_is_reachable\":false,\"step_is_complete\":false,\"use_same_address\":true},\"checkout-delivery-step\":{\"step_is_reachable\":false,\"step_is_complete\":false},\"checkout-payment-step\":{\"step_is_reachable\":false,\"step_is_complete\":false},\"checksum\":null}'),(102,1,1,0,'',1,0,0,1,0,15358,'',0,0,'',0,0,'2020-11-01 18:11:34','2020-11-01 18:11:34','{\"checkout-personal-information-step\":{\"step_is_reachable\":true,\"step_is_complete\":false},\"checkout-addresses-step\":{\"step_is_reachable\":false,\"step_is_complete\":false,\"use_same_address\":true},\"checkout-delivery-step\":{\"step_is_reachable\":false,\"step_is_complete\":false},\"checkout-payment-step\":{\"step_is_reachable\":false,\"step_is_complete\":false},\"checksum\":null}'),(103,1,1,0,'',1,0,0,1,0,16509,'',0,0,'',0,0,'2020-11-07 06:27:48','2020-11-07 06:27:48','{\"checkout-personal-information-step\":{\"step_is_reachable\":true,\"step_is_complete\":false},\"checkout-addresses-step\":{\"step_is_reachable\":false,\"step_is_complete\":false,\"use_same_address\":true},\"checkout-delivery-step\":{\"step_is_reachable\":false,\"step_is_complete\":false},\"checkout-payment-step\":{\"step_is_reachable\":false,\"step_is_complete\":false},\"checksum\":null}'),(104,1,1,0,'',1,0,0,1,0,17209,'',0,0,'',0,0,'2020-11-10 05:00:06','2020-11-10 05:00:06','{\"checkout-personal-information-step\":{\"step_is_reachable\":true,\"step_is_complete\":false},\"checkout-addresses-step\":{\"step_is_reachable\":false,\"step_is_complete\":false,\"use_same_address\":true},\"checkout-delivery-step\":{\"step_is_reachable\":false,\"step_is_complete\":false},\"checkout-payment-step\":{\"step_is_reachable\":false,\"step_is_complete\":false},\"checksum\":null}'),(105,1,1,0,'',1,0,0,1,0,17286,'',0,0,'',0,0,'2020-11-10 13:54:37','2020-11-10 13:54:37','{\"checkout-personal-information-step\":{\"step_is_reachable\":true,\"step_is_complete\":false},\"checkout-addresses-step\":{\"step_is_reachable\":false,\"step_is_complete\":false,\"use_same_address\":true},\"checkout-delivery-step\":{\"step_is_reachable\":false,\"step_is_complete\":false},\"checkout-payment-step\":{\"step_is_reachable\":false,\"step_is_complete\":false},\"checksum\":null}'),(106,1,1,0,'',1,0,0,1,0,17330,'',0,0,'',0,0,'2020-11-10 18:38:35','2020-11-10 18:38:35','{\"checkout-personal-information-step\":{\"step_is_reachable\":true,\"step_is_complete\":false},\"checkout-addresses-step\":{\"step_is_reachable\":false,\"step_is_complete\":false,\"use_same_address\":true},\"checkout-delivery-step\":{\"step_is_reachable\":false,\"step_is_complete\":false},\"checkout-payment-step\":{\"step_is_reachable\":false,\"step_is_complete\":false},\"checksum\":null}'),(107,1,1,0,'',1,0,0,1,0,17881,'',0,0,'',0,0,'2020-11-13 07:56:06','2020-11-13 07:56:06',NULL),(108,1,1,0,'',1,0,0,1,0,17906,'',0,0,'',0,0,'2020-11-13 10:44:23','2020-11-13 10:44:23',NULL),(109,1,1,0,'',1,0,0,1,0,18018,'',0,0,'',0,0,'2020-11-13 22:08:19','2020-11-13 22:08:19','{\"checkout-personal-information-step\":{\"step_is_reachable\":true,\"step_is_complete\":false},\"checkout-addresses-step\":{\"step_is_reachable\":false,\"step_is_complete\":false,\"use_same_address\":true},\"checkout-delivery-step\":{\"step_is_reachable\":false,\"step_is_complete\":false},\"checkout-payment-step\":{\"step_is_reachable\":false,\"step_is_complete\":false},\"checksum\":null}'),(110,1,1,0,'',1,0,0,1,0,18154,'',0,0,'',0,0,'2020-11-14 07:42:13','2020-11-14 07:42:13','{\"checkout-personal-information-step\":{\"step_is_reachable\":true,\"step_is_complete\":false},\"checkout-addresses-step\":{\"step_is_reachable\":false,\"step_is_complete\":false,\"use_same_address\":true},\"checkout-delivery-step\":{\"step_is_reachable\":false,\"step_is_complete\":false},\"checkout-payment-step\":{\"step_is_reachable\":false,\"step_is_complete\":false},\"checksum\":null}'),(111,1,1,2,'{\"14\":\"2,\"}',1,14,14,1,15,18997,'0a3d55d5389c163047722e93d5e3179d',0,0,'',0,0,'2020-11-18 05:18:07','2020-11-18 05:19:25','{\"checkout-personal-information-step\":{\"step_is_reachable\":true,\"step_is_complete\":true},\"checkout-addresses-step\":{\"step_is_reachable\":true,\"step_is_complete\":true,\"use_same_address\":true},\"checkout-delivery-step\":{\"step_is_reachable\":true,\"step_is_complete\":true},\"checkout-payment-step\":{\"step_is_reachable\":true,\"step_is_complete\":false},\"checksum\":\"d339d7c415d4d09149f4736ee9386eb6bfea48de\"}'),(112,1,1,2,'{\"15\":\"2,\"}',5,15,15,1,16,16773,'5983d0c1749441ba57ac3a0baeadc687',0,0,'',0,0,'2020-11-20 04:01:33','2020-11-20 04:03:26','{\"checkout-personal-information-step\":{\"step_is_reachable\":true,\"step_is_complete\":true},\"checkout-addresses-step\":{\"step_is_reachable\":true,\"step_is_complete\":true,\"use_same_address\":true},\"checkout-delivery-step\":{\"step_is_reachable\":true,\"step_is_complete\":true},\"checkout-payment-step\":{\"step_is_reachable\":true,\"step_is_complete\":false},\"checksum\":\"55ef88f95e9740fcbfa3f0cb320ef735525cb481\"}'),(113,1,1,2,'{\"16\":\"2,\"}',1,16,16,1,17,19591,'55992f5dcc514104f968908e20d915b5',0,0,'',0,0,'2020-11-20 09:56:15','2020-11-20 09:57:45','{\"checkout-personal-information-step\":{\"step_is_reachable\":true,\"step_is_complete\":true},\"checkout-addresses-step\":{\"step_is_reachable\":true,\"step_is_complete\":true,\"use_same_address\":true},\"checkout-delivery-step\":{\"step_is_reachable\":true,\"step_is_complete\":true},\"checkout-payment-step\":{\"step_is_reachable\":true,\"step_is_complete\":false},\"checksum\":\"e6e26f65089d6c3254089f36e77873d0417966d5\"}'),(114,1,1,0,'',2,0,0,1,0,19661,'',0,0,'',0,0,'2020-11-20 16:00:02','2020-11-20 16:00:10','{\"checkout-personal-information-step\":{\"step_is_reachable\":true,\"step_is_complete\":false},\"checkout-addresses-step\":{\"step_is_reachable\":false,\"step_is_complete\":false,\"use_same_address\":true},\"checkout-delivery-step\":{\"step_is_reachable\":false,\"step_is_complete\":false},\"checkout-payment-step\":{\"step_is_reachable\":false,\"step_is_complete\":false},\"checksum\":null}'),(115,1,1,0,'',1,0,0,1,0,19741,'',0,0,'',0,0,'2020-11-20 22:40:49','2020-11-20 22:40:49','{\"checkout-personal-information-step\":{\"step_is_reachable\":true,\"step_is_complete\":false},\"checkout-addresses-step\":{\"step_is_reachable\":false,\"step_is_complete\":false,\"use_same_address\":true},\"checkout-delivery-step\":{\"step_is_reachable\":false,\"step_is_complete\":false},\"checkout-payment-step\":{\"step_is_reachable\":false,\"step_is_complete\":false},\"checksum\":null}'),(116,1,1,2,'{\"17\":\"2,\"}',1,17,17,1,18,19885,'1a260fe23e10122587723f4fc36dbe85',0,0,'',0,0,'2020-11-21 14:45:58','2020-11-21 19:09:34','{\"checkout-personal-information-step\":{\"step_is_reachable\":true,\"step_is_complete\":true},\"checkout-addresses-step\":{\"step_is_reachable\":true,\"step_is_complete\":true,\"use_same_address\":true},\"checkout-delivery-step\":{\"step_is_reachable\":true,\"step_is_complete\":true},\"checkout-payment-step\":{\"step_is_reachable\":true,\"step_is_complete\":false},\"checksum\":\"1355ee13a30480f4acf4c4604b9244f4cd465da5\"}'),(117,1,1,0,'',1,0,0,1,0,20028,'',0,0,'',0,0,'2020-11-22 08:27:36','2020-11-22 08:27:36',NULL),(118,1,1,0,'',1,0,0,1,0,20522,'',0,0,'',0,0,'2020-11-24 14:53:04','2020-11-24 14:53:12',NULL),(119,1,1,0,'',1,0,0,1,0,22264,'',0,0,'',0,0,'2020-11-30 10:35:36','2020-11-30 10:35:36','{\"checkout-personal-information-step\":{\"step_is_reachable\":true,\"step_is_complete\":false},\"checkout-addresses-step\":{\"step_is_reachable\":false,\"step_is_complete\":false,\"use_same_address\":true},\"checkout-delivery-step\":{\"step_is_reachable\":false,\"step_is_complete\":false},\"checkout-payment-step\":{\"step_is_reachable\":false,\"step_is_complete\":false},\"checksum\":null}'),(120,1,1,0,'',1,0,0,1,0,22298,'',0,0,'',0,0,'2020-11-30 12:58:49','2020-11-30 12:58:49','{\"checkout-personal-information-step\":{\"step_is_reachable\":true,\"step_is_complete\":false},\"checkout-addresses-step\":{\"step_is_reachable\":false,\"step_is_complete\":false,\"use_same_address\":true},\"checkout-delivery-step\":{\"step_is_reachable\":false,\"step_is_complete\":false},\"checkout-payment-step\":{\"step_is_reachable\":false,\"step_is_complete\":false},\"checksum\":null}'),(121,1,1,0,'',1,0,0,1,0,22920,'',0,0,'',0,0,'2020-12-02 14:30:17','2020-12-02 14:30:17',NULL),(122,1,1,2,'{\"18\":\"2,\"}',1,18,18,1,19,23155,'bed393022ccadab517358c0b8697aaaa',0,0,'',0,0,'2020-12-03 09:58:28','2020-12-03 10:00:16','{\"checkout-personal-information-step\":{\"step_is_reachable\":true,\"step_is_complete\":true},\"checkout-addresses-step\":{\"step_is_reachable\":true,\"step_is_complete\":true,\"use_same_address\":true},\"checkout-delivery-step\":{\"step_is_reachable\":true,\"step_is_complete\":true},\"checkout-payment-step\":{\"step_is_reachable\":true,\"step_is_complete\":false},\"checksum\":\"5f2e936f05632303bc14eed6d62aaaf07ecc36cc\"}'),(123,1,1,0,'',1,0,0,1,0,23398,'',0,0,'',0,0,'2020-12-04 07:16:07','2020-12-04 07:16:07','{\"checkout-personal-information-step\":{\"step_is_reachable\":true,\"step_is_complete\":false},\"checkout-addresses-step\":{\"step_is_reachable\":false,\"step_is_complete\":false,\"use_same_address\":true},\"checkout-delivery-step\":{\"step_is_reachable\":false,\"step_is_complete\":false},\"checkout-payment-step\":{\"step_is_reachable\":false,\"step_is_complete\":false},\"checksum\":null}'),(124,1,1,0,'',1,0,0,1,0,23472,'',0,0,'',0,0,'2020-12-04 15:34:06','2020-12-04 15:34:06','{\"checkout-personal-information-step\":{\"step_is_reachable\":true,\"step_is_complete\":false},\"checkout-addresses-step\":{\"step_is_reachable\":false,\"step_is_complete\":false,\"use_same_address\":true},\"checkout-delivery-step\":{\"step_is_reachable\":false,\"step_is_complete\":false},\"checkout-payment-step\":{\"step_is_reachable\":false,\"step_is_complete\":false},\"checksum\":null}'),(125,1,1,0,'',1,0,0,1,0,24622,'',0,0,'',0,0,'2020-12-09 15:05:34','2020-12-09 15:05:34','{\"checkout-personal-information-step\":{\"step_is_reachable\":true,\"step_is_complete\":false},\"checkout-addresses-step\":{\"step_is_reachable\":false,\"step_is_complete\":false,\"use_same_address\":true},\"checkout-delivery-step\":{\"step_is_reachable\":false,\"step_is_complete\":false},\"checkout-payment-step\":{\"step_is_reachable\":false,\"step_is_complete\":false},\"checksum\":null}'),(126,1,1,0,'',1,0,0,2,20,24774,'a95c5711049428812eeae1a7b1d38ade',0,0,'',0,0,'2020-12-10 08:24:47','2020-12-10 08:24:49',NULL),(127,1,1,0,'',1,0,0,1,0,25673,'',0,0,'',0,0,'2020-12-14 11:41:37','2020-12-18 20:12:22','{\"checkout-personal-information-step\":{\"step_is_reachable\":true,\"step_is_complete\":false},\"checkout-addresses-step\":{\"step_is_reachable\":false,\"step_is_complete\":false,\"use_same_address\":true},\"checkout-delivery-step\":{\"step_is_reachable\":false,\"step_is_complete\":false},\"checkout-payment-step\":{\"step_is_reachable\":false,\"step_is_complete\":false},\"checksum\":null}'),(128,1,1,0,'',1,0,0,1,21,26309,'91656d26a72db2287669b840690de6bb',0,0,'',0,0,'2020-12-17 14:05:05','2020-12-17 14:05:45','{\"checkout-personal-information-step\":{\"step_is_reachable\":true,\"step_is_complete\":true},\"checkout-addresses-step\":{\"step_is_reachable\":true,\"step_is_complete\":false,\"use_same_address\":true},\"checkout-delivery-step\":{\"step_is_reachable\":false,\"step_is_complete\":false},\"checkout-payment-step\":{\"step_is_reachable\":false,\"step_is_complete\":false},\"checksum\":\"5c0e5a1c38351eea151bd7b8a45d8bd8fee784b3\"}'),(129,1,1,0,'',1,0,0,1,0,26284,'',0,0,'',0,0,'2020-12-17 16:45:33','2020-12-17 16:45:33','{\"checkout-personal-information-step\":{\"step_is_reachable\":true,\"step_is_complete\":false},\"checkout-addresses-step\":{\"step_is_reachable\":false,\"step_is_complete\":false,\"use_same_address\":true},\"checkout-delivery-step\":{\"step_is_reachable\":false,\"step_is_complete\":false},\"checkout-payment-step\":{\"step_is_reachable\":false,\"step_is_complete\":false},\"checksum\":null}'),(130,1,1,0,'',1,0,0,1,0,26001,'',0,0,'',0,0,'2020-12-21 15:51:25','2020-12-21 15:51:34',NULL),(131,1,1,0,'',1,0,0,1,0,27382,'',0,0,'',0,0,'2020-12-23 03:00:49','2020-12-23 03:00:49',NULL),(132,1,1,0,'',1,0,0,1,0,27398,'',0,0,'',0,0,'2020-12-23 04:30:44','2020-12-23 04:30:44','{\"checkout-personal-information-step\":{\"step_is_reachable\":true,\"step_is_complete\":false},\"checkout-addresses-step\":{\"step_is_reachable\":false,\"step_is_complete\":false,\"use_same_address\":true},\"checkout-delivery-step\":{\"step_is_reachable\":false,\"step_is_complete\":false},\"checkout-payment-step\":{\"step_is_reachable\":false,\"step_is_complete\":false},\"checksum\":null}'),(133,1,1,0,'',1,0,0,1,0,24781,'',0,0,'',0,0,'2020-12-27 06:48:41','2020-12-27 06:48:41','{\"checkout-personal-information-step\":{\"step_is_reachable\":true,\"step_is_complete\":false},\"checkout-addresses-step\":{\"step_is_reachable\":false,\"step_is_complete\":false,\"use_same_address\":true},\"checkout-payment-step\":{\"step_is_reachable\":false,\"step_is_complete\":false},\"checksum\":null}'),(134,1,1,0,'',1,0,0,1,0,28610,'',0,0,'',0,0,'2020-12-28 09:23:36','2020-12-28 09:23:36','{\"checkout-personal-information-step\":{\"step_is_reachable\":true,\"step_is_complete\":false},\"checkout-addresses-step\":{\"step_is_reachable\":false,\"step_is_complete\":false,\"use_same_address\":true},\"checkout-delivery-step\":{\"step_is_reachable\":false,\"step_is_complete\":false},\"checkout-payment-step\":{\"step_is_reachable\":false,\"step_is_complete\":false},\"checksum\":null}'),(135,1,1,0,'',1,0,0,1,0,29178,'',0,0,'',0,0,'2020-12-31 12:32:35','2020-12-31 12:32:35',NULL),(136,1,1,0,'',1,0,0,1,0,29466,'',0,0,'',0,0,'2021-01-02 09:16:32','2021-01-02 09:16:32','{\"checkout-personal-information-step\":{\"step_is_reachable\":true,\"step_is_complete\":false},\"checkout-addresses-step\":{\"step_is_reachable\":false,\"step_is_complete\":false,\"use_same_address\":true},\"checkout-delivery-step\":{\"step_is_reachable\":false,\"step_is_complete\":false},\"checkout-payment-step\":{\"step_is_reachable\":false,\"step_is_complete\":false},\"checksum\":null}'),(137,1,1,0,'',1,0,0,1,0,29467,'',0,0,'',0,0,'2021-01-02 09:23:11','2021-01-02 09:23:11',NULL),(138,1,1,0,'',1,0,0,1,0,29617,'',0,0,'',0,0,'2021-01-03 07:39:37','2021-01-03 07:39:37','{\"checkout-personal-information-step\":{\"step_is_reachable\":true,\"step_is_complete\":false},\"checkout-addresses-step\":{\"step_is_reachable\":false,\"step_is_complete\":false,\"use_same_address\":true},\"checkout-delivery-step\":{\"step_is_reachable\":false,\"step_is_complete\":false},\"checkout-payment-step\":{\"step_is_reachable\":false,\"step_is_complete\":false},\"checksum\":null}'),(139,1,1,0,'',1,0,0,1,0,30136,'',0,0,'',0,0,'2021-01-05 12:10:14','2021-01-05 12:10:14','{\"checkout-personal-information-step\":{\"step_is_reachable\":true,\"step_is_complete\":false},\"checkout-addresses-step\":{\"step_is_reachable\":false,\"step_is_complete\":false,\"use_same_address\":true},\"checkout-delivery-step\":{\"step_is_reachable\":false,\"step_is_complete\":false},\"checkout-payment-step\":{\"step_is_reachable\":false,\"step_is_complete\":false},\"checksum\":null}'),(140,1,1,0,'',1,0,0,1,0,30173,'',0,0,'',0,0,'2021-01-05 14:52:39','2021-01-05 14:52:39',NULL),(141,1,1,0,'',5,0,0,1,0,30056,'',0,0,'',0,0,'2021-01-07 05:26:16','2021-01-07 05:26:16',NULL),(142,1,1,0,'',1,0,0,1,0,30553,'',0,0,'',0,0,'2021-01-08 06:07:58','2021-01-08 06:07:58',NULL),(143,1,1,0,'',1,0,0,1,0,30687,'',0,0,'',0,0,'2021-01-08 23:05:55','2021-01-08 23:05:55','{\"checkout-personal-information-step\":{\"step_is_reachable\":true,\"step_is_complete\":false},\"checkout-addresses-step\":{\"step_is_reachable\":false,\"step_is_complete\":false,\"use_same_address\":true},\"checkout-delivery-step\":{\"step_is_reachable\":false,\"step_is_complete\":false},\"checkout-payment-step\":{\"step_is_reachable\":false,\"step_is_complete\":false},\"checksum\":null}'),(144,1,1,0,'',1,0,0,1,0,30822,'',0,0,'',0,0,'2021-01-09 17:52:05','2021-01-09 17:53:39','{\"checkout-personal-information-step\":{\"step_is_reachable\":true,\"step_is_complete\":false},\"checkout-addresses-step\":{\"step_is_reachable\":false,\"step_is_complete\":false,\"use_same_address\":true},\"checkout-delivery-step\":{\"step_is_reachable\":false,\"step_is_complete\":false},\"checkout-payment-step\":{\"step_is_reachable\":false,\"step_is_complete\":false},\"checksum\":null}'),(145,1,1,0,'',1,0,0,1,0,30917,'',0,0,'',0,0,'2021-01-10 03:39:12','2021-01-10 03:39:12','{\"checkout-personal-information-step\":{\"step_is_reachable\":true,\"step_is_complete\":false},\"checkout-addresses-step\":{\"step_is_reachable\":false,\"step_is_complete\":false,\"use_same_address\":true},\"checkout-delivery-step\":{\"step_is_reachable\":false,\"step_is_complete\":false},\"checkout-payment-step\":{\"step_is_reachable\":false,\"step_is_complete\":false},\"checksum\":null}'),(146,1,1,0,'',1,0,0,1,0,30982,'',0,0,'',0,0,'2021-01-10 08:43:56','2021-01-10 08:43:57',NULL),(147,1,1,0,'',1,0,0,1,0,31145,'',0,0,'',0,0,'2021-01-11 01:42:47','2021-01-11 01:42:47',NULL),(148,1,1,0,'',2,0,0,1,0,30595,'',0,0,'',0,0,'2021-01-11 04:02:41','2021-01-13 14:17:36',NULL),(149,1,1,0,'',1,0,0,1,0,31307,'',0,0,'',0,0,'2021-01-11 17:06:49','2021-01-11 17:06:50','{\"checkout-personal-information-step\":{\"step_is_reachable\":true,\"step_is_complete\":false},\"checkout-addresses-step\":{\"step_is_reachable\":false,\"step_is_complete\":false,\"use_same_address\":true},\"checkout-delivery-step\":{\"step_is_reachable\":false,\"step_is_complete\":false},\"checkout-payment-step\":{\"step_is_reachable\":false,\"step_is_complete\":false},\"checksum\":null}'),(150,1,1,0,'',1,0,0,1,0,31464,'',0,0,'',0,0,'2021-01-12 13:41:16','2021-01-12 13:41:16','{\"checkout-personal-information-step\":{\"step_is_reachable\":true,\"step_is_complete\":false},\"checkout-addresses-step\":{\"step_is_reachable\":false,\"step_is_complete\":false,\"use_same_address\":true},\"checkout-delivery-step\":{\"step_is_reachable\":false,\"step_is_complete\":false},\"checkout-payment-step\":{\"step_is_reachable\":false,\"step_is_complete\":false},\"checksum\":null}'),(151,1,1,0,'',1,0,0,1,0,31744,'',0,0,'',0,0,'2021-01-13 16:52:37','2021-01-13 16:52:37',NULL),(152,1,1,0,'',3,0,0,1,0,32093,'',0,0,'',0,0,'2021-01-15 11:06:46','2021-01-15 11:07:06','{\"checkout-personal-information-step\":{\"step_is_reachable\":true,\"step_is_complete\":false},\"checkout-addresses-step\":{\"step_is_reachable\":false,\"step_is_complete\":false,\"use_same_address\":true},\"checkout-delivery-step\":{\"step_is_reachable\":false,\"step_is_complete\":false},\"checkout-payment-step\":{\"step_is_reachable\":false,\"step_is_complete\":false},\"checksum\":null}'),(153,1,1,0,'',1,0,0,1,0,32123,'',0,0,'',0,0,'2021-01-15 16:14:25','2021-01-15 16:14:25',NULL),(154,1,1,0,'',1,0,0,2,0,32210,'',0,0,'',0,0,'2021-01-16 07:47:56','2021-01-16 07:49:46','{\"checkout-personal-information-step\":{\"step_is_reachable\":true,\"step_is_complete\":false},\"checkout-addresses-step\":{\"step_is_reachable\":false,\"step_is_complete\":false,\"use_same_address\":true},\"checkout-delivery-step\":{\"step_is_reachable\":false,\"step_is_complete\":false},\"checkout-payment-step\":{\"step_is_reachable\":false,\"step_is_complete\":false},\"checksum\":null}'),(155,1,1,0,'',1,0,0,1,0,32487,'',0,0,'',0,0,'2021-01-17 14:04:22','2021-01-19 05:02:59','{\"checkout-personal-information-step\":{\"step_is_reachable\":true,\"step_is_complete\":false},\"checkout-addresses-step\":{\"step_is_reachable\":false,\"step_is_complete\":false,\"use_same_address\":true},\"checkout-delivery-step\":{\"step_is_reachable\":false,\"step_is_complete\":false},\"checkout-payment-step\":{\"step_is_reachable\":false,\"step_is_complete\":false},\"checksum\":null}'),(156,1,1,0,'',1,0,0,1,0,32556,'',0,0,'',0,0,'2021-01-17 20:38:16','2021-01-17 20:41:34','{\"checkout-personal-information-step\":{\"step_is_reachable\":true,\"step_is_complete\":false},\"checkout-addresses-step\":{\"step_is_reachable\":false,\"step_is_complete\":false,\"use_same_address\":true},\"checkout-delivery-step\":{\"step_is_reachable\":false,\"step_is_complete\":false},\"checkout-payment-step\":{\"step_is_reachable\":false,\"step_is_complete\":false},\"checksum\":null}'),(157,1,1,0,'',1,0,0,1,0,32662,'',0,0,'',0,0,'2021-01-18 11:30:16','2021-01-18 11:30:16',NULL),(158,1,1,0,'',1,0,0,1,0,33687,'',0,0,'',0,0,'2021-01-23 02:38:24','2021-01-23 02:43:24','{\"checkout-personal-information-step\":{\"step_is_reachable\":true,\"step_is_complete\":false},\"checkout-addresses-step\":{\"step_is_reachable\":false,\"step_is_complete\":false,\"use_same_address\":true},\"checkout-delivery-step\":{\"step_is_reachable\":false,\"step_is_complete\":false},\"checkout-payment-step\":{\"step_is_reachable\":false,\"step_is_complete\":false},\"checksum\":null}'),(159,1,1,2,'{\"19\":\"2,\"}',1,19,19,1,22,33708,'f245f5c4f2530bdb8f23f8e3d0bf3046',0,0,'',0,0,'2021-01-23 04:43:29','2021-01-23 04:45:06','{\"checkout-personal-information-step\":{\"step_is_reachable\":true,\"step_is_complete\":true},\"checkout-addresses-step\":{\"step_is_reachable\":true,\"step_is_complete\":true,\"use_same_address\":true},\"checkout-delivery-step\":{\"step_is_reachable\":true,\"step_is_complete\":true},\"checkout-payment-step\":{\"step_is_reachable\":true,\"step_is_complete\":false},\"checksum\":\"d7a1dd6b9c056d3d64c9a623638295f81d705c62\"}'),(160,1,1,0,'',1,0,0,1,0,31832,'',0,0,'',0,0,'2021-01-24 18:16:06','2021-01-24 18:16:06',NULL),(161,1,1,0,'',1,0,0,1,0,34169,'',0,0,'',0,0,'2021-01-25 10:02:18','2021-01-25 10:02:18',NULL),(162,1,1,0,'',1,20,20,1,23,34345,'8f12e5316c13c18e7742b58fb67cacc5',0,0,'',0,0,'2021-01-26 11:49:12','2021-01-26 11:56:30','{\"checkout-personal-information-step\":{\"step_is_reachable\":true,\"step_is_complete\":true},\"checkout-addresses-step\":{\"step_is_reachable\":true,\"step_is_complete\":true,\"use_same_address\":true},\"checkout-delivery-step\":{\"step_is_reachable\":true,\"step_is_complete\":false},\"checkout-payment-step\":{\"step_is_reachable\":false,\"step_is_complete\":false},\"checksum\":\"426d48a425db4e67fe4952f6891551a065c92ca2\"}'),(163,1,1,0,'',1,0,0,1,0,34577,'',0,0,'',0,0,'2021-01-27 13:49:28','2021-01-27 13:49:28','{\"checkout-personal-information-step\":{\"step_is_reachable\":true,\"step_is_complete\":false},\"checkout-addresses-step\":{\"step_is_reachable\":false,\"step_is_complete\":false,\"use_same_address\":true},\"checkout-delivery-step\":{\"step_is_reachable\":false,\"step_is_complete\":false},\"checkout-payment-step\":{\"step_is_reachable\":false,\"step_is_complete\":false},\"checksum\":null}'),(164,1,1,0,'',1,0,0,1,0,35017,'',0,0,'',0,0,'2021-01-28 07:41:50','2021-01-28 07:41:50','{\"checkout-personal-information-step\":{\"step_is_reachable\":true,\"step_is_complete\":false},\"checkout-addresses-step\":{\"step_is_reachable\":false,\"step_is_complete\":false,\"use_same_address\":true},\"checkout-delivery-step\":{\"step_is_reachable\":false,\"step_is_complete\":false},\"checkout-payment-step\":{\"step_is_reachable\":false,\"step_is_complete\":false},\"checksum\":null}'),(165,1,1,0,'',1,0,0,1,0,35021,'',0,0,'',0,0,'2021-01-28 08:15:11','2021-01-28 08:15:11','{\"checkout-personal-information-step\":{\"step_is_reachable\":true,\"step_is_complete\":false},\"checkout-addresses-step\":{\"step_is_reachable\":false,\"step_is_complete\":false,\"use_same_address\":true},\"checkout-delivery-step\":{\"step_is_reachable\":false,\"step_is_complete\":false},\"checkout-payment-step\":{\"step_is_reachable\":false,\"step_is_complete\":false},\"checksum\":null}'),(166,1,1,0,'',6,21,21,1,24,35411,'0e3f59910a96f9daa9c06964bf0f289a',0,0,'',0,0,'2021-01-30 02:46:36','2021-01-30 08:28:02','{\"checkout-personal-information-step\":{\"step_is_reachable\":true,\"step_is_complete\":true},\"checkout-addresses-step\":{\"step_is_reachable\":true,\"step_is_complete\":true,\"use_same_address\":true},\"checkout-delivery-step\":{\"step_is_reachable\":true,\"step_is_complete\":true},\"checkout-payment-step\":{\"step_is_reachable\":true,\"step_is_complete\":false},\"checksum\":\"5006aa57752f77337c4298fcdcc23e8942e9f18e\"}'),(167,1,1,0,'',1,0,0,1,0,35720,'',0,0,'',0,0,'2021-01-31 15:09:28','2021-01-31 15:09:28',NULL),(168,1,1,0,'',1,0,0,1,0,36098,'',0,0,'',0,0,'2021-02-02 21:02:51','2021-02-02 21:02:51','{\"checkout-personal-information-step\":{\"step_is_reachable\":true,\"step_is_complete\":false},\"checkout-addresses-step\":{\"step_is_reachable\":false,\"step_is_complete\":false,\"use_same_address\":true},\"checkout-delivery-step\":{\"step_is_reachable\":false,\"step_is_complete\":false},\"checkout-payment-step\":{\"step_is_reachable\":false,\"step_is_complete\":false},\"checksum\":null}'),(169,1,1,0,'',1,0,0,1,0,36188,'',0,0,'',0,0,'2021-02-03 13:04:10','2021-02-03 13:04:10','{\"checkout-personal-information-step\":{\"step_is_reachable\":true,\"step_is_complete\":false},\"checkout-addresses-step\":{\"step_is_reachable\":false,\"step_is_complete\":false,\"use_same_address\":true},\"checkout-delivery-step\":{\"step_is_reachable\":false,\"step_is_complete\":false},\"checkout-payment-step\":{\"step_is_reachable\":false,\"step_is_complete\":false},\"checksum\":null}'),(170,1,1,0,'',1,0,0,1,0,36556,'',0,0,'',0,0,'2021-02-06 14:49:49','2021-02-06 14:49:49',NULL),(171,1,1,0,'',1,0,0,1,0,36762,'',0,0,'',0,0,'2021-02-06 16:25:39','2021-02-06 16:25:40',NULL),(172,1,1,0,'',6,0,0,1,0,36796,'',0,0,'',0,0,'2021-02-06 22:02:54','2021-02-06 22:02:55',NULL),(173,1,1,0,'',1,0,0,1,0,36984,'',0,0,'',0,0,'2021-02-08 10:02:14','2021-02-08 10:02:14',NULL),(174,1,1,2,'{\"22\":\"2,\"}',1,22,22,1,25,36398,'4a9f7967e54a2eb2c4e44c05834aeaf8',0,0,'',0,0,'2021-02-08 10:14:34','2021-03-10 10:47:57','{\"checkout-personal-information-step\":{\"step_is_reachable\":true,\"step_is_complete\":true},\"checkout-addresses-step\":{\"step_is_reachable\":true,\"step_is_complete\":false,\"use_same_address\":true},\"checkout-delivery-step\":{\"step_is_reachable\":false,\"step_is_complete\":false},\"checkout-payment-step\":{\"step_is_reachable\":false,\"step_is_complete\":false},\"checksum\":\"afa07ccfa139478aa384c362ac4b9cce2303abaa\"}'),(175,1,1,0,'',1,0,0,1,0,37337,'',0,0,'',0,0,'2021-02-10 05:14:06','2021-02-10 05:14:06','{\"checkout-personal-information-step\":{\"step_is_reachable\":true,\"step_is_complete\":false},\"checkout-addresses-step\":{\"step_is_reachable\":false,\"step_is_complete\":false,\"use_same_address\":true},\"checkout-delivery-step\":{\"step_is_reachable\":false,\"step_is_complete\":false},\"checkout-payment-step\":{\"step_is_reachable\":false,\"step_is_complete\":false},\"checksum\":null}'),(176,1,1,0,'',1,0,0,1,0,37429,'',0,0,'',0,0,'2021-02-10 15:27:39','2021-02-10 15:27:39',NULL),(177,1,1,0,'',1,0,0,1,0,37531,'',0,0,'',0,0,'2021-02-11 03:09:16','2021-02-11 03:09:16','{\"checkout-personal-information-step\":{\"step_is_reachable\":true,\"step_is_complete\":false},\"checkout-addresses-step\":{\"step_is_reachable\":false,\"step_is_complete\":false,\"use_same_address\":true},\"checkout-delivery-step\":{\"step_is_reachable\":false,\"step_is_complete\":false},\"checkout-payment-step\":{\"step_is_reachable\":false,\"step_is_complete\":false},\"checksum\":null}'),(178,1,1,0,'',1,0,0,1,0,37551,'',0,0,'',0,0,'2021-02-11 07:24:49','2021-02-11 07:24:50','{\"checkout-personal-information-step\":{\"step_is_reachable\":true,\"step_is_complete\":false},\"checkout-addresses-step\":{\"step_is_reachable\":false,\"step_is_complete\":false,\"use_same_address\":true},\"checkout-delivery-step\":{\"step_is_reachable\":false,\"step_is_complete\":false},\"checkout-payment-step\":{\"step_is_reachable\":false,\"step_is_complete\":false},\"checksum\":null}'),(179,1,1,0,'',1,0,0,1,26,37719,'f66246d3e26e7a4f69fc3df89014e1d2',0,0,'',0,0,'2021-02-12 09:24:31','2021-02-12 09:26:07','{\"checkout-personal-information-step\":{\"step_is_reachable\":true,\"step_is_complete\":true},\"checkout-addresses-step\":{\"step_is_reachable\":true,\"step_is_complete\":false,\"use_same_address\":true},\"checkout-delivery-step\":{\"step_is_reachable\":false,\"step_is_complete\":false},\"checkout-payment-step\":{\"step_is_reachable\":false,\"step_is_complete\":false},\"checksum\":\"697598f471f0ec6035902841e267f87ae1f47ecb\"}'),(180,1,1,0,'',1,0,0,1,27,37721,'0ee1df3923d0e5b5729a98f0b60c9f22',0,0,'',0,0,'2021-02-12 09:31:56','2021-02-12 09:32:54','{\"checkout-personal-information-step\":{\"step_is_reachable\":true,\"step_is_complete\":true},\"checkout-addresses-step\":{\"step_is_reachable\":true,\"step_is_complete\":false,\"use_same_address\":true},\"checkout-delivery-step\":{\"step_is_reachable\":false,\"step_is_complete\":false},\"checkout-payment-step\":{\"step_is_reachable\":false,\"step_is_complete\":false},\"checksum\":\"b52b1a897c8db0efa86536a6c461dc6b2bfb8895\"}'),(181,1,1,0,'',1,0,0,1,0,37726,'',0,0,'',0,0,'2021-02-12 11:04:03','2021-02-12 11:04:03',NULL),(182,1,1,0,'',1,0,0,1,0,37865,'',0,0,'',0,0,'2021-02-13 04:02:11','2021-02-13 04:02:11',NULL),(183,1,1,2,'{\"23\":\"2,\"}',1,23,23,1,28,38267,'0c8c7f765d182285ad2c1839dd308581',0,0,'',0,0,'2021-02-15 10:56:59','2021-02-15 11:00:31','{\"checkout-personal-information-step\":{\"step_is_reachable\":true,\"step_is_complete\":true},\"checkout-addresses-step\":{\"step_is_reachable\":true,\"step_is_complete\":true,\"use_same_address\":true},\"checkout-delivery-step\":{\"step_is_reachable\":true,\"step_is_complete\":true},\"checkout-payment-step\":{\"step_is_reachable\":true,\"step_is_complete\":false},\"checksum\":\"c665c43da7cf9a58b3b4d3ca57a410c38a24a6f4\"}'),(184,1,1,0,'',1,0,0,1,0,37587,'',0,0,'',0,0,'2021-02-15 19:18:04','2021-02-15 19:18:15',NULL),(185,1,1,0,'',1,0,0,2,0,38396,'',0,0,'',0,0,'2021-02-16 05:11:06','2021-02-16 06:10:56',NULL),(186,1,1,0,'',1,0,0,1,0,39419,'',0,0,'',0,0,'2021-02-20 12:03:35','2021-02-20 12:03:35','{\"checkout-personal-information-step\":{\"step_is_reachable\":true,\"step_is_complete\":false},\"checkout-addresses-step\":{\"step_is_reachable\":false,\"step_is_complete\":false,\"use_same_address\":true},\"checkout-delivery-step\":{\"step_is_reachable\":false,\"step_is_complete\":false},\"checkout-payment-step\":{\"step_is_reachable\":false,\"step_is_complete\":false},\"checksum\":null}'),(187,1,1,0,'',1,0,0,1,0,39597,'',0,0,'',0,0,'2021-02-21 15:20:30','2021-02-21 15:20:30','{\"checkout-personal-information-step\":{\"step_is_reachable\":true,\"step_is_complete\":false},\"checkout-addresses-step\":{\"step_is_reachable\":false,\"step_is_complete\":false,\"use_same_address\":true},\"checkout-delivery-step\":{\"step_is_reachable\":false,\"step_is_complete\":false},\"checkout-payment-step\":{\"step_is_reachable\":false,\"step_is_complete\":false},\"checksum\":null}'),(188,1,1,0,'',1,0,0,1,0,39708,'',0,0,'',0,0,'2021-02-22 08:40:58','2021-02-22 08:40:58','{\"checkout-personal-information-step\":{\"step_is_reachable\":true,\"step_is_complete\":false},\"checkout-addresses-step\":{\"step_is_reachable\":false,\"step_is_complete\":false,\"use_same_address\":true},\"checkout-delivery-step\":{\"step_is_reachable\":false,\"step_is_complete\":false},\"checkout-payment-step\":{\"step_is_reachable\":false,\"step_is_complete\":false},\"checksum\":null}'),(189,1,1,0,'',1,0,0,1,0,39997,'',0,0,'',0,0,'2021-02-24 06:30:03','2021-02-24 06:30:03','{\"checkout-personal-information-step\":{\"step_is_reachable\":true,\"step_is_complete\":false},\"checkout-addresses-step\":{\"step_is_reachable\":false,\"step_is_complete\":false,\"use_same_address\":true},\"checkout-delivery-step\":{\"step_is_reachable\":false,\"step_is_complete\":false},\"checkout-payment-step\":{\"step_is_reachable\":false,\"step_is_complete\":false},\"checksum\":null}'),(190,1,1,2,'{\"24\":\"2,\"}',1,24,24,1,29,40564,'52231144087215601c3c9bcccf777b1c',0,0,'',0,0,'2021-02-27 01:14:15','2021-02-27 01:18:14','{\"checkout-personal-information-step\":{\"step_is_reachable\":true,\"step_is_complete\":true},\"checkout-addresses-step\":{\"step_is_reachable\":true,\"step_is_complete\":true,\"use_same_address\":true},\"checkout-delivery-step\":{\"step_is_reachable\":true,\"step_is_complete\":true},\"checkout-payment-step\":{\"step_is_reachable\":true,\"step_is_complete\":false},\"checksum\":\"d128bda8d9235e72e575d9e17cdb5518f1288272\"}'),(191,1,1,0,'',1,0,0,1,0,41034,'',0,0,'',0,0,'2021-03-01 04:13:19','2021-03-02 02:57:47','{\"checkout-personal-information-step\":{\"step_is_reachable\":true,\"step_is_complete\":false},\"checkout-addresses-step\":{\"step_is_reachable\":false,\"step_is_complete\":false,\"use_same_address\":true},\"checkout-delivery-step\":{\"step_is_reachable\":false,\"step_is_complete\":false},\"checkout-payment-step\":{\"step_is_reachable\":false,\"step_is_complete\":false},\"checksum\":null}'),(192,1,1,0,'',1,0,0,1,0,41133,'',0,0,'',0,0,'2021-03-01 14:12:22','2021-03-01 14:12:42',NULL),(193,1,1,0,'',1,0,0,1,0,41225,'',0,0,'',0,0,'2021-03-02 02:58:05','2021-03-02 02:58:05',NULL),(194,1,1,0,'',1,0,0,1,0,41348,'',0,0,'',0,0,'2021-03-02 16:21:56','2021-03-02 16:21:56','{\"checkout-personal-information-step\":{\"step_is_reachable\":true,\"step_is_complete\":false},\"checkout-addresses-step\":{\"step_is_reachable\":false,\"step_is_complete\":false,\"use_same_address\":true},\"checkout-delivery-step\":{\"step_is_reachable\":false,\"step_is_complete\":false},\"checkout-payment-step\":{\"step_is_reachable\":false,\"step_is_complete\":false},\"checksum\":null}'),(195,1,1,0,'',1,0,0,1,0,41048,'',0,0,'',0,0,'2021-03-02 17:46:10','2021-03-02 17:46:10',NULL),(196,1,1,0,'',1,0,0,1,30,41872,'8283698124235405c5fbbffe6c1db519',0,0,'',0,0,'2021-03-05 10:48:08','2021-03-05 10:48:28','{\"checkout-personal-information-step\":{\"step_is_reachable\":true,\"step_is_complete\":true},\"checkout-addresses-step\":{\"step_is_reachable\":true,\"step_is_complete\":false,\"use_same_address\":true},\"checkout-delivery-step\":{\"step_is_reachable\":false,\"step_is_complete\":false},\"checkout-payment-step\":{\"step_is_reachable\":false,\"step_is_complete\":false},\"checksum\":\"6c9a2b01c916313f6b0aa33208c04458ab4404d6\"}'),(197,1,1,2,'{\"25\":\"2,\"}',1,25,25,1,31,41918,'f4b99255d05f7073d15ee59e71e041bd',0,0,'',0,0,'2021-03-05 15:29:41','2021-03-05 15:31:57','{\"checkout-personal-information-step\":{\"step_is_reachable\":true,\"step_is_complete\":true},\"checkout-addresses-step\":{\"step_is_reachable\":true,\"step_is_complete\":true,\"use_same_address\":true},\"checkout-delivery-step\":{\"step_is_reachable\":true,\"step_is_complete\":true},\"checkout-payment-step\":{\"step_is_reachable\":true,\"step_is_complete\":false},\"checksum\":\"fc1c4339ceb1e9a2f8e518f7023aded6ed817f74\"}'),(198,1,1,0,'',1,0,0,1,0,42136,'',0,0,'',0,0,'2021-03-06 14:23:35','2021-03-06 14:23:35','{\"checkout-personal-information-step\":{\"step_is_reachable\":true,\"step_is_complete\":false},\"checkout-addresses-step\":{\"step_is_reachable\":false,\"step_is_complete\":false,\"use_same_address\":true},\"checkout-delivery-step\":{\"step_is_reachable\":false,\"step_is_complete\":false},\"checkout-payment-step\":{\"step_is_reachable\":false,\"step_is_complete\":false},\"checksum\":null}'),(199,1,1,0,'',1,0,0,1,32,42338,'832f690309145b2f4c35755826f932fe',0,0,'',0,0,'2021-03-07 22:38:06','2021-03-07 22:40:56','{\"checkout-personal-information-step\":{\"step_is_reachable\":true,\"step_is_complete\":true},\"checkout-addresses-step\":{\"step_is_reachable\":true,\"step_is_complete\":false,\"use_same_address\":true},\"checkout-delivery-step\":{\"step_is_reachable\":false,\"step_is_complete\":false},\"checkout-payment-step\":{\"step_is_reachable\":false,\"step_is_complete\":false},\"checksum\":null}'),(200,1,1,0,'',1,0,0,1,0,42718,'',0,0,'',0,0,'2021-03-09 16:37:50','2021-03-09 16:38:00',NULL),(201,1,1,0,'',2,0,0,1,0,42761,'',0,0,'',0,0,'2021-03-09 22:28:10','2021-03-09 22:28:30',NULL),(202,1,1,0,'',1,0,0,1,0,42866,'',0,0,'',0,0,'2021-03-10 14:22:51','2021-03-10 14:22:51',NULL),(203,1,1,0,'',1,0,0,1,0,43212,'',0,0,'',0,0,'2021-03-12 10:36:58','2021-03-12 10:36:58','{\"checkout-personal-information-step\":{\"step_is_reachable\":true,\"step_is_complete\":false},\"checkout-addresses-step\":{\"step_is_reachable\":false,\"step_is_complete\":false,\"use_same_address\":true},\"checkout-delivery-step\":{\"step_is_reachable\":false,\"step_is_complete\":false},\"checkout-payment-step\":{\"step_is_reachable\":false,\"step_is_complete\":false},\"checksum\":null}'),(204,1,1,0,'',2,0,0,1,0,43247,'',0,0,'',0,0,'2021-03-12 11:17:41','2021-03-16 10:23:41','{\"checkout-personal-information-step\":{\"step_is_reachable\":true,\"step_is_complete\":false},\"checkout-addresses-step\":{\"step_is_reachable\":false,\"step_is_complete\":false,\"use_same_address\":true},\"checkout-delivery-step\":{\"step_is_reachable\":false,\"step_is_complete\":false},\"checkout-payment-step\":{\"step_is_reachable\":false,\"step_is_complete\":false},\"checksum\":null}'),(205,1,1,0,'',1,0,0,1,0,43630,'',0,0,'',0,0,'2021-03-15 08:24:06','2021-03-15 08:24:06','{\"checkout-personal-information-step\":{\"step_is_reachable\":true,\"step_is_complete\":false},\"checkout-addresses-step\":{\"step_is_reachable\":false,\"step_is_complete\":false,\"use_same_address\":true},\"checkout-delivery-step\":{\"step_is_reachable\":false,\"step_is_complete\":false},\"checkout-payment-step\":{\"step_is_reachable\":false,\"step_is_complete\":false},\"checksum\":null}'),(206,1,1,0,'',1,26,26,1,33,43687,'06b308cbdb882857b7feacf1309e5fc1',0,0,'',0,0,'2021-03-15 14:56:38','2021-03-15 14:57:49','{\"checkout-personal-information-step\":{\"step_is_reachable\":true,\"step_is_complete\":true},\"checkout-addresses-step\":{\"step_is_reachable\":true,\"step_is_complete\":true,\"use_same_address\":true},\"checkout-delivery-step\":{\"step_is_reachable\":true,\"step_is_complete\":false},\"checkout-payment-step\":{\"step_is_reachable\":false,\"step_is_complete\":false},\"checksum\":\"296c88c7693a1581f869eddc39c625fa3353770c\"}'),(207,1,1,0,'',1,0,0,2,0,43775,'',0,0,'',0,0,'2021-03-16 04:44:05','2021-03-16 04:44:17',NULL),(208,1,1,0,'',1,0,0,1,34,43821,'0cd7b07fe0b1a18a2edbf1e5b20d6740',0,0,'',0,0,'2021-03-16 11:17:51','2021-03-16 12:30:30',NULL),(209,1,1,0,'',1,0,0,1,0,43984,'',0,0,'',0,0,'2021-03-17 08:25:49','2021-03-17 08:30:20','{\"checkout-personal-information-step\":{\"step_is_reachable\":true,\"step_is_complete\":false},\"checkout-addresses-step\":{\"step_is_reachable\":false,\"step_is_complete\":false,\"use_same_address\":true},\"checkout-delivery-step\":{\"step_is_reachable\":false,\"step_is_complete\":false},\"checkout-payment-step\":{\"step_is_reachable\":false,\"step_is_complete\":false},\"checksum\":null}'),(210,1,1,0,'',1,0,0,1,0,43987,'',0,0,'',0,0,'2021-03-17 09:34:38','2021-03-17 09:34:38','{\"checkout-personal-information-step\":{\"step_is_reachable\":true,\"step_is_complete\":false},\"checkout-addresses-step\":{\"step_is_reachable\":false,\"step_is_complete\":false,\"use_same_address\":true},\"checkout-delivery-step\":{\"step_is_reachable\":false,\"step_is_complete\":false},\"checkout-payment-step\":{\"step_is_reachable\":false,\"step_is_complete\":false},\"checksum\":null}'),(211,1,1,0,'',1,0,0,1,0,44389,'',0,0,'',0,0,'2021-03-19 16:07:06','2021-03-19 16:07:06',NULL),(212,1,1,0,'',1,0,0,1,0,45208,'',0,0,'',0,0,'2021-03-24 05:50:24','2021-03-24 05:50:24',NULL),(213,1,1,0,'',1,0,0,1,0,45713,'',0,0,'',0,0,'2021-03-26 16:17:14','2021-03-26 16:17:14',NULL),(214,1,1,0,'',1,0,0,1,0,45748,'',0,0,'',0,0,'2021-03-26 22:20:44','2021-03-26 22:20:44',NULL),(215,1,1,0,'',1,0,0,1,35,45983,'c9d2d6e92a410c7b35f9dad2d1c60fe3',0,0,'',0,0,'2021-03-28 10:04:30','2021-03-28 10:05:08',NULL),(216,1,1,0,'',1,0,0,1,0,47076,'',0,0,'',0,0,'2021-04-02 06:30:54','2021-04-02 06:30:54',NULL),(217,1,1,0,'',1,0,0,1,0,47788,'',0,0,'',0,0,'2021-04-06 23:25:15','2021-04-06 23:25:33',NULL),(218,1,1,2,'{\"27\":\"2,\"}',5,27,27,1,36,47892,'65f67c1e484b23c7eea412ddd6b6d544',0,0,'',0,0,'2021-04-07 03:59:14','2021-04-07 04:10:57','{\"checkout-personal-information-step\":{\"step_is_reachable\":true,\"step_is_complete\":true},\"checkout-addresses-step\":{\"step_is_reachable\":true,\"step_is_complete\":true,\"use_same_address\":true},\"checkout-delivery-step\":{\"step_is_reachable\":true,\"step_is_complete\":true},\"checkout-payment-step\":{\"step_is_reachable\":true,\"step_is_complete\":false},\"checksum\":\"9807eda0b941dacf29bcdc8a124671bfb4a7c9f1\"}'),(219,1,1,2,'{\"28\":\"2,\"}',1,28,28,1,37,48041,'1e354e332037a65ccbf5ec5c2340ddbd',0,0,'',0,0,'2021-04-08 06:31:01','2021-04-08 06:32:31','{\"checkout-personal-information-step\":{\"step_is_reachable\":true,\"step_is_complete\":true},\"checkout-addresses-step\":{\"step_is_reachable\":true,\"step_is_complete\":true,\"use_same_address\":true},\"checkout-delivery-step\":{\"step_is_reachable\":true,\"step_is_complete\":true},\"checkout-payment-step\":{\"step_is_reachable\":true,\"step_is_complete\":false},\"checksum\":\"55aae4d0f8f543aee6ff0aea0e080d47a492e707\"}'),(220,1,1,2,'{\"29\":\"2,\"}',1,29,29,1,38,49414,'46afe633bc0caaeb003d5562d77b5f0c',0,0,'',0,0,'2021-04-16 19:26:55','2021-04-16 19:29:37','{\"checkout-personal-information-step\":{\"step_is_reachable\":true,\"step_is_complete\":true},\"checkout-addresses-step\":{\"step_is_reachable\":true,\"step_is_complete\":true,\"use_same_address\":true},\"checkout-delivery-step\":{\"step_is_reachable\":true,\"step_is_complete\":true},\"checkout-payment-step\":{\"step_is_reachable\":true,\"step_is_complete\":false},\"checksum\":\"eb369f6e94cd7031ddfdad5d0f722555472af2cf\"}'),(221,1,1,2,'{\"29\":\"2,\"}',1,29,29,1,38,49414,'46afe633bc0caaeb003d5562d77b5f0c',0,0,'',0,0,'2021-04-16 20:49:26','2021-04-16 20:50:05','{\"checkout-personal-information-step\":{\"step_is_reachable\":true,\"step_is_complete\":true},\"checkout-addresses-step\":{\"step_is_reachable\":true,\"step_is_complete\":true,\"use_same_address\":true},\"checkout-delivery-step\":{\"step_is_reachable\":true,\"step_is_complete\":true},\"checkout-payment-step\":{\"step_is_reachable\":true,\"step_is_complete\":false},\"checksum\":\"0ff743a9b10cfee1e2cf10bd9cbc38a170629df5\"}'),(222,1,1,0,'',1,0,0,1,0,49793,'',0,0,'',0,0,'2021-04-19 14:58:09','2021-04-19 14:58:09','{\"checkout-personal-information-step\":{\"step_is_reachable\":true,\"step_is_complete\":false},\"checkout-addresses-step\":{\"step_is_reachable\":false,\"step_is_complete\":false,\"use_same_address\":true},\"checkout-delivery-step\":{\"step_is_reachable\":false,\"step_is_complete\":false},\"checkout-payment-step\":{\"step_is_reachable\":false,\"step_is_complete\":false},\"checksum\":null}'),(223,1,1,0,'',1,0,0,1,0,50931,'',0,0,'',0,0,'2021-04-24 13:24:52','2021-04-24 13:24:52','{\"checkout-personal-information-step\":{\"step_is_reachable\":true,\"step_is_complete\":false},\"checkout-addresses-step\":{\"step_is_reachable\":false,\"step_is_complete\":false,\"use_same_address\":true},\"checkout-delivery-step\":{\"step_is_reachable\":false,\"step_is_complete\":false},\"checkout-payment-step\":{\"step_is_reachable\":false,\"step_is_complete\":false},\"checksum\":null}'),(224,1,1,0,'',1,0,0,1,0,51090,'',0,0,'',0,0,'2021-04-25 18:25:56','2021-04-25 18:25:56','{\"checkout-personal-information-step\":{\"step_is_reachable\":true,\"step_is_complete\":false},\"checkout-addresses-step\":{\"step_is_reachable\":false,\"step_is_complete\":false,\"use_same_address\":true},\"checkout-delivery-step\":{\"step_is_reachable\":false,\"step_is_complete\":false},\"checkout-payment-step\":{\"step_is_reachable\":false,\"step_is_complete\":false},\"checksum\":null}'),(225,1,1,0,'',1,0,0,1,0,51170,'',0,0,'',0,0,'2021-04-26 04:29:18','2021-04-26 04:29:18',NULL),(226,1,1,0,'',1,0,0,1,0,51340,'',0,0,'',0,0,'2021-04-27 00:33:10','2021-04-27 00:33:10',NULL),(227,1,1,0,'',1,0,0,1,0,51421,'',0,0,'',0,0,'2021-04-27 11:46:17','2021-04-27 11:47:46',NULL),(228,1,1,0,'',1,0,0,1,0,51554,'',0,0,'',0,0,'2021-04-28 05:58:18','2021-04-28 05:58:47','{\"checkout-personal-information-step\":{\"step_is_reachable\":true,\"step_is_complete\":false},\"checkout-addresses-step\":{\"step_is_reachable\":false,\"step_is_complete\":false,\"use_same_address\":true},\"checkout-delivery-step\":{\"step_is_reachable\":false,\"step_is_complete\":false},\"checkout-payment-step\":{\"step_is_reachable\":false,\"step_is_complete\":false},\"checksum\":null}'),(229,1,1,0,'',1,0,0,1,39,50981,'36b5cc5cb52dd14021ba8d28cc5dc37f',0,0,'',0,0,'2021-04-29 14:45:14','2021-04-29 14:45:49',NULL),(230,1,1,0,'',1,0,0,1,0,52118,'',0,0,'',0,0,'2021-05-01 12:50:10','2021-05-01 12:50:11','{\"checkout-personal-information-step\":{\"step_is_reachable\":true,\"step_is_complete\":false},\"checkout-addresses-step\":{\"step_is_reachable\":false,\"step_is_complete\":false,\"use_same_address\":true},\"checkout-delivery-step\":{\"step_is_reachable\":false,\"step_is_complete\":false},\"checkout-payment-step\":{\"step_is_reachable\":false,\"step_is_complete\":false},\"checksum\":null}'),(231,1,1,0,'',1,0,0,1,0,52146,'',0,0,'',0,0,'2021-05-01 19:00:06','2021-05-01 19:06:51','{\"checkout-personal-information-step\":{\"step_is_reachable\":true,\"step_is_complete\":false},\"checkout-addresses-step\":{\"step_is_reachable\":false,\"step_is_complete\":false,\"use_same_address\":true},\"checkout-delivery-step\":{\"step_is_reachable\":false,\"step_is_complete\":false},\"checkout-payment-step\":{\"step_is_reachable\":false,\"step_is_complete\":false},\"checksum\":null}'),(232,1,1,0,'',1,0,0,1,0,51336,'',0,0,'',0,0,'2021-05-10 08:32:13','2021-05-10 08:32:14','{\"checkout-personal-information-step\":{\"step_is_reachable\":true,\"step_is_complete\":false},\"checkout-addresses-step\":{\"step_is_reachable\":false,\"step_is_complete\":false,\"use_same_address\":true},\"checkout-delivery-step\":{\"step_is_reachable\":false,\"step_is_complete\":false},\"checkout-payment-step\":{\"step_is_reachable\":false,\"step_is_complete\":false},\"checksum\":null}'),(233,1,1,0,'',1,0,0,1,0,55601,'',0,0,'',0,0,'2021-06-11 06:23:50','2021-06-11 06:23:51','{\"checkout-personal-information-step\":{\"step_is_reachable\":true,\"step_is_complete\":false},\"checkout-addresses-step\":{\"step_is_reachable\":false,\"step_is_complete\":false,\"use_same_address\":true},\"checkout-delivery-step\":{\"step_is_reachable\":false,\"step_is_complete\":false},\"checkout-payment-step\":{\"step_is_reachable\":false,\"step_is_complete\":false},\"checksum\":null}'),(234,1,1,0,'',1,0,0,1,40,55732,'22c17a07f19a638a841fb687f552d196',0,0,'',0,0,'2021-06-12 02:35:00','2021-06-12 02:38:22','{\"checkout-personal-information-step\":{\"step_is_reachable\":true,\"step_is_complete\":true},\"checkout-addresses-step\":{\"step_is_reachable\":true,\"step_is_complete\":false,\"use_same_address\":true},\"checkout-delivery-step\":{\"step_is_reachable\":false,\"step_is_complete\":false},\"checkout-payment-step\":{\"step_is_reachable\":false,\"step_is_complete\":false},\"checksum\":null}'),(235,1,1,0,'',1,0,0,1,0,55840,'',0,0,'',0,0,'2021-06-12 13:50:54','2021-06-12 13:50:54',NULL),(236,1,1,0,'',1,0,0,1,0,56120,'',0,0,'',0,0,'2021-06-13 14:49:00','2021-06-13 14:49:00','{\"checkout-personal-information-step\":{\"step_is_reachable\":true,\"step_is_complete\":false},\"checkout-addresses-step\":{\"step_is_reachable\":false,\"step_is_complete\":false,\"use_same_address\":true},\"checkout-delivery-step\":{\"step_is_reachable\":false,\"step_is_complete\":false},\"checkout-payment-step\":{\"step_is_reachable\":false,\"step_is_complete\":false},\"checksum\":null}'),(237,1,1,0,'',1,0,0,1,0,56126,'',0,0,'',0,0,'2021-06-13 15:30:08','2021-06-13 15:30:08',NULL),(238,1,1,0,'',1,0,0,1,0,57188,'',0,0,'',0,0,'2021-06-19 20:38:49','2021-06-19 20:38:49','{\"checkout-personal-information-step\":{\"step_is_reachable\":true,\"step_is_complete\":false},\"checkout-addresses-step\":{\"step_is_reachable\":false,\"step_is_complete\":false,\"use_same_address\":true},\"checkout-payment-step\":{\"step_is_reachable\":false,\"step_is_complete\":false},\"checksum\":null}'),(239,1,1,0,'',1,0,0,1,0,57256,'',0,0,'',0,0,'2021-06-20 11:39:55','2021-06-20 11:39:55','{\"checkout-personal-information-step\":{\"step_is_reachable\":true,\"step_is_complete\":false},\"checkout-addresses-step\":{\"step_is_reachable\":false,\"step_is_complete\":false,\"use_same_address\":true},\"checkout-delivery-step\":{\"step_is_reachable\":false,\"step_is_complete\":false},\"checkout-payment-step\":{\"step_is_reachable\":false,\"step_is_complete\":false},\"checksum\":null}'),(240,1,1,0,'',1,0,0,1,0,57320,'',0,0,'',0,0,'2021-06-21 04:43:55','2021-06-21 04:48:08','{\"checkout-personal-information-step\":{\"step_is_reachable\":true,\"step_is_complete\":false},\"checkout-addresses-step\":{\"step_is_reachable\":false,\"step_is_complete\":false,\"use_same_address\":true},\"checkout-delivery-step\":{\"step_is_reachable\":false,\"step_is_complete\":false},\"checkout-payment-step\":{\"step_is_reachable\":false,\"step_is_complete\":false},\"checksum\":null}'),(241,1,1,0,'',5,0,0,1,0,56618,'',0,0,'',0,0,'2021-06-23 13:53:19','2021-06-23 13:53:19','{\"checkout-personal-information-step\":{\"step_is_reachable\":true,\"step_is_complete\":false},\"checkout-addresses-step\":{\"step_is_reachable\":false,\"step_is_complete\":false,\"use_same_address\":true},\"checkout-delivery-step\":{\"step_is_reachable\":false,\"step_is_complete\":false},\"checkout-payment-step\":{\"step_is_reachable\":false,\"step_is_complete\":false},\"checksum\":null}'),(242,1,1,2,'{\"30\":\"2,\"}',1,30,30,1,41,57958,'a9327ba88f492018fa3458ace2ab7dc0',0,0,'',0,0,'2021-06-24 16:48:53','2021-06-24 16:51:44','{\"checkout-personal-information-step\":{\"step_is_reachable\":true,\"step_is_complete\":true},\"checkout-addresses-step\":{\"step_is_reachable\":true,\"step_is_complete\":true,\"use_same_address\":true},\"checkout-delivery-step\":{\"step_is_reachable\":true,\"step_is_complete\":true},\"checkout-payment-step\":{\"step_is_reachable\":true,\"step_is_complete\":false},\"checksum\":\"d26f7ea783d109157345a65582191e3a8113f9b6\"}'),(243,1,1,0,'',1,0,0,1,0,56318,'',0,0,'',0,0,'2021-06-25 11:50:42','2021-06-25 11:50:42','{\"checkout-personal-information-step\":{\"step_is_reachable\":true,\"step_is_complete\":false},\"checkout-addresses-step\":{\"step_is_reachable\":false,\"step_is_complete\":false,\"use_same_address\":true},\"checkout-delivery-step\":{\"step_is_reachable\":false,\"step_is_complete\":false},\"checkout-payment-step\":{\"step_is_reachable\":false,\"step_is_complete\":false},\"checksum\":null}'),(244,1,1,0,'',1,0,0,1,0,58631,'',0,0,'',0,0,'2021-06-28 14:49:38','2021-06-28 14:49:38','{\"checkout-personal-information-step\":{\"step_is_reachable\":true,\"step_is_complete\":false},\"checkout-addresses-step\":{\"step_is_reachable\":false,\"step_is_complete\":false,\"use_same_address\":true},\"checkout-delivery-step\":{\"step_is_reachable\":false,\"step_is_complete\":false},\"checkout-payment-step\":{\"step_is_reachable\":false,\"step_is_complete\":false},\"checksum\":null}'),(245,1,1,0,'',1,0,0,1,42,57959,'61229474e1962894b24ae5de5cd29ee5',0,0,'',0,0,'2021-06-29 18:10:18','2021-06-29 18:10:59','{\"checkout-personal-information-step\":{\"step_is_reachable\":true,\"step_is_complete\":true},\"checkout-addresses-step\":{\"step_is_reachable\":true,\"step_is_complete\":false,\"use_same_address\":true},\"checkout-delivery-step\":{\"step_is_reachable\":false,\"step_is_complete\":false},\"checkout-payment-step\":{\"step_is_reachable\":false,\"step_is_complete\":false},\"checksum\":null}'),(246,1,1,0,'',1,0,0,1,0,59309,'',0,0,'',0,0,'2021-07-03 02:40:55','2021-07-03 02:40:55',NULL),(247,1,1,0,'',1,0,0,1,0,59678,'',0,0,'',0,0,'2021-07-04 23:56:30','2021-07-04 23:56:30',NULL),(248,1,1,0,'',1,0,0,1,0,59833,'',0,0,'',0,0,'2021-07-05 16:20:02','2021-07-05 16:20:03',NULL),(249,1,1,0,'',1,0,0,1,0,60000,'',0,0,'',0,0,'2021-07-06 10:46:28','2021-07-06 10:46:28','{\"checkout-personal-information-step\":{\"step_is_reachable\":true,\"step_is_complete\":false},\"checkout-addresses-step\":{\"step_is_reachable\":false,\"step_is_complete\":false,\"use_same_address\":true},\"checkout-delivery-step\":{\"step_is_reachable\":false,\"step_is_complete\":false},\"checkout-payment-step\":{\"step_is_reachable\":false,\"step_is_complete\":false},\"checksum\":null}'),(250,1,1,2,'{\"31\":\"2,\"}',1,31,31,1,43,60015,'9ce9e1e748ffbcff63f3b2c8d3318cd2',0,0,'',0,0,'2021-07-06 13:20:28','2021-07-06 13:21:41','{\"checkout-personal-information-step\":{\"step_is_reachable\":true,\"step_is_complete\":true},\"checkout-addresses-step\":{\"step_is_reachable\":true,\"step_is_complete\":true,\"use_same_address\":true},\"checkout-delivery-step\":{\"step_is_reachable\":true,\"step_is_complete\":true},\"checkout-payment-step\":{\"step_is_reachable\":true,\"step_is_complete\":false},\"checksum\":\"9e0a66d38ae891ffdca8c7015e2762b8793c25b3\"}'),(251,1,1,0,'',1,0,0,1,0,60295,'',0,0,'',0,0,'2021-07-08 04:42:39','2021-07-08 04:42:39',NULL),(252,1,1,0,'',1,0,0,1,0,60452,'',0,0,'',0,0,'2021-07-09 05:44:49','2021-07-09 05:44:49','{\"checkout-personal-information-step\":{\"step_is_reachable\":true,\"step_is_complete\":false},\"checkout-addresses-step\":{\"step_is_reachable\":false,\"step_is_complete\":false,\"use_same_address\":true},\"checkout-delivery-step\":{\"step_is_reachable\":false,\"step_is_complete\":false},\"checkout-payment-step\":{\"step_is_reachable\":false,\"step_is_complete\":false},\"checksum\":null}'),(253,1,1,0,'',1,0,0,1,0,60520,'',0,0,'',0,0,'2021-07-09 20:39:25','2021-07-09 20:39:25','{\"checkout-personal-information-step\":{\"step_is_reachable\":true,\"step_is_complete\":false},\"checkout-addresses-step\":{\"step_is_reachable\":false,\"step_is_complete\":false,\"use_same_address\":true},\"checkout-delivery-step\":{\"step_is_reachable\":false,\"step_is_complete\":false},\"checkout-payment-step\":{\"step_is_reachable\":false,\"step_is_complete\":false},\"checksum\":null}'),(254,1,1,0,'',1,0,0,1,0,60646,'',0,0,'',0,0,'2021-07-10 09:33:26','2021-07-10 09:33:54',NULL),(255,1,1,0,'',1,0,0,1,0,60316,'',0,0,'',0,0,'2021-07-11 14:56:42','2021-07-11 14:56:42','{\"checkout-personal-information-step\":{\"step_is_reachable\":true,\"step_is_complete\":false},\"checkout-addresses-step\":{\"step_is_reachable\":false,\"step_is_complete\":false,\"use_same_address\":true},\"checkout-delivery-step\":{\"step_is_reachable\":false,\"step_is_complete\":false},\"checkout-payment-step\":{\"step_is_reachable\":false,\"step_is_complete\":false},\"checksum\":null}'),(256,1,1,0,'',1,0,0,1,0,62328,'',0,0,'',0,0,'2021-07-20 11:59:24','2021-07-20 11:59:24','{\"checkout-personal-information-step\":{\"step_is_reachable\":true,\"step_is_complete\":false},\"checkout-addresses-step\":{\"step_is_reachable\":false,\"step_is_complete\":false,\"use_same_address\":true},\"checkout-delivery-step\":{\"step_is_reachable\":false,\"step_is_complete\":false},\"checkout-payment-step\":{\"step_is_reachable\":false,\"step_is_complete\":false},\"checksum\":null}'),(257,1,1,0,'',5,0,0,1,0,62771,'',0,0,'',0,0,'2021-07-23 11:15:27','2021-07-23 11:15:53','{\"checkout-personal-information-step\":{\"step_is_reachable\":true,\"step_is_complete\":false},\"checkout-addresses-step\":{\"step_is_reachable\":false,\"step_is_complete\":false,\"use_same_address\":true},\"checkout-payment-step\":{\"step_is_reachable\":false,\"step_is_complete\":false},\"checksum\":null}'),(258,1,1,0,'',1,0,0,1,0,62924,'',0,0,'',0,0,'2021-07-24 06:08:22','2021-07-24 06:08:22','{\"checkout-personal-information-step\":{\"step_is_reachable\":true,\"step_is_complete\":false},\"checkout-addresses-step\":{\"step_is_reachable\":false,\"step_is_complete\":false,\"use_same_address\":true},\"checkout-delivery-step\":{\"step_is_reachable\":false,\"step_is_complete\":false},\"checkout-payment-step\":{\"step_is_reachable\":false,\"step_is_complete\":false},\"checksum\":null}'),(259,1,1,0,'',1,0,0,1,0,64262,'',0,0,'',0,0,'2021-07-30 16:41:22','2021-07-30 16:41:22',NULL),(260,1,1,0,'',1,0,0,1,0,64392,'',0,0,'',0,0,'2021-07-31 11:12:49','2021-07-31 11:12:49','{\"checkout-personal-information-step\":{\"step_is_reachable\":true,\"step_is_complete\":false},\"checkout-addresses-step\":{\"step_is_reachable\":false,\"step_is_complete\":false,\"use_same_address\":true},\"checkout-delivery-step\":{\"step_is_reachable\":false,\"step_is_complete\":false},\"checkout-payment-step\":{\"step_is_reachable\":false,\"step_is_complete\":false},\"checksum\":null}'),(261,1,1,0,'',1,0,0,1,44,65022,'f34a8c2b24d4a577312ce76b02cb7ba8',0,0,'',0,0,'2021-08-03 23:38:30','2021-08-03 23:40:06','{\"checkout-personal-information-step\":{\"step_is_reachable\":true,\"step_is_complete\":true},\"checkout-addresses-step\":{\"step_is_reachable\":true,\"step_is_complete\":false,\"use_same_address\":true},\"checkout-delivery-step\":{\"step_is_reachable\":false,\"step_is_complete\":false},\"checkout-payment-step\":{\"step_is_reachable\":false,\"step_is_complete\":false},\"checksum\":null}'),(262,1,1,0,'',1,0,0,1,0,65187,'',0,0,'',0,0,'2021-08-04 07:48:39','2021-08-04 07:48:39','{\"checkout-personal-information-step\":{\"step_is_reachable\":true,\"step_is_complete\":false},\"checkout-addresses-step\":{\"step_is_reachable\":false,\"step_is_complete\":false,\"use_same_address\":true},\"checkout-delivery-step\":{\"step_is_reachable\":false,\"step_is_complete\":false},\"checkout-payment-step\":{\"step_is_reachable\":false,\"step_is_complete\":false},\"checksum\":null}'),(263,1,1,0,'',3,0,0,1,0,65302,'',0,0,'',0,0,'2021-08-05 05:14:22','2021-08-05 05:14:22','{\"checkout-personal-information-step\":{\"step_is_reachable\":true,\"step_is_complete\":false},\"checkout-addresses-step\":{\"step_is_reachable\":false,\"step_is_complete\":false,\"use_same_address\":true},\"checkout-delivery-step\":{\"step_is_reachable\":false,\"step_is_complete\":false},\"checkout-payment-step\":{\"step_is_reachable\":false,\"step_is_complete\":false},\"checksum\":null}'),(264,1,1,0,'',1,0,0,1,0,546,'',0,0,'',0,0,'2021-08-09 20:04:09','2021-08-09 20:04:09','{\"checkout-personal-information-step\":{\"step_is_reachable\":true,\"step_is_complete\":false},\"checkout-addresses-step\":{\"step_is_reachable\":false,\"step_is_complete\":false,\"use_same_address\":true},\"checkout-delivery-step\":{\"step_is_reachable\":false,\"step_is_complete\":false},\"checkout-payment-step\":{\"step_is_reachable\":false,\"step_is_complete\":false},\"checksum\":null}'),(265,1,1,0,'',1,0,0,1,0,1729,'',0,0,'',0,0,'2021-08-15 09:22:53','2021-08-15 09:22:53','{\"checkout-personal-information-step\":{\"step_is_reachable\":true,\"step_is_complete\":false},\"checkout-addresses-step\":{\"step_is_reachable\":false,\"step_is_complete\":false,\"use_same_address\":true},\"checkout-delivery-step\":{\"step_is_reachable\":false,\"step_is_complete\":false},\"checkout-payment-step\":{\"step_is_reachable\":false,\"step_is_complete\":false},\"checksum\":null}'),(266,1,1,0,'',1,0,0,1,0,2355,'',0,0,'',0,0,'2021-08-20 08:28:17','2021-08-20 08:28:18',NULL),(267,1,1,0,'',1,0,0,1,0,1000,'',0,0,'',0,0,'2021-09-01 06:50:56','2021-09-01 06:50:57','{\"checkout-personal-information-step\":{\"step_is_reachable\":true,\"step_is_complete\":false},\"checkout-addresses-step\":{\"step_is_reachable\":false,\"step_is_complete\":false,\"use_same_address\":true},\"checkout-delivery-step\":{\"step_is_reachable\":false,\"step_is_complete\":false},\"checkout-payment-step\":{\"step_is_reachable\":false,\"step_is_complete\":false},\"checksum\":null}'),(268,1,1,2,'{\"33\":\"2,\"}',1,33,33,1,45,1145,'23692069ee52924c695c80e3cc5047ed',0,0,'',0,0,'2021-09-01 22:41:35','2021-09-01 22:43:02','{\"checkout-personal-information-step\":{\"step_is_reachable\":true,\"step_is_complete\":true},\"checkout-addresses-step\":{\"step_is_reachable\":true,\"step_is_complete\":true,\"use_same_address\":true},\"checkout-delivery-step\":{\"step_is_reachable\":true,\"step_is_complete\":true},\"checkout-payment-step\":{\"step_is_reachable\":true,\"step_is_complete\":false},\"checksum\":\"5f3ee91c2e1ba4a517de85cdde307360061b91f7\"}'),(269,1,1,0,'',1,0,0,1,0,2024,'',0,0,'',0,0,'2021-09-07 13:59:59','2021-09-07 14:00:55','{\"checkout-personal-information-step\":{\"step_is_reachable\":true,\"step_is_complete\":false},\"checkout-addresses-step\":{\"step_is_reachable\":false,\"step_is_complete\":false,\"use_same_address\":true},\"checkout-delivery-step\":{\"step_is_reachable\":false,\"step_is_complete\":false},\"checkout-payment-step\":{\"step_is_reachable\":false,\"step_is_complete\":false},\"checksum\":null}'),(270,1,1,0,'',1,0,0,1,46,2309,'f0e4b9cb28ff7d5961c91564faadb09b',0,0,'',0,0,'2021-09-08 18:48:11','2021-09-08 18:55:06','{\"checkout-personal-information-step\":{\"step_is_reachable\":true,\"step_is_complete\":true},\"checkout-addresses-step\":{\"step_is_reachable\":true,\"step_is_complete\":false,\"use_same_address\":true},\"checkout-delivery-step\":{\"step_is_reachable\":false,\"step_is_complete\":false},\"checkout-payment-step\":{\"step_is_reachable\":false,\"step_is_complete\":false},\"checksum\":\"15ab0b4509d12261c6bc244a27385f9600820ff8\"}'),(271,1,1,0,'',1,0,0,1,0,2354,'',0,0,'',0,0,'2021-09-08 21:45:19','2021-09-08 21:45:19','{\"checkout-personal-information-step\":{\"step_is_reachable\":true,\"step_is_complete\":false},\"checkout-addresses-step\":{\"step_is_reachable\":false,\"step_is_complete\":false,\"use_same_address\":true},\"checkout-delivery-step\":{\"step_is_reachable\":false,\"step_is_complete\":false},\"checkout-payment-step\":{\"step_is_reachable\":false,\"step_is_complete\":false},\"checksum\":null}'),(272,1,1,0,'',1,0,0,1,47,2792,'d35b88c3496c43c4a204c42ed694df2d',0,0,'',0,0,'2021-09-11 02:52:32','2021-09-11 02:57:01','{\"checkout-personal-information-step\":{\"step_is_reachable\":true,\"step_is_complete\":true},\"checkout-addresses-step\":{\"step_is_reachable\":true,\"step_is_complete\":false,\"use_same_address\":true},\"checkout-delivery-step\":{\"step_is_reachable\":false,\"step_is_complete\":false},\"checkout-payment-step\":{\"step_is_reachable\":false,\"step_is_complete\":false},\"checksum\":\"86cef50829a4d147f57d8de97b8c4676d97db99b\"}'),(273,1,1,0,'',1,0,0,1,0,2838,'',0,0,'',0,0,'2021-09-11 08:10:57','2021-09-11 08:11:16','{\"checkout-personal-information-step\":{\"step_is_reachable\":true,\"step_is_complete\":false},\"checkout-addresses-step\":{\"step_is_reachable\":false,\"step_is_complete\":false,\"use_same_address\":true},\"checkout-delivery-step\":{\"step_is_reachable\":false,\"step_is_complete\":false},\"checkout-payment-step\":{\"step_is_reachable\":false,\"step_is_complete\":false},\"checksum\":null}'),(274,1,1,0,'',1,0,0,1,0,3099,'',0,0,'',0,0,'2021-09-12 04:56:32','2021-09-12 04:56:32','{\"checkout-personal-information-step\":{\"step_is_reachable\":true,\"step_is_complete\":false},\"checkout-addresses-step\":{\"step_is_reachable\":false,\"step_is_complete\":false,\"use_same_address\":true},\"checkout-delivery-step\":{\"step_is_reachable\":false,\"step_is_complete\":false},\"checkout-payment-step\":{\"step_is_reachable\":false,\"step_is_complete\":false},\"checksum\":null}'),(275,1,1,0,'',1,0,0,1,0,3378,'',0,0,'',0,0,'2021-09-13 12:37:06','2021-09-13 12:37:07',NULL),(276,1,1,0,'',1,0,0,1,0,3615,'',0,0,'',0,0,'2021-09-14 18:58:10','2021-09-14 18:58:17',NULL),(277,1,1,0,'',1,0,0,1,48,0,'8ae9efc8c8390efab1b9979bfe12550f',0,0,'',0,0,'2021-09-15 15:01:30','2021-09-15 15:01:30',NULL),(278,1,1,0,'',1,0,0,1,0,3894,'',0,0,'',0,0,'2021-09-16 10:31:20','2021-10-02 14:17:38','{\"checkout-personal-information-step\":{\"step_is_reachable\":true,\"step_is_complete\":false},\"checkout-addresses-step\":{\"step_is_reachable\":false,\"step_is_complete\":false,\"use_same_address\":true},\"checkout-delivery-step\":{\"step_is_reachable\":false,\"step_is_complete\":false},\"checkout-payment-step\":{\"step_is_reachable\":false,\"step_is_complete\":false},\"checksum\":null}'),(279,1,1,0,'',1,0,0,1,0,4037,'',0,0,'',0,0,'2021-09-16 16:13:21','2021-09-16 16:13:21','{\"checkout-personal-information-step\":{\"step_is_reachable\":true,\"step_is_complete\":false},\"checkout-addresses-step\":{\"step_is_reachable\":false,\"step_is_complete\":false,\"use_same_address\":true},\"checkout-delivery-step\":{\"step_is_reachable\":false,\"step_is_complete\":false},\"checkout-payment-step\":{\"step_is_reachable\":false,\"step_is_complete\":false},\"checksum\":null}'),(280,1,1,0,'',1,0,0,1,0,4309,'',0,0,'',0,0,'2021-09-18 07:25:27','2021-09-18 07:25:27',NULL),(281,1,1,0,'',1,0,0,1,0,4585,'',0,0,'',0,0,'2021-09-20 05:31:06','2021-09-20 05:31:06','{\"checkout-personal-information-step\":{\"step_is_reachable\":true,\"step_is_complete\":false},\"checkout-addresses-step\":{\"step_is_reachable\":false,\"step_is_complete\":false,\"use_same_address\":true},\"checkout-delivery-step\":{\"step_is_reachable\":false,\"step_is_complete\":false},\"checkout-payment-step\":{\"step_is_reachable\":false,\"step_is_complete\":false},\"checksum\":null}'),(282,1,1,0,'',1,0,0,1,0,4715,'',0,0,'',0,0,'2021-09-21 05:26:14','2021-09-21 05:26:14',NULL),(283,1,1,0,'',1,34,34,1,49,5104,'89a5c13737192b8ffa005686f070af58',0,0,'',0,0,'2021-09-23 10:36:50','2021-09-23 10:37:35','{\"checkout-personal-information-step\":{\"step_is_reachable\":true,\"step_is_complete\":true},\"checkout-addresses-step\":{\"step_is_reachable\":true,\"step_is_complete\":true,\"use_same_address\":true},\"checkout-payment-step\":{\"step_is_reachable\":true,\"step_is_complete\":false},\"checksum\":\"d714c6fc063babaa5f9409c6c2be337b76d48adf\"}'),(284,1,1,2,'{\"34\":\"2,\"}',1,34,34,1,49,5104,'89a5c13737192b8ffa005686f070af58',0,0,'',0,0,'2021-09-23 10:57:06','2021-09-23 11:01:25','{\"checkout-personal-information-step\":{\"step_is_reachable\":true,\"step_is_complete\":true},\"checkout-addresses-step\":{\"step_is_reachable\":true,\"step_is_complete\":true,\"use_same_address\":true},\"checkout-delivery-step\":{\"step_is_reachable\":true,\"step_is_complete\":true},\"checkout-payment-step\":{\"step_is_reachable\":true,\"step_is_complete\":false},\"checksum\":\"277793c70c98ccbdfcd960e37c5a3ee29a71281b\"}'),(285,1,1,0,'',1,0,0,1,0,5108,'',0,0,'',0,0,'2021-09-23 10:59:35','2021-09-23 10:59:35','{\"checkout-personal-information-step\":{\"step_is_reachable\":true,\"step_is_complete\":false},\"checkout-addresses-step\":{\"step_is_reachable\":false,\"step_is_complete\":false,\"use_same_address\":true},\"checkout-delivery-step\":{\"step_is_reachable\":false,\"step_is_complete\":false},\"checkout-payment-step\":{\"step_is_reachable\":false,\"step_is_complete\":false},\"checksum\":null}'),(286,1,1,0,'',1,34,34,1,49,5104,'89a5c13737192b8ffa005686f070af58',0,0,'',0,0,'2021-09-23 11:03:57','2021-09-23 11:03:57','{\"checkout-personal-information-step\":{\"step_is_reachable\":true,\"step_is_complete\":true},\"checkout-addresses-step\":{\"step_is_reachable\":true,\"step_is_complete\":false,\"use_same_address\":true},\"checkout-delivery-step\":{\"step_is_reachable\":false,\"step_is_complete\":false},\"checkout-payment-step\":{\"step_is_reachable\":false,\"step_is_complete\":false},\"checksum\":\"73a2acf8a7f1a5c62b9c18fa2a3cdc296a7db4e5\"}'),(287,1,1,2,'{\"35\":\"2,\"}',1,35,35,1,50,5114,'5b1e3d3adf50f3205e0ccca985003e2d',0,0,'',0,0,'2021-09-23 11:09:29','2021-09-23 11:10:13','{\"checkout-personal-information-step\":{\"step_is_reachable\":true,\"step_is_complete\":true},\"checkout-addresses-step\":{\"step_is_reachable\":true,\"step_is_complete\":true,\"use_same_address\":true},\"checkout-delivery-step\":{\"step_is_reachable\":true,\"step_is_complete\":true},\"checkout-payment-step\":{\"step_is_reachable\":true,\"step_is_complete\":false},\"checksum\":\"b81ab77534ba54da59a77272908788bbb3cdd8fd\"}'),(288,1,1,2,'{\"35\":\"2,\"}',1,35,35,1,50,5114,'5b1e3d3adf50f3205e0ccca985003e2d',0,0,'',0,0,'2021-09-23 11:11:48','2021-09-24 16:07:42','{\"checkout-personal-information-step\":{\"step_is_reachable\":true,\"step_is_complete\":true},\"checkout-addresses-step\":{\"step_is_reachable\":true,\"step_is_complete\":true,\"use_same_address\":true},\"checkout-delivery-step\":{\"step_is_reachable\":true,\"step_is_complete\":true},\"checkout-payment-step\":{\"step_is_reachable\":true,\"step_is_complete\":false},\"checksum\":\"0841f46a456784be933cd5049f0e9b7c1b75776f\"}'),(289,1,1,2,'{\"35\":\"2,\"}',1,35,35,1,50,5114,'5b1e3d3adf50f3205e0ccca985003e2d',0,0,'',0,0,'2021-09-24 16:13:39','2021-09-24 16:14:39','{\"checkout-personal-information-step\":{\"step_is_reachable\":true,\"step_is_complete\":true},\"checkout-addresses-step\":{\"step_is_reachable\":true,\"step_is_complete\":true,\"use_same_address\":true},\"checkout-delivery-step\":{\"step_is_reachable\":true,\"step_is_complete\":true},\"checkout-payment-step\":{\"step_is_reachable\":true,\"step_is_complete\":false},\"checksum\":\"af9dda5f77303ceff95123e2c40ec585549ca636\"}'),(290,1,1,2,'{\"35\":\"2,\"}',1,35,35,1,50,5114,'5b1e3d3adf50f3205e0ccca985003e2d',0,0,'',0,0,'2021-09-24 16:40:43','2021-10-21 10:11:28','{\"checkout-personal-information-step\":{\"step_is_reachable\":true,\"step_is_complete\":true},\"checkout-addresses-step\":{\"step_is_reachable\":true,\"step_is_complete\":true,\"use_same_address\":true},\"checkout-delivery-step\":{\"step_is_reachable\":true,\"step_is_complete\":true},\"checkout-payment-step\":{\"step_is_reachable\":true,\"step_is_complete\":false},\"checksum\":\"b649dfa64ccca79cc993279eb1d1493651a9fb0a\"}'),(291,1,1,0,'',1,0,0,1,0,6400,'',0,0,'',0,0,'2021-09-29 16:17:26','2021-09-29 16:17:26','{\"checkout-personal-information-step\":{\"step_is_reachable\":true,\"step_is_complete\":false},\"checkout-addresses-step\":{\"step_is_reachable\":false,\"step_is_complete\":false,\"use_same_address\":true},\"checkout-delivery-step\":{\"step_is_reachable\":false,\"step_is_complete\":false},\"checkout-payment-step\":{\"step_is_reachable\":false,\"step_is_complete\":false},\"checksum\":null}'),(292,1,1,0,'',1,0,0,1,0,7081,'',0,0,'',0,0,'2021-10-02 09:10:49','2021-10-02 09:11:36','{\"checkout-personal-information-step\":{\"step_is_reachable\":true,\"step_is_complete\":false},\"checkout-addresses-step\":{\"step_is_reachable\":false,\"step_is_complete\":false,\"use_same_address\":true},\"checkout-delivery-step\":{\"step_is_reachable\":false,\"step_is_complete\":false},\"checkout-payment-step\":{\"step_is_reachable\":false,\"step_is_complete\":false},\"checksum\":null}'),(293,1,1,0,'',1,0,0,1,0,7289,'',0,0,'',0,0,'2021-10-03 08:25:43','2021-10-03 08:25:43','{\"checkout-personal-information-step\":{\"step_is_reachable\":true,\"step_is_complete\":false},\"checkout-addresses-step\":{\"step_is_reachable\":false,\"step_is_complete\":false,\"use_same_address\":true},\"checkout-delivery-step\":{\"step_is_reachable\":false,\"step_is_complete\":false},\"checkout-payment-step\":{\"step_is_reachable\":false,\"step_is_complete\":false},\"checksum\":null}'),(294,1,1,0,'',1,0,0,1,0,7296,'',0,0,'',0,0,'2021-10-03 09:03:30','2021-10-03 09:03:30','{\"checkout-personal-information-step\":{\"step_is_reachable\":true,\"step_is_complete\":false},\"checkout-addresses-step\":{\"step_is_reachable\":false,\"step_is_complete\":false,\"use_same_address\":true},\"checkout-delivery-step\":{\"step_is_reachable\":false,\"step_is_complete\":false},\"checkout-payment-step\":{\"step_is_reachable\":false,\"step_is_complete\":false},\"checksum\":null}'),(295,1,1,0,'',1,0,0,1,0,3462,'',0,0,'',0,0,'2021-10-03 22:43:19','2021-10-03 22:43:19','{\"checkout-personal-information-step\":{\"step_is_reachable\":true,\"step_is_complete\":false},\"checkout-addresses-step\":{\"step_is_reachable\":false,\"step_is_complete\":false,\"use_same_address\":true},\"checkout-delivery-step\":{\"step_is_reachable\":false,\"step_is_complete\":false},\"checkout-payment-step\":{\"step_is_reachable\":false,\"step_is_complete\":false},\"checksum\":null}'),(296,1,1,0,'',1,0,0,1,51,7382,'a70c84135bc5feb60481f83b9e76b42d',0,0,'',0,0,'2021-10-04 03:04:13','2021-10-04 03:04:15',NULL),(297,1,1,0,'',1,0,0,1,0,7383,'',0,0,'',0,0,'2021-10-04 03:06:40','2021-10-04 03:06:40','{\"checkout-personal-information-step\":{\"step_is_reachable\":true,\"step_is_complete\":false},\"checkout-addresses-step\":{\"step_is_reachable\":false,\"step_is_complete\":false,\"use_same_address\":true},\"checkout-delivery-step\":{\"step_is_reachable\":false,\"step_is_complete\":false},\"checkout-payment-step\":{\"step_is_reachable\":false,\"step_is_complete\":false},\"checksum\":null}'),(298,1,1,0,'',2,0,0,2,0,7414,'',0,0,'',0,0,'2021-10-04 06:40:39','2021-10-04 13:59:05','{\"checkout-personal-information-step\":{\"step_is_reachable\":true,\"step_is_complete\":false},\"checkout-addresses-step\":{\"step_is_reachable\":false,\"step_is_complete\":false,\"use_same_address\":true},\"checkout-delivery-step\":{\"step_is_reachable\":false,\"step_is_complete\":false},\"checkout-payment-step\":{\"step_is_reachable\":false,\"step_is_complete\":false},\"checksum\":null}'),(299,1,1,0,'',1,0,0,1,0,7526,'',0,0,'',0,0,'2021-10-05 01:08:51','2021-10-05 01:08:51','{\"checkout-personal-information-step\":{\"step_is_reachable\":true,\"step_is_complete\":false},\"checkout-addresses-step\":{\"step_is_reachable\":false,\"step_is_complete\":false,\"use_same_address\":true},\"checkout-delivery-step\":{\"step_is_reachable\":false,\"step_is_complete\":false},\"checkout-payment-step\":{\"step_is_reachable\":false,\"step_is_complete\":false},\"checksum\":null}'),(300,1,1,0,'',1,0,0,1,0,7543,'',0,0,'',0,0,'2021-10-05 03:10:07','2021-10-05 03:10:08','{\"checkout-personal-information-step\":{\"step_is_reachable\":true,\"step_is_complete\":false},\"checkout-addresses-step\":{\"step_is_reachable\":false,\"step_is_complete\":false,\"use_same_address\":true},\"checkout-delivery-step\":{\"step_is_reachable\":false,\"step_is_complete\":false},\"checkout-payment-step\":{\"step_is_reachable\":false,\"step_is_complete\":false},\"checksum\":null}'),(301,1,1,0,'',1,0,0,1,0,7548,'',0,0,'',0,0,'2021-10-05 03:32:35','2021-10-06 16:59:25',NULL),(302,1,1,0,'',2,0,0,1,0,7555,'',0,0,'',0,0,'2021-10-05 06:23:47','2021-10-05 06:23:47',NULL),(303,1,1,0,'',1,0,0,1,0,7625,'',0,0,'',0,0,'2021-10-05 13:35:38','2021-10-05 13:35:38','{\"checkout-personal-information-step\":{\"step_is_reachable\":true,\"step_is_complete\":false},\"checkout-addresses-step\":{\"step_is_reachable\":false,\"step_is_complete\":false,\"use_same_address\":true},\"checkout-delivery-step\":{\"step_is_reachable\":false,\"step_is_complete\":false},\"checkout-payment-step\":{\"step_is_reachable\":false,\"step_is_complete\":false},\"checksum\":null}'),(304,1,1,0,'',1,0,0,1,0,8390,'',0,0,'',0,0,'2021-10-10 15:24:29','2021-10-10 15:24:29','{\"checkout-personal-information-step\":{\"step_is_reachable\":true,\"step_is_complete\":false},\"checkout-addresses-step\":{\"step_is_reachable\":false,\"step_is_complete\":false,\"use_same_address\":true},\"checkout-delivery-step\":{\"step_is_reachable\":false,\"step_is_complete\":false},\"checkout-payment-step\":{\"step_is_reachable\":false,\"step_is_complete\":false},\"checksum\":null}'),(305,1,1,2,'{\"36\":\"2,\"}',1,36,36,1,52,9038,'446d539106fe16b473652125b180d182',0,0,'',0,0,'2021-10-14 09:56:55','2021-10-14 10:49:10','{\"checkout-personal-information-step\":{\"step_is_reachable\":true,\"step_is_complete\":true},\"checkout-addresses-step\":{\"step_is_reachable\":true,\"step_is_complete\":true,\"use_same_address\":true},\"checkout-delivery-step\":{\"step_is_reachable\":true,\"step_is_complete\":true},\"checkout-payment-step\":{\"step_is_reachable\":true,\"step_is_complete\":false},\"checksum\":\"757aec774255903b646112ef75672bfa6260c47b\"}'),(306,1,1,0,'',1,0,0,1,0,9231,'',0,0,'',0,0,'2021-10-15 09:42:08','2021-10-15 09:42:08','{\"checkout-personal-information-step\":{\"step_is_reachable\":true,\"step_is_complete\":false},\"checkout-addresses-step\":{\"step_is_reachable\":false,\"step_is_complete\":false,\"use_same_address\":true},\"checkout-delivery-step\":{\"step_is_reachable\":false,\"step_is_complete\":false},\"checkout-payment-step\":{\"step_is_reachable\":false,\"step_is_complete\":false},\"checksum\":null}'),(307,1,1,0,'',1,0,0,1,0,10243,'',0,0,'',0,0,'2021-10-20 12:21:59','2021-10-20 12:21:59',NULL),(308,1,1,0,'',1,0,0,1,58,10370,'4f31f238e323485f800bfbf9659ce78e',0,0,'',0,0,'2021-10-21 10:09:36','2021-11-29 07:34:33','{\"checkout-personal-information-step\":{\"step_is_reachable\":true,\"step_is_complete\":false},\"checkout-addresses-step\":{\"step_is_reachable\":false,\"step_is_complete\":false,\"use_same_address\":true},\"checkout-delivery-step\":{\"step_is_reachable\":false,\"step_is_complete\":false},\"checkout-payment-step\":{\"step_is_reachable\":false,\"step_is_complete\":false},\"checksum\":null}'),(309,1,1,0,'',1,0,0,1,0,10390,'',0,0,'',0,0,'2021-10-21 11:08:06','2021-10-21 11:08:06',NULL),(310,1,1,0,'',1,0,0,1,0,10567,'',0,0,'',0,0,'2021-10-22 12:31:06','2021-10-22 12:31:06','{\"checkout-personal-information-step\":{\"step_is_reachable\":true,\"step_is_complete\":false},\"checkout-addresses-step\":{\"step_is_reachable\":false,\"step_is_complete\":false,\"use_same_address\":true},\"checkout-delivery-step\":{\"step_is_reachable\":false,\"step_is_complete\":false},\"checkout-payment-step\":{\"step_is_reachable\":false,\"step_is_complete\":false},\"checksum\":null}'),(311,1,1,0,'',1,0,0,1,0,10671,'',0,0,'',0,0,'2021-10-22 18:47:35','2021-10-22 18:47:36',NULL),(312,1,1,0,'',1,0,0,1,0,10712,'',0,0,'',0,0,'2021-10-23 00:39:24','2021-10-23 00:39:31',NULL),(313,1,1,0,'',1,0,0,1,0,10778,'',0,0,'',0,0,'2021-10-23 09:27:40','2021-10-23 09:27:40','{\"checkout-personal-information-step\":{\"step_is_reachable\":true,\"step_is_complete\":false},\"checkout-addresses-step\":{\"step_is_reachable\":false,\"step_is_complete\":false,\"use_same_address\":true},\"checkout-delivery-step\":{\"step_is_reachable\":false,\"step_is_complete\":false},\"checkout-payment-step\":{\"step_is_reachable\":false,\"step_is_complete\":false},\"checksum\":null}'),(314,1,1,2,'{\"35\":\"2,\"}',1,35,35,1,50,5114,'5b1e3d3adf50f3205e0ccca985003e2d',0,0,'',0,0,'2021-10-23 13:16:31','2021-10-23 15:01:48','{\"checkout-personal-information-step\":{\"step_is_reachable\":true,\"step_is_complete\":true},\"checkout-addresses-step\":{\"step_is_reachable\":true,\"step_is_complete\":false,\"use_same_address\":true},\"checkout-delivery-step\":{\"step_is_reachable\":false,\"step_is_complete\":false},\"checkout-payment-step\":{\"step_is_reachable\":false,\"step_is_complete\":false},\"checksum\":\"40e99d10433145de01db7b6f3a74cd186ec5bf39\"}'),(315,1,1,0,'',1,0,0,1,0,11326,'',0,0,'',0,0,'2021-10-24 04:07:15','2021-10-24 04:07:15','{\"checkout-personal-information-step\":{\"step_is_reachable\":true,\"step_is_complete\":false},\"checkout-addresses-step\":{\"step_is_reachable\":false,\"step_is_complete\":false,\"use_same_address\":true},\"checkout-delivery-step\":{\"step_is_reachable\":false,\"step_is_complete\":false},\"checkout-payment-step\":{\"step_is_reachable\":false,\"step_is_complete\":false},\"checksum\":null}'),(316,1,1,0,'',1,0,0,1,0,11418,'',0,0,'',0,0,'2021-10-24 13:05:23','2021-10-24 13:06:19',NULL),(317,1,1,0,'',1,0,0,1,0,11447,'',0,0,'',0,0,'2021-10-25 03:05:24','2021-10-25 03:05:24','{\"checkout-personal-information-step\":{\"step_is_reachable\":true,\"step_is_complete\":false},\"checkout-addresses-step\":{\"step_is_reachable\":false,\"step_is_complete\":false,\"use_same_address\":true},\"checkout-delivery-step\":{\"step_is_reachable\":false,\"step_is_complete\":false},\"checkout-payment-step\":{\"step_is_reachable\":false,\"step_is_complete\":false},\"checksum\":null}'),(318,1,1,0,'',1,0,0,1,53,11660,'523bf32ae10ae2721e264980285f70a3',0,0,'',0,0,'2021-10-26 05:52:28','2021-10-26 05:57:28','{\"checkout-personal-information-step\":{\"step_is_reachable\":true,\"step_is_complete\":true},\"checkout-addresses-step\":{\"step_is_reachable\":true,\"step_is_complete\":false,\"use_same_address\":true},\"checkout-delivery-step\":{\"step_is_reachable\":false,\"step_is_complete\":false},\"checkout-payment-step\":{\"step_is_reachable\":false,\"step_is_complete\":false},\"checksum\":\"38cf3314ae2d269c21964f7bce5042ae72cbfc0c\"}'),(319,1,1,0,'',1,0,0,1,0,12179,'',0,0,'',0,0,'2021-10-28 11:33:45','2021-10-28 11:33:46','{\"checkout-personal-information-step\":{\"step_is_reachable\":true,\"step_is_complete\":false},\"checkout-addresses-step\":{\"step_is_reachable\":false,\"step_is_complete\":false,\"use_same_address\":true},\"checkout-payment-step\":{\"step_is_reachable\":false,\"step_is_complete\":false},\"checksum\":null}'),(320,1,1,0,'',1,0,0,1,0,12454,'',0,0,'',0,0,'2021-10-30 15:26:11','2021-10-30 15:26:11','{\"checkout-personal-information-step\":{\"step_is_reachable\":true,\"step_is_complete\":false},\"checkout-addresses-step\":{\"step_is_reachable\":false,\"step_is_complete\":false,\"use_same_address\":true},\"checkout-delivery-step\":{\"step_is_reachable\":false,\"step_is_complete\":false},\"checkout-payment-step\":{\"step_is_reachable\":false,\"step_is_complete\":false},\"checksum\":null}'),(321,1,1,0,'',1,0,0,1,0,12602,'',0,0,'',0,0,'2021-10-31 06:53:21','2021-10-31 06:53:21','{\"checkout-personal-information-step\":{\"step_is_reachable\":true,\"step_is_complete\":false},\"checkout-addresses-step\":{\"step_is_reachable\":false,\"step_is_complete\":false,\"use_same_address\":true},\"checkout-delivery-step\":{\"step_is_reachable\":false,\"step_is_complete\":false},\"checkout-payment-step\":{\"step_is_reachable\":false,\"step_is_complete\":false},\"checksum\":null}'),(322,1,1,0,'',1,0,0,1,0,12754,'',0,0,'',0,0,'2021-11-01 08:13:41','2021-11-01 08:13:41',NULL),(323,1,1,0,'',1,0,0,1,0,12803,'',0,0,'',0,0,'2021-11-01 17:17:35','2021-11-01 17:17:35','{\"checkout-personal-information-step\":{\"step_is_reachable\":true,\"step_is_complete\":false},\"checkout-addresses-step\":{\"step_is_reachable\":false,\"step_is_complete\":false,\"use_same_address\":true},\"checkout-delivery-step\":{\"step_is_reachable\":false,\"step_is_complete\":false},\"checkout-payment-step\":{\"step_is_reachable\":false,\"step_is_complete\":false},\"checksum\":null}'),(324,1,1,0,'',1,0,0,1,0,12888,'',0,0,'',0,0,'2021-11-02 08:21:22','2021-11-02 08:21:22','{\"checkout-personal-information-step\":{\"step_is_reachable\":true,\"step_is_complete\":false},\"checkout-addresses-step\":{\"step_is_reachable\":false,\"step_is_complete\":false,\"use_same_address\":true},\"checkout-payment-step\":{\"step_is_reachable\":false,\"step_is_complete\":false},\"checksum\":null}'),(325,1,1,0,'',1,0,0,1,0,10248,'',0,0,'',0,0,'2021-11-04 14:29:21','2021-11-04 14:29:21',NULL),(326,1,1,0,'',1,0,0,1,0,13434,'',0,0,'',0,0,'2021-11-05 21:29:12','2021-11-05 21:29:12','{\"checkout-personal-information-step\":{\"step_is_reachable\":true,\"step_is_complete\":false},\"checkout-addresses-step\":{\"step_is_reachable\":false,\"step_is_complete\":false,\"use_same_address\":true},\"checkout-delivery-step\":{\"step_is_reachable\":false,\"step_is_complete\":false},\"checkout-payment-step\":{\"step_is_reachable\":false,\"step_is_complete\":false},\"checksum\":null}'),(327,1,1,0,'',2,0,0,1,0,13481,'',0,0,'',0,0,'2021-11-06 06:30:42','2021-11-11 16:34:34','{\"checkout-personal-information-step\":{\"step_is_reachable\":true,\"step_is_complete\":false},\"checkout-addresses-step\":{\"step_is_reachable\":false,\"step_is_complete\":false,\"use_same_address\":true},\"checkout-delivery-step\":{\"step_is_reachable\":false,\"step_is_complete\":false},\"checkout-payment-step\":{\"step_is_reachable\":false,\"step_is_complete\":false},\"checksum\":null}'),(328,1,1,0,'',1,0,0,1,0,13511,'',0,0,'',0,0,'2021-11-06 08:51:28','2021-11-06 08:51:28','{\"checkout-personal-information-step\":{\"step_is_reachable\":true,\"step_is_complete\":false},\"checkout-addresses-step\":{\"step_is_reachable\":false,\"step_is_complete\":false,\"use_same_address\":true},\"checkout-delivery-step\":{\"step_is_reachable\":false,\"step_is_complete\":false},\"checkout-payment-step\":{\"step_is_reachable\":false,\"step_is_complete\":false},\"checksum\":null}'),(329,1,1,0,'',1,0,0,1,0,13501,'',0,0,'',0,0,'2021-11-06 09:34:19','2021-11-06 09:34:19',NULL),(330,1,1,2,'{\"37\":\"2,\"}',1,37,37,1,54,14028,'23f3b639fce14535adacedc3ad6739ed',0,0,'',0,0,'2021-11-09 09:11:38','2021-11-09 09:13:46','{\"checkout-personal-information-step\":{\"step_is_reachable\":true,\"step_is_complete\":true},\"checkout-addresses-step\":{\"step_is_reachable\":true,\"step_is_complete\":true,\"use_same_address\":true},\"checkout-delivery-step\":{\"step_is_reachable\":true,\"step_is_complete\":true},\"checkout-payment-step\":{\"step_is_reachable\":true,\"step_is_complete\":false},\"checksum\":\"a3932a4873e89de46d16b548109178c324a4346a\"}'),(331,1,1,2,'{\"38\":\"2,\"}',1,38,38,1,55,14327,'0ec5f40f126d445c7985a961922a1cd2',0,0,'',0,0,'2021-11-11 07:22:46','2021-11-11 07:25:15','{\"checkout-personal-information-step\":{\"step_is_reachable\":true,\"step_is_complete\":true},\"checkout-addresses-step\":{\"step_is_reachable\":true,\"step_is_complete\":true,\"use_same_address\":true},\"checkout-delivery-step\":{\"step_is_reachable\":true,\"step_is_complete\":true},\"checkout-payment-step\":{\"step_is_reachable\":true,\"step_is_complete\":false},\"checksum\":\"283fa59380ea263e98778ad4e67544391eedbc84\"}'),(332,1,1,2,'{\"39\":\"2,\"}',1,39,39,1,56,14522,'aeb2842165f6b58339a2a4c88803dd7b',0,0,'',0,0,'2021-11-12 17:31:41','2021-11-12 17:35:22','{\"checkout-personal-information-step\":{\"step_is_reachable\":true,\"step_is_complete\":true},\"checkout-addresses-step\":{\"step_is_reachable\":true,\"step_is_complete\":true,\"use_same_address\":true},\"checkout-delivery-step\":{\"step_is_reachable\":true,\"step_is_complete\":true},\"checkout-payment-step\":{\"step_is_reachable\":true,\"step_is_complete\":false},\"checksum\":\"b519f6f75156b701868c1296e92ddfe54cf60776\"}'),(333,1,1,0,'',1,0,0,1,0,14745,'',0,0,'',0,0,'2021-11-14 04:55:04','2021-11-14 04:55:04','{\"checkout-personal-information-step\":{\"step_is_reachable\":true,\"step_is_complete\":false},\"checkout-addresses-step\":{\"step_is_reachable\":false,\"step_is_complete\":false,\"use_same_address\":true},\"checkout-delivery-step\":{\"step_is_reachable\":false,\"step_is_complete\":false},\"checkout-payment-step\":{\"step_is_reachable\":false,\"step_is_complete\":false},\"checksum\":null}'),(334,1,1,0,'',1,0,0,1,0,15120,'',0,0,'',0,0,'2021-11-16 05:46:38','2021-11-16 05:46:38','{\"checkout-personal-information-step\":{\"step_is_reachable\":true,\"step_is_complete\":false},\"checkout-addresses-step\":{\"step_is_reachable\":false,\"step_is_complete\":false,\"use_same_address\":true},\"checkout-delivery-step\":{\"step_is_reachable\":false,\"step_is_complete\":false},\"checkout-payment-step\":{\"step_is_reachable\":false,\"step_is_complete\":false},\"checksum\":null}'),(335,1,1,2,'{\"40\":\"2,\"}',1,40,40,1,59,12843,'91654a9a6fda6654c489e0d9d24b4190',0,0,'',0,0,'2021-11-17 08:04:08','2021-11-28 08:45:06','{\"checkout-personal-information-step\":{\"step_is_reachable\":true,\"step_is_complete\":true},\"checkout-addresses-step\":{\"step_is_reachable\":true,\"step_is_complete\":true,\"use_same_address\":true},\"checkout-delivery-step\":{\"step_is_reachable\":true,\"step_is_complete\":true},\"checkout-payment-step\":{\"step_is_reachable\":true,\"step_is_complete\":false},\"checksum\":\"109bae74dde6c888411e83a15f42a65e253617e2\"}'),(336,1,1,0,'',1,0,0,1,57,15513,'e2c4e95070195f21aa94f1c90c00339e',0,0,'',0,0,'2021-11-18 15:28:37','2021-11-18 15:31:26','{\"checkout-personal-information-step\":{\"step_is_reachable\":true,\"step_is_complete\":true},\"checkout-addresses-step\":{\"step_is_reachable\":true,\"step_is_complete\":false,\"use_same_address\":true},\"checkout-delivery-step\":{\"step_is_reachable\":false,\"step_is_complete\":false},\"checkout-payment-step\":{\"step_is_reachable\":false,\"step_is_complete\":false},\"checksum\":\"85cf6aa252e678d772f577071cbd2f554b9426fa\"}'),(337,1,1,0,'',1,0,0,1,0,15694,'',0,0,'',0,0,'2021-11-19 19:41:44','2021-11-19 19:41:44',NULL),(338,1,1,0,'',1,0,0,1,0,16100,'',0,0,'',0,0,'2021-11-21 13:30:10','2021-11-21 13:53:20','{\"checkout-personal-information-step\":{\"step_is_reachable\":true,\"step_is_complete\":false},\"checkout-addresses-step\":{\"step_is_reachable\":false,\"step_is_complete\":false,\"use_same_address\":true},\"checkout-delivery-step\":{\"step_is_reachable\":false,\"step_is_complete\":false},\"checkout-payment-step\":{\"step_is_reachable\":false,\"step_is_complete\":false},\"checksum\":null}'),(339,1,1,0,'',1,0,0,1,0,16144,'',0,0,'',0,0,'2021-11-21 19:03:27','2021-11-21 19:03:27',NULL),(340,1,1,0,'',1,0,0,1,0,17065,'',0,0,'',0,0,'2021-11-26 21:14:28','2021-11-26 21:14:28',NULL),(341,1,1,0,'',1,0,0,1,0,17279,'',0,0,'',0,0,'2021-11-28 08:29:04','2021-11-28 08:29:04','{\"checkout-personal-information-step\":{\"step_is_reachable\":true,\"step_is_complete\":false},\"checkout-addresses-step\":{\"step_is_reachable\":false,\"step_is_complete\":false,\"use_same_address\":true},\"checkout-delivery-step\":{\"step_is_reachable\":false,\"step_is_complete\":false},\"checkout-payment-step\":{\"step_is_reachable\":false,\"step_is_complete\":false},\"checksum\":null}'),(342,1,1,0,'',1,0,0,1,0,17610,'',0,0,'',0,0,'2021-11-30 05:00:56','2021-11-30 05:00:56','{\"checkout-personal-information-step\":{\"step_is_reachable\":true,\"step_is_complete\":false},\"checkout-addresses-step\":{\"step_is_reachable\":false,\"step_is_complete\":false,\"use_same_address\":true},\"checkout-delivery-step\":{\"step_is_reachable\":false,\"step_is_complete\":false},\"checkout-payment-step\":{\"step_is_reachable\":false,\"step_is_complete\":false},\"checksum\":null}'),(343,1,1,2,'{\"41\":\"2,\"}',4,41,41,2,60,17650,'30bc588d4a4a1de4057f7ac51ce66c71',0,0,'',0,0,'2021-11-30 11:35:10','2021-11-30 13:56:50','{\"checkout-personal-information-step\":{\"step_is_reachable\":true,\"step_is_complete\":true},\"checkout-addresses-step\":{\"step_is_reachable\":true,\"step_is_complete\":true,\"use_same_address\":true},\"checkout-delivery-step\":{\"step_is_reachable\":true,\"step_is_complete\":true},\"checkout-payment-step\":{\"step_is_reachable\":true,\"step_is_complete\":false},\"checksum\":\"594e2445f68ce03e0ffd53d528840194bc5b0722\"}'),(344,1,1,0,'',1,0,0,1,0,46,'',0,0,'',0,0,'2021-12-01 11:57:06','2021-12-01 11:57:06','{\"checkout-personal-information-step\":{\"step_is_reachable\":true,\"step_is_complete\":false},\"checkout-addresses-step\":{\"step_is_reachable\":false,\"step_is_complete\":false,\"use_same_address\":true},\"checkout-delivery-step\":{\"step_is_reachable\":false,\"step_is_complete\":false},\"checkout-payment-step\":{\"step_is_reachable\":false,\"step_is_complete\":false},\"checksum\":null}'),(345,1,1,0,'',1,0,0,1,0,56,'',0,0,'',0,0,'2021-12-01 12:38:54','2021-12-01 12:42:18','{\"checkout-personal-information-step\":{\"step_is_reachable\":true,\"step_is_complete\":false},\"checkout-addresses-step\":{\"step_is_reachable\":false,\"step_is_complete\":false,\"use_same_address\":true},\"checkout-delivery-step\":{\"step_is_reachable\":false,\"step_is_complete\":false},\"checkout-payment-step\":{\"step_is_reachable\":false,\"step_is_complete\":false},\"checksum\":null}'),(346,1,1,2,'{\"42\":\"2,\"}',1,42,42,1,61,671,'ebf24f42e729c23731e4d888446dfcfc',0,0,'',0,0,'2021-12-05 02:16:33','2021-12-05 02:22:03','{\"checkout-personal-information-step\":{\"step_is_reachable\":true,\"step_is_complete\":true},\"checkout-addresses-step\":{\"step_is_reachable\":true,\"step_is_complete\":true,\"use_same_address\":true},\"checkout-delivery-step\":{\"step_is_reachable\":true,\"step_is_complete\":true},\"checkout-payment-step\":{\"step_is_reachable\":true,\"step_is_complete\":false},\"checksum\":\"6d92f8fd292e3d18ebbc09e1c351852637bf10b1\"}'),(347,1,1,0,'',1,0,0,1,0,672,'',0,0,'',0,0,'2021-12-05 02:22:44','2021-12-05 02:33:26','{\"checkout-personal-information-step\":{\"step_is_reachable\":true,\"step_is_complete\":false},\"checkout-addresses-step\":{\"step_is_reachable\":false,\"step_is_complete\":false,\"use_same_address\":true},\"checkout-delivery-step\":{\"step_is_reachable\":false,\"step_is_complete\":false},\"checkout-payment-step\":{\"step_is_reachable\":false,\"step_is_complete\":false},\"checksum\":null}'),(348,1,1,0,'',1,0,0,1,0,742,'',0,0,'',0,0,'2021-12-05 07:29:01','2021-12-05 07:29:01',NULL),(349,1,1,0,'',1,0,0,1,0,17481,'',0,0,'',0,0,'2021-12-07 05:28:58','2021-12-07 05:28:58','{\"checkout-personal-information-step\":{\"step_is_reachable\":true,\"step_is_complete\":false},\"checkout-addresses-step\":{\"step_is_reachable\":false,\"step_is_complete\":false,\"use_same_address\":true},\"checkout-delivery-step\":{\"step_is_reachable\":false,\"step_is_complete\":false},\"checkout-payment-step\":{\"step_is_reachable\":false,\"step_is_complete\":false},\"checksum\":null}'),(350,1,1,0,'',1,43,43,1,62,1613,'8c223e0bcb48838edfce89be0acfe088',0,0,'',0,0,'2021-12-08 07:48:19','2021-12-14 11:31:14','{\"checkout-personal-information-step\":{\"step_is_reachable\":true,\"step_is_complete\":true},\"checkout-addresses-step\":{\"step_is_reachable\":true,\"step_is_complete\":true,\"use_same_address\":true},\"checkout-delivery-step\":{\"step_is_reachable\":true,\"step_is_complete\":false},\"checkout-payment-step\":{\"step_is_reachable\":false,\"step_is_complete\":false},\"checksum\":\"57067e17f539f60128d1b20f50982796a242b7ec\"}'),(351,1,1,0,'',1,0,0,1,63,1591,'a40f777351641c24ad6b1a7f0ea56c60',0,0,'',0,0,'2021-12-09 03:41:21','2021-12-09 03:46:56','{\"checkout-personal-information-step\":{\"step_is_reachable\":true,\"step_is_complete\":true},\"checkout-addresses-step\":{\"step_is_reachable\":true,\"step_is_complete\":false,\"use_same_address\":true},\"checkout-delivery-step\":{\"step_is_reachable\":false,\"step_is_complete\":false},\"checkout-payment-step\":{\"step_is_reachable\":false,\"step_is_complete\":false},\"checksum\":null}'),(352,1,1,0,'',1,0,0,1,0,2167,'',0,0,'',0,0,'2021-12-11 13:18:50','2021-12-11 13:18:50','{\"checkout-personal-information-step\":{\"step_is_reachable\":true,\"step_is_complete\":false},\"checkout-addresses-step\":{\"step_is_reachable\":false,\"step_is_complete\":false,\"use_same_address\":true},\"checkout-delivery-step\":{\"step_is_reachable\":false,\"step_is_complete\":false},\"checkout-payment-step\":{\"step_is_reachable\":false,\"step_is_complete\":false},\"checksum\":null}'),(353,1,1,0,'',1,0,0,1,0,2800,'',0,0,'',0,0,'2021-12-14 09:24:22','2021-12-14 09:24:22',NULL),(354,1,1,0,'',1,0,0,1,0,4041,'',0,0,'',0,0,'2021-12-19 06:41:43','2021-12-19 06:41:43',NULL),(355,1,1,0,'',1,0,0,1,64,4181,'41047462cf7b6bb471da9bc1057d8e20',0,0,'',0,0,'2021-12-20 01:42:29','2021-12-20 07:37:16','{\"checkout-personal-information-step\":{\"step_is_reachable\":true,\"step_is_complete\":true},\"checkout-addresses-step\":{\"step_is_reachable\":true,\"step_is_complete\":false,\"use_same_address\":true},\"checkout-delivery-step\":{\"step_is_reachable\":false,\"step_is_complete\":false},\"checkout-payment-step\":{\"step_is_reachable\":false,\"step_is_complete\":false},\"checksum\":\"6fd07c683cefa625f7c3466df9f2d1a241f863d9\"}'),(356,1,1,0,'',2,0,0,1,0,4522,'',0,0,'',0,0,'2021-12-22 08:42:23','2021-12-22 08:49:13','{\"checkout-personal-information-step\":{\"step_is_reachable\":true,\"step_is_complete\":false},\"checkout-addresses-step\":{\"step_is_reachable\":false,\"step_is_complete\":false,\"use_same_address\":true},\"checkout-delivery-step\":{\"step_is_reachable\":false,\"step_is_complete\":false},\"checkout-payment-step\":{\"step_is_reachable\":false,\"step_is_complete\":false},\"checksum\":null}'),(357,1,1,0,'',1,0,0,1,0,4728,'',0,0,'',0,0,'2021-12-23 14:52:47','2021-12-23 14:52:47','{\"checkout-personal-information-step\":{\"step_is_reachable\":true,\"step_is_complete\":false},\"checkout-addresses-step\":{\"step_is_reachable\":false,\"step_is_complete\":false,\"use_same_address\":true},\"checkout-delivery-step\":{\"step_is_reachable\":false,\"step_is_complete\":false},\"checkout-payment-step\":{\"step_is_reachable\":false,\"step_is_complete\":false},\"checksum\":null}'),(358,1,1,2,'{\"44\":\"2,\"}',1,44,44,1,65,5060,'603b119ce51e1c653789f1419e072cc8',0,0,'',0,0,'2021-12-25 12:01:54','2021-12-25 12:03:45','{\"checkout-personal-information-step\":{\"step_is_reachable\":true,\"step_is_complete\":true},\"checkout-addresses-step\":{\"step_is_reachable\":true,\"step_is_complete\":true,\"use_same_address\":true},\"checkout-delivery-step\":{\"step_is_reachable\":true,\"step_is_complete\":true},\"checkout-payment-step\":{\"step_is_reachable\":true,\"step_is_complete\":false},\"checksum\":\"50568e9cb670df508287b99d345f5bcd4995506e\"}'),(359,1,1,0,'',1,44,44,1,65,5060,'603b119ce51e1c653789f1419e072cc8',0,0,'',0,0,'2021-12-25 12:15:09','2021-12-25 12:16:03','{\"checkout-personal-information-step\":{\"step_is_reachable\":true,\"step_is_complete\":true},\"checkout-addresses-step\":{\"step_is_reachable\":true,\"step_is_complete\":true,\"use_same_address\":true},\"checkout-delivery-step\":{\"step_is_reachable\":true,\"step_is_complete\":false},\"checkout-payment-step\":{\"step_is_reachable\":false,\"step_is_complete\":false},\"checksum\":\"50568e9cb670df508287b99d345f5bcd4995506e\"}'),(360,1,1,0,'',1,0,0,1,0,5838,'',0,0,'',0,0,'2021-12-29 03:44:05','2021-12-29 03:44:05','{\"checkout-personal-information-step\":{\"step_is_reachable\":true,\"step_is_complete\":false},\"checkout-addresses-step\":{\"step_is_reachable\":false,\"step_is_complete\":false,\"use_same_address\":true},\"checkout-delivery-step\":{\"step_is_reachable\":false,\"step_is_complete\":false},\"checkout-payment-step\":{\"step_is_reachable\":false,\"step_is_complete\":false},\"checksum\":null}'),(361,1,1,0,'',1,0,0,1,66,0,'53629bcf7c5efc61bccae644435f8dd4',0,0,'',0,0,'2021-12-29 04:21:05','2021-12-29 04:21:05',NULL),(362,1,1,2,'{\"45\":\"2,\"}',1,45,45,1,67,5910,'026bb4605170d105f713147a08c4e730',0,0,'',0,0,'2021-12-29 07:40:28','2021-12-29 07:54:30','{\"checkout-personal-information-step\":{\"step_is_reachable\":true,\"step_is_complete\":true},\"checkout-addresses-step\":{\"step_is_reachable\":true,\"step_is_complete\":true,\"use_same_address\":true},\"checkout-delivery-step\":{\"step_is_reachable\":true,\"step_is_complete\":true},\"checkout-payment-step\":{\"step_is_reachable\":true,\"step_is_complete\":false},\"checksum\":\"68ac62dd24c484fe62f0f50c91d801fa17ee7e35\"}'),(363,1,1,0,'',1,0,0,1,0,6294,'',0,0,'',0,0,'2021-12-31 13:29:18','2021-12-31 13:29:18','{\"checkout-personal-information-step\":{\"step_is_reachable\":true,\"step_is_complete\":false},\"checkout-addresses-step\":{\"step_is_reachable\":false,\"step_is_complete\":false,\"use_same_address\":true},\"checkout-delivery-step\":{\"step_is_reachable\":false,\"step_is_complete\":false},\"checkout-payment-step\":{\"step_is_reachable\":false,\"step_is_complete\":false},\"checksum\":null}'),(364,1,1,0,'',1,0,0,1,0,6838,'',0,0,'',0,0,'2022-01-02 06:45:04','2022-01-02 07:22:29','{\"checkout-personal-information-step\":{\"step_is_reachable\":true,\"step_is_complete\":false},\"checkout-addresses-step\":{\"step_is_reachable\":false,\"step_is_complete\":false,\"use_same_address\":true},\"checkout-delivery-step\":{\"step_is_reachable\":false,\"step_is_complete\":false},\"checkout-payment-step\":{\"step_is_reachable\":false,\"step_is_complete\":false},\"checksum\":null}'),(365,1,1,0,'',1,46,46,2,68,7263,'f7d0afa0c9197f32be97d18719c12fd0',0,0,'',0,0,'2022-01-04 11:22:31','2022-01-04 11:39:14','{\"checkout-personal-information-step\":{\"step_is_reachable\":true,\"step_is_complete\":true},\"checkout-addresses-step\":{\"step_is_reachable\":true,\"step_is_complete\":true,\"use_same_address\":true},\"checkout-delivery-step\":{\"step_is_reachable\":true,\"step_is_complete\":false},\"checkout-payment-step\":{\"step_is_reachable\":false,\"step_is_complete\":false},\"checksum\":\"33127fbc1dbbb89534cd3c7b5bab8f2a3ba9e237\"}'),(366,1,1,0,'',1,0,0,1,0,7668,'',0,0,'',0,0,'2022-01-06 21:40:29','2022-01-06 23:09:18','{\"checkout-personal-information-step\":{\"step_is_reachable\":true,\"step_is_complete\":false},\"checkout-addresses-step\":{\"step_is_reachable\":false,\"step_is_complete\":false,\"use_same_address\":true},\"checkout-delivery-step\":{\"step_is_reachable\":false,\"step_is_complete\":false},\"checkout-payment-step\":{\"step_is_reachable\":false,\"step_is_complete\":false},\"checksum\":null}'),(367,1,1,0,'',1,0,0,1,0,7675,'',0,0,'',0,0,'2022-01-06 22:44:57','2022-01-06 22:44:57','{\"checkout-personal-information-step\":{\"step_is_reachable\":true,\"step_is_complete\":false},\"checkout-addresses-step\":{\"step_is_reachable\":false,\"step_is_complete\":false,\"use_same_address\":true},\"checkout-delivery-step\":{\"step_is_reachable\":false,\"step_is_complete\":false},\"checkout-payment-step\":{\"step_is_reachable\":false,\"step_is_complete\":false},\"checksum\":null}'),(368,1,1,0,'',1,0,0,1,0,7844,'',0,0,'',0,0,'2022-01-08 03:33:49','2022-01-08 03:33:49','{\"checkout-personal-information-step\":{\"step_is_reachable\":true,\"step_is_complete\":false},\"checkout-addresses-step\":{\"step_is_reachable\":false,\"step_is_complete\":false,\"use_same_address\":true},\"checkout-delivery-step\":{\"step_is_reachable\":false,\"step_is_complete\":false},\"checkout-payment-step\":{\"step_is_reachable\":false,\"step_is_complete\":false},\"checksum\":null}'),(369,1,1,0,'',1,0,0,1,0,8321,'',0,0,'',0,0,'2022-01-10 12:32:25','2022-01-10 12:32:25',NULL),(370,1,1,2,'{\"47\":\"2,\"}',1,47,47,1,63,8412,'a40f777351641c24ad6b1a7f0ea56c60',0,0,'',0,0,'2022-01-10 22:13:31','2022-01-11 04:33:50','{\"checkout-personal-information-step\":{\"step_is_reachable\":true,\"step_is_complete\":true},\"checkout-addresses-step\":{\"step_is_reachable\":true,\"step_is_complete\":true,\"use_same_address\":true},\"checkout-delivery-step\":{\"step_is_reachable\":true,\"step_is_complete\":true},\"checkout-payment-step\":{\"step_is_reachable\":true,\"step_is_complete\":false},\"checksum\":\"f89e729d77821ecba24ab8b8ed04b32b1caf7beb\"}'),(371,1,1,0,'',1,0,0,1,0,9161,'',0,0,'',0,0,'2022-01-14 02:41:33','2022-01-14 02:41:33',NULL),(372,1,1,0,'',1,0,0,1,0,9302,'',0,0,'',0,0,'2022-01-14 15:18:02','2022-01-14 15:18:02','{\"checkout-personal-information-step\":{\"step_is_reachable\":true,\"step_is_complete\":false},\"checkout-addresses-step\":{\"step_is_reachable\":false,\"step_is_complete\":false,\"use_same_address\":true},\"checkout-delivery-step\":{\"step_is_reachable\":false,\"step_is_complete\":false},\"checkout-payment-step\":{\"step_is_reachable\":false,\"step_is_complete\":false},\"checksum\":null}'),(373,1,1,0,'',6,0,0,1,0,9357,'',0,0,'',0,0,'2022-01-14 21:04:05','2022-01-14 21:04:43','{\"checkout-personal-information-step\":{\"step_is_reachable\":true,\"step_is_complete\":false},\"checkout-addresses-step\":{\"step_is_reachable\":false,\"step_is_complete\":false,\"use_same_address\":true},\"checkout-delivery-step\":{\"step_is_reachable\":false,\"step_is_complete\":false},\"checkout-payment-step\":{\"step_is_reachable\":false,\"step_is_complete\":false},\"checksum\":null}'),(374,1,1,0,'',1,49,49,1,69,9619,'5328a81ff76a4573cc8a778baf2ba31d',0,0,'',0,0,'2022-01-16 07:25:44','2022-01-16 07:26:32','{\"checkout-personal-information-step\":{\"step_is_reachable\":true,\"step_is_complete\":true},\"checkout-addresses-step\":{\"step_is_reachable\":true,\"step_is_complete\":true,\"use_same_address\":true},\"checkout-delivery-step\":{\"step_is_reachable\":true,\"step_is_complete\":false},\"checkout-payment-step\":{\"step_is_reachable\":false,\"step_is_complete\":false},\"checksum\":\"500d0b402c60e7e8df02c67793f105a7a33e7b13\"}'),(375,1,1,0,'',1,0,0,1,0,10049,'',0,0,'',0,0,'2022-01-17 16:18:55','2022-01-17 16:18:55',NULL),(376,1,1,0,'',1,0,0,1,0,10223,'',0,0,'',0,0,'2022-01-18 15:51:23','2022-01-18 15:51:23',NULL),(377,1,1,0,'',1,0,0,1,0,10229,'',0,0,'',0,0,'2022-01-18 16:26:00','2022-01-18 16:26:00',NULL),(378,1,1,0,'',1,0,0,1,0,10334,'',0,0,'',0,0,'2022-01-19 09:06:12','2022-01-19 11:21:21',NULL),(379,1,1,0,'',1,0,0,1,0,10560,'',0,0,'',0,0,'2022-01-20 15:00:35','2022-01-20 15:00:36','{\"checkout-personal-information-step\":{\"step_is_reachable\":true,\"step_is_complete\":false},\"checkout-addresses-step\":{\"step_is_reachable\":false,\"step_is_complete\":false,\"use_same_address\":true},\"checkout-delivery-step\":{\"step_is_reachable\":false,\"step_is_complete\":false},\"checkout-payment-step\":{\"step_is_reachable\":false,\"step_is_complete\":false},\"checksum\":null}'),(380,1,1,0,'',1,0,0,1,0,10662,'',0,0,'',0,0,'2022-01-21 05:36:10','2022-01-21 05:36:40','{\"checkout-personal-information-step\":{\"step_is_reachable\":true,\"step_is_complete\":false},\"checkout-addresses-step\":{\"step_is_reachable\":false,\"step_is_complete\":false,\"use_same_address\":true},\"checkout-delivery-step\":{\"step_is_reachable\":false,\"step_is_complete\":false},\"checkout-payment-step\":{\"step_is_reachable\":false,\"step_is_complete\":false},\"checksum\":null}'),(381,1,1,0,'',1,0,0,1,0,11395,'',0,0,'',0,0,'2022-01-23 17:54:37','2022-01-23 17:54:38','{\"checkout-personal-information-step\":{\"step_is_reachable\":true,\"step_is_complete\":false},\"checkout-addresses-step\":{\"step_is_reachable\":false,\"step_is_complete\":false,\"use_same_address\":true},\"checkout-delivery-step\":{\"step_is_reachable\":false,\"step_is_complete\":false},\"checkout-payment-step\":{\"step_is_reachable\":false,\"step_is_complete\":false},\"checksum\":null}'),(382,1,1,0,'',1,0,0,1,0,11792,'',0,0,'',0,0,'2022-01-25 10:07:43','2022-01-25 10:07:43','{\"checkout-personal-information-step\":{\"step_is_reachable\":true,\"step_is_complete\":false},\"checkout-addresses-step\":{\"step_is_reachable\":false,\"step_is_complete\":false,\"use_same_address\":true},\"checkout-delivery-step\":{\"step_is_reachable\":false,\"step_is_complete\":false},\"checkout-payment-step\":{\"step_is_reachable\":false,\"step_is_complete\":false},\"checksum\":null}'),(383,1,1,0,'',1,0,0,1,0,11927,'',0,0,'',0,0,'2022-01-26 10:14:16','2022-01-26 10:14:16','{\"checkout-personal-information-step\":{\"step_is_reachable\":true,\"step_is_complete\":false},\"checkout-addresses-step\":{\"step_is_reachable\":false,\"step_is_complete\":false,\"use_same_address\":true},\"checkout-delivery-step\":{\"step_is_reachable\":false,\"step_is_complete\":false},\"checkout-payment-step\":{\"step_is_reachable\":false,\"step_is_complete\":false},\"checksum\":null}'),(384,1,1,0,'',1,0,0,1,0,12029,'',0,0,'',0,0,'2022-01-27 00:54:29','2022-01-27 00:54:29','{\"checkout-personal-information-step\":{\"step_is_reachable\":true,\"step_is_complete\":false},\"checkout-addresses-step\":{\"step_is_reachable\":false,\"step_is_complete\":false,\"use_same_address\":true},\"checkout-payment-step\":{\"step_is_reachable\":false,\"step_is_complete\":false},\"checksum\":null}'),(385,1,1,0,'',1,0,0,1,0,12215,'',0,0,'',0,0,'2022-01-28 01:31:03','2022-01-28 01:31:03','{\"checkout-personal-information-step\":{\"step_is_reachable\":true,\"step_is_complete\":false},\"checkout-addresses-step\":{\"step_is_reachable\":false,\"step_is_complete\":false,\"use_same_address\":true},\"checkout-delivery-step\":{\"step_is_reachable\":false,\"step_is_complete\":false},\"checkout-payment-step\":{\"step_is_reachable\":false,\"step_is_complete\":false},\"checksum\":null}'),(386,1,1,0,'',1,50,50,1,70,12477,'c5ea834711b7c24f855a64f47e075b93',0,0,'',0,0,'2022-01-29 13:40:46','2022-01-29 13:42:48','{\"checkout-personal-information-step\":{\"step_is_reachable\":true,\"step_is_complete\":true},\"checkout-addresses-step\":{\"step_is_reachable\":true,\"step_is_complete\":true,\"use_same_address\":true},\"checkout-delivery-step\":{\"step_is_reachable\":true,\"step_is_complete\":false},\"checkout-payment-step\":{\"step_is_reachable\":false,\"step_is_complete\":false},\"checksum\":\"d08a3628c77724268ee95ae871a78cc36961f2fd\"}'),(387,1,1,0,'',1,0,0,1,0,12622,'',0,0,'',0,0,'2022-01-30 10:16:51','2022-01-30 10:16:51',NULL),(388,1,1,0,'',1,0,0,1,0,11923,'',0,0,'',0,0,'2022-01-31 05:43:30','2022-01-31 05:43:30','{\"checkout-personal-information-step\":{\"step_is_reachable\":true,\"step_is_complete\":false},\"checkout-addresses-step\":{\"step_is_reachable\":false,\"step_is_complete\":false,\"use_same_address\":true},\"checkout-delivery-step\":{\"step_is_reachable\":false,\"step_is_complete\":false},\"checkout-payment-step\":{\"step_is_reachable\":false,\"step_is_complete\":false},\"checksum\":null}'),(389,1,1,0,'',1,0,0,1,0,352,'',0,0,'',0,0,'2022-02-02 06:21:23','2022-02-02 06:21:24','{\"checkout-personal-information-step\":{\"step_is_reachable\":true,\"step_is_complete\":false},\"checkout-addresses-step\":{\"step_is_reachable\":false,\"step_is_complete\":false,\"use_same_address\":true},\"checkout-delivery-step\":{\"step_is_reachable\":false,\"step_is_complete\":false},\"checkout-payment-step\":{\"step_is_reachable\":false,\"step_is_complete\":false},\"checksum\":null}'),(390,1,1,0,'',1,0,0,1,0,537,'',0,0,'',0,0,'2022-02-03 15:33:28','2022-02-03 15:33:28','{\"checkout-personal-information-step\":{\"step_is_reachable\":true,\"step_is_complete\":false},\"checkout-addresses-step\":{\"step_is_reachable\":false,\"step_is_complete\":false,\"use_same_address\":true},\"checkout-delivery-step\":{\"step_is_reachable\":false,\"step_is_complete\":false},\"checkout-payment-step\":{\"step_is_reachable\":false,\"step_is_complete\":false},\"checksum\":null}'),(391,1,1,0,'',1,0,0,1,0,914,'',0,0,'',0,0,'2022-02-06 17:38:02','2022-02-06 17:38:02',NULL),(392,1,1,2,'{\"51\":\"2,\"}',1,51,51,1,71,1176,'0a80ba51a6bdb5a00cb99e0b9645dc50',0,0,'',0,0,'2022-02-08 07:37:33','2022-02-09 09:44:19','{\"checkout-personal-information-step\":{\"step_is_reachable\":true,\"step_is_complete\":true},\"checkout-addresses-step\":{\"step_is_reachable\":true,\"step_is_complete\":true,\"use_same_address\":true},\"checkout-delivery-step\":{\"step_is_reachable\":true,\"step_is_complete\":true},\"checkout-payment-step\":{\"step_is_reachable\":true,\"step_is_complete\":false},\"checksum\":\"2dadb18dbef434ab8c080fc6a331a8e6a2d25a58\"}'),(393,1,1,0,'',1,0,0,1,0,1187,'',0,0,'',0,0,'2022-02-08 09:46:10','2022-02-08 09:46:10','{\"checkout-personal-information-step\":{\"step_is_reachable\":true,\"step_is_complete\":false},\"checkout-addresses-step\":{\"step_is_reachable\":false,\"step_is_complete\":false,\"use_same_address\":true},\"checkout-delivery-step\":{\"step_is_reachable\":false,\"step_is_complete\":false},\"checkout-payment-step\":{\"step_is_reachable\":false,\"step_is_complete\":false},\"checksum\":null}'),(394,1,1,0,'',1,0,0,1,0,1356,'',0,0,'',0,0,'2022-02-09 03:30:54','2022-02-09 03:30:55','{\"checkout-personal-information-step\":{\"step_is_reachable\":true,\"step_is_complete\":false},\"checkout-addresses-step\":{\"step_is_reachable\":false,\"step_is_complete\":false,\"use_same_address\":true},\"checkout-delivery-step\":{\"step_is_reachable\":false,\"step_is_complete\":false},\"checkout-payment-step\":{\"step_is_reachable\":false,\"step_is_complete\":false},\"checksum\":null}'),(395,1,1,0,'',6,0,0,1,72,1503,'3335277412115e4c07dc3e3af616c4fc',0,0,'',0,0,'2022-02-10 08:15:14','2022-02-10 08:16:01',NULL),(396,1,1,2,'{\"52\":\"2,\"}',1,52,52,1,73,1383,'9ca643e170fe42412d69187751971f8c',0,0,'',0,0,'2022-02-11 07:05:00','2022-02-11 07:07:21','{\"checkout-personal-information-step\":{\"step_is_reachable\":true,\"step_is_complete\":true},\"checkout-addresses-step\":{\"step_is_reachable\":true,\"step_is_complete\":true,\"use_same_address\":true},\"checkout-delivery-step\":{\"step_is_reachable\":true,\"step_is_complete\":true},\"checkout-payment-step\":{\"step_is_reachable\":true,\"step_is_complete\":false},\"checksum\":\"8c087cb8603944a93eaf306c6f56e0fc7ad6720f\"}'),(397,1,1,0,'',1,53,53,1,74,2031,'7e686b748b03db57ddc85d8001edad19',0,0,'',0,0,'2022-02-14 04:24:14','2022-02-18 06:50:59','{\"checkout-personal-information-step\":{\"step_is_reachable\":true,\"step_is_complete\":true},\"checkout-addresses-step\":{\"step_is_reachable\":true,\"step_is_complete\":true,\"use_same_address\":true},\"checkout-delivery-step\":{\"step_is_reachable\":true,\"step_is_complete\":false},\"checkout-payment-step\":{\"step_is_reachable\":false,\"step_is_complete\":false},\"checksum\":\"74d7438fcfbf3cda3b3f26696ef8efd86152e850\"}'),(398,1,1,0,'',2,0,0,1,0,2096,'',0,0,'',0,0,'2022-02-14 13:49:08','2022-02-14 13:51:41','{\"checkout-personal-information-step\":{\"step_is_reachable\":true,\"step_is_complete\":false},\"checkout-addresses-step\":{\"step_is_reachable\":false,\"step_is_complete\":false,\"use_same_address\":true},\"checkout-delivery-step\":{\"step_is_reachable\":false,\"step_is_complete\":false},\"checkout-payment-step\":{\"step_is_reachable\":false,\"step_is_complete\":false},\"checksum\":null}'),(399,1,1,0,'',1,0,0,1,0,2552,'',0,0,'',0,0,'2022-02-18 04:58:45','2022-02-18 04:58:45',NULL),(400,1,1,0,'',1,0,0,1,0,2561,'',0,0,'',0,0,'2022-02-18 06:50:09','2022-02-18 07:41:53','{\"checkout-personal-information-step\":{\"step_is_reachable\":true,\"step_is_complete\":false},\"checkout-addresses-step\":{\"step_is_reachable\":false,\"step_is_complete\":false,\"use_same_address\":true},\"checkout-delivery-step\":{\"step_is_reachable\":false,\"step_is_complete\":false},\"checkout-payment-step\":{\"step_is_reachable\":false,\"step_is_complete\":false},\"checksum\":null}'),(401,1,1,0,'',1,0,0,1,0,2563,'',0,0,'',0,0,'2022-02-18 07:43:23','2022-02-18 07:43:23',NULL),(402,1,1,0,'',1,0,0,1,0,2564,'',0,0,'',0,0,'2022-02-18 07:53:19','2022-02-18 07:53:19','{\"checkout-personal-information-step\":{\"step_is_reachable\":true,\"step_is_complete\":false},\"checkout-addresses-step\":{\"step_is_reachable\":false,\"step_is_complete\":false,\"use_same_address\":true},\"checkout-delivery-step\":{\"step_is_reachable\":false,\"step_is_complete\":false},\"checkout-payment-step\":{\"step_is_reachable\":false,\"step_is_complete\":false},\"checksum\":null}'),(403,1,1,0,'',1,0,0,1,0,3191,'',0,0,'',0,0,'2022-02-22 03:44:09','2022-02-22 03:44:30',NULL),(404,1,1,0,'',1,0,0,1,0,1647,'',0,0,'',0,0,'2022-02-23 04:30:28','2022-02-23 04:33:46','{\"checkout-personal-information-step\":{\"step_is_reachable\":true,\"step_is_complete\":false},\"checkout-addresses-step\":{\"step_is_reachable\":false,\"step_is_complete\":false,\"use_same_address\":true},\"checkout-delivery-step\":{\"step_is_reachable\":false,\"step_is_complete\":false},\"checkout-payment-step\":{\"step_is_reachable\":false,\"step_is_complete\":false},\"checksum\":null}'),(405,1,1,0,'',1,0,0,1,0,812,'',0,0,'',0,0,'2022-02-28 10:08:55','2022-02-28 10:08:55','{\"checkout-personal-information-step\":{\"step_is_reachable\":true,\"step_is_complete\":false},\"checkout-addresses-step\":{\"step_is_reachable\":false,\"step_is_complete\":false,\"use_same_address\":true},\"checkout-delivery-step\":{\"step_is_reachable\":false,\"step_is_complete\":false},\"checkout-payment-step\":{\"step_is_reachable\":false,\"step_is_complete\":false},\"checksum\":null}'),(406,1,1,0,'',1,54,54,1,75,915,'e68556b93fe69d82256de768d6057a94',0,0,'',0,0,'2022-03-01 02:33:41','2022-03-01 02:38:54','{\"checkout-personal-information-step\":{\"step_is_reachable\":true,\"step_is_complete\":true},\"checkout-addresses-step\":{\"step_is_reachable\":true,\"step_is_complete\":true,\"use_same_address\":true},\"checkout-delivery-step\":{\"step_is_reachable\":true,\"step_is_complete\":false},\"checkout-payment-step\":{\"step_is_reachable\":false,\"step_is_complete\":false},\"checksum\":\"f0232aa4ad9a33ee5b98c92108b042fda9edb9ef\"}'),(407,1,1,0,'',1,0,0,1,0,1270,'',0,0,'',0,0,'2022-03-03 11:03:47','2022-03-15 05:45:30','{\"checkout-personal-information-step\":{\"step_is_reachable\":true,\"step_is_complete\":false},\"checkout-addresses-step\":{\"step_is_reachable\":false,\"step_is_complete\":false,\"use_same_address\":true},\"checkout-delivery-step\":{\"step_is_reachable\":false,\"step_is_complete\":false},\"checkout-payment-step\":{\"step_is_reachable\":false,\"step_is_complete\":false},\"checksum\":null}'),(408,1,1,0,'',1,0,0,2,0,2067,'',0,0,'',0,0,'2022-03-04 04:27:25','2022-03-04 04:27:25','{\"checkout-personal-information-step\":{\"step_is_reachable\":true,\"step_is_complete\":false},\"checkout-addresses-step\":{\"step_is_reachable\":false,\"step_is_complete\":false,\"use_same_address\":true},\"checkout-delivery-step\":{\"step_is_reachable\":false,\"step_is_complete\":false},\"checkout-payment-step\":{\"step_is_reachable\":false,\"step_is_complete\":false},\"checksum\":null}'),(409,1,1,0,'',1,0,0,1,0,1234,'',0,0,'',0,0,'2022-03-05 02:36:10','2022-03-05 02:36:10','{\"checkout-personal-information-step\":{\"step_is_reachable\":true,\"step_is_complete\":false},\"checkout-addresses-step\":{\"step_is_reachable\":false,\"step_is_complete\":false,\"use_same_address\":true},\"checkout-delivery-step\":{\"step_is_reachable\":false,\"step_is_complete\":false},\"checkout-payment-step\":{\"step_is_reachable\":false,\"step_is_complete\":false},\"checksum\":null}'),(410,1,1,0,'',1,0,0,1,0,1556,'',0,0,'',0,0,'2022-03-05 06:58:27','2022-03-05 06:58:27','{\"checkout-personal-information-step\":{\"step_is_reachable\":true,\"step_is_complete\":false},\"checkout-addresses-step\":{\"step_is_reachable\":false,\"step_is_complete\":false,\"use_same_address\":true},\"checkout-delivery-step\":{\"step_is_reachable\":false,\"step_is_complete\":false},\"checkout-payment-step\":{\"step_is_reachable\":false,\"step_is_complete\":false},\"checksum\":null}'),(411,1,1,0,'',1,0,0,2,0,1601,'',0,0,'',0,0,'2022-03-05 14:05:51','2022-03-05 14:06:31',NULL),(412,1,1,0,'',1,0,0,1,0,1783,'',0,0,'',0,0,'2022-03-07 00:45:24','2022-03-07 00:45:24','{\"checkout-personal-information-step\":{\"step_is_reachable\":true,\"step_is_complete\":false},\"checkout-addresses-step\":{\"step_is_reachable\":false,\"step_is_complete\":false,\"use_same_address\":true},\"checkout-delivery-step\":{\"step_is_reachable\":false,\"step_is_complete\":false},\"checkout-payment-step\":{\"step_is_reachable\":false,\"step_is_complete\":false},\"checksum\":null}'),(413,1,1,2,'{\"55\":\"2,\"}',1,55,55,1,76,2120,'1c7c4d8ef0c6295e333af5145b912940',0,0,'',0,0,'2022-03-08 08:02:31','2022-03-08 08:04:11','{\"checkout-personal-information-step\":{\"step_is_reachable\":true,\"step_is_complete\":true},\"checkout-addresses-step\":{\"step_is_reachable\":true,\"step_is_complete\":true,\"use_same_address\":true},\"checkout-delivery-step\":{\"step_is_reachable\":true,\"step_is_complete\":true},\"checkout-payment-step\":{\"step_is_reachable\":true,\"step_is_complete\":false},\"checksum\":\"22c6827ef1754d73a0b5eba0fd2c8a8b088097b9\"}'),(414,1,1,0,'',1,0,0,1,0,2128,'',0,0,'',0,0,'2022-03-08 10:16:47','2022-03-08 10:16:47',NULL),(415,1,1,0,'',1,0,0,1,0,2245,'',0,0,'',0,0,'2022-03-09 09:39:54','2022-03-09 09:39:54','{\"checkout-personal-information-step\":{\"step_is_reachable\":true,\"step_is_complete\":false},\"checkout-addresses-step\":{\"step_is_reachable\":false,\"step_is_complete\":false,\"use_same_address\":true},\"checkout-delivery-step\":{\"step_is_reachable\":false,\"step_is_complete\":false},\"checkout-payment-step\":{\"step_is_reachable\":false,\"step_is_complete\":false},\"checksum\":null}'),(416,1,1,0,'',1,0,0,1,0,2221,'',0,0,'',0,0,'2022-03-10 05:24:57','2022-03-10 05:24:57','{\"checkout-personal-information-step\":{\"step_is_reachable\":true,\"step_is_complete\":false},\"checkout-addresses-step\":{\"step_is_reachable\":false,\"step_is_complete\":false,\"use_same_address\":true},\"checkout-delivery-step\":{\"step_is_reachable\":false,\"step_is_complete\":false},\"checkout-payment-step\":{\"step_is_reachable\":false,\"step_is_complete\":false},\"checksum\":null}'),(417,1,1,0,'',1,0,0,1,0,2705,'',0,0,'',0,0,'2022-03-12 04:43:31','2022-03-12 04:43:31',NULL),(418,1,1,2,'{\"56\":\"2,\"}',1,56,56,1,77,3286,'7be9c9e2ea5a560f948de2146c20d431',0,0,'',0,0,'2022-03-15 09:39:51','2022-03-15 09:41:17','{\"checkout-personal-information-step\":{\"step_is_reachable\":true,\"step_is_complete\":true},\"checkout-addresses-step\":{\"step_is_reachable\":true,\"step_is_complete\":true,\"use_same_address\":true},\"checkout-delivery-step\":{\"step_is_reachable\":true,\"step_is_complete\":true},\"checkout-payment-step\":{\"step_is_reachable\":true,\"step_is_complete\":false},\"checksum\":\"9bde6af22dc2147ebae1779855aaf158127f5c13\"}'),(419,1,1,0,'',1,0,0,1,0,13,'',0,0,'',0,0,'2022-03-17 04:06:28','2022-03-17 04:06:28',NULL),(420,1,1,0,'',1,0,0,1,78,0,'82916d54a090b084da8e9ea4fa289194',0,0,'',0,0,'2022-03-17 19:48:36','2022-03-17 19:48:36',NULL),(421,1,1,0,'',1,0,0,1,0,724,'',0,0,'',0,0,'2022-03-21 07:14:11','2022-03-21 07:14:11','{\"checkout-personal-information-step\":{\"step_is_reachable\":true,\"step_is_complete\":false},\"checkout-addresses-step\":{\"step_is_reachable\":false,\"step_is_complete\":false,\"use_same_address\":true},\"checkout-delivery-step\":{\"step_is_reachable\":false,\"step_is_complete\":false},\"checkout-payment-step\":{\"step_is_reachable\":false,\"step_is_complete\":false},\"checksum\":null}'),(422,1,1,0,'',1,0,0,1,0,776,'',0,0,'',0,0,'2022-03-21 13:28:56','2022-03-27 03:52:06','{\"checkout-personal-information-step\":{\"step_is_reachable\":true,\"step_is_complete\":false},\"checkout-addresses-step\":{\"step_is_reachable\":false,\"step_is_complete\":false,\"use_same_address\":true},\"checkout-delivery-step\":{\"step_is_reachable\":false,\"step_is_complete\":false},\"checkout-payment-step\":{\"step_is_reachable\":false,\"step_is_complete\":false},\"checksum\":null}'),(423,1,1,0,'',1,0,0,1,0,1095,'',0,0,'',0,0,'2022-03-22 23:06:54','2022-03-22 23:06:54','{\"checkout-personal-information-step\":{\"step_is_reachable\":true,\"step_is_complete\":false},\"checkout-addresses-step\":{\"step_is_reachable\":false,\"step_is_complete\":false,\"use_same_address\":true},\"checkout-delivery-step\":{\"step_is_reachable\":false,\"step_is_complete\":false},\"checkout-payment-step\":{\"step_is_reachable\":false,\"step_is_complete\":false},\"checksum\":null}'),(424,1,1,0,'',1,0,0,1,0,1426,'',0,0,'',0,0,'2022-03-26 08:14:12','2022-03-26 08:14:13',NULL),(425,1,1,0,'',1,0,0,1,0,1954,'',0,0,'',0,0,'2022-03-27 05:31:55','2022-03-27 05:31:55',NULL),(426,1,1,0,'',2,0,0,2,0,3355,'',0,0,'',0,0,'2022-03-29 09:25:33','2022-04-07 20:21:30',NULL),(427,1,1,0,'',1,0,0,1,0,3019,'',0,0,'',0,0,'2022-03-31 11:54:28','2022-03-31 11:54:28','{\"checkout-personal-information-step\":{\"step_is_reachable\":true,\"step_is_complete\":false},\"checkout-addresses-step\":{\"step_is_reachable\":false,\"step_is_complete\":false,\"use_same_address\":true},\"checkout-delivery-step\":{\"step_is_reachable\":false,\"step_is_complete\":false},\"checkout-payment-step\":{\"step_is_reachable\":false,\"step_is_complete\":false},\"checksum\":null}'),(428,1,1,0,'',1,0,0,1,0,3062,'',0,0,'',0,0,'2022-04-01 02:31:46','2022-04-01 02:31:46',NULL),(429,1,1,0,'',1,0,0,1,0,2549,'',0,0,'',0,0,'2022-04-01 04:04:55','2022-04-01 04:05:09',NULL),(430,1,1,0,'',1,0,0,1,0,3099,'',0,0,'',0,0,'2022-04-01 08:57:39','2022-04-01 08:57:39','{\"checkout-personal-information-step\":{\"step_is_reachable\":true,\"step_is_complete\":false},\"checkout-addresses-step\":{\"step_is_reachable\":false,\"step_is_complete\":false,\"use_same_address\":true},\"checkout-delivery-step\":{\"step_is_reachable\":false,\"step_is_complete\":false},\"checkout-payment-step\":{\"step_is_reachable\":false,\"step_is_complete\":false},\"checksum\":null}'),(431,1,1,0,'',1,0,0,1,0,3525,'',0,0,'',0,0,'2022-04-02 16:37:20','2022-04-02 16:37:20',NULL),(432,1,1,0,'',1,0,0,1,0,4260,'',0,0,'',0,0,'2022-04-05 12:57:06','2022-04-05 12:57:06',NULL),(433,1,1,0,'',1,0,0,1,0,4925,'',0,0,'',0,0,'2022-04-09 17:35:12','2022-04-09 17:35:12',NULL),(434,1,1,0,'',1,0,0,1,0,5111,'',0,0,'',0,0,'2022-04-11 09:32:06','2022-04-11 09:32:06',NULL),(435,1,1,0,'',1,0,0,1,0,5283,'',0,0,'',0,0,'2022-04-12 04:01:26','2022-04-22 11:39:07','{\"checkout-personal-information-step\":{\"step_is_reachable\":true,\"step_is_complete\":false},\"checkout-addresses-step\":{\"step_is_reachable\":false,\"step_is_complete\":false,\"use_same_address\":true},\"checkout-delivery-step\":{\"step_is_reachable\":false,\"step_is_complete\":false},\"checkout-payment-step\":{\"step_is_reachable\":false,\"step_is_complete\":false},\"checksum\":null}'),(436,1,1,0,'',1,0,0,1,0,5312,'',0,0,'',0,0,'2022-04-12 09:20:41','2022-04-12 09:20:41',NULL),(437,1,1,0,'',1,0,0,1,0,5316,'',0,0,'',0,0,'2022-04-12 11:44:08','2022-04-12 11:44:09',NULL),(438,1,1,0,'',1,0,0,1,0,5456,'',0,0,'',0,0,'2022-04-13 20:12:19','2022-04-13 20:12:19',NULL),(439,1,1,0,'',1,0,0,1,0,6036,'',0,0,'',0,0,'2022-04-17 12:31:14','2022-04-17 12:31:14','{\"checkout-personal-information-step\":{\"step_is_reachable\":true,\"step_is_complete\":false},\"checkout-addresses-step\":{\"step_is_reachable\":false,\"step_is_complete\":false,\"use_same_address\":true},\"checkout-delivery-step\":{\"step_is_reachable\":false,\"step_is_complete\":false},\"checkout-payment-step\":{\"step_is_reachable\":false,\"step_is_complete\":false},\"checksum\":null}'),(440,1,1,0,'',1,0,0,1,0,50,'',0,0,'',0,0,'2022-04-19 11:10:25','2022-04-19 11:10:26',NULL),(441,1,1,0,'',1,0,0,1,0,134,'',0,0,'',0,0,'2022-04-20 04:48:53','2022-04-20 04:48:53',NULL),(442,1,1,0,'',1,0,0,1,0,141,'',0,0,'',0,0,'2022-04-20 06:04:19','2022-04-20 06:04:20','{\"checkout-personal-information-step\":{\"step_is_reachable\":true,\"step_is_complete\":false},\"checkout-addresses-step\":{\"step_is_reachable\":false,\"step_is_complete\":false,\"use_same_address\":true},\"checkout-delivery-step\":{\"step_is_reachable\":false,\"step_is_complete\":false},\"checkout-payment-step\":{\"step_is_reachable\":false,\"step_is_complete\":false},\"checksum\":null}'),(443,1,1,0,'',1,0,0,1,0,192,'',0,0,'',0,0,'2022-04-20 19:18:59','2022-04-20 19:19:07',NULL),(444,1,1,0,'',1,0,0,1,0,361,'',0,0,'',0,0,'2022-04-21 14:49:28','2022-04-21 14:49:28','{\"checkout-personal-information-step\":{\"step_is_reachable\":true,\"step_is_complete\":false},\"checkout-addresses-step\":{\"step_is_reachable\":false,\"step_is_complete\":false,\"use_same_address\":true},\"checkout-delivery-step\":{\"step_is_reachable\":false,\"step_is_complete\":false},\"checkout-payment-step\":{\"step_is_reachable\":false,\"step_is_complete\":false},\"checksum\":null}'),(445,1,1,0,'',1,0,0,1,0,469,'',0,0,'',0,0,'2022-04-22 05:36:20','2022-04-22 05:36:20','{\"checkout-personal-information-step\":{\"step_is_reachable\":true,\"step_is_complete\":false},\"checkout-addresses-step\":{\"step_is_reachable\":false,\"step_is_complete\":false,\"use_same_address\":true},\"checkout-delivery-step\":{\"step_is_reachable\":false,\"step_is_complete\":false},\"checkout-payment-step\":{\"step_is_reachable\":false,\"step_is_complete\":false},\"checksum\":null}'),(446,1,1,0,'',1,0,0,1,0,635,'',0,0,'',0,0,'2022-04-23 11:42:21','2022-04-23 11:43:39',NULL),(447,1,1,0,'',1,0,0,1,0,749,'',0,0,'',0,0,'2022-04-24 14:32:40','2022-04-24 14:32:40','{\"checkout-personal-information-step\":{\"step_is_reachable\":true,\"step_is_complete\":false},\"checkout-addresses-step\":{\"step_is_reachable\":false,\"step_is_complete\":false,\"use_same_address\":true},\"checkout-payment-step\":{\"step_is_reachable\":false,\"step_is_complete\":false},\"checksum\":null}'),(448,1,1,0,'',1,0,0,1,0,934,'',0,0,'',0,0,'2022-04-25 23:50:39','2022-04-25 23:50:39','{\"checkout-personal-information-step\":{\"step_is_reachable\":true,\"step_is_complete\":false},\"checkout-addresses-step\":{\"step_is_reachable\":false,\"step_is_complete\":false,\"use_same_address\":true},\"checkout-delivery-step\":{\"step_is_reachable\":false,\"step_is_complete\":false},\"checkout-payment-step\":{\"step_is_reachable\":false,\"step_is_complete\":false},\"checksum\":null}'),(449,1,1,0,'',1,0,0,1,0,1024,'',0,0,'',0,0,'2022-04-26 14:29:39','2022-04-26 14:29:39',NULL),(450,1,1,0,'',1,0,0,1,0,1119,'',0,0,'',0,0,'2022-04-27 10:35:23','2022-04-27 17:14:22',NULL),(451,1,1,0,'',1,0,0,1,0,595,'',0,0,'',0,0,'2022-05-01 19:24:06','2022-05-01 19:24:06',NULL),(452,1,1,0,'',1,0,0,1,0,636,'',0,0,'',0,0,'2022-05-02 03:28:54','2022-05-02 03:28:54',NULL),(453,1,1,0,'',1,0,0,1,0,1860,'',0,0,'',0,0,'2022-05-04 09:40:21','2022-05-04 09:40:21',NULL),(454,1,1,0,'',1,0,0,1,0,2053,'',0,0,'',0,0,'2022-05-05 15:43:24','2022-05-05 15:43:24','{\"checkout-personal-information-step\":{\"step_is_reachable\":true,\"step_is_complete\":false},\"checkout-addresses-step\":{\"step_is_reachable\":false,\"step_is_complete\":false,\"use_same_address\":true},\"checkout-delivery-step\":{\"step_is_reachable\":false,\"step_is_complete\":false},\"checkout-payment-step\":{\"step_is_reachable\":false,\"step_is_complete\":false},\"checksum\":null}'),(455,1,1,0,'',1,0,0,1,0,2187,'',0,0,'',0,0,'2022-05-06 16:30:49','2022-05-06 16:30:49',NULL),(456,1,1,0,'',1,0,0,1,0,2287,'',0,0,'',0,0,'2022-05-07 11:57:34','2022-05-07 11:57:34',NULL),(457,1,1,0,'',1,0,0,1,0,2329,'',0,0,'',0,0,'2022-05-07 16:48:33','2022-05-08 11:08:53','{\"checkout-personal-information-step\":{\"step_is_reachable\":true,\"step_is_complete\":false},\"checkout-addresses-step\":{\"step_is_reachable\":false,\"step_is_complete\":false,\"use_same_address\":true},\"checkout-delivery-step\":{\"step_is_reachable\":false,\"step_is_complete\":false},\"checkout-payment-step\":{\"step_is_reachable\":false,\"step_is_complete\":false},\"checksum\":null}'),(458,1,1,0,'',4,0,0,2,0,2413,'',0,0,'',0,0,'2022-05-08 06:54:18','2022-05-08 06:54:18','{\"checkout-personal-information-step\":{\"step_is_reachable\":true,\"step_is_complete\":false},\"checkout-addresses-step\":{\"step_is_reachable\":false,\"step_is_complete\":false,\"use_same_address\":true},\"checkout-delivery-step\":{\"step_is_reachable\":false,\"step_is_complete\":false},\"checkout-payment-step\":{\"step_is_reachable\":false,\"step_is_complete\":false},\"checksum\":null}'),(459,1,1,0,'',1,0,0,1,0,2927,'',0,0,'',0,0,'2022-05-12 07:35:18','2022-05-12 07:36:17','{\"checkout-personal-information-step\":{\"step_is_reachable\":true,\"step_is_complete\":false},\"checkout-addresses-step\":{\"step_is_reachable\":false,\"step_is_complete\":false,\"use_same_address\":true},\"checkout-delivery-step\":{\"step_is_reachable\":false,\"step_is_complete\":false},\"checkout-payment-step\":{\"step_is_reachable\":false,\"step_is_complete\":false},\"checksum\":null}'),(460,1,1,0,'',1,0,0,1,0,3015,'',0,0,'',0,0,'2022-05-13 03:37:05','2022-05-13 03:37:05',NULL),(461,1,1,0,'',1,0,0,1,0,3884,'',0,0,'',0,0,'2022-05-18 11:01:51','2022-05-18 11:01:51','{\"checkout-personal-information-step\":{\"step_is_reachable\":true,\"step_is_complete\":false},\"checkout-addresses-step\":{\"step_is_reachable\":false,\"step_is_complete\":false,\"use_same_address\":true},\"checkout-delivery-step\":{\"step_is_reachable\":false,\"step_is_complete\":false},\"checkout-payment-step\":{\"step_is_reachable\":false,\"step_is_complete\":false},\"checksum\":null}'),(462,1,1,0,'',1,0,0,1,0,4386,'',0,0,'',0,0,'2022-05-21 03:53:05','2022-05-21 03:53:05','{\"checkout-personal-information-step\":{\"step_is_reachable\":true,\"step_is_complete\":false},\"checkout-addresses-step\":{\"step_is_reachable\":false,\"step_is_complete\":false,\"use_same_address\":true},\"checkout-delivery-step\":{\"step_is_reachable\":false,\"step_is_complete\":false},\"checkout-payment-step\":{\"step_is_reachable\":false,\"step_is_complete\":false},\"checksum\":null}'),(463,1,1,0,'',1,0,0,1,0,4749,'',0,0,'',0,0,'2022-05-23 16:38:17','2022-05-23 16:38:17','{\"checkout-personal-information-step\":{\"step_is_reachable\":true,\"step_is_complete\":false},\"checkout-addresses-step\":{\"step_is_reachable\":false,\"step_is_complete\":false,\"use_same_address\":true},\"checkout-delivery-step\":{\"step_is_reachable\":false,\"step_is_complete\":false},\"checkout-payment-step\":{\"step_is_reachable\":false,\"step_is_complete\":false},\"checksum\":null}'),(464,1,1,0,'',1,0,0,1,79,5153,'07089051fe37e1be859cfa40abf47b90',0,0,'',0,0,'2022-05-25 15:10:04','2022-05-26 09:49:52','{\"checkout-personal-information-step\":{\"step_is_reachable\":true,\"step_is_complete\":true},\"checkout-addresses-step\":{\"step_is_reachable\":true,\"step_is_complete\":false,\"use_same_address\":true},\"checkout-delivery-step\":{\"step_is_reachable\":false,\"step_is_complete\":false},\"checkout-payment-step\":{\"step_is_reachable\":false,\"step_is_complete\":false},\"checksum\":null}');

--
